-- Table structure for table `promo_bornes`
--

CREATE TABLE `promo_bornes` (
  `id` int NOT NULL AUTO_INCREMENT,
  `name` varchar(100) NOT NULL,
  `promo_type` varchar(20) NOT NULL,
  `value1` int DEFAULT '0',
  `value2` int DEFAULT '0',
  `date_start` datetime NOT NULL,
  `date_end` datetime NOT NULL,
  `ean` varchar(50) DEFAULT NULL,
  `img` varchar(255) DEFAULT NULL,
  PRIMARY KEY (`id`)
) ENGINE=InnoDB AUTO_INCREMENT=170 DEFAULT CHARSET=utf8mb4 COLLATE=utf8mb4_0900_ai_ci;

--
-- Dumping data for table `promo_bornes`
--

INSERT INTO `promo_bornes` VALUES (1,'Promo Test UPDAT','PERCENT',25,0,'2025-11-05 00:00:00','2026-01-11 23:59:59','8889992223331','promo2.png'),(2,'Multimédia','PERCENT',10,0,'2025-11-21 00:00:00','2026-01-11 23:59:59','190198496201',NULL),(3,'Multimédia','PERCENT',10,0,'2025-11-21 00:00:00','2026-01-11 23:59:59','4975769002069',NULL),(4,'Multimédia','PERCENT',10,0,'2025-11-21 00:00:00','2026-01-11 23:59:59','8719274667049',NULL),(5,'Multimédia','PERCENT',5,0,'2025-11-21 00:00:00','2026-01-11 23:59:59','8714574572550',NULL),(6,'Multimédia','PERCENT',20,0,'2025-11-21 00:00:00','2026-01-11 23:59:59','3662545016020',NULL),(7,'Multimédia','PERCENT',10,0,'2025-11-21 00:00:00','2026-01-11 23:59:59','4895228104472',NULL),(8,'Multimédia','FLAT',2,0,'2025-11-21 00:00:00','2026-01-11 23:59:59','4047999361572',NULL),(9,'Multimédia','FLAT',2,0,'2025-11-21 00:00:00','2026-01-11 23:59:59','8715946493084',NULL),(10,'Multimédia','FLAT',2,0,'2025-11-21 00:00:00','2026-01-11 23:59:59','8715946493060',NULL),(11,'Multimédia','FLAT',3,0,'2025-11-21 00:00:00','2026-01-11 23:59:59','8714574631776',NULL),(12,'Multimédia','FLAT',3,0,'2025-11-21 00:00:00','2026-01-11 23:59:59','8714574631769',NULL),(13,'Multimédia','FLAT',3,0,'2025-11-21 00:00:00','2026-01-11 23:59:59','8714574631745',NULL),(14,'Multimédia','FLAT',3,0,'2025-11-21 00:00:00','2026-01-11 23:59:59','8714574584263',NULL),(15,'Multimédia','BUY_X_GET_Y',2,1,'2025-11-21 00:00:00','2026-01-11 23:59:59','8714574584256',NULL),(16,'Multimédia','BUY_X_GET_Y',2,1,'2025-11-21 00:00:00','2026-01-11 23:59:59','8714574584249',NULL),(17,'Multimédia','BUY_X_GET_Y',1,1,'2025-11-21 00:00:00','2026-01-11 23:59:59','8714574584232',NULL),(18,'Multimédia','BUY_X_GET_Y',1,1,'2025-11-21 00:00:00','2026-01-11 23:59:59','190198889973',NULL),(19,'Multimédia','BUY_X_GET_Y',1,1,'2025-11-21 00:00:00','2026-01-11 23:59:59','5060134696062',NULL),(20,'Multimédia','BUY_X_GET_Y',2,1,'2025-11-21 00:00:00','2026-01-11 23:59:59','4905524487770',NULL),(21,'Multimédia','BUY_X_GET_Y',2,1,'2025-11-21 00:00:00','2026-01-11 23:59:59','4040895305985',NULL),(22,'Multimédia','FLAT',3,0,'2025-11-21 00:00:00','2026-01-11 23:59:59','3663111115765',NULL),(23,'Multimédia','FLAT',3,0,'2025-11-21 00:00:00','2026-01-11 23:59:59','3303170116586',NULL),(24,'Multimédia','FLAT',2,0,'2025-11-21 00:00:00','2026-01-11 23:59:59','3760206483478',NULL),(25,'TicketEasy','PERCENT',3,0,'2025-11-21 00:00:00','2026-01-11 23:59:59','6424001022177',NULL),(26,'TicketEasy','PERCENT',5,0,'2025-11-21 00:00:00','2026-01-11 23:59:59','6411501110404',NULL),(27,'TicketEasy','PERCENT',10,0,'2025-11-21 00:00:00','2026-01-11 23:59:59','7640167731510',NULL),(28,'TicketEasy','PERCENT',10,0,'2025-11-21 00:00:00','2026-01-11 23:59:59','7640167731572',NULL),(29,'TicketEasy','PERCENT',15,0,'2025-11-21 00:00:00','2026-01-11 23:59:59','7640167733378','TE.png'),(30,'TicketEasy','FLAT',3,0,'2025-11-21 00:00:00','2026-01-11 23:59:59','7640167733361',NULL),(31,'TicketEasy','FLAT',3,0,'2025-11-21 00:00:00','2026-01-11 23:59:59','7640144831042',NULL),(32,'TicketEasy','FLAT',2,0,'2025-11-21 00:00:00','2026-01-11 23:59:59','7640144831028',NULL),(33,'TicketEasy','FLAT',2,0,'2025-11-21 00:00:00','2026-01-11 23:59:59','7311518333713',NULL),(34,'TicketEasy','FLAT',2,0,'2025-11-21 00:00:00','2026-01-11 23:59:59','3560071226404',NULL),(35,'TicketEasy','FLAT',2,0,'2025-11-21 00:00:00','2026-01-11 23:59:59','8001090419897',NULL),(36,'TicketEasy','BUY_X_GET_Y',1,1,'2025-11-21 00:00:00','2026-01-11 23:59:59','4027800402205',NULL),(37,'TicketEasy','BUY_X_GET_Y',1,1,'2025-11-21 00:00:00','2026-01-11 23:59:59','3338835119107',NULL),(38,'TicketEasy','BUY_X_GET_Y',2,1,'2025-11-21 00:00:00','2026-01-11 23:59:59','3448822204386',NULL),(39,'TicketEasy','BUY_X_GET_Y',2,1,'2025-11-21 00:00:00','2026-01-11 23:59:59','3760174760168',NULL),(40,'TicketEasy','BUY_X_GET_Y',1,1,'2025-11-21 00:00:00','2026-01-11 23:59:59','3760154422666',NULL),(41,'TicketEasy','BUY_X_GET_Y',2,1,'2025-11-21 00:00:00','2026-01-11 23:59:59','3760161160629',NULL),(42,'TicketEasy','FLAT',3,0,'2025-11-21 00:00:00','2026-01-11 23:59:59','3450301171966',NULL),(43,'TicketEasy','FLAT',1,0,'2025-11-21 00:00:00','2026-01-11 23:59:59','6411501118745',NULL),(44,'Jeux_Vidéo','PERCENT',5,0,'2025-11-21 00:00:00','2026-01-11 00:00:00',NULL,NULL),(45,'Jeux_Vidéo','PERCENT',2,0,'2025-11-21 00:00:00','2026-01-11 23:59:59','5099206978683','fortnite.png'),(46,'Jeux_Vidéo','PERCENT',5,0,'2025-11-21 00:00:00','2026-01-11 23:59:59','5060264372768',NULL),(47,'Jeux_Vidéo','PERCENT',10,0,'2025-11-21 00:00:00','2026-01-11 23:59:59','5060327536779',NULL),(48,'Jeux_Vidéo','PERCENT',5,0,'2025-11-21 00:00:00','2026-01-11 23:59:59','5060264377503',NULL),(49,'Jeux_Vidéo','FLAT',2,0,'2025-11-21 00:00:00','2026-01-11 23:59:59','5060528036856',NULL),(50,'Jeux_Vidéo','FLAT',5,0,'2025-11-21 00:00:00','2026-01-11 23:59:59','45496512415',NULL),(51,'Jeux_Vidéo','FLAT',2,0,'2025-11-21 00:00:00','2026-01-11 23:59:59','820650556463',NULL),(52,'Jeux_Vidéo','FLAT',3,0,'2025-11-21 00:00:00','2026-01-11 23:59:59','5026555437608',NULL),(53,'Jeux_Vidéo','FLAT',3,0,'2025-11-21 00:00:00','2026-01-11 23:59:59','3391892030747',NULL),(54,'Jeux_Vidéo','FLAT',2,0,'2025-11-21 00:00:00','2026-01-11 23:59:59','5035224124367',NULL),(55,'Jeux_Vidéo','BUY_X_GET_Y',1,1,'2025-11-21 00:00:00','2026-01-11 23:59:59','5030930123895',NULL),(56,'Jeux_Vidéo','BUY_X_GET_Y',2,1,'2025-11-21 00:00:00','2026-01-11 23:59:59','5030917299803',NULL),(57,'Jeux_Vidéo','BUY_X_GET_Y',2,1,'2025-11-21 00:00:00','2026-01-11 23:59:59','5030917298363',NULL),(58,'Jeux_Vidéo','BUY_X_GET_Y',2,1,'2025-11-21 00:00:00','2026-01-11 23:59:59','5026555437608',NULL),(59,'Jeux_Vidéo','FLAT',4,0,'2025-11-21 00:00:00','2026-01-11 23:59:59','811949034489',NULL),(60,'Laits','PERCENT',5,0,'2025-11-21 00:00:00','2026-01-11 23:59:59','3041091491916',NULL),(61,'Laits','PERCENT',2,0,'2025-11-21 00:00:00','2026-01-11 23:59:59','3041091482020',NULL),(62,'Laits','PERCENT',10,0,'2025-11-21 00:00:00','2026-01-11 23:59:59','3041091482068',NULL),(63,'Laits','PERCENT',5,0,'2025-11-21 00:00:00','2026-01-07 23:59:59','3041091474988',NULL),(64,'Laits','PERCENT',10,0,'2025-11-21 00:00:00','2026-01-11 23:59:59','3041091474711','Lait.png'),(65,'Laits','BUY_X_GET_Y',1,1,'2025-11-21 00:00:00','2026-01-11 23:59:59','3700763535715',NULL),(66,'Laits','BUY_X_GET_Y',2,1,'2025-11-21 00:00:00','2026-01-11 23:59:59','3700763535708',NULL),(67,'Laits','BUY_X_GET_Y',1,1,'2025-11-21 00:00:00','2026-01-11 23:59:59','3700763535692',NULL),(68,'Laits','BUY_X_GET_Y',2,1,'2025-11-21 00:00:00','2026-01-11 23:59:59','3760262842042',NULL),(69,'Laits','BUY_X_GET_Y',3,1,'2025-11-21 00:00:00','2026-01-11 23:59:59','3518646125379',NULL),(70,'Laits','BUY_X_GET_Y',2,1,'2025-11-21 00:00:00','2026-01-11 23:59:59','3518646124181',NULL),(71,'Laits','PERCENT',10,0,'2025-11-21 00:00:00','2026-01-11 23:59:59','3518646124174',NULL),(72,'Laits','PERCENT',2,0,'2025-11-21 00:00:00','2026-01-11 23:59:59','3518646124167',NULL),(73,'Laits','FLAT',2,0,'2025-11-21 00:00:00','2026-01-11 23:59:59','3518073323010',NULL),(74,'Laits','FLAT',2,0,'2025-11-21 00:00:00','2026-01-11 23:59:59','3518073423017',NULL),(75,'Laits','FLAT',2,0,'2025-11-21 00:00:00','2026-01-11 23:59:59','3518074343017',NULL),(77,'Laits','FLAT',3,0,'2025-11-21 00:00:00','2026-01-11 23:59:59','3401296502549',NULL),(78,'Laits','FLAT',3,0,'2025-11-21 00:00:00','2026-01-11 23:59:59','3401551533691',NULL),(79,'Laits','BUY_X_GET_Y',1,1,'2025-11-21 00:00:00','2026-01-11 23:59:59','3518072033019',NULL),(83,'Laits','FLAT',3,0,'2025-11-21 00:00:00','2026-01-11 23:59:59','3041091477163',NULL),(84,'Laits','FLAT',6,0,'2025-11-21 00:00:00','2026-01-26 23:59:59','3041091477156','Lait.png'),(85,'Laits','FLAT',2,0,'2025-11-21 00:00:00','2026-01-11 23:59:59','572731303431',NULL),(88,'Laits','PERCENT',5,0,'2025-11-21 00:00:00','2026-01-15 00:00:00',NULL,NULL),(90,'Laits','PERCENT',5,0,'2025-11-21 00:00:00','2026-01-15 23:59:59','77544004665',NULL),(91,'Laits','FLAT',2,0,'2025-11-21 00:00:00','2026-01-19 00:00:00',NULL,NULL),(92,'Salon1','PERCENT',5,0,'2025-11-21 00:00:00','2026-01-11 23:59:59','3303170041369','TE.png'),(93,'Salon1','PERCENT',10,0,'2025-11-21 00:00:00','2026-01-11 23:59:59','190198496201',NULL),(94,'Salon1','PERCENT',10,0,'2025-11-21 00:00:00','2026-01-11 23:59:59','4975769002069',NULL),(95,'Salon1','PERCENT',10,0,'2025-11-21 00:00:00','2026-01-11 23:59:59','8719274667049',NULL),(96,'Salon1','PERCENT',5,0,'2025-11-21 00:00:00','2026-01-11 23:59:59','8714574572550',NULL),(97,'Salon1','PERCENT',20,0,'2025-11-21 00:00:00','2026-01-11 23:59:59','3662545016020',NULL),(98,'Salon1','PERCENT',10,0,'2025-11-21 00:00:00','2026-01-11 23:59:59','4895228104472',NULL),(99,'Salon1','FLAT',2,0,'2025-11-21 00:00:00','2026-01-11 23:59:59','4047999361572',NULL),(100,'Salon1','FLAT',2,0,'2025-11-21 00:00:00','2026-01-11 23:59:59','8715946493084',NULL),(101,'Salon1','FLAT',2,0,'2025-11-21 00:00:00','2026-01-11 23:59:59','8715946493060',NULL),(102,'Salon1','FLAT',3,0,'2025-11-21 00:00:00','2026-01-11 23:59:59','8714574631776',NULL),(103,'Salon1','FLAT',3,0,'2025-11-21 00:00:00','2026-01-11 23:59:59','8714574631769',NULL),(104,'Salon1','FLAT',3,0,'2025-11-21 00:00:00','2026-01-11 23:59:59','8714574631745',NULL),(105,'Salon1','FLAT',3,0,'2025-11-21 00:00:00','2026-01-11 23:59:59','8714574584263',NULL),(106,'Salon1','BUY_X_GET_Y',2,1,'2025-11-21 00:00:00','2026-01-11 23:59:59','8714574584256',NULL),(107,'Salon1','BUY_X_GET_Y',2,1,'2025-11-21 00:00:00','2026-01-11 23:59:59','8714574584249',NULL),(108,'Salon1','BUY_X_GET_Y',1,1,'2025-11-21 00:00:00','2026-01-11 23:59:59','8714574584232',NULL),(109,'Salon1','BUY_X_GET_Y',1,1,'2025-11-21 00:00:00','2026-01-11 23:59:59','190198889973',NULL),(110,'Salon1','BUY_X_GET_Y',1,1,'2025-11-21 00:00:00','2026-01-11 23:59:59','5060134696062',NULL),(111,'Salon1','BUY_X_GET_Y',2,1,'2025-11-21 00:00:00','2026-01-11 23:59:59','4905524487770',NULL),(112,'Salon1','BUY_X_GET_Y',2,1,'2025-11-21 00:00:00','2026-01-11 23:59:59','4040895305985',NULL),(113,'Salon1','FLAT',3,0,'2025-11-21 00:00:00','2026-01-11 23:59:59','3663111115765',NULL),(114,'Salon1','FLAT',3,0,'2025-11-21 00:00:00','2026-01-11 23:59:59','3303170116586',NULL),(115,'Salon1','FLAT',2,0,'2025-11-21 00:00:00','2026-01-11 23:59:59','3760206483478',NULL),(116,'Salon2','PERCENT',3,0,'2025-11-21 00:00:00','2026-01-11 23:59:59','6424001022177',NULL),(117,'Salon2','PERCENT',5,0,'2025-11-21 00:00:00','2026-01-11 23:59:59','6411501110404',NULL),(118,'Salon2','PERCENT',10,0,'2025-11-21 00:00:00','2026-01-11 23:59:59','7640167731510',NULL),(119,'Salon2','PERCENT',10,0,'2025-11-21 00:00:00','2026-01-11 23:59:59','7640167731572',NULL),(120,'Salon2','PERCENT',15,0,'2025-11-21 00:00:00','2026-01-11 23:59:59','7640167733378',NULL),(121,'Salon2','FLAT',3,0,'2025-11-21 00:00:00','2026-01-11 23:59:59','7640167733361',NULL),(122,'Salon2','FLAT',3,0,'2025-11-21 00:00:00','2026-01-11 23:59:59','7640144831042',NULL),(123,'Salon2','FLAT',2,0,'2025-11-21 00:00:00','2026-01-11 23:59:59','7640144831028',NULL),(124,'Salon2','FLAT',2,0,'2025-11-21 00:00:00','2026-01-11 23:59:59','7311518333713',NULL),(125,'Salon2','FLAT',2,0,'2025-11-21 00:00:00','2026-01-11 23:59:59','3560071226404',NULL),(126,'Salon2','FLAT',2,0,'2025-11-21 00:00:00','2026-01-11 23:59:59','8001090419897',NULL),(127,'Salon2','BUY_X_GET_Y',1,1,'2025-11-21 00:00:00','2026-01-11 23:59:59','4027800402205',NULL),(128,'Salon2','BUY_X_GET_Y',1,1,'2025-11-21 00:00:00','2026-01-11 23:59:59','3338835119107',NULL),(129,'Salon2','BUY_X_GET_Y',2,1,'2025-11-21 00:00:00','2026-01-11 23:59:59','3448822204386',NULL),(130,'Salon2','BUY_X_GET_Y',2,1,'2025-11-21 00:00:00','2026-01-11 23:59:59','3760174760168',NULL),(131,'Salon2','BUY_X_GET_Y',1,1,'2025-11-21 00:00:00','2026-01-11 23:59:59','3760154422666',NULL),(132,'Salon2','BUY_X_GET_Y',2,1,'2025-11-21 00:00:00','2026-01-11 23:59:59','3760161160629','TE.png'),(133,'Salon2','FLAT',3,0,'2025-11-21 00:00:00','2026-01-11 23:59:59','3450301171966',NULL),(134,'Salon2','FLAT',1,0,'2025-11-21 00:00:00','2026-01-11 23:59:59','6411501118745',NULL),(136,'Jeux_Vidéo','PERCENT',11,NULL,'2026-01-09 00:00:00','2026-01-22 00:00:00',NULL,NULL),(138,'Laits','PERCENT',15,0,'2026-01-12 00:00:00','2026-01-17 23:59:59','3041091478146',NULL),(140,'Intermarche_Demo','PERCENT',10,0,'2025-11-21 00:00:00','2026-02-11 23:59:59','190198496201',NULL),(141,'Intermarche_Demo','PERCENT',10,0,'2025-11-21 00:00:00','2026-02-18 23:59:59','4975769002069',NULL),(142,'Intermarche_Demo','PERCENT',10,0,'2025-11-21 00:00:00','2026-02-11 23:59:59','8719274667049',NULL),(143,'Intermarche_Demo','PERCENT',5,0,'2025-11-21 00:00:00','2026-02-11 23:59:59','8714574572550',NULL),(144,'Intermarche_Demo','PERCENT',20,0,'2025-11-21 00:00:00','2026-02-28 23:59:59','3662545016020',NULL),(145,'Intermarche_Demo','PERCENT',10,0,'2025-11-21 00:00:00','2026-02-11 23:59:59','4895228104472',NULL),(146,'Intermarche_Demo','FLAT',2,0,'2025-11-21 00:00:00','2026-02-11 23:59:59','4047999361572',NULL),(147,'Intermarche_Demo','FLAT',2,0,'2025-11-21 00:00:00','2026-02-19 23:59:59','8715946493084',NULL),(148,'Intermarche_Demo','FLAT',2,0,'2025-11-21 00:00:00','2026-02-14 23:59:59','8715946493060',NULL),(149,'Intermarche_Demo','FLAT',3,0,'2025-11-21 00:00:00','2026-02-11 23:59:59','8714574631776',NULL),(150,'Intermarche_Demo','FLAT',3,0,'2025-11-21 00:00:00','2026-02-11 23:59:59','8714574631769',NULL),(151,'Intermarche_Demo','FLAT',3,0,'2025-11-21 00:00:00','2026-02-15 23:59:59','8714574631745',NULL),(152,'Intermarche_Demo','FLAT',3,0,'2025-11-21 00:00:00','2026-02-11 23:59:59','8714574584263',NULL),(153,'Intermarche_Demo','BUY_X_GET_Y',2,1,'2025-11-21 00:00:00','2026-02-11 23:59:59','8714574584256',NULL),(154,'Intermarche_Demo','BUY_X_GET_Y',2,1,'2025-11-21 00:00:00','2026-02-11 23:59:59','8714574584249',NULL),(155,'Intermarche_Demo','BUY_X_GET_Y',1,1,'2025-11-21 00:00:00','2026-02-11 23:59:59','8714574584232',NULL),(156,'Intermarche_Demo','BUY_X_GET_Y',1,1,'2025-11-21 00:00:00','2026-02-11 23:59:59','190198889973',NULL),(157,'Intermarche_Demo','BUY_X_GET_Y',1,1,'2025-11-21 00:00:00','2026-02-11 23:59:59','5060134696062',NULL),(158,'Intermarche_Demo','BUY_X_GET_Y',2,1,'2025-11-21 00:00:00','2026-02-11 23:59:59','4905524487770',NULL),(159,'Intermarche_Demo','BUY_X_GET_Y',2,1,'2025-11-21 00:00:00','2026-02-14 23:59:59','4040895305985',NULL),(160,'Intermarche_Demo','FLAT',3,0,'2025-11-21 00:00:00','2026-02-22 23:59:59','3663111115765',NULL),(161,'Intermarche_Demo','FLAT',3,0,'2025-11-21 00:00:00','2026-02-15 23:59:59','3303170116586',NULL),(163,'Intermarche_Demo','PERCENT',10,0,'2026-02-03 00:00:00','2026-02-25 23:59:59','8033830290480',NULL),(164,'Intermarche_Demo','FLAT',2,0,'2026-02-03 00:00:00','2026-02-17 23:59:59','0842978139135',NULL),(165,'Pharma_Demo','FLAT',2,0,'2026-02-03 00:00:00','2026-02-25 23:59:59','3041091491916',NULL),(166,'Pharma_Demo','PERCENT',5,0,'2026-02-03 00:00:00','2026-02-25 23:59:59','3041091477668',NULL),(167,'Pharma_Demo','PERCENT',10,1,'2026-02-03 00:00:00','2026-02-24 23:59:59','3041092010550',NULL),(168,'Intermarche_Demo','PERCENT',25,0,'2025-11-05 00:00:00','2026-01-11 23:59:59','8889992223331','promo2.png'),(169,'Intermarche_Demo','FLAT',2,0,'2026-02-10 00:00:00','2026-02-17 23:59:59','6925281939921',NULL);

--
-- Table structure for table `ps_accessory`
--

CREATE TABLE `ps_accessory` (
  `id_product_1` int unsigned NOT NULL,
  `id_product_2` int unsigned NOT NULL,
  KEY `accessory_product` (`id_product_1`,`id_product_2`)
) ENGINE=InnoDB DEFAULT CHARSET=utf8mb4 COLLATE=utf8mb4_general_ci;

--
-- Dumping data for table `ps_accessory`
--

INSERT INTO `ps_accessory` VALUES (20,20),(20,21),(20,45),(21,20),(21,21),(21,45),(21,46),(21,47),(21,129),(21,131),(21,246),(21,247),(21,248),(21,249),(22,23),(23,23),(23,85),(23,90),(24,26),(24,29),(24,51),(24,78),(24,90),(25,26),(25,28),(25,29),(25,65),(25,89),(25,90),(26,25),(26,28),(26,29),(26,51),(26,65),(26,78),(26,89),(26,90),(27,24),(27,25),(27,85),(27,90),(28,25),(28,26),(28,29),(28,51),(28,78),(28,89),(28,90),(29,28),(29,51),(29,89),(30,66),(30,79),(30,80),(30,93),(30,99),(30,106),(30,119),(32,130),(32,133),(32,272),(32,273),(32,281),(32,282),(36,253),(36,257),(36,259),(37,39),(37,40),(37,49),(38,112),(38,134),(38,137),(38,167),(39,37),(39,42),(39,48),(39,112),(39,136),(40,43),(40,134),(40,136),(40,161),(40,163),(41,112),(41,134),(41,137),(41,153),(42,37),(42,38),(42,40),(42,112),(42,134),(42,136),(42,137),(43,40),(43,112),(43,134),(43,139),(43,159),(43,161),(43,162),(43,163),(45,20),(45,21),(45,36),(45,129),(45,246),(45,256),(46,45),(46,47),(46,127),(46,131),(46,246),(46,247),(46,248),(47,46),(47,127),(47,249),(47,259),(48,112),(48,134),(48,136),(48,137),(48,139),(49,37),(49,41),(49,134),(49,136),(49,138),(49,141),(49,189),(50,112),(50,134),(50,139),(50,221),(51,25),(51,29),(51,85),(51,89),(51,90),(51,93),(51,96),(51,108),(52,89),(52,99),(52,100),(52,118),(52,119),(54,69),(54,84),(54,87),(55,124),(55,263),(55,264),(55,266),(55,267),(56,32),(56,130),(56,272),(56,282),(57,81),(57,97),(57,103),(57,113),(57,115),(57,116),(57,289),(57,290),(58,139),(58,231),(59,61),(59,62),(59,71),(59,74),(59,83),(59,86),(59,101),(60,51),(60,60),(60,64),(60,66),(60,85),(60,93),(60,95),(60,108),(61,59),(61,62),(61,71),(61,73),(61,74),(61,83),(61,86),(61,94),(62,59),(62,61),(62,62),(62,71),(62,74),(62,83),(62,86),(62,94),(62,101),(63,23),(63,67),(63,75),(63,272),(64,51),(64,60),(64,64),(64,66),(64,77),(64,79),(64,80),(64,95),(64,108),(64,109),(64,289),(65,25),(65,26),(65,28),(65,78),(65,89),(65,96),(66,30),(66,51),(66,52),(66,60),(66,64),(66,106),(66,108),(67,23),(67,63),(67,72),(67,75),(67,82),(67,102),(68,32),(68,68),(68,89),(68,105),(68,268),(69,54),(69,87),(70,52),(70,57),(70,59),(70,60),(70,62),(70,64),(70,66),(70,70),(70,71),(70,72),(70,73),(70,101),(70,289),(70,290),(71,59),(71,61),(71,62),(71,72),(71,73),(71,74),(71,82),(71,83),(71,86),(71,92),(71,100),(71,101),(71,102),(71,118),(71,119),(72,30),(72,52),(72,59),(72,62),(72,66),(72,70),(72,73),(72,82),(72,92),(72,102),(73,59),(73,61),(73,62),(73,71),(73,72),(73,74),(73,82),(73,83),(73,86),(73,92),(73,101),(73,102),(74,59),(74,60),(74,61),(74,62),(74,66),(74,71),(74,72),(74,73),(74,82),(74,92),(74,102),(74,108),(75,23),(75,63),(75,67),(77,51),(77,60),(77,61),(77,88),(77,93),(77,95),(78,51),(78,60),(78,65),(78,77),(78,78),(78,85),(79,30),(79,60),(79,64),(79,77),(79,79),(79,80),(79,100),(79,106),(80,30),(80,60),(80,72),(80,79),(80,102),(80,106),(80,108),(80,119),(81,103),(81,108),(81,113),(81,115),(81,116),(81,121),(82,70),(82,72),(82,82),(82,92),(82,97),(82,98),(82,102),(82,107),(83,100),(83,101),(83,102),(83,107),(84,54),(84,69),(84,87),(85,51),(85,65),(85,78),(87,54),(87,69),(87,84),(88,61),(88,77),(88,88),(88,93),(88,95),(89,25),(89,26),(89,28),(89,29),(89,65),(89,85),(89,90),(90,25),(90,26),(90,28),(90,29),(90,65),(90,78),(90,85),(90,90),(91,118),(91,119),(91,289),(91,290),(92,30),(92,60),(92,62),(92,64),(92,67),(92,72),(92,97),(92,102),(93,61),(93,77),(93,88),(93,93),(93,95),(94,30),(94,59),(94,62),(94,64),(94,73),(94,79),(95,77),(95,88),(95,93),(95,95),(95,102),(96,29),(96,51),(96,65),(96,85),(96,89),(96,90),(97,57),(97,81),(97,113),(97,115),(97,116),(98,52),(98,60),(98,64),(98,100),(98,101),(98,102),(98,106),(98,108),(99,52),(99,71),(99,85),(99,89),(99,98),(99,100),(99,106),(99,289),(100,51),(100,52),(100,60),(100,64),(100,79),(100,106),(100,117),(100,118),(100,119),(101,59),(101,61),(101,62),(101,64),(101,71),(101,83),(101,86),(101,100),(101,106),(102,62),(102,64),(102,70),(102,71),(102,72),(102,80),(102,82),(102,83),(102,92),(102,101),(103,52),(103,57),(103,60),(103,81),(103,97),(103,100),(103,106),(104,68),(104,105),(104,123),(104,125),(104,126),(104,132),(104,279),(104,281),(104,284),(104,286),(105,68),(105,104),(105,123),(105,125),(105,126),(105,132),(105,269),(106,30),(106,52),(106,79),(106,80),(106,98),(106,100),(106,106),(106,119),(107,66),(107,89),(107,100),(107,108),(107,118),(107,119),(107,289),(107,290),(108,64),(108,72),(108,74),(108,78),(108,91),(108,95),(108,109),(109,51),(109,60),(109,64),(109,77),(109,98),(109,100),(109,118),(111,52),(111,82),(111,83),(111,89),(111,99),(111,100),(111,103),(112,50),(112,134),(112,137),(112,139),(112,153),(112,159),(113,57),(113,97),(113,103),(113,107),(113,115),(113,116),(113,118),(115,57),(115,70),(115,80),(115,81),(115,103),(115,113),(115,116),(116,52),(116,57),(116,97),(116,103),(116,113),(116,115),(117,28),(117,29),(117,62),(117,73),(117,82),(117,98),(117,117),(118,60),(118,71),(118,89),(118,99),(118,100),(118,107),(118,119),(119,52),(119,70),(119,82),(119,89),(119,102),(119,118),(119,119),(121,57),(121,81),(121,103),(121,113),(121,115),(121,116),(121,262),(122,123),(122,125),(122,126),(123,122),(123,125),(123,126),(124,55),(124,262),(124,263),(124,264),(124,267),(125,122),(125,123),(125,126),(126,122),(126,123),(126,125),(127,256),(127,257),(127,258),(127,259),(129,20),(129,21),(129,45),(129,131),(129,256),(130,57),(130,130),(130,132),(130,272),(130,273),(130,275),(130,276),(131,20),(131,45),(131,129),(131,246),(131,253),(132,57),(132,292),(132,293),(133,32),(133,68),(133,104),(133,130),(133,272),(134,37),(134,39),(134,41),(134,112),(134,137),(135,112),(135,134),(135,135),(135,136),(135,138),(135,141),(136,112),(136,134),(136,135),(136,137),(136,139),(137,112),(137,136),(137,137),(137,138),(137,139),(137,141),(137,142),(138,112),(138,136),(138,139),(138,140),(138,141),(139,50),(139,134),(139,141),(139,143),(140,112),(140,134),(140,136),(140,137),(140,138),(140,139),(140,140),(140,141),(141,112),(141,135),(141,136),(141,137),(141,138),(142,134),(142,135),(142,137),(142,138),(142,139),(142,140),(142,141),(142,142),(143,37),(143,39),(143,50),(143,136),(143,137),(143,145),(144,37),(144,39),(144,42),(144,50),(144,58),(144,137),(144,139),(145,37),(145,38),(145,40),(145,50),(145,136),(145,139),(145,144),(146,37),(146,38),(146,39),(146,134),(146,146),(146,192),(147,37),(147,42),(147,134),(147,139),(147,144),(147,148),(147,174),(147,192),(148,37),(148,134),(148,136),(148,139),(148,144),(148,146),(148,147),(148,149),(148,167),(149,37),(149,38),(149,50),(149,137),(149,139),(149,145),(150,37),(150,40),(150,50),(150,58),(150,112),(150,134),(150,136),(150,144),(150,148),(151,37),(151,39),(151,43),(151,134),(151,136),(151,144),(151,146),(152,37),(152,39),(152,112),(152,134),(152,136),(152,145),(152,148),(153,37),(153,39),(153,50),(153,58),(153,134),(153,139),(153,149),(154,37),(154,50),(154,112),(154,134),(154,143),(155,37),(155,38),(155,48),(155,112),(155,135),(155,143),(155,156),(156,37),(156,40),(156,48),(156,134),(157,143),(157,153),(157,155),(157,156),(157,158),(158,37),(158,58),(158,134),(158,135),(158,144),(158,155),(158,156),(158,157),(159,37),(159,39),(159,50),(159,134),(159,136),(159,145),(159,147),(159,149),(160,37),(160,39),(160,50),(160,134),(160,144),(160,150),(160,159),(161,37),(161,50),(161,149),(161,159),(161,160),(161,163),(162,39),(162,50),(162,141),(162,142),(162,150),(162,159),(162,160),(162,163),(163,37),(163,39),(163,136),(163,141),(163,144),(163,146),(163,149),(164,37),(164,50),(164,58),(164,147),(164,149),(165,37),(165,43),(165,146),(165,150),(165,166),(166,135),(166,136),(166,137),(166,164),(166,165),(167,112),(167,134),(167,136),(167,137),(168,112),(168,134),(168,136),(168,137),(169,134),(169,136),(169,137),(170,112),(170,134),(170,136),(170,137),(171,112),(171,136),(171,145),(171,173),(172,112),(172,145),(172,171),(172,173),(173,112),(173,145),(173,171),(173,172),(174,112),(174,136),(174,146),(174,175),(175,112),(175,136),(175,146),(175,174),(176,178),(176,242),(176,243),(177,112),(177,178),(177,242),(177,243),(178,112),(178,134),(178,136),(178,137),(178,242),(179,134),(179,136),(179,179),(179,180),(179,181),(180,112),(180,136),(180,137),(180,179),(181,112),(181,136),(181,179),(181,180),(182,179),(182,181),(182,183),(182,215),(183,179),(183,180),(183,181),(183,182),(183,215),(184,112),(184,137),(184,185),(184,186),(185,112),(185,136),(185,184),(185,186),(186,134),(186,136),(186,184),(186,185),(187,112),(187,134),(187,136),(187,188),(188,112),(188,134),(188,136),(188,187),(189,138),(189,141),(190,112),(190,138),(190,139),(190,140),(191,112),(191,134),(191,139),(191,141),(192,112),(192,134),(192,139),(192,141),(193,112),(193,134),(193,135),(193,137),(194,112),(194,134),(194,139),(194,141),(195,112),(195,134),(195,138),(195,139),(196,112),(196,134),(196,135),(196,139),(197,112),(197,134),(197,135),(197,137),(198,112),(198,134),(198,139),(198,140),(199,112),(199,134),(199,137),(199,139),(200,112),(200,135),(200,136),(200,139),(201,112),(201,134),(201,136),(201,139),(202,112),(202,134),(202,135),(202,139),(203,112),(203,134),(203,135),(203,139),(205,112),(205,134),(205,135),(205,136),(205,139),(206,112),(206,134),(206,138),(206,139),(207,112),(207,134),(207,136),(207,138),(207,139),(208,112),(208,134),(208,148),(208,209),(209,112),(209,134),(209,208),(209,210),(210,112),(210,134),(210,139),(210,208),(210,209),(211,112),(211,134),(211,139),(211,140),(211,212),(212,112),(212,134),(212,138),(212,211),(213,112),(213,134),(213,136),(213,139),(214,112),(214,134),(214,135),(214,139),(215,112),(215,134),(215,139),(216,112),(216,134),(216,138),(216,139),(217,112),(217,134),(217,138),(217,139),(218,112),(218,134),(218,139),(218,143),(221,139),(223,139),(224,139),(224,144),(225,139),(226,139),(227,139),(228,139),(229,139),(231,139),(233,139),(234,139),(234,235),(235,139),(235,234),(236,139),(237,139),(237,236),(238,139),(239,139),(242,112),(242,134),(242,137),(242,243),(243,112),(243,134),(243,137),(243,242),(244,139),(244,144),(245,139),(246,20),(246,21),(246,45),(246,246),(246,247),(247,21),(247,45),(247,47),(247,127),(247,131),(247,249),(248,20),(248,45),(248,46),(248,127),(248,247),(248,249),(249,45),(249,46),(249,47),(249,129),(249,131),(250,21),(250,129),(250,246),(250,247),(250,252),(250,256),(250,257),(251,20),(251,45),(251,46),(251,47),(251,246),(252,20),(252,45),(252,46),(252,129),(252,246),(252,247),(252,248),(253,45),(253,46),(253,47),(253,129),(253,131),(253,246),(253,247),(253,248),(253,249),(254,36),(254,254),(254,255),(254,258),(255,20),(255,21),(255,36),(255,254),(255,255),(255,256),(256,127),(256,256),(256,257),(256,258),(256,259),(256,260),(257,127),(257,256),(257,257),(257,258),(257,259),(257,260),(257,261),(258,127),(258,256),(258,257),(258,259),(258,260),(258,261),(259,127),(259,256),(259,257),(259,258),(259,259),(259,260),(259,261),(260,36),(260,127),(260,256),(260,257),(260,258),(260,259),(260,261),(261,36),(261,127),(261,256),(261,257),(261,258),(261,259),(261,260),(262,55),(262,89),(262,124),(262,264),(262,267),(263,55),(263,124),(263,262),(263,263),(263,264),(263,266),(263,267),(264,55),(264,124),(264,262),(264,263),(264,266),(264,267),(266,55),(266,124),(266,262),(266,266),(266,267),(267,124),(267,262),(267,263),(267,264),(267,266),(268,68),(268,89),(268,105),(268,130),(268,271),(268,272),(268,273),(269,32),(269,126),(269,130),(269,133),(269,272),(269,281),(269,291),(270,271),(270,277),(270,278),(270,280),(270,284),(271,30),(271,32),(271,52),(271,97),(271,123),(271,270),(271,272),(271,281),(271,282),(271,283),(271,286),(272,130),(272,132),(272,273),(272,291),(272,292),(272,293),(273,68),(273,104),(273,125),(273,126),(273,269),(273,272),(273,281),(273,291),(275,125),(275,126),(275,130),(275,132),(275,133),(275,272),(275,273),(275,280),(275,291),(275,292),(276,68),(276,104),(276,130),(276,132),(276,272),(276,293),(277,130),(277,272),(277,278),(277,280),(277,291),(278,133),(278,272),(278,273),(278,275),(278,277),(278,280),(279,32),(279,104),(279,105),(279,268),(279,272),(279,273),(279,291),(280,56),(280,130),(280,275),(280,277),(280,278),(280,280),(280,291),(281,32),(281,130),(281,132),(281,133),(281,272),(281,273),(282,32),(282,68),(282,130),(282,272),(282,273),(282,281),(282,291),(283,104),(283,130),(283,132),(283,272),(283,291),(283,292),(283,293),(284,68),(284,105),(284,132),(284,273),(284,275),(284,283),(284,286),(285,32),(285,133),(285,272),(285,273),(285,291),(286,32),(286,130),(286,272),(286,273),(287,32),(287,272),(287,275),(287,277),(287,280),(288,130),(288,132),(288,272),(288,273),(288,281),(288,286),(289,30),(289,60),(289,64),(289,70),(289,74),(289,115),(289,290),(290,52),(290,57),(290,59),(290,97),(290,103),(290,108),(290,113),(290,289),(291,130),(291,272),(291,292),(291,293),(292,130),(292,132),(292,272),(292,291),(292,293),(293,130),(293,132),(293,272),(293,291),(293,292),(296,32),(296,56),(296,68),(296,105),(296,272),(296,273),(297,56),(297,125),(297,272),(297,277),(298,54),(298,56),(298,277),(298,278),(298,280),(298,291),(299,269),(299,272),(299,291),(300,104),(300,105),(300,272),(302,25),(302,26),(302,28),(302,29),(302,65),(302,78),(302,85),(302,90),(303,52),(303,57),(303,59),(303,60),(303,62),(303,64),(303,66),(303,70),(303,71),(303,72),(303,73),(303,101),(303,289),(303,290),(304,52),(304,57),(304,59),(304,60),(304,62),(304,64),(304,66),(304,70),(304,71),(304,72),(304,73),(304,101),(304,289),(304,290),(305,52),(305,57),(305,59),(305,60),(305,62),(305,64),(305,66),(305,70),(305,71),(305,72),(305,73),(305,101),(305,289),(305,290),(307,61),(307,62),(307,71),(307,74),(307,83),(307,86),(307,101),(308,61),(308,62),(308,71),(308,74),(308,83),(308,86),(308,101),(309,52),(309,68),(309,83),(309,86),(309,99),(309,101),(311,104),(311,105),(311,272),(312,54),(312,69),(312,84),(312,105),(313,52),(313,57),(313,59),(313,60),(313,62),(313,64),(313,66),(313,70),(313,71),(313,72),(313,73),(313,101),(313,289),(313,290),(314,52),(314,60),(314,64),(314,100),(314,101),(314,102),(314,106),(314,108),(315,32),(315,57),(315,105),(315,292),(315,293),(315,311),(316,61),(316,62),(316,71),(316,74),(316,83),(316,86),(316,101),(317,68),(317,130),(317,132),(317,273),(317,275),(317,276),(317,291),(318,61),(318,62),(318,71),(318,74),(318,83),(318,86),(318,101),(319,54),(319,84),(319,312),(320,32),(320,68),(320,270),(320,271),(320,296),(320,311),(321,51),(321,60),(321,64),(321,66),(321,85),(321,93),(321,95),(321,108),(322,32),(322,68),(322,270),(322,271),(322,296),(322,311),(322,320),(323,134),(323,136),(323,184),(323,185),(324,104),(324,130),(324,268),(324,272),(324,275),(325,104),(325,105),(325,272),(326,56),(326,125),(326,272),(326,277),(327,324),(327,325),(328,59),(328,62),(328,71),(328,73),(328,74),(328,83),(328,86),(328,94),(329,56),(329,125),(329,272),(329,277),(330,55),(330,124),(330,262),(330,264),(330,266),(330,267),(331,55),(331,262),(331,267),(331,333),(333,124),(333,263),(333,264),(333,266),(333,267),(334,55),(334,262),(334,267),(334,331),(334,333),(336,104),(336,105),(336,272),(337,55),(337,262),(337,263),(337,264),(337,267),(338,127),(338,256),(338,257),(338,258),(338,259),(338,260),(339,127),(339,256),(339,257),(339,258),(339,259),(339,261),(339,339),(340,127),(340,256),(340,257),(340,258),(340,259),(340,260),(340,261),(340,339),(341,127),(341,256),(341,257),(341,258),(341,259),(341,260),(341,340),(342,127),(342,256),(342,257),(342,258),(342,259),(342,260),(342,261),(344,112),(344,134),(344,135),(344,136),(344,137),(344,138),(345,37),(345,50),(345,58),(345,147),(345,149),(348,346),(348,347),(348,348),(349,346),(349,347),(349,348),(350,346),(350,347),(350,348),(350,349),(351,346),(351,347),(351,348),(351,349),(352,351),(352,353),(352,354),(352,360),(353,346),(353,347),(353,348),(353,349),(353,350),(353,351),(354,346),(354,347),(354,348),(354,349),(354,350),(354,351),(354,353),(355,346),(355,347),(355,348),(355,349),(355,350),(355,351),(355,353),(355,354),(356,346),(356,347),(356,348),(356,349),(356,350),(356,351),(356,353),(356,354),(357,346),(357,347),(357,348),(357,349),(357,350),(357,351),(357,353),(357,354),(358,346),(358,347),(358,348),(358,349),(358,350),(358,351),(358,353),(358,354),(359,346),(359,347),(359,348),(359,349),(359,350),(359,351),(359,353),(359,354),(360,346),(360,347),(360,348),(360,349),(360,350),(360,351),(360,353),(360,354),(361,348),(361,351),(361,352),(361,353),(361,354),(361,360),(362,348),(362,351),(362,352),(362,353),(362,354),(362,360),(362,361),(363,348),(363,351),(363,352),(363,353),(363,360),(363,361),(363,362),(364,352),(364,353),(364,360),(364,361),(364,362),(364,363),(365,352),(365,360),(365,361),(365,362),(365,363),(365,364),(366,352),(366,353),(366,360),(366,361),(366,362),(366,363),(366,364),(366,365),(367,346),(367,347),(367,348),(367,349),(367,350),(367,351),(367,353),(367,354),(368,346),(368,347),(368,348),(368,349),(368,350),(368,351),(368,353),(368,354),(369,348),(369,353),(369,363),(369,364),(369,365),(370,348),(370,353),(370,363),(370,364),(370,365),(371,349),(371,350),(371,364),(371,365),(372,128),(372,350),(372,353),(372,371),(373,347),(373,351),(373,371),(373,372),(375,349),(375,350),(375,371),(375,372),(376,347),(376,350),(376,371),(376,372),(377,371),(377,372),(377,373),(378,372),(378,373),(378,375),(378,376),(380,55),(380,124),(380,263),(380,264),(380,329),(381,254),(381,255),(381,381),(382,56),(382,63),(382,75),(382,125),(382,272),(382,277),(383,54),(383,69),(383,84),(383,105),(384,77),(384,88),(384,93),(384,95),(384,102),(385,54),(385,69),(385,84),(385,105),(386,54),(386,69),(386,84),(386,105),(387,54),(387,69),(387,84),(387,105),(387,132),(387,291),(387,292),(387,293),(388,25),(388,26),(388,28),(388,29),(388,65),(388,85),(388,90),(389,51),(389,60),(389,65),(389,77),(389,78),(389,85),(390,127),(390,256),(390,257),(390,258),(390,259),(390,260),(390,261),(390,339),(391,23),(391,25),(391,28),(391,85),(391,90),(392,52),(392,54),(392,55),(392,69),(392,84),(393,54),(393,69),(393,84),(393,105),(394,61),(394,62),(394,71),(394,74),(394,83),(394,86),(394,101),(395,127),(395,256),(395,257),(395,258),(395,259),(395,260),(395,261),(395,339),(396,127),(396,256),(396,257),(396,258),(396,259),(396,260),(396,261),(397,127),(397,256),(397,257),(397,258),(397,259),(397,260),(397,261),(397,339),(398,25),(398,26),(398,28),(398,29),(398,65),(398,78),(398,85),(398,90),(399,64),(399,72),(399,74),(399,78),(399,91),(399,95),(399,109),(400,64),(400,72),(400,74),(400,78),(400,91),(400,95),(400,109),(401,51),(401,60),(401,65),(401,77),(401,78),(401,85),(403,61),(403,88),(403,95),(404,37),(404,38),(404,48),(404,112),(404,135),(404,143),(404,156),(405,37),(405,38),(405,48),(405,112),(405,135),(405,143),(405,156),(406,37),(406,50),(406,58),(406,147),(406,149),(407,61),(407,88),(407,95),(408,57),(408,81),(408,103),(408,113),(408,115),(408,116),(408,262),(409,124),(409,262),(409,263),(409,264),(409,266),(410,37),(410,39),(410,41),(410,112),(410,137),(411,130),(411,272),(411,292),(411,293),(412,130),(412,272),(412,278),(412,280),(412,291),(413,61),(413,88),(413,95),(414,54),(414,69),(414,84),(414,105),(415,54),(415,69),(415,84),(415,105),(416,104),(416,105),(416,272),(417,104),(417,105),(417,272),(418,57),(418,81),(418,103),(418,113),(418,115),(418,116),(418,262),(419,37),(419,38),(419,48),(419,112),(419,135),(419,143),(419,156),(420,130),(420,272),(420,278),(420,280),(420,291),(421,54),(421,69),(421,84),(421,105),(422,54),(422,69),(422,84),(422,105),(423,64),(423,72),(423,74),(423,78),(423,91),(423,95),(423,109),(424,54),(424,69),(424,84),(424,105),(425,57),(425,81),(425,103),(425,113),(425,115),(425,116),(425,262),(426,57),(426,81),(426,103),(426,113),(426,115),(426,116),(426,262),(427,127),(427,256),(427,257),(427,258),(427,259),(427,260),(427,261),(427,339),(430,37),(430,50),(430,58),(430,147),(430,149),(431,37),(431,50),(431,58),(431,147),(431,149),(432,54),(432,69),(432,84),(432,105),(433,130),(434,37),(434,50),(434,58),(434,147),(434,149),(435,124),(435,263),(436,77),(436,95),(436,413),(437,409),(437,435),(437,436),(438,380),(438,435),(438,436),(438,437),(440,70),(440,71),(440,72),(441,155),(441,157),(441,165),(442,177),(442,242),(442,243),(443,37),(443,38),(443,39),(444,37),(444,38),(444,39),(445,39),(445,40),(445,42),(446,37),(446,38),(446,39),(447,37),(447,38),(447,39),(448,37),(448,38),(448,41),(449,37),(449,38),(449,39),(450,42),(450,144),(451,37),(451,42),(452,152),(453,103),(453,113),(454,55),(454,124),(454,264),(455,55),(455,124),(455,264),(456,55),(456,124),(456,263),(490,32),(490,68),(490,104),(491,130),(491,272),(491,292),(491,293),(492,130),(492,272),(492,292),(492,293);

--
-- Table structure for table `ps_address`
--

CREATE TABLE `ps_address` (
  `id_address` int unsigned NOT NULL AUTO_INCREMENT,
  `id_country` int unsigned NOT NULL,
  `id_state` int unsigned DEFAULT NULL,
  `id_customer` int unsigned NOT NULL DEFAULT '0',
  `id_manufacturer` int unsigned NOT NULL DEFAULT '0',
  `id_supplier` int unsigned NOT NULL DEFAULT '0',
  `id_warehouse` int unsigned NOT NULL DEFAULT '0',
  `alias` varchar(32) CHARACTER SET utf8mb4 COLLATE utf8mb4_general_ci NOT NULL,
  `company` varchar(255) CHARACTER SET utf8mb4 COLLATE utf8mb4_general_ci DEFAULT NULL,
  `lastname` varchar(255) CHARACTER SET utf8mb4 COLLATE utf8mb4_general_ci NOT NULL,
  `firstname` varchar(255) CHARACTER SET utf8mb4 COLLATE utf8mb4_general_ci NOT NULL,
  `address1` varchar(128) CHARACTER SET utf8mb4 COLLATE utf8mb4_general_ci NOT NULL,
  `address2` varchar(128) CHARACTER SET utf8mb4 COLLATE utf8mb4_general_ci DEFAULT NULL,
  `postcode` varchar(12) CHARACTER SET utf8mb4 COLLATE utf8mb4_general_ci DEFAULT NULL,
  `city` varchar(64) CHARACTER SET utf8mb4 COLLATE utf8mb4_general_ci NOT NULL,
  `other` text CHARACTER SET utf8mb4 COLLATE utf8mb4_general_ci,
  `phone` varchar(32) CHARACTER SET utf8mb4 COLLATE utf8mb4_general_ci DEFAULT NULL,
  `phone_mobile` varchar(32) CHARACTER SET utf8mb4 COLLATE utf8mb4_general_ci DEFAULT NULL,
  `vat_number` varchar(32) CHARACTER SET utf8mb4 COLLATE utf8mb4_general_ci DEFAULT NULL,
  `dni` varchar(16) CHARACTER SET utf8mb4 COLLATE utf8mb4_general_ci DEFAULT NULL,
  `date_add` datetime NOT NULL,
  `date_upd` datetime NOT NULL,
  `active` tinyint unsigned NOT NULL DEFAULT '1',
  `deleted` tinyint unsigned NOT NULL DEFAULT '0',
  PRIMARY KEY (`id_address`),
  KEY `address_customer` (`id_customer`),
  KEY `id_country` (`id_country`),
  KEY `id_state` (`id_state`),
  KEY `id_manufacturer` (`id_manufacturer`),
  KEY `id_supplier` (`id_supplier`),
  KEY `id_warehouse` (`id_warehouse`)
) ENGINE=InnoDB AUTO_INCREMENT=15 DEFAULT CHARSET=utf8mb4 COLLATE=utf8mb4_general_ci;

--
-- Dumping data for table `ps_address`
--

INSERT INTO `ps_address` VALUES (8,8,0,4,0,0,0,'Mon adresse','','Monop','Monop','1 rue du pilote','','75013','Paris','','','','','dni','2021-04-06 19:53:41','2021-04-06 19:53:41',1,0),(11,8,0,4,0,0,0,'Mon adresse','','Monop','Monop','1 Rue Du Pilote','','91000','Evry','','','','','dni','2021-06-08 19:07:45','2021-06-08 19:07:45',1,0),(12,8,0,5,0,0,0,'Mon adresse','','ait yahiatene','kenza','19 rue talma','','91800','brunoy','','0672511233','','','dni','2023-01-12 15:23:50','2023-01-12 15:23:50',1,0),(13,8,0,6,0,0,0,'Mon adresse','','test','test','test','','12345','TEST','','','','','dni','2023-02-06 12:02:04','2023-02-06 12:02:04',1,0),(14,7,0,7,0,0,0,'Vinted','','Rodighiero','Chiara','Via Genova in Litta Parodi, 17','','15121','Alessandria','','','','','','2025-09-29 09:48:53','2025-09-29 09:54:44',1,0);

--
-- Table structure for table `ps_address_format`
--

CREATE TABLE `ps_address_format` (
  `id_country` int unsigned NOT NULL,
  `format` varchar(255) CHARACTER SET utf8mb4 COLLATE utf8mb4_general_ci NOT NULL DEFAULT '',
  PRIMARY KEY (`id_country`)
) ENGINE=InnoDB DEFAULT CHARSET=utf8mb4 COLLATE=utf8mb4_general_ci;

--
-- Dumping data for table `ps_address_format`
--

INSERT INTO `ps_address_format` VALUES (1,'firstname lastname\ncompany\nvat_number\naddress1\naddress2\npostcode city\nCountry:name\nphone'),(2,'firstname lastname\ncompany\nvat_number\naddress1\naddress2\npostcode city\nCountry:name\nphone'),(3,'firstname lastname\ncompany\nvat_number\naddress1\naddress2\npostcode city\nCountry:name\nphone'),(4,'firstname lastname\ncompany\naddress1\naddress2\ncity State:name postcode\nCountry:name\nphone'),(5,'firstname lastname\ncompany\nvat_number\naddress1\naddress2\npostcode city\nCountry:name\nphone'),(6,'firstname lastname\ncompany\nvat_number\naddress1\naddress2\npostcode city\nCountry:name\nphone'),(7,'firstname lastname\ncompany\nvat_number\naddress1\naddress2\npostcode city\nCountry:name\nphone'),(8,'firstname lastname\ncompany\nvat_number\naddress1\naddress2\npostcode city\nCountry:name\nphone'),(9,'firstname lastname\ncompany\nvat_number\naddress1\naddress2\npostcode city\nCountry:name\nphone'),(10,'firstname lastname\ncompany\nvat_number\naddress1\naddress2\npostcode city\nState:name\nCountry:name\nphone'),(11,'firstname lastname\ncompany\nvat_number\naddress1\naddress2\npostcode city\nState:name\nCountry:name\nphone'),(12,'firstname lastname\ncompany\nvat_number\naddress1\naddress2\npostcode city\nCountry:name\nphone'),(13,'firstname lastname\ncompany\nvat_number\naddress1\naddress2\npostcode city\nCountry:name\nphone'),(14,'firstname lastname\ncompany\nvat_number\naddress1\naddress2\npostcode city\nCountry:name\nphone'),(15,'firstname lastname\ncompany\nvat_number\naddress1\naddress2\npostcode city\nCountry:name\nphone'),(16,'firstname lastname\ncompany\nvat_number\naddress1\naddress2\npostcode city\nCountry:name\nphone'),(17,'firstname lastname\ncompany\nvat_number\naddress1\naddress2\ncity\npostcode\nCountry:name\nphone'),(18,'firstname lastname\ncompany\nvat_number\naddress1\naddress2\npostcode city\nCountry:name\nphone'),(19,'firstname lastname\ncompany\nvat_number\naddress1\naddress2\npostcode city\nCountry:name\nphone'),(20,'firstname lastname\ncompany\nvat_number\naddress1\naddress2\npostcode city\nCountry:name\nphone'),(21,'firstname lastname\ncompany\naddress1 address2\ncity, State:name postcode\nCountry:name\nphone'),(22,'firstname lastname\ncompany\nvat_number\naddress1\naddress2\npostcode city\nCountry:name\nphone'),(23,'firstname lastname\ncompany\nvat_number\naddress1\naddress2\npostcode city\nCountry:name\nphone'),(24,'firstname lastname\ncompany\nvat_number\naddress1\naddress2\ncity State:iso_code postcode\nCountry:name\nphone'),(25,'firstname lastname\ncompany\nvat_number\naddress1\naddress2\npostcode city\nCountry:name\nphone'),(26,'firstname lastname\ncompany\nvat_number\naddress1\naddress2\npostcode city\nCountry:name\nphone'),(27,'firstname lastname\ncompany\nvat_number\naddress1\naddress2\npostcode city\nCountry:name\nphone'),(28,'firstname lastname\ncompany\nvat_number\naddress1\naddress2\npostcode city\nCountry:name\nphone'),(29,'firstname lastname\ncompany\nvat_number\naddress1\naddress2\npostcode city\nCountry:name\nphone'),(30,'firstname lastname\ncompany\nvat_number\naddress1\naddress2\npostcode city\nCountry:name\nphone'),(31,'firstname lastname\ncompany\nvat_number\naddress1\naddress2\npostcode city\nCountry:name\nphone'),(32,'firstname lastname\ncompany\nvat_number\naddress1\naddress2\npostcode city\nCountry:name\nphone'),(33,'firstname lastname\ncompany\nvat_number\naddress1\naddress2\npostcode city\nCountry:name\nphone'),(34,'firstname lastname\ncompany\nvat_number\naddress1\naddress2\npostcode city\nCountry:name\nphone'),(35,'firstname lastname\ncompany\nvat_number\naddress1\naddress2\npostcode city\nCountry:name\nphone'),(36,'firstname lastname\ncompany\nvat_number\naddress1\naddress2\npostcode city\nCountry:name\nphone'),(37,'firstname lastname\ncompany\nvat_number\naddress1\naddress2\npostcode city\nCountry:name\nphone'),(38,'firstname lastname\ncompany\nvat_number\naddress1\naddress2\npostcode city\nCountry:name\nphone'),(39,'firstname lastname\ncompany\nvat_number\naddress1\naddress2\npostcode city\nCountry:name\nphone'),(40,'firstname lastname\ncompany\nvat_number\naddress1\naddress2\npostcode city\nCountry:name\nphone'),(41,'firstname lastname\ncompany\nvat_number\naddress1\naddress2\npostcode city\nCountry:name\nphone'),(42,'firstname lastname\ncompany\nvat_number\naddress1\naddress2\npostcode city\nCountry:name\nphone'),(43,'firstname lastname\ncompany\nvat_number\naddress1\naddress2\npostcode city\nCountry:name\nphone'),(44,'firstname lastname\ncompany\nvat_number\naddress1\naddress2\npostcode city\nState:name\nCountry:name\nphone'),(45,'firstname lastname\ncompany\nvat_number\naddress1\naddress2\npostcode city\nCountry:name\nphone'),(46,'firstname lastname\ncompany\nvat_number\naddress1\naddress2\npostcode city\nCountry:name\nphone'),(47,'firstname lastname\ncompany\nvat_number\naddress1\naddress2\npostcode city\nCountry:name\nphone'),(48,'firstname lastname\ncompany\nvat_number\naddress1\naddress2\npostcode city\nCountry:name\nphone'),(49,'firstname lastname\ncompany\nvat_number\naddress1\naddress2\npostcode city\nCountry:name\nphone'),(50,'firstname lastname\ncompany\nvat_number\naddress1\naddress2\npostcode city\nCountry:name\nphone'),(51,'firstname lastname\ncompany\nvat_number\naddress1\naddress2\npostcode city\nCountry:name\nphone'),(52,'firstname lastname\ncompany\nvat_number\naddress1\naddress2\npostcode city\nCountry:name\nphone'),(53,'firstname lastname\ncompany\nvat_number\naddress1\naddress2\npostcode city\nCountry:name\nphone'),(54,'firstname lastname\ncompany\nvat_number\naddress1\naddress2\npostcode city\nCountry:name\nphone'),(55,'firstname lastname\ncompany\nvat_number\naddress1\naddress2\npostcode city\nCountry:name\nphone'),(56,'firstname lastname\ncompany\nvat_number\naddress1\naddress2\npostcode city\nCountry:name\nphone'),(57,'firstname lastname\ncompany\nvat_number\naddress1\naddress2\npostcode city\nCountry:name\nphone'),(58,'firstname lastname\ncompany\nvat_number\naddress1\naddress2\npostcode city\nCountry:name\nphone'),(59,'firstname lastname\ncompany\nvat_number\naddress1\naddress2\npostcode city\nCountry:name\nphone'),(60,'firstname lastname\ncompany\nvat_number\naddress1\naddress2\npostcode city\nCountry:name\nphone'),(61,'firstname lastname\ncompany\nvat_number\naddress1\naddress2\npostcode city\nCountry:name\nphone'),(62,'firstname lastname\ncompany\nvat_number\naddress1\naddress2\npostcode city\nCountry:name\nphone'),(63,'firstname lastname\ncompany\nvat_number\naddress1\naddress2\npostcode city\nCountry:name\nphone'),(64,'firstname lastname\ncompany\nvat_number\naddress1\naddress2\npostcode city\nCountry:name\nphone'),(65,'firstname lastname\ncompany\nvat_number\naddress1\naddress2\npostcode city\nCountry:name\nphone'),(66,'firstname lastname\ncompany\nvat_number\naddress1\naddress2\npostcode city\nCountry:name\nphone'),(67,'firstname lastname\ncompany\nvat_number\naddress1\naddress2\npostcode city\nCountry:name\nphone'),(68,'firstname lastname\ncompany\nvat_number\naddress1\naddress2\npostcode city\nCountry:name\nphone'),(69,'firstname lastname\ncompany\nvat_number\naddress1\naddress2\npostcode city\nCountry:name\nphone'),(70,'firstname lastname\ncompany\nvat_number\naddress1\naddress2\npostcode city\nCountry:name\nphone'),(71,'firstname lastname\ncompany\nvat_number\naddress1\naddress2\npostcode city\nCountry:name\nphone'),(72,'firstname lastname\ncompany\nvat_number\naddress1\naddress2\npostcode city\nCountry:name\nphone'),(73,'firstname lastname\ncompany\nvat_number\naddress1\naddress2\npostcode city\nCountry:name\nphone'),(74,'firstname lastname\ncompany\nvat_number\naddress1\naddress2\npostcode city\nCountry:name\nphone'),(75,'firstname lastname\ncompany\nvat_number\naddress1\naddress2\npostcode city\nCountry:name\nphone'),(76,'firstname lastname\ncompany\nvat_number\naddress1\naddress2\npostcode city\nCountry:name\nphone'),(77,'firstname lastname\ncompany\nvat_number\naddress1\naddress2\npostcode city\nCountry:name\nphone'),(78,'firstname lastname\ncompany\nvat_number\naddress1\naddress2\npostcode city\nCountry:name\nphone'),(79,'firstname lastname\ncompany\nvat_number\naddress1\naddress2\npostcode city\nCountry:name\nphone'),(80,'firstname lastname\ncompany\nvat_number\naddress1\naddress2\npostcode city\nCountry:name\nphone'),(81,'firstname lastname\ncompany\nvat_number\naddress1\naddress2\npostcode city\nCountry:name\nphone'),(82,'firstname lastname\ncompany\nvat_number\naddress1\naddress2\npostcode city\nCountry:name\nphone'),(83,'firstname lastname\ncompany\nvat_number\naddress1\naddress2\npostcode city\nCountry:name\nphone'),(84,'firstname lastname\ncompany\nvat_number\naddress1\naddress2\npostcode city\nCountry:name\nphone'),(85,'firstname lastname\ncompany\nvat_number\naddress1\naddress2\npostcode city\nCountry:name\nphone'),(86,'firstname lastname\ncompany\nvat_number\naddress1\naddress2\npostcode city\nCountry:name\nphone'),(87,'firstname lastname\ncompany\nvat_number\naddress1\naddress2\npostcode city\nCountry:name\nphone'),(88,'firstname lastname\ncompany\nvat_number\naddress1\naddress2\npostcode city\nCountry:name\nphone'),(89,'firstname lastname\ncompany\nvat_number\naddress1\naddress2\npostcode city\nCountry:name\nphone'),(90,'firstname lastname\ncompany\nvat_number\naddress1\naddress2\npostcode city\nCountry:name\nphone'),(91,'firstname lastname\ncompany\nvat_number\naddress1\naddress2\npostcode city\nCountry:name\nphone'),(92,'firstname lastname\ncompany\nvat_number\naddress1\naddress2\npostcode city\nCountry:name\nphone'),(93,'firstname lastname\ncompany\nvat_number\naddress1\naddress2\npostcode city\nCountry:name\nphone'),(94,'firstname lastname\ncompany\nvat_number\naddress1\naddress2\npostcode city\nCountry:name\nphone'),(95,'firstname lastname\ncompany\nvat_number\naddress1\naddress2\npostcode city\nCountry:name\nphone'),(96,'firstname lastname\ncompany\nvat_number\naddress1\naddress2\npostcode city\nCountry:name\nphone'),(97,'firstname lastname\ncompany\nvat_number\naddress1\naddress2\npostcode city\nCountry:name\nphone'),(98,'firstname lastname\ncompany\nvat_number\naddress1\naddress2\npostcode city\nCountry:name\nphone'),(99,'firstname lastname\ncompany\nvat_number\naddress1\naddress2\npostcode city\nCountry:name\nphone'),(100,'firstname lastname\ncompany\nvat_number\naddress1\naddress2\npostcode city\nCountry:name\nphone'),(101,'firstname lastname\ncompany\nvat_number\naddress1\naddress2\npostcode city\nCountry:name\nphone'),(102,'firstname lastname\ncompany\nvat_number\naddress1\naddress2\npostcode city\nCountry:name\nphone'),(103,'firstname lastname\ncompany\nvat_number\naddress1\naddress2\npostcode city\nCountry:name\nphone'),(104,'firstname lastname\ncompany\nvat_number\naddress1\naddress2\npostcode city\nCountry:name\nphone'),(105,'firstname lastname\ncompany\nvat_number\naddress1\naddress2\npostcode city\nCountry:name\nphone'),(106,'firstname lastname\ncompany\nvat_number\naddress1\naddress2\npostcode city\nCountry:name\nphone'),(107,'firstname lastname\ncompany\nvat_number\naddress1\naddress2\npostcode city\nCountry:name\nphone'),(108,'firstname lastname\ncompany\nvat_number\naddress1\naddress2\npostcode city\nCountry:name\nphone'),(109,'firstname lastname\ncompany\nvat_number\naddress1\naddress2\ncity\npostcode\nState:name\nCountry:name\nphone'),(110,'firstname lastname\ncompany\nvat_number\naddress1\naddress2\npostcode city\nState:name\nCountry:name\nphone'),(111,'firstname lastname\ncompany\nvat_number\naddress1\naddress2\npostcode city\nCountry:name\nphone'),(112,'firstname lastname\ncompany\nvat_number\naddress1\naddress2\npostcode city\nCountry:name\nphone'),(113,'firstname lastname\ncompany\nvat_number\naddress1\naddress2\npostcode city\nCountry:name\nphone'),(114,'firstname lastname\ncompany\nvat_number\naddress1\naddress2\npostcode city\nCountry:name\nphone'),(115,'firstname lastname\ncompany\nvat_number\naddress1\naddress2\npostcode city\nCountry:name\nphone'),(116,'firstname lastname\ncompany\nvat_number\naddress1\naddress2\npostcode city\nCountry:name\nphone'),(117,'firstname lastname\ncompany\nvat_number\naddress1\naddress2\npostcode city\nCountry:name\nphone'),(118,'firstname lastname\ncompany\nvat_number\naddress1\naddress2\npostcode city\nCountry:name\nphone'),(119,'firstname lastname\ncompany\nvat_number\naddress1\naddress2\npostcode city\nCountry:name\nphone'),(120,'firstname lastname\ncompany\nvat_number\naddress1\naddress2\npostcode city\nCountry:name\nphone'),(121,'firstname lastname\ncompany\nvat_number\naddress1\naddress2\npostcode city\nCountry:name\nphone'),(122,'firstname lastname\ncompany\nvat_number\naddress1\naddress2\npostcode city\nCountry:name\nphone'),(123,'firstname lastname\ncompany\nvat_number\naddress1\naddress2\npostcode city\nCountry:name\nphone'),(124,'firstname lastname\ncompany\nvat_number\naddress1\naddress2\npostcode city\nCountry:name\nphone'),(125,'firstname lastname\ncompany\nvat_number\naddress1\naddress2\npostcode city\nCountry:name\nphone'),(126,'firstname lastname\ncompany\nvat_number\naddress1\naddress2\npostcode city\nCountry:name\nphone'),(127,'firstname lastname\ncompany\nvat_number\naddress1\naddress2\npostcode city\nCountry:name\nphone'),(128,'firstname lastname\ncompany\nvat_number\naddress1\naddress2\npostcode city\nCountry:name\nphone'),(129,'firstname lastname\ncompany\nvat_number\naddress1\naddress2\npostcode city\nCountry:name\nphone'),(130,'firstname lastname\ncompany\nvat_number\naddress1\naddress2\npostcode city\nCountry:name\nphone'),(131,'firstname lastname\ncompany\nvat_number\naddress1\naddress2\npostcode city\nCountry:name\nphone'),(132,'firstname lastname\ncompany\nvat_number\naddress1\naddress2\npostcode city\nCountry:name\nphone'),(133,'firstname lastname\ncompany\nvat_number\naddress1\naddress2\npostcode city\nCountry:name\nphone'),(134,'firstname lastname\ncompany\nvat_number\naddress1\naddress2\npostcode city\nCountry:name\nphone'),(135,'firstname lastname\ncompany\nvat_number\naddress1\naddress2\npostcode city\nCountry:name\nphone'),(136,'firstname lastname\ncompany\nvat_number\naddress1\naddress2\npostcode city\nCountry:name\nphone'),(137,'firstname lastname\ncompany\nvat_number\naddress1\naddress2\npostcode city\nCountry:name\nphone'),(138,'firstname lastname\ncompany\nvat_number\naddress1\naddress2\npostcode city\nCountry:name\nphone'),(139,'firstname lastname\ncompany\nvat_number\naddress1\naddress2\npostcode city\nCountry:name\nphone'),(140,'firstname lastname\ncompany\nvat_number\naddress1\naddress2\npostcode city\nCountry:name\nphone'),(141,'firstname lastname\ncompany\nvat_number\naddress1\naddress2\npostcode city\nCountry:name\nphone'),(142,'firstname lastname\ncompany\nvat_number\naddress1\naddress2\npostcode city\nCountry:name\nphone'),(143,'firstname lastname\ncompany\nvat_number\naddress1\naddress2\npostcode city\nCountry:name\nphone'),(144,'firstname lastname\ncompany\nvat_number\naddress1\naddress2\npostcode city\nState:name\nCountry:name\nphone'),(145,'firstname lastname\ncompany\nvat_number\naddress1\naddress2\npostcode city\nCountry:name\nphone'),(146,'firstname lastname\ncompany\nvat_number\naddress1\naddress2\npostcode city\nCountry:name\nphone'),(147,'firstname lastname\ncompany\nvat_number\naddress1\naddress2\npostcode city\nCountry:name\nphone'),(148,'firstname lastname\ncompany\nvat_number\naddress1\naddress2\npostcode city\nCountry:name\nphone'),(149,'firstname lastname\ncompany\nvat_number\naddress1\naddress2\npostcode city\nCountry:name\nphone'),(150,'firstname lastname\ncompany\nvat_number\naddress1\naddress2\npostcode city\nCountry:name\nphone'),(151,'firstname lastname\ncompany\nvat_number\naddress1\naddress2\npostcode city\nCountry:name\nphone'),(152,'firstname lastname\ncompany\nvat_number\naddress1\naddress2\npostcode city\nCountry:name\nphone'),(153,'firstname lastname\ncompany\nvat_number\naddress1\naddress2\npostcode city\nCountry:name\nphone'),(154,'firstname lastname\ncompany\nvat_number\naddress1\naddress2\npostcode city\nCountry:name\nphone'),(155,'firstname lastname\ncompany\nvat_number\naddress1\naddress2\npostcode city\nCountry:name\nphone'),(156,'firstname lastname\ncompany\nvat_number\naddress1\naddress2\npostcode city\nCountry:name\nphone'),(157,'firstname lastname\ncompany\nvat_number\naddress1\naddress2\npostcode city\nCountry:name\nphone'),(158,'firstname lastname\ncompany\nvat_number\naddress1\naddress2\npostcode city\nCountry:name\nphone'),(159,'firstname lastname\ncompany\nvat_number\naddress1\naddress2\npostcode city\nCountry:name\nphone'),(160,'firstname lastname\ncompany\nvat_number\naddress1\naddress2\npostcode city\nCountry:name\nphone'),(161,'firstname lastname\ncompany\nvat_number\naddress1\naddress2\npostcode city\nCountry:name\nphone'),(162,'firstname lastname\ncompany\nvat_number\naddress1\naddress2\npostcode city\nCountry:name\nphone'),(163,'firstname lastname\ncompany\nvat_number\naddress1\naddress2\npostcode city\nCountry:name\nphone'),(164,'firstname lastname\ncompany\nvat_number\naddress1\naddress2\npostcode city\nCountry:name\nphone'),(165,'firstname lastname\ncompany\nvat_number\naddress1\naddress2\npostcode city\nCountry:name\nphone'),(166,'firstname lastname\ncompany\nvat_number\naddress1\naddress2\npostcode city\nCountry:name\nphone'),(167,'firstname lastname\ncompany\nvat_number\naddress1\naddress2\npostcode city\nCountry:name\nphone'),(168,'firstname lastname\ncompany\nvat_number\naddress1\naddress2\npostcode city\nCountry:name\nphone'),(169,'firstname lastname\ncompany\nvat_number\naddress1\naddress2\npostcode city\nCountry:name\nphone'),(170,'firstname lastname\ncompany\nvat_number\naddress1\naddress2\npostcode city\nCountry:name\nphone'),(171,'firstname lastname\ncompany\nvat_number\naddress1\naddress2\npostcode city\nCountry:name\nphone'),(172,'firstname lastname\ncompany\nvat_number\naddress1\naddress2\npostcode city\nCountry:name\nphone'),(173,'firstname lastname\ncompany\nvat_number\naddress1\naddress2\npostcode city\nCountry:name\nphone'),(174,'firstname lastname\ncompany\nvat_number\naddress1\naddress2\npostcode city\nCountry:name\nphone'),(175,'firstname lastname\ncompany\nvat_number\naddress1\naddress2\npostcode city\nCountry:name\nphone'),(176,'firstname lastname\ncompany\nvat_number\naddress1\naddress2\npostcode city\nCountry:name\nphone'),(177,'firstname lastname\ncompany\nvat_number\naddress1\naddress2\npostcode city\nCountry:name\nphone'),(178,'firstname lastname\ncompany\nvat_number\naddress1\naddress2\npostcode city\nCountry:name\nphone'),(179,'firstname lastname\ncompany\nvat_number\naddress1\naddress2\npostcode city\nCountry:name\nphone'),(180,'firstname lastname\ncompany\nvat_number\naddress1\naddress2\npostcode city\nCountry:name\nphone'),(181,'firstname lastname\ncompany\nvat_number\naddress1\naddress2\npostcode city\nCountry:name\nphone'),(182,'firstname lastname\ncompany\nvat_number\naddress1\naddress2\npostcode city\nCountry:name\nphone'),(183,'firstname lastname\ncompany\nvat_number\naddress1\naddress2\npostcode city\nCountry:name\nphone'),(184,'firstname lastname\ncompany\nvat_number\naddress1\naddress2\npostcode city\nCountry:name\nphone'),(185,'firstname lastname\ncompany\nvat_number\naddress1\naddress2\npostcode city\nCountry:name\nphone'),(186,'firstname lastname\ncompany\nvat_number\naddress1\naddress2\npostcode city\nCountry:name\nphone'),(187,'firstname lastname\ncompany\nvat_number\naddress1\naddress2\npostcode city\nCountry:name\nphone'),(188,'firstname lastname\ncompany\nvat_number\naddress1\naddress2\npostcode city\nCountry:name\nphone'),(189,'firstname lastname\ncompany\nvat_number\naddress1\naddress2\npostcode city\nCountry:name\nphone'),(190,'firstname lastname\ncompany\nvat_number\naddress1\naddress2\npostcode city\nCountry:name\nphone'),(191,'firstname lastname\ncompany\nvat_number\naddress1\naddress2\npostcode city\nCountry:name\nphone'),(192,'firstname lastname\ncompany\nvat_number\naddress1\naddress2\npostcode city\nCountry:name\nphone'),(193,'firstname lastname\ncompany\nvat_number\naddress1\naddress2\npostcode city\nCountry:name\nphone'),(194,'firstname lastname\ncompany\nvat_number\naddress1\naddress2\npostcode city\nCountry:name\nphone'),(195,'firstname lastname\ncompany\nvat_number\naddress1\naddress2\npostcode city\nCountry:name\nphone'),(196,'firstname lastname\ncompany\nvat_number\naddress1\naddress2\npostcode city\nCountry:name\nphone'),(197,'firstname lastname\ncompany\nvat_number\naddress1\naddress2\npostcode city\nCountry:name\nphone'),(198,'firstname lastname\ncompany\nvat_number\naddress1\naddress2\npostcode city\nCountry:name\nphone'),(199,'firstname lastname\ncompany\nvat_number\naddress1\naddress2\npostcode city\nCountry:name\nphone'),(200,'firstname lastname\ncompany\nvat_number\naddress1\naddress2\npostcode city\nCountry:name\nphone'),(201,'firstname lastname\ncompany\nvat_number\naddress1\naddress2\npostcode city\nCountry:name\nphone'),(202,'firstname lastname\ncompany\nvat_number\naddress1\naddress2\npostcode city\nCountry:name\nphone'),(203,'firstname lastname\ncompany\nvat_number\naddress1\naddress2\npostcode city\nCountry:name\nphone'),(204,'firstname lastname\ncompany\nvat_number\naddress1\naddress2\npostcode city\nCountry:name\nphone'),(205,'firstname lastname\ncompany\nvat_number\naddress1\naddress2\npostcode city\nCountry:name\nphone'),(206,'firstname lastname\ncompany\nvat_number\naddress1\naddress2\npostcode city\nCountry:name\nphone'),(207,'firstname lastname\ncompany\nvat_number\naddress1\naddress2\npostcode city\nCountry:name\nphone'),(208,'firstname lastname\ncompany\nvat_number\naddress1\naddress2\npostcode city\nCountry:name\nphone'),(209,'firstname lastname\ncompany\nvat_number\naddress1\naddress2\npostcode city\nCountry:name\nphone'),(210,'firstname lastname\ncompany\nvat_number\naddress1\naddress2\npostcode city\nCountry:name\nphone'),(211,'firstname lastname\ncompany\nvat_number\naddress1\naddress2\npostcode city\nCountry:name\nphone'),(212,'firstname lastname\ncompany\nvat_number\naddress1\naddress2\npostcode city\nCountry:name\nphone'),(213,'firstname lastname\ncompany\nvat_number\naddress1\naddress2\npostcode city\nCountry:name\nphone'),(214,'firstname lastname\ncompany\nvat_number\naddress1\naddress2\npostcode city\nCountry:name\nphone'),(215,'firstname lastname\ncompany\nvat_number\naddress1\naddress2\npostcode city\nCountry:name\nphone'),(216,'firstname lastname\ncompany\nvat_number\naddress1\naddress2\npostcode city\nCountry:name\nphone'),(217,'firstname lastname\ncompany\nvat_number\naddress1\naddress2\npostcode city\nCountry:name\nphone'),(218,'firstname lastname\ncompany\nvat_number\naddress1\naddress2\npostcode city\nCountry:name\nphone'),(219,'firstname lastname\ncompany\nvat_number\naddress1\naddress2\npostcode city\nCountry:name\nphone'),(220,'firstname lastname\ncompany\nvat_number\naddress1\naddress2\npostcode city\nCountry:name\nphone'),(221,'firstname lastname\ncompany\nvat_number\naddress1\naddress2\npostcode city\nCountry:name\nphone'),(222,'firstname lastname\ncompany\nvat_number\naddress1\naddress2\npostcode city\nCountry:name\nphone'),(223,'firstname lastname\ncompany\nvat_number\naddress1\naddress2\npostcode city\nCountry:name\nphone'),(224,'firstname lastname\ncompany\nvat_number\naddress1\naddress2\npostcode city\nCountry:name\nphone'),(225,'firstname lastname\ncompany\nvat_number\naddress1\naddress2\npostcode city\nCountry:name\nphone'),(226,'firstname lastname\ncompany\nvat_number\naddress1\naddress2\npostcode city\nCountry:name\nphone'),(227,'firstname lastname\ncompany\nvat_number\naddress1\naddress2\npostcode city\nCountry:name\nphone'),(228,'firstname lastname\ncompany\nvat_number\naddress1\naddress2\npostcode city\nCountry:name\nphone'),(229,'firstname lastname\ncompany\nvat_number\naddress1\naddress2\npostcode city\nCountry:name\nphone'),(230,'firstname lastname\ncompany\nvat_number\naddress1\naddress2\npostcode city\nCountry:name\nphone'),(231,'firstname lastname\ncompany\nvat_number\naddress1\naddress2\npostcode city\nCountry:name\nphone'),(232,'firstname lastname\ncompany\nvat_number\naddress1\naddress2\npostcode city\nCountry:name\nphone'),(233,'firstname lastname\ncompany\nvat_number\naddress1\naddress2\npostcode city\nCountry:name\nphone'),(234,'firstname lastname\ncompany\nvat_number\naddress1\naddress2\npostcode city\nCountry:name\nphone'),(235,'firstname lastname\ncompany\nvat_number\naddress1\naddress2\npostcode city\nCountry:name\nphone'),(236,'firstname lastname\ncompany\nvat_number\naddress1\naddress2\npostcode city\nCountry:name\nphone'),(237,'firstname lastname\ncompany\nvat_number\naddress1\naddress2\npostcode city\nCountry:name\nphone'),(238,'firstname lastname\ncompany\nvat_number\naddress1\naddress2\npostcode city\nCountry:name\nphone'),(239,'firstname lastname\ncompany\nvat_number\naddress1\naddress2\npostcode city\nCountry:name\nphone'),(240,'firstname lastname\ncompany\nvat_number\naddress1\naddress2\npostcode city\nCountry:name\nphone'),(241,'firstname lastname\ncompany\nvat_number\naddress1\naddress2\npostcode city\nCountry:name\nphone');

--
-- Table structure for table `ps_admin_filter`
--

CREATE TABLE `ps_admin_filter` (
  `id` int NOT NULL AUTO_INCREMENT,
  `employee` int NOT NULL,
  `shop` int NOT NULL,
  `controller` varchar(60) CHARACTER SET utf8mb4 COLLATE utf8mb4_unicode_ci NOT NULL,
  `action` varchar(100) CHARACTER SET utf8mb4 COLLATE utf8mb4_unicode_ci NOT NULL,
  `filter` longtext CHARACTER SET utf8mb4 COLLATE utf8mb4_unicode_ci NOT NULL,
  `filter_id` varchar(191) CHARACTER SET utf8mb4 COLLATE utf8mb4_unicode_ci NOT NULL,
  PRIMARY KEY (`id`),
  UNIQUE KEY `admin_filter_search_id_idx` (`employee`,`shop`,`controller`,`action`,`filter_id`)
) ENGINE=InnoDB AUTO_INCREMENT=64 DEFAULT CHARSET=utf8mb4 COLLATE=utf8mb4_unicode_ci;

--
-- Dumping data for table `ps_admin_filter`
--

INSERT INTO `ps_admin_filter` VALUES (1,1,1,'employee','index','{\"limit\":50,\"orderBy\":\"id_employee\",\"sortOrder\":\"asc\",\"filters\":[]}',''),(2,1,1,'ProductController','catalogAction','{\"filter_category\":\"\",\"filter_column_id_product\":\"\",\"filter_column_name\":\"\",\"filter_column_reference\":\"\",\"filter_column_name_category\":\"\",\"filter_column_price\":\"\",\"filter_column_sav_quantity\":\"\",\"filter_column_active\":\"\",\"last_offset\":\"0\",\"last_limit\":\"300\",\"last_orderBy\":\"id_product\",\"last_sortOrder\":\"desc\"}',''),(3,5,1,'ProductController','catalogAction','{\"filter_category\":\"\",\"filter_column_id_product\":\"\",\"filter_column_name\":\"\",\"filter_column_reference\":\"\",\"filter_column_name_category\":\"\",\"filter_column_price\":\"\",\"filter_column_sav_quantity\":\"\",\"filter_column_active\":\"\",\"last_offset\":\"0\",\"last_limit\":\"300\",\"last_orderBy\":\"id_product\",\"last_sortOrder\":\"desc\"}',''),(4,6,1,'ProductController','catalogAction','{\"filter_category\":\"\",\"filter_column_id_product\":\"\",\"filter_column_name\":\"\",\"filter_column_reference\":\"\",\"filter_column_name_category\":\"\",\"filter_column_price\":\"\",\"filter_column_sav_quantity\":\"\",\"filter_column_active\":\"\",\"last_offset\":\"0\",\"last_limit\":\"20\",\"last_orderBy\":\"id_product\",\"last_sortOrder\":\"desc\"}',''),(5,6,1,'','','{\"limit\":50,\"orderBy\":\"id_order\",\"sortOrder\":\"DESC\",\"filters\":[]}','order'),(6,1,1,'','','{\"limit\":50,\"orderBy\":\"id_meta\",\"sortOrder\":\"asc\",\"filters\":[]}','meta'),(7,1,1,'','','{\"limit\":\"50\",\"orderBy\":\"name\",\"sortOrder\":\"asc\",\"filters\":[]}','manufacturer'),(8,1,1,'','','{\"limit\":10,\"orderBy\":\"id_address\",\"sortOrder\":\"desc\",\"filters\":[]}','manufacturer_address'),(9,1,1,'','','{\"limit\":50,\"orderBy\":\"date_add\",\"sortOrder\":\"DESC\",\"filters\":[]}','customer'),(10,1,1,'','','{\"limit\":\"100\",\"orderBy\":\"id_order\",\"sortOrder\":\"DESC\",\"filters\":[]}','order'),(11,2,1,'ProductController','catalogAction','{\"filter_category\":\"\",\"filter_column_id_product\":\"\",\"filter_column_name\":\"\",\"filter_column_reference\":\"\",\"filter_column_name_category\":\"\",\"filter_column_price\":\"\",\"filter_column_sav_quantity\":\"\",\"filter_column_active\":\"\",\"last_offset\":\"0\",\"last_limit\":\"300\",\"last_orderBy\":\"id_product\",\"last_sortOrder\":\"desc\"}',''),(12,2,1,'','','{\"orderBy\":\"position\",\"sortOrder\":\"asc\",\"limit\":50,\"filters\":{\"id_category_parent\":2}}','category'),(13,2,1,'','','{\"limit\":10,\"orderBy\":\"name\",\"sortOrder\":\"asc\",\"filters\":[]}','manufacturer'),(14,2,1,'','','{\"limit\":10,\"orderBy\":\"id_address\",\"sortOrder\":\"desc\",\"filters\":[]}','manufacturer_address'),(15,5,1,'','','{\"orderBy\":\"position\",\"sortOrder\":\"asc\",\"limit\":50,\"filters\":{\"name\":\"jardinerie\",\"id_category_parent\":\"2\"}}','category'),(16,5,1,'','','{\"limit\":50,\"orderBy\":\"id_order\",\"sortOrder\":\"DESC\",\"filters\":[]}','order'),(17,1,1,'','','{\"limit\":50,\"orderBy\":\"id_tax\",\"sortOrder\":\"asc\",\"filters\":[]}','tax'),(18,1,1,'','','{\"orderBy\":\"position\",\"sortOrder\":\"asc\",\"limit\":50,\"filters\":{\"id_category_parent\":\"2\"}}','category'),(19,1,1,'','','{\"limit\":50,\"orderBy\":\"id_currency\",\"sortOrder\":\"asc\",\"filters\":[]}','currency'),(20,7,1,'ProductController','catalogAction','{\"filter_category\":\"\",\"filter_column_id_product\":\"\",\"filter_column_name\":\"\",\"filter_column_reference\":\"\",\"filter_column_name_category\":\"\",\"filter_column_price\":\"\",\"filter_column_sav_quantity\":\"\",\"filter_column_active\":\"\",\"last_offset\":\"0\",\"last_limit\":\"300\",\"last_orderBy\":\"id_product\",\"last_sortOrder\":\"desc\"}',''),(21,7,1,'','','{\"orderBy\":\"position\",\"sortOrder\":\"asc\",\"limit\":50,\"filters\":{\"id_category_parent\":\"2\"}}','category'),(22,7,1,'','','{\"limit\":\"100\",\"orderBy\":\"id_order\",\"sortOrder\":\"DESC\",\"filters\":[]}','order'),(23,7,1,'','','{\"limit\":50,\"orderBy\":\"id_order_slip\",\"sortOrder\":\"asc\",\"filters\":[]}','credit_slip'),(24,5,1,'','','{\"limit\":50,\"orderBy\":\"date_add\",\"sortOrder\":\"DESC\",\"filters\":[]}','customer'),(25,8,1,'ProductController','catalogAction','{\"filter_category\":\"\",\"filter_column_id_product\":\"\",\"filter_column_name\":\"\",\"filter_column_reference\":\"\",\"filter_column_name_category\":\"\",\"filter_column_price\":\"\",\"filter_column_sav_quantity\":\"\",\"filter_column_active\":\"\",\"last_offset\":\"0\",\"last_limit\":\"300\",\"last_orderBy\":\"id_product\",\"last_sortOrder\":\"desc\"}',''),(26,8,1,'','','{\"limit\":\"100\",\"orderBy\":\"id_order\",\"sortOrder\":\"DESC\",\"filters\":[]}','order'),(27,8,1,'','','{\"limit\":10,\"orderBy\":\"name\",\"sortOrder\":\"asc\",\"filters\":{\"name\":\"up\"}}','manufacturer'),(28,8,1,'','','{\"limit\":10,\"orderBy\":\"id_address\",\"sortOrder\":\"desc\",\"filters\":[]}','manufacturer_address'),(29,10,1,'ProductController','catalogAction','{\"filter_category\":\"\",\"filter_column_id_product\":\"\",\"filter_column_name\":\"\",\"filter_column_reference\":\"\",\"filter_column_name_category\":\"\",\"filter_column_price\":\"\",\"filter_column_sav_quantity\":\"\",\"filter_column_active\":\"\",\"last_offset\":\"0\",\"last_limit\":\"300\",\"last_orderBy\":\"id_product\",\"last_sortOrder\":\"desc\"}',''),(30,10,1,'','','{\"limit\":50,\"orderBy\":\"id_order\",\"sortOrder\":\"DESC\",\"filters\":[]}','order'),(31,8,1,'','','{\"limit\":50,\"orderBy\":\"date_add\",\"sortOrder\":\"DESC\",\"filters\":[]}','customer'),(32,10,1,'','','{\"orderBy\":\"position\",\"sortOrder\":\"asc\",\"limit\":50,\"filters\":{\"id_category_parent\":\"2\"}}','category'),(33,8,1,'','','{\"orderBy\":\"position\",\"sortOrder\":\"asc\",\"limit\":50,\"filters\":{\"id_category_parent\":\"2\"}}','category'),(34,9,1,'ProductController','catalogAction','{\"filter_category\":\"\",\"filter_column_id_product\":\"\",\"filter_column_name\":\"\",\"filter_column_reference\":\"\",\"filter_column_name_category\":\"\",\"filter_column_price\":\"\",\"filter_column_sav_quantity\":\"\",\"filter_column_active\":\"\",\"last_offset\":\"0\",\"last_limit\":\"100\",\"last_orderBy\":\"id_product\",\"last_sortOrder\":\"desc\"}',''),(35,5,1,'employee','index','{\"limit\":50,\"orderBy\":\"id_employee\",\"sortOrder\":\"asc\",\"filters\":[]}',''),(36,11,1,'ProductController','catalogAction','{\"filter_category\":\"\",\"filter_column_id_product\":\"\",\"filter_column_name\":\"\",\"filter_column_reference\":\"\",\"filter_column_name_category\":\"\",\"filter_column_price\":\"\",\"filter_column_sav_quantity\":\"\",\"filter_column_active\":\"\",\"last_offset\":\"0\",\"last_limit\":\"300\",\"last_orderBy\":\"id_product\",\"last_sortOrder\":\"desc\"}',''),(37,11,1,'','','{\"limit\":50,\"orderBy\":\"id_order\",\"sortOrder\":\"DESC\",\"filters\":[]}','order'),(38,5,1,'','','{\"limit\":50,\"orderBy\":\"id_meta\",\"sortOrder\":\"asc\",\"filters\":[]}','meta'),(39,12,1,'ProductController','catalogAction','{\"filter_category\":\"\",\"filter_column_id_product\":\"\",\"filter_column_name\":\"\",\"filter_column_reference\":\"3518073423017\",\"filter_column_name_category\":\"\",\"filter_column_price\":\"\",\"filter_column_sav_quantity\":\"\",\"filter_column_active\":\"\",\"last_offset\":\"0\",\"last_limit\":\"300\",\"last_orderBy\":\"id_product\",\"last_sortOrder\":\"desc\"}',''),(40,12,1,'','','{\"limit\":50,\"orderBy\":\"id_order\",\"sortOrder\":\"DESC\",\"filters\":[]}','order'),(41,12,1,'','','{\"orderBy\":\"position\",\"sortOrder\":\"asc\",\"limit\":50,\"filters\":{\"id_category_parent\":\"2\"}}','category'),(42,13,1,'ProductController','catalogAction','{\"filter_category\":\"\",\"filter_column_id_product\":\"\",\"filter_column_name\":\"Guigoz\\u00ae Pro Allaitement Lacto+ 28 g\\u00e9lules \\u2013 Guigoz\",\"filter_column_reference\":\"\",\"filter_column_name_category\":\"\",\"filter_column_price\":\"\",\"filter_column_sav_quantity\":\"\",\"filter_column_active\":\"\",\"last_offset\":\"0\",\"last_limit\":\"300\",\"last_orderBy\":\"id_product\",\"last_sortOrder\":\"desc\"}',''),(43,13,1,'','','{\"limit\":50,\"orderBy\":\"id_meta\",\"sortOrder\":\"asc\",\"filters\":[]}','meta'),(44,13,1,'email','index','{\"limit\":\"50\",\"orderBy\":\"id_mail\",\"sortOrder\":\"desc\",\"filters\":[]}',''),(45,13,1,'employee','index','{\"limit\":50,\"orderBy\":\"id_employee\",\"sortOrder\":\"asc\",\"filters\":[]}',''),(46,14,1,'ProductController','catalogAction','{\"filter_category\":\"\",\"filter_column_id_product\":\"\",\"filter_column_name\":\"\",\"filter_column_reference\":\"3760262842035\",\"filter_column_name_category\":\"\",\"filter_column_price\":\"\",\"filter_column_sav_quantity\":\"\",\"filter_column_active\":\"\",\"last_offset\":\"0\",\"last_limit\":\"300\",\"last_orderBy\":\"reference\",\"last_sortOrder\":\"desc\"}',''),(47,14,1,'','','{\"limit\":50,\"orderBy\":\"id_order\",\"sortOrder\":\"DESC\",\"filters\":[]}','order'),(48,14,1,'','','{\"limit\":20,\"orderBy\":\"name\",\"sortOrder\":\"asc\",\"filters\":[]}','empty_category'),(49,14,1,'','','{\"limit\":20,\"orderBy\":\"name\",\"sortOrder\":\"asc\",\"filters\":[]}','no_qty_product_with_combination'),(50,14,1,'','','{\"limit\":\"20\",\"orderBy\":\"name\",\"sortOrder\":\"asc\",\"filters\":[]}','no_qty_product_without_combination'),(51,14,1,'','','{\"limit\":20,\"orderBy\":\"name\",\"sortOrder\":\"asc\",\"filters\":[]}','disabled_product'),(52,14,1,'','','{\"limit\":20,\"orderBy\":\"name\",\"sortOrder\":\"asc\",\"filters\":[]}','product_without_image'),(53,14,1,'','','{\"limit\":20,\"orderBy\":\"name\",\"sortOrder\":\"asc\",\"filters\":[]}','product_without_description'),(54,14,1,'','','{\"limit\":20,\"orderBy\":\"name\",\"sortOrder\":\"asc\",\"filters\":[]}','product_without_price'),(55,14,1,'','','{\"limit\":\"100\",\"orderBy\":\"name\",\"sortOrder\":\"asc\",\"filters\":[]}','manufacturer'),(56,14,1,'','','{\"limit\":10,\"orderBy\":\"id_address\",\"sortOrder\":\"desc\",\"filters\":[]}','manufacturer_address'),(57,14,1,'','','{\"orderBy\":\"position\",\"sortOrder\":\"asc\",\"limit\":50,\"filters\":{\"id_category_parent\":\"2\"}}','category'),(58,15,1,'ProductController','catalogAction','{\"filter_category\":\"\",\"filter_column_id_product\":\"\",\"filter_column_name\":\"\",\"filter_column_reference\":\"3615993697792\",\"filter_column_name_category\":\"\",\"filter_column_price\":\"\",\"filter_column_sav_quantity\":\"\",\"filter_column_active\":\"\",\"last_offset\":\"0\",\"last_limit\":\"300\",\"last_orderBy\":\"id_product\",\"last_sortOrder\":\"desc\"}',''),(59,14,1,'','','{\"limit\":50,\"orderBy\":\"id_attachment\",\"sortOrder\":\"asc\",\"filters\":[]}','attachment'),(60,13,1,'','','{\"limit\":50,\"orderBy\":\"id_order\",\"sortOrder\":\"DESC\",\"filters\":[]}','order'),(61,15,1,'','','{\"limit\":50,\"orderBy\":\"id_order\",\"sortOrder\":\"DESC\",\"filters\":[]}','order'),(62,11,1,'','','{\"orderBy\":\"position\",\"sortOrder\":\"asc\",\"limit\":50,\"filters\":{\"id_category_parent\":\"2\"}}','category'),(63,13,1,'','','{\"orderBy\":\"position\",\"sortOrder\":\"asc\",\"limit\":50,\"filters\":{\"id_category_parent\":\"2\"}}','category');

--
-- Table structure for table `ps_advice`
--

CREATE TABLE `ps_advice` (
  `id_advice` int NOT NULL AUTO_INCREMENT,
  `id_ps_advice` int NOT NULL,
  `id_tab` int NOT NULL,
  `ids_tab` text,
  `validated` tinyint unsigned NOT NULL DEFAULT '0',
  `hide` tinyint(1) NOT NULL DEFAULT '0',
  `location` enum('after','before') NOT NULL,
  `selector` varchar(255) DEFAULT NULL,
  `start_day` int NOT NULL DEFAULT '0',
  `stop_day` int NOT NULL DEFAULT '0',
  `weight` int DEFAULT '1',
  PRIMARY KEY (`id_advice`)
) ENGINE=InnoDB DEFAULT CHARSET=utf8mb3;

--
-- Dumping data for table `ps_advice`
--


--
-- Table structure for table `ps_advice_lang`
--

CREATE TABLE `ps_advice_lang` (
  `id_advice` int NOT NULL,
  `id_lang` int NOT NULL,
  `html` text,
  PRIMARY KEY (`id_advice`,`id_lang`)
) ENGINE=InnoDB DEFAULT CHARSET=utf8mb3;

--
-- Dumping data for table `ps_advice_lang`
--


--
-- Table structure for table `ps_alias`
--

CREATE TABLE `ps_alias` (
  `id_alias` int unsigned NOT NULL AUTO_INCREMENT,
  `alias` varchar(191) CHARACTER SET utf8mb4 COLLATE utf8mb4_general_ci NOT NULL,
  `search` varchar(255) CHARACTER SET utf8mb4 COLLATE utf8mb4_general_ci NOT NULL,
  `active` tinyint(1) NOT NULL DEFAULT '1',
  PRIMARY KEY (`id_alias`),
  UNIQUE KEY `alias` (`alias`)
) ENGINE=InnoDB DEFAULT CHARSET=utf8mb4 COLLATE=utf8mb4_general_ci;

--
-- Dumping data for table `ps_alias`
--


--
-- Table structure for table `ps_attachment`
--

CREATE TABLE `ps_attachment` (
  `id_attachment` int unsigned NOT NULL AUTO_INCREMENT,
  `file` varchar(40) CHARACTER SET utf8mb4 COLLATE utf8mb4_general_ci NOT NULL,
  `file_name` varchar(128) CHARACTER SET utf8mb4 COLLATE utf8mb4_general_ci NOT NULL,
  `file_size` bigint unsigned NOT NULL DEFAULT '0',
  `mime` varchar(128) CHARACTER SET utf8mb4 COLLATE utf8mb4_general_ci NOT NULL,
  PRIMARY KEY (`id_attachment`)
) ENGINE=InnoDB DEFAULT CHARSET=utf8mb4 COLLATE=utf8mb4_general_ci;

--
-- Dumping data for table `ps_attachment`
--


--
-- Table structure for table `ps_attachment_lang`
--

CREATE TABLE `ps_attachment_lang` (
  `id_attachment` int unsigned NOT NULL AUTO_INCREMENT,
  `id_lang` int unsigned NOT NULL,
  `name` varchar(32) CHARACTER SET utf8mb4 COLLATE utf8mb4_general_ci DEFAULT NULL,
  `description` text CHARACTER SET utf8mb4 COLLATE utf8mb4_general_ci,
  PRIMARY KEY (`id_attachment`,`id_lang`)
) ENGINE=InnoDB DEFAULT CHARSET=utf8mb4 COLLATE=utf8mb4_general_ci;

--
-- Dumping data for table `ps_attachment_lang`
--


--
-- Table structure for table `ps_attribute`
--

CREATE TABLE `ps_attribute` (
  `id_attribute` int NOT NULL AUTO_INCREMENT,
  `id_attribute_group` int NOT NULL,
  `color` varchar(32) CHARACTER SET utf8mb4 COLLATE utf8mb4_unicode_ci NOT NULL,
  `position` int NOT NULL,
  PRIMARY KEY (`id_attribute`),
  KEY `attribute_group` (`id_attribute_group`)
) ENGINE=InnoDB DEFAULT CHARSET=utf8mb4 COLLATE=utf8mb4_unicode_ci;

--
-- Dumping data for table `ps_attribute`
--


--
-- Table structure for table `ps_attribute_group`
--

CREATE TABLE `ps_attribute_group` (
  `id_attribute_group` int NOT NULL AUTO_INCREMENT,
  `is_color_group` tinyint(1) NOT NULL,
  `group_type` varchar(255) CHARACTER SET utf8mb4 COLLATE utf8mb4_unicode_ci NOT NULL,
  `position` int NOT NULL,
  PRIMARY KEY (`id_attribute_group`)
) ENGINE=InnoDB DEFAULT CHARSET=utf8mb4 COLLATE=utf8mb4_unicode_ci;

--
-- Dumping data for table `ps_attribute_group`
--


--
-- Table structure for table `ps_attribute_group_lang`
--

CREATE TABLE `ps_attribute_group_lang` (
  `id_attribute_group` int NOT NULL,
  `id_lang` int NOT NULL,
  `name` varchar(128) CHARACTER SET utf8mb4 COLLATE utf8mb4_unicode_ci NOT NULL,
  `public_name` varchar(64) CHARACTER SET utf8mb4 COLLATE utf8mb4_unicode_ci NOT NULL,
  PRIMARY KEY (`id_attribute_group`,`id_lang`),
  KEY `IDX_4653726C67A664FB` (`id_attribute_group`),
  KEY `IDX_4653726CBA299860` (`id_lang`)
) ENGINE=InnoDB DEFAULT CHARSET=utf8mb4 COLLATE=utf8mb4_unicode_ci;

--
-- Dumping data for table `ps_attribute_group_lang`
--


--
-- Table structure for table `ps_attribute_group_shop`
--

CREATE TABLE `ps_attribute_group_shop` (
  `id_attribute_group` int NOT NULL,
  `id_shop` int NOT NULL,
  PRIMARY KEY (`id_attribute_group`,`id_shop`),
  KEY `IDX_DB30BAAC67A664FB` (`id_attribute_group`),
  KEY `IDX_DB30BAAC274A50A0` (`id_shop`)
) ENGINE=InnoDB DEFAULT CHARSET=utf8mb4 COLLATE=utf8mb4_unicode_ci;

--
-- Dumping data for table `ps_attribute_group_shop`
--


--
-- Table structure for table `ps_attribute_impact`
--

CREATE TABLE `ps_attribute_impact` (
  `id_attribute_impact` int unsigned NOT NULL AUTO_INCREMENT,
  `id_product` int unsigned NOT NULL,
  `id_attribute` int unsigned NOT NULL,
  `weight` decimal(20,6) NOT NULL,
  `price` decimal(20,6) NOT NULL,
  PRIMARY KEY (`id_attribute_impact`),
  UNIQUE KEY `id_product` (`id_product`,`id_attribute`)
) ENGINE=InnoDB DEFAULT CHARSET=utf8mb4 COLLATE=utf8mb4_general_ci;

--
-- Dumping data for table `ps_attribute_impact`
--


--
-- Table structure for table `ps_attribute_lang`
--

CREATE TABLE `ps_attribute_lang` (
  `id_attribute` int NOT NULL,
  `id_lang` int NOT NULL,
  `name` varchar(128) CHARACTER SET utf8mb4 COLLATE utf8mb4_unicode_ci NOT NULL,
  PRIMARY KEY (`id_attribute`,`id_lang`),
  KEY `IDX_3ABE46A77A4F53DC` (`id_attribute`),
  KEY `IDX_3ABE46A7BA299860` (`id_lang`)
) ENGINE=InnoDB DEFAULT CHARSET=utf8mb4 COLLATE=utf8mb4_unicode_ci;

--
-- Dumping data for table `ps_attribute_lang`
--


--
-- Table structure for table `ps_attribute_shop`
--

CREATE TABLE `ps_attribute_shop` (
  `id_attribute` int NOT NULL,
  `id_shop` int NOT NULL,
  PRIMARY KEY (`id_attribute`,`id_shop`),
  KEY `IDX_A7DD8E677A4F53DC` (`id_attribute`),
  KEY `IDX_A7DD8E67274A50A0` (`id_shop`)
) ENGINE=InnoDB DEFAULT CHARSET=utf8mb4 COLLATE=utf8mb4_unicode_ci;

--
-- Dumping data for table `ps_attribute_shop`
--


--
-- Table structure for table `ps_badge`
--

CREATE TABLE `ps_badge` (
  `id_badge` int NOT NULL AUTO_INCREMENT,
  `id_ps_badge` int NOT NULL,
  `type` varchar(32) NOT NULL,
  `id_group` int NOT NULL,
  `group_position` int NOT NULL,
  `scoring` int NOT NULL,
  `awb` int DEFAULT '0',
  `validated` tinyint unsigned NOT NULL DEFAULT '0',
  PRIMARY KEY (`id_badge`)
) ENGINE=InnoDB AUTO_INCREMENT=235 DEFAULT CHARSET=utf8mb3;

--
-- Dumping data for table `ps_badge`
--

INSERT INTO `ps_badge` VALUES (1,159,'feature',41,1,5,1,0),(2,160,'feature',41,2,10,1,0),(3,161,'feature',41,3,15,1,0),(4,162,'feature',41,4,20,1,0),(5,163,'feature',41,1,5,1,0),(6,164,'feature',41,2,10,1,0),(7,165,'feature',41,3,15,1,0),(8,166,'feature',41,4,20,1,0),(9,195,'feature',41,1,5,1,0),(10,196,'feature',41,2,10,1,0),(11,229,'feature',41,1,5,1,0),(12,230,'feature',41,2,10,1,0),(13,231,'feature',41,3,15,1,0),(14,232,'feature',41,4,20,1,0),(15,233,'feature',41,1,5,1,0),(16,234,'feature',41,2,10,1,0),(17,235,'feature',41,3,15,1,0),(18,236,'feature',41,4,20,1,0),(19,241,'feature',41,1,5,1,0),(20,242,'feature',41,2,10,1,0),(21,243,'feature',41,3,15,1,0),(22,244,'feature',41,4,20,1,0),(23,249,'feature',41,1,5,1,0),(24,250,'feature',41,2,10,1,0),(25,251,'feature',41,3,15,1,0),(26,252,'feature',41,4,20,1,0),(27,253,'feature',41,1,5,1,0),(28,254,'feature',41,2,10,1,0),(29,255,'feature',41,3,15,1,0),(30,256,'feature',41,4,20,1,0),(31,261,'feature',41,1,5,1,0),(32,262,'feature',41,2,10,1,0),(33,269,'feature',41,1,5,1,0),(34,270,'feature',41,2,10,1,0),(35,271,'feature',41,3,15,1,0),(36,272,'feature',41,4,20,1,0),(37,273,'feature',41,1,5,1,0),(38,274,'feature',41,2,10,1,0),(39,275,'feature',41,3,15,1,0),(40,276,'feature',41,4,20,1,0),(41,277,'feature',41,1,5,1,0),(42,278,'feature',41,2,10,1,0),(43,279,'feature',41,3,15,1,0),(44,280,'feature',41,4,20,1,0),(45,281,'feature',41,1,5,1,0),(46,282,'feature',41,2,10,1,0),(47,283,'feature',41,3,15,1,0),(48,284,'feature',41,4,20,1,0),(49,285,'feature',41,1,5,1,0),(50,286,'feature',41,2,10,1,0),(51,287,'feature',41,3,15,1,0),(52,288,'feature',41,4,20,1,0),(53,289,'feature',41,1,5,1,0),(54,290,'feature',41,2,10,1,0),(55,291,'feature',41,3,15,1,0),(56,292,'feature',41,4,20,1,0),(57,293,'feature',41,1,5,1,0),(58,294,'feature',41,2,10,1,0),(59,295,'feature',41,3,15,1,0),(60,296,'feature',41,4,20,1,0),(61,297,'feature',41,1,5,1,0),(62,298,'feature',41,2,10,1,0),(63,299,'feature',41,3,15,1,0),(64,300,'feature',41,4,20,1,0),(65,301,'feature',41,1,5,1,0),(66,302,'feature',41,2,10,1,0),(67,303,'feature',41,3,15,1,0),(68,304,'feature',41,4,20,1,0),(69,305,'feature',41,1,5,1,0),(70,306,'feature',41,2,10,1,0),(71,307,'feature',41,3,15,1,0),(72,308,'feature',41,4,20,1,0),(73,309,'feature',41,1,5,1,0),(74,310,'feature',41,2,10,1,0),(75,311,'feature',41,3,15,1,0),(76,312,'feature',41,4,20,1,0),(77,313,'feature',41,1,5,1,0),(78,314,'feature',41,2,10,1,0),(79,315,'feature',41,3,15,1,0),(80,316,'feature',41,4,20,1,0),(81,317,'feature',41,1,5,1,0),(82,318,'feature',41,2,10,1,0),(83,319,'feature',41,3,15,1,0),(84,320,'feature',41,4,20,1,0),(85,321,'feature',41,1,5,1,0),(86,322,'feature',41,2,10,1,0),(87,323,'feature',41,3,15,1,0),(88,324,'feature',41,4,20,1,0),(89,325,'feature',41,1,5,1,0),(90,326,'feature',41,2,10,1,0),(91,327,'feature',41,3,15,1,0),(92,328,'feature',41,4,20,1,0),(93,329,'feature',41,1,5,1,0),(94,330,'feature',41,2,10,1,0),(95,331,'feature',41,3,15,1,0),(96,332,'feature',41,4,20,1,0),(97,333,'feature',41,1,5,1,0),(98,334,'feature',41,2,10,1,0),(99,335,'feature',41,3,15,1,0),(100,336,'feature',41,4,20,1,0),(101,337,'feature',41,1,5,1,0),(102,338,'feature',41,2,10,1,0),(103,339,'feature',41,3,15,1,0),(104,340,'feature',41,4,20,1,0),(105,341,'feature',41,1,5,1,0),(106,342,'feature',41,2,10,1,0),(107,343,'feature',41,3,15,1,0),(108,344,'feature',41,4,20,1,0),(109,345,'feature',41,1,5,1,0),(110,346,'feature',41,2,10,1,0),(111,347,'feature',41,3,15,1,0),(112,348,'feature',41,4,20,1,0),(113,349,'feature',41,1,5,1,0),(114,350,'feature',41,2,10,1,0),(115,351,'feature',41,3,15,1,0),(116,352,'feature',41,4,20,1,0),(117,353,'feature',41,1,5,1,0),(118,354,'feature',41,2,10,1,0),(119,355,'feature',41,3,15,1,0),(120,356,'feature',41,4,20,1,0),(121,357,'feature',41,1,5,1,0),(122,358,'feature',41,2,10,1,0),(123,359,'feature',41,3,15,1,0),(124,360,'feature',41,4,20,1,0),(125,1,'feature',1,1,10,0,1),(126,2,'feature',2,1,10,0,0),(127,3,'feature',2,2,15,0,0),(128,4,'feature',3,1,15,0,0),(129,5,'feature',3,2,15,0,0),(130,6,'feature',4,1,15,0,1),(131,7,'feature',4,2,15,0,1),(132,8,'feature',5,1,5,0,1),(133,9,'feature',5,2,10,0,1),(134,10,'feature',6,1,15,0,0),(135,11,'feature',6,2,10,0,0),(136,12,'feature',6,3,10,0,0),(137,13,'feature',5,3,10,0,1),(138,14,'feature',5,4,15,0,1),(139,15,'feature',5,5,20,0,0),(140,16,'feature',5,6,20,0,0),(141,17,'achievement',7,1,5,0,1),(142,18,'achievement',7,2,10,0,1),(143,19,'feature',8,1,15,0,1),(144,20,'feature',8,2,15,0,0),(145,21,'feature',9,1,15,0,0),(146,22,'feature',10,1,10,0,0),(147,23,'feature',10,2,10,0,0),(148,24,'feature',10,3,10,0,0),(149,25,'feature',10,4,10,0,0),(150,26,'feature',10,5,10,0,0),(151,27,'feature',4,3,10,0,0),(152,28,'feature',3,3,10,0,0),(153,29,'achievement',11,1,5,0,1),(154,30,'achievement',11,2,10,0,1),(155,31,'achievement',11,3,15,0,1),(156,32,'achievement',11,4,20,0,0),(157,33,'achievement',11,5,25,0,0),(158,34,'achievement',11,6,30,0,0),(159,35,'achievement',7,3,15,0,1),(160,36,'achievement',7,4,20,0,1),(161,37,'achievement',7,5,25,0,1),(162,38,'achievement',7,6,30,0,1),(163,39,'achievement',12,1,5,0,1),(164,40,'achievement',12,2,10,0,1),(165,41,'achievement',12,3,15,0,1),(166,42,'achievement',12,4,20,0,0),(167,43,'achievement',12,5,25,0,0),(168,44,'achievement',12,6,30,0,0),(169,45,'achievement',13,1,5,0,1),(170,46,'achievement',13,2,10,0,1),(171,47,'achievement',13,3,15,0,1),(172,48,'achievement',13,4,20,0,0),(173,49,'achievement',13,5,25,0,0),(174,50,'achievement',13,6,30,0,0),(175,51,'achievement',14,1,5,0,1),(176,52,'achievement',14,2,10,0,1),(177,53,'achievement',14,3,15,0,1),(178,54,'achievement',14,4,20,0,0),(179,55,'achievement',14,5,25,0,0),(180,56,'achievement',14,6,30,0,0),(181,57,'achievement',15,1,5,0,0),(182,58,'achievement',15,2,10,0,0),(183,59,'achievement',15,3,15,0,0),(184,60,'achievement',15,4,20,0,0),(185,61,'achievement',15,5,25,0,0),(186,62,'achievement',15,6,30,0,0),(187,63,'achievement',16,1,5,0,1),(188,64,'achievement',16,2,10,0,0),(189,65,'achievement',16,3,15,0,0),(190,66,'achievement',16,4,20,0,0),(191,67,'achievement',16,5,25,0,0),(192,68,'achievement',16,6,30,0,0),(193,74,'international',22,1,10,0,0),(194,75,'international',23,1,10,0,0),(195,83,'international',31,1,10,0,0),(196,84,'international',25,1,10,0,0),(197,85,'international',32,1,10,0,0),(198,86,'international',33,1,10,0,0),(199,87,'international',34,1,10,0,0),(200,88,'feature',35,1,5,0,1),(201,89,'feature',35,2,10,0,1),(202,90,'feature',35,3,10,0,1),(203,91,'feature',35,4,10,0,0),(204,92,'feature',35,5,10,0,0),(205,93,'feature',35,6,10,0,0),(206,94,'feature',36,1,5,0,1),(207,95,'feature',36,2,5,0,1),(208,96,'feature',36,3,10,0,1),(209,97,'feature',36,4,10,0,1),(210,98,'feature',36,5,20,0,0),(211,99,'feature',36,6,20,0,0),(212,100,'feature',8,3,15,0,0),(213,101,'achievement',37,1,5,0,0),(214,102,'achievement',37,2,5,0,0),(215,103,'achievement',37,3,10,0,0),(216,104,'achievement',37,4,10,0,0),(217,105,'achievement',37,5,15,0,0),(218,106,'achievement',37,6,15,0,0),(219,107,'achievement',38,1,10,0,0),(220,108,'achievement',38,2,10,0,0),(221,109,'achievement',38,3,15,0,0),(222,110,'achievement',38,4,20,0,0),(223,111,'achievement',38,5,25,0,0),(224,112,'achievement',38,6,30,0,0),(225,113,'achievement',39,1,10,0,0),(226,114,'achievement',39,2,20,0,0),(227,115,'achievement',39,3,30,0,0),(228,116,'achievement',39,4,40,0,0),(229,117,'achievement',39,5,50,0,0),(230,118,'achievement',39,6,50,0,0),(231,119,'feature',40,1,10,0,0),(232,120,'feature',40,2,15,0,0),(233,121,'feature',40,3,20,0,0),(234,122,'feature',40,4,25,0,0);

--
-- Table structure for table `ps_badge_lang`
--

CREATE TABLE `ps_badge_lang` (
  `id_badge` int NOT NULL,
  `id_lang` int NOT NULL,
  `name` varchar(64) DEFAULT NULL,
  `description` varchar(255) DEFAULT NULL,
  `group_name` varchar(255) DEFAULT NULL,
  PRIMARY KEY (`id_badge`,`id_lang`)
) ENGINE=InnoDB DEFAULT CHARSET=utf8mb3;

--
-- Dumping data for table `ps_badge_lang`
--

INSERT INTO `ps_badge_lang` VALUES (1,1,'Shopgate installed','You have installed the Shopgate module','Partners'),(2,1,'Shopgate configured','You have configured the Shopgate module','Partners'),(3,1,'Shopgate active','Your Shopgate module is active','Partners'),(4,1,'Shopgate very active','Your Shopgate module is very active','Partners'),(5,1,'Skrill installed','You have installed the Skrill module','Partners'),(6,1,'Skrill configured','You have configured the Skrill module','Partners'),(7,1,'Skrill active','Your Skrill module is active','Partners'),(8,1,'Skrill very active','Your Skrill module is very active','Partners'),(9,1,'Shopping Feed installed','You have installed the Shopping Feed module','Partners'),(10,1,'Shopping Feed configured','You have configured the Shopping Feed module','Partners'),(11,1,'Alliance Payment installed','You have installed the Alliance Payment module','Partners'),(12,1,'Alliance Payment configured','You have configured the Alliance Payment module','Partners'),(13,1,'Alliance Payment active','Your Alliance Payment module is active','Partners'),(14,1,'Alliance Payment very active','Your Alliance Payment module is very active','Partners'),(15,1,'Authorize Aim installed','You have installed the Authorize Aim module','Partners'),(16,1,'Authorize Aim configured','You have configured the Authorize Aim module','Partners'),(17,1,'Authorize Aim active','Your Authorize Aim module is active','Partners'),(18,1,'Authorize Aim very active','Your Authorize Aim module is very active','Partners'),(19,1,'Blue Pay installed','You have installed the Blue Pay module','Partners'),(20,1,'Blue Pay configured','You have configured the Blue Pay module','Partners'),(21,1,'Blue Pay active','Your Blue Pay module is active','Partners'),(22,1,'Blue Pay very active','Your Blue Pay module is very active','Partners'),(23,1,'Ebay installed','You have installed the Ebay module','Partners'),(24,1,'Ebay configured','You have configured the Ebay module','Partners'),(25,1,'Ebay active','Your Ebay module is active','Partners'),(26,1,'Ebay very active','Your Ebay module is very active','Partners'),(27,1,'PayPlug installed','You have installed the PayPlug module','Partners'),(28,1,'PayPlug configured','You have configured the PayPlug module','Partners'),(29,1,'PayPlug active','Your PayPlug module is active','Partners'),(30,1,'PayPlug very active','Your PayPlug module is very active','Partners'),(31,1,'Affinity Items installed','You have installed the Affinity Items module','Partners'),(32,1,'Affinity Items configured','You have configured the Affinity Items module','Partners'),(33,1,'DPD Poland installed','You have installed the DPD Poland module','Partners'),(34,1,'DPD Poland configured','You have configured the DPD Poland module','Partners'),(35,1,'DPD Poland active','Your DPD Poland module is active','Partners'),(36,1,'DPD Poland very active','Your DPD Poland module is very active','Partners'),(37,1,'Envoimoinscher installed','You have installed the Envoimoinscher module','Partners'),(38,1,'Envoimoinscher configured','You have configured the Envoimoinscher module','Partners'),(39,1,'Envoimoinscher active','Your Envoimoinscher module is active','Partners'),(40,1,'Envoimoinscher very active','Your Envoimoinscher module is very active','Partners'),(41,1,'Klik&Pay installed','You have installed the Klik&Pay module','Partners'),(42,1,'Klik&Pay configured','You have configured the Klik&Pay module','Partners'),(43,1,'Klik&Pay active','Your Klik&Pay module is active','Partners'),(44,1,'Klik&Pay very active','Your Klik&Pay module is very active','Partners'),(45,1,'Clickline installed','You have installed the Clickline module','Partners'),(46,1,'Clickline configured','You have configured the Clickline module','Partners'),(47,1,'Clickline active','Your Clickline module is active','Partners'),(48,1,'Clickline very active','Your Clickline module is very active','Partners'),(49,1,'CDiscount installed','You have installed the CDiscount module','Partners'),(50,1,'CDiscount configured','You have configured the CDiscount module','Partners'),(51,1,'CDiscount active','Your CDiscount module is active','Partners'),(52,1,'CDiscount very active','Your CDiscount module is very active','Partners'),(53,1,'illicoPresta installed','You have installed the illicoPresta module','Partners'),(54,1,'illicoPresta configured','You have configured the illicoPresta module','Partners'),(55,1,'illicoPresta active','Your illicoPresta module is active','Partners'),(56,1,'illicoPresta very active','Your illicoPresta module is very active','Partners'),(57,1,'NetReviews installed','You have installed the NetReviews module','Partners'),(58,1,'NetReviews configured','You have configured the NetReviews module','Partners'),(59,1,'NetReviews active','Your NetReviews module is active','Partners'),(60,1,'NetReviews very active','Your NetReviews module is very active','Partners'),(61,1,'Bluesnap installed','You have installed the Bluesnap module','Partners'),(62,1,'Bluesnap configured','You have configured the Bluesnap module','Partners'),(63,1,'Bluesnap active','Your Bluesnap module is active','Partners'),(64,1,'Bluesnap very active','Your Bluesnap module is very active','Partners'),(65,1,'Desjardins installed','You have installed the Desjardins module','Partners'),(66,1,'Desjardins configured','You have configured the Desjardins module','Partners'),(67,1,'Desjardins active','Your Desjardins module is active','Partners'),(68,1,'Desjardins very active','Your Desjardins module is very active','Partners'),(69,1,'First Data installed','You have installed the First Data module','Partners'),(70,1,'First Data configured','You have configured the First Data module','Partners'),(71,1,'First Data active','Your First Data module is active','Partners'),(72,1,'First Data very active','Your First Data module is very active','Partners'),(73,1,'Give.it installed','You have installed the Give.it module','Partners'),(74,1,'Give.it configured','You have configured the Give.it module','Partners'),(75,1,'Give.it active','Your Give.it module is active','Partners'),(76,1,'Give.it very active','Your Give.it module is very active','Partners'),(77,1,'Google Analytics installed','You have installed the Google Analytics module','Partners'),(78,1,'Google Analytics configured','You have configured the Google Analytics module','Partners'),(79,1,'Google Analytics active','Your Google Analytics module is active','Partners'),(80,1,'Google Analytics very active','Your Google Analytics module is very active','Partners'),(81,1,'PagSeguro installed','You have installed the PagSeguro module','Partners'),(82,1,'PagSeguro configured','You have configured the PagSeguro module','Partners'),(83,1,'PagSeguro active','Your PagSeguro module is active','Partners'),(84,1,'PagSeguro very active','Your PagSeguro module is very active','Partners'),(85,1,'Paypal MX installed','You have installed the Paypal MX module','Partners'),(86,1,'Paypal MX configured','You have configured the Paypal MX module','Partners'),(87,1,'Paypal MX active','Your Paypal MX module is active','Partners'),(88,1,'Paypal MX very active','Your Paypal MX module is very active','Partners'),(89,1,'Paypal USA installed','You have installed the Paypal USA module','Partners'),(90,1,'Paypal USA configured','You have configured the Paypal USA module','Partners'),(91,1,'Paypal USA active','Your Paypal USA module is active','Partners'),(92,1,'Paypal USA very active','Your Paypal USA module is very active','Partners'),(93,1,'PayULatam installed','You have installed the PayULatam module','Partners'),(94,1,'PayULatam configured','You have configured the PayULatam module','Partners'),(95,1,'PayULatam active','Your PayULatam module is active','Partners'),(96,1,'PayULatam very active','Your PayULatam module is very active','Partners'),(97,1,'PrestaStats installed','You have installed the PrestaStats module','Partners'),(98,1,'PrestaStats configured','You have configured the PrestaStats module','Partners'),(99,1,'PrestaStats active','Your PrestaStats module is active','Partners'),(100,1,'PrestaStats very active','Your PrestaStats module is very active','Partners'),(101,1,'Riskified installed','You have installed the Riskified module','Partners'),(102,1,'Riskified configured','You have configured the Riskified module','Partners'),(103,1,'Riskified active','Your Riskified module is active','Partners'),(104,1,'Riskified very active','Your Riskified module is very active','Partners'),(105,1,'Simplify installed','You have installed the Simplify module','Partners'),(106,1,'Simplify configured','You have configured the Simplify module','Partners'),(107,1,'Simplify active','Your Simplify module is active','Partners'),(108,1,'Simplify very active','Your Simplify module is very active','Partners'),(109,1,'VTPayment installed','You have installed the VTPayment module','Partners'),(110,1,'VTPayment configured','You have configured the VTPayment module','Partners'),(111,1,'VTPayment active','Your VTPayment module is active','Partners'),(112,1,'VTPayment very active','Your VTPayment module is very active','Partners'),(113,1,'Yotpo installed','You have installed the Yotpo module','Partners'),(114,1,'Yotpo configured','You have configured the Yotpo module','Partners'),(115,1,'Yotpo active','Your Yotpo module is active','Partners'),(116,1,'Yotpo very active','Your Yotpo module is very active','Partners'),(117,1,'Youstice installed','You have installed the Youstice module','Partners'),(118,1,'Youstice configured','You have configured the Youstice module','Partners'),(119,1,'Youstice active','Your Youstice module is active','Partners'),(120,1,'Youstice very active','Your Youstice module is very active','Partners'),(121,1,'Loyalty Lion installed','You have installed the Loyalty Lion module','Partners'),(122,1,'Loyalty Lion configured','You have configured the Loyalty Lion module','Partners'),(123,1,'Loyalty Lion active','Your Loyalty Lion module is active','Partners'),(124,1,'Loyalty Lion very active','Your Loyalty Lion module is very active','Partners'),(125,1,'SEO','You enabled the URL rewriting through the tab \"Preferences > SEO and URLs\".','SEO'),(126,1,'Site Performance','You enabled CCC (Combine, Compress and Cache), Rijndael and Smarty through the tab \r\nAdvanced Parameters > Performance.','Site Performance'),(127,1,'Site Performance','You enabled media servers through the tab \"Advanced parameters > Performance\".','Site Performance'),(128,1,'Payment','You configured a payment solution on your shop.','Payment'),(129,1,'Payment','You offer two different payment methods to your customers.','Payment'),(130,1,'Shipping','You configured a carrier on your shop.','Shipping'),(131,1,'Shipping','You offer two shipping solutions (carriers) to your customers.','Shipping'),(132,1,'Catalog Size','You added your first product to your catalog!','Catalog Size'),(133,1,'Catalog Size','You have 10 products within your catalog.','Catalog Size'),(134,1,'Contact information','You configured your phone number so your customers can reach you!','Contact information'),(135,1,'Contact information','You added a third email address to your contact form.','Contact information'),(136,1,'Contact information','You suggest a total of 5 departments to be reached by your customers via your contact form.','Contact information'),(137,1,'Catalog Size','You have 100 products within your catalog.','Catalog Size'),(138,1,'Catalog Size','You have 1,000 products within your catalog.','Catalog Size'),(139,1,'Catalog Size','You have 10,000 products within your catalog.','Catalog Size'),(140,1,'Catalog Size','You have 100,000 products within your catalog.','Catalog Size'),(141,1,'Days of Experience','You just installed PrestaShop!','Days of Experience'),(142,1,'Days of Experience','You installed PrestaShop a week ago!','Days of Experience'),(143,1,'Customization','You uploaded your own logo.','Customization'),(144,1,'Customization','You installed a new template.','Customization'),(145,1,'Addons','You connected your back-office to the Addons platform using your PrestaShop Addons account.','Addons'),(146,1,'Multistores','You enabled the Multistores feature.','Multistores'),(147,1,'Multistores','You manage two shops with the Multistores feature.','Multistores'),(148,1,'Multistores','You manage two different groups of shops using the Multistores feature.','Multistores'),(149,1,'Multistores','You manage five shops with the Multistores feature.','Multistores'),(150,1,'Multistores','You manage five different groups of shops using the Multistores feature.','Multistores'),(151,1,'Shipping','You offer three different shipping solutions (carriers) to your customers.','Shipping'),(152,1,'Payment','You offer three different payment methods to your customers.','Payment'),(153,1,'Revenue','You get this badge when you reach 200 USD in sales.','Revenue'),(154,1,'Revenue','You get this badge when you reach 1000 USD in sales.','Revenue'),(155,1,'Revenue','You get this badge when you reach 1000 USD in sales.','Revenue'),(156,1,'Revenue','You get this badge when you reach 200 USD in sales.','Revenue'),(157,1,'Revenue','You get this badge when you reach 1000 USD in sales.','Revenue'),(158,1,'Revenue','You get this badge when you reach 1000 USD in sales.','Revenue'),(159,1,'Days of Experience','You installed PrestaShop a month ago!','Days of Experience'),(160,1,'Days of Experience','You installed PrestaShop six months ago!','Days of Experience'),(161,1,'Days of Experience','You installed PrestaShop a year ago!','Days of Experience'),(162,1,'Days of Experience','You installed PrestaShop two years ago!','Days of Experience'),(163,1,'Visitors','You reached 10 visitors!','Visitors'),(164,1,'Visitors','You reached 100 visitors!','Visitors'),(165,1,'Visitors','You reached 1,000 visitors!','Visitors'),(166,1,'Visitors','You reached 10,000 visitors!','Visitors'),(167,1,'Visitors','You reached 100,000 visitors!','Visitors'),(168,1,'Visitors','You reached 1,000,000 visitors!','Visitors'),(169,1,'Customer Carts','Two carts have been created by visitors','Customer Carts'),(170,1,'Customer Carts','Ten carts have been created by visitors.','Customer Carts'),(171,1,'Customer Carts','A hundred carts have been created by visitors on your shop.','Customer Carts'),(172,1,'Customer Carts','A thousand carts have been created by visitors on your shop.','Customer Carts'),(173,1,'Customer Carts','10,000 carts have been created by visitors.','Customer Carts'),(174,1,'Customer Carts','100,000 carts have been created by visitors.','Customer Carts'),(175,1,'Orders','You received your first order.','Orders'),(176,1,'Orders','10 orders have been placed through your online shop.','Orders'),(177,1,'Orders','You received 100 orders through your online shop!','Orders'),(178,1,'Orders','You received 1,000 orders through your online shop, congrats!','Orders'),(179,1,'Orders','You received 10,000 orders through your online shop, cheers!','Orders'),(180,1,'Orders','You received 100,000 orders through your online shop!','Orders'),(181,1,'Customer Service Threads','You received  your first customer\'s message.','Customer Service Threads'),(182,1,'Customer Service Threads','You received 10 messages from your customers.','Customer Service Threads'),(183,1,'Customer Service Threads','You received 100 messages from your customers.','Customer Service Threads'),(184,1,'Customer Service Threads','You received 1,000 messages from your customers.','Customer Service Threads'),(185,1,'Customer Service Threads','You received 10,000 messages from your customers.','Customer Service Threads'),(186,1,'Customer Service Threads','You received 100,000 messages from your customers.','Customer Service Threads'),(187,1,'Customers','You got the first customer registered on your shop!','Customers'),(188,1,'Customers','You have over 10 customers registered on your shop.','Customers'),(189,1,'Customers','You have over 100 customers registered on your shop.','Customers'),(190,1,'Customers','You have over 1,000 customers registered on your shop.','Customers'),(191,1,'Customers','You have over 10,000 customers registered on your shop.','Customers'),(192,1,'Customers','You have over 100,000 customers registered on your shop.','Customers'),(193,1,'North America','You got your first sale in North America','North America'),(194,1,'Oceania','You got your first sale in Oceania','Oceania'),(195,1,'Asia','You got your first sale in Asia','Asia'),(196,1,'South America','You got your first sale in South America','South America'),(197,1,'Europe','You got your first sale in  Europe!','Europe'),(198,1,'Africa','You got your first sale in Africa','Africa'),(199,1,'Maghreb','You got your first sale in Maghreb','Maghreb'),(200,1,'Your Team\'s Employees','First employee account added to your shop','Your Team\'s Employees'),(201,1,'Your Team\'s Employees','3 employee accounts added to your shop','Your Team\'s Employees'),(202,1,'Your Team\'s Employees','5 employee accounts added to your shop','Your Team\'s Employees'),(203,1,'Your Team\'s Employees','10 employee accounts added to your shop','Your Team\'s Employees'),(204,1,'Your Team\'s Employees','20 employee accounts added to your shop','Your Team\'s Employees'),(205,1,'Your Team\'s Employees','40 employee accounts added to your shop','Your Team\'s Employees'),(206,1,'Product Pictures','First photo added to your catalog','Product Pictures'),(207,1,'Product Pictures','50 photos added to your catalog','Product Pictures'),(208,1,'Product Pictures','100 photos added to your catalog','Product Pictures'),(209,1,'Product Pictures','1,000 photos added to your catalog','Product Pictures'),(210,1,'Product Pictures','10,000 photos added to your catalog','Product Pictures'),(211,1,'Product Pictures','50,000 photos added to your catalog','Product Pictures'),(212,1,'Customization','First CMS page added to your catalog','Customization'),(213,1,'Cart Rules','First cart rules configured on your shop','Cart Rules'),(214,1,'Cart Rules','You have 10 cart rules configured on your shop','Cart Rules'),(215,1,'Cart Rules','You have 100 cart rules configured on your shop','Cart Rules'),(216,1,'Cart Rules','You have 500 cart rules configured on your shop','Cart Rules'),(217,1,'Cart Rules','You have 1,000 cart rules configured on your shop','Cart Rules'),(218,1,'Cart Rules','You have 5,000 cart rules configured on your shop','Cart Rules'),(219,1,'International Orders','First international order placed on your shop.','International Orders'),(220,1,'International Orders','10 international orders placed on your shop.','International Orders'),(221,1,'International Orders','100 international orders placed on your shop!','International Orders'),(222,1,'International Orders','1,000 international orders placed on your shop!','International Orders'),(223,1,'International Orders','5,000 international orders placed on your shop!','International Orders'),(224,1,'International Orders','10,000 international orders placed on your shop!','International Orders'),(225,1,'Store','First store configured on your shop!','Store'),(226,1,'Store','You have 2 stores configured on your shop','Store'),(227,1,'Store','You have 5 stores configured on your shop','Store'),(228,1,'Store','You have 10 stores configured on your shop','Store'),(229,1,'Store','You have 20 stores configured on your shop','Store'),(230,1,'Store','You have 50 stores configured on your shop','Store'),(231,1,'Webservice x1','First webservice account added to your shop','WebService'),(232,1,'Webservice x2','2 webservice accounts added to your shop','WebService'),(233,1,'Webservice x3','3 webservice accounts added to your shop','WebService'),(234,1,'Webservice x4','4 webservice accounts added to your shop','WebService');

--
-- Table structure for table `ps_blockwishlist_statistics`
--

CREATE TABLE `ps_blockwishlist_statistics` (
  `id_statistics` int unsigned NOT NULL AUTO_INCREMENT,
  `id_cart` int unsigned DEFAULT NULL,
  `id_product` int unsigned NOT NULL,
  `id_product_attribute` int unsigned NOT NULL,
  `date_add` datetime NOT NULL,
  `id_shop` int unsigned DEFAULT '1',
  PRIMARY KEY (`id_statistics`)
) ENGINE=InnoDB DEFAULT CHARSET=utf8mb3;

--
-- Dumping data for table `ps_blockwishlist_statistics`
--


--
-- Table structure for table `ps_carrier`
--

CREATE TABLE `ps_carrier` (
  `id_carrier` int unsigned NOT NULL AUTO_INCREMENT,
  `id_reference` int unsigned NOT NULL,
  `id_tax_rules_group` int unsigned DEFAULT '0',
  `name` varchar(64) CHARACTER SET utf8mb4 COLLATE utf8mb4_general_ci NOT NULL,
  `url` varchar(255) CHARACTER SET utf8mb4 COLLATE utf8mb4_general_ci DEFAULT NULL,
  `active` tinyint unsigned NOT NULL DEFAULT '0',
  `deleted` tinyint unsigned NOT NULL DEFAULT '0',
  `shipping_handling` tinyint unsigned NOT NULL DEFAULT '1',
  `range_behavior` tinyint unsigned NOT NULL DEFAULT '0',
  `is_module` tinyint unsigned NOT NULL DEFAULT '0',
  `is_free` tinyint unsigned NOT NULL DEFAULT '0',
  `shipping_external` tinyint unsigned NOT NULL DEFAULT '0',
  `need_range` tinyint unsigned NOT NULL DEFAULT '0',
  `external_module_name` varchar(64) CHARACTER SET utf8mb4 COLLATE utf8mb4_general_ci DEFAULT NULL,
  `shipping_method` int NOT NULL DEFAULT '0',
  `position` int unsigned NOT NULL DEFAULT '0',
  `max_width` int DEFAULT '0',
  `max_height` int DEFAULT '0',
  `max_depth` int DEFAULT '0',
  `max_weight` decimal(20,6) DEFAULT '0.000000',
  `grade` int DEFAULT '0',
  PRIMARY KEY (`id_carrier`),
  KEY `deleted` (`deleted`,`active`),
  KEY `id_tax_rules_group` (`id_tax_rules_group`),
  KEY `reference` (`id_reference`,`deleted`,`active`)
) ENGINE=InnoDB AUTO_INCREMENT=5 DEFAULT CHARSET=utf8mb4 COLLATE=utf8mb4_general_ci;

--
-- Dumping data for table `ps_carrier`
--

INSERT INTO `ps_carrier` VALUES (2,2,0,'My carrier','',0,0,1,0,0,0,0,0,'',1,0,0,0,0,0.000000,0),(4,4,0,'Monop','',1,0,0,0,0,1,0,0,'',1,1,0,0,0,0.000000,0);

--
-- Table structure for table `ps_carrier_group`
--

CREATE TABLE `ps_carrier_group` (
  `id_carrier` int unsigned NOT NULL,
  `id_group` int unsigned NOT NULL,
  PRIMARY KEY (`id_carrier`,`id_group`)
) ENGINE=InnoDB DEFAULT CHARSET=utf8mb4 COLLATE=utf8mb4_general_ci;

--
-- Dumping data for table `ps_carrier_group`
--

INSERT INTO `ps_carrier_group` VALUES (2,1),(2,2),(2,3),(4,1),(4,2),(4,3);

--
-- Table structure for table `ps_carrier_lang`
--

CREATE TABLE `ps_carrier_lang` (
  `id_carrier` int unsigned NOT NULL,
  `id_shop` int unsigned NOT NULL DEFAULT '1',
  `id_lang` int unsigned NOT NULL,
  `delay` varchar(512) CHARACTER SET utf8mb4 COLLATE utf8mb4_general_ci DEFAULT NULL,
  PRIMARY KEY (`id_lang`,`id_shop`,`id_carrier`)
) ENGINE=InnoDB DEFAULT CHARSET=utf8mb4 COLLATE=utf8mb4_general_ci;

--
-- Dumping data for table `ps_carrier_lang`
--

INSERT INTO `ps_carrier_lang` VALUES (2,1,1,'Livraison le lendemain !'),(4,1,1,'Retrait en magasin');

--
-- Table structure for table `ps_carrier_shop`
--

CREATE TABLE `ps_carrier_shop` (
  `id_carrier` int unsigned NOT NULL,
  `id_shop` int unsigned NOT NULL,
  PRIMARY KEY (`id_carrier`,`id_shop`),
  KEY `id_shop` (`id_shop`)
) ENGINE=InnoDB DEFAULT CHARSET=utf8mb4 COLLATE=utf8mb4_general_ci;

--
-- Dumping data for table `ps_carrier_shop`
--

INSERT INTO `ps_carrier_shop` VALUES (2,1),(4,1);

--
-- Table structure for table `ps_carrier_tax_rules_group_shop`
--

CREATE TABLE `ps_carrier_tax_rules_group_shop` (
  `id_carrier` int unsigned NOT NULL,
  `id_tax_rules_group` int unsigned NOT NULL,
  `id_shop` int unsigned NOT NULL,
  PRIMARY KEY (`id_carrier`,`id_tax_rules_group`,`id_shop`)
) ENGINE=InnoDB DEFAULT CHARSET=utf8mb4 COLLATE=utf8mb4_general_ci;

--
-- Dumping data for table `ps_carrier_tax_rules_group_shop`
--

INSERT INTO `ps_carrier_tax_rules_group_shop` VALUES (2,7,1),(4,7,1);

--
-- Table structure for table `ps_carrier_zone`
--

CREATE TABLE `ps_carrier_zone` (
  `id_carrier` int unsigned NOT NULL,
  `id_zone` int unsigned NOT NULL,
  PRIMARY KEY (`id_carrier`,`id_zone`)
) ENGINE=InnoDB DEFAULT CHARSET=utf8mb4 COLLATE=utf8mb4_general_ci;

--
-- Dumping data for table `ps_carrier_zone`
--

INSERT INTO `ps_carrier_zone` VALUES (2,1),(2,2),(4,1),(4,2),(4,3),(4,4),(4,5),(4,6),(4,7),(4,8),(4,9),(4,10),(4,11),(4,12),(4,13),(4,14),(4,15),(4,16);

--
-- Table structure for table `ps_cart`
--

CREATE TABLE `ps_cart` (
  `id_cart` int unsigned NOT NULL AUTO_INCREMENT,
  `id_shop_group` int unsigned NOT NULL DEFAULT '1',
  `id_shop` int unsigned NOT NULL DEFAULT '1',
  `id_carrier` int unsigned NOT NULL,
  `delivery_option` text CHARACTER SET utf8mb4 COLLATE utf8mb4_general_ci NOT NULL,
  `id_lang` int unsigned NOT NULL,
  `id_address_delivery` int unsigned NOT NULL,
  `id_address_invoice` int unsigned NOT NULL,
  `id_currency` int unsigned NOT NULL,
  `id_customer` int unsigned NOT NULL,
  `id_guest` int unsigned NOT NULL,
  `secure_key` varchar(32) CHARACTER SET utf8mb4 COLLATE utf8mb4_general_ci NOT NULL DEFAULT '-1',
  `recyclable` tinyint unsigned NOT NULL DEFAULT '1',
  `gift` tinyint unsigned NOT NULL DEFAULT '0',
  `gift_message` text CHARACTER SET utf8mb4 COLLATE utf8mb4_general_ci,
  `mobile_theme` tinyint(1) NOT NULL DEFAULT '0',
  `allow_seperated_package` tinyint unsigned NOT NULL DEFAULT '0',
  `date_add` datetime NOT NULL,
  `date_upd` datetime NOT NULL,
  `checkout_session_data` mediumtext CHARACTER SET utf8mb4 COLLATE utf8mb4_general_ci,
  PRIMARY KEY (`id_cart`),
  KEY `cart_customer` (`id_customer`),
  KEY `id_address_delivery` (`id_address_delivery`),
  KEY `id_address_invoice` (`id_address_invoice`),
  KEY `id_carrier` (`id_carrier`),
  KEY `id_lang` (`id_lang`),
  KEY `id_currency` (`id_currency`),
  KEY `id_guest` (`id_guest`),
  KEY `id_shop_group` (`id_shop_group`),
  KEY `id_shop_2` (`id_shop`,`date_upd`),
  KEY `id_shop` (`id_shop`,`date_add`)
) ENGINE=InnoDB AUTO_INCREMENT=951 DEFAULT CHARSET=utf8mb4 COLLATE=utf8mb4_general_ci;

--
-- Dumping data for table `ps_cart`
--

INSERT INTO `ps_cart` VALUES (135,1,1,0,'',1,8,8,1,4,1576,'d80b8114f4aab184d5ec04416d3ca35e',0,0,'',0,0,'2021-04-06 19:52:56','2021-04-06 19:58:29',NULL),(136,1,1,0,'',1,8,8,1,4,1576,'d80b8114f4aab184d5ec04416d3ca35e',0,0,'',0,0,'2021-04-06 19:59:17','2021-04-06 19:59:18',NULL),(137,1,1,0,'',1,8,8,1,4,1576,'d80b8114f4aab184d5ec04416d3ca35e',0,0,'',0,0,'2021-04-06 20:00:42','2021-04-06 20:00:42',NULL),(138,1,1,0,'',1,8,8,1,4,1576,'d80b8114f4aab184d5ec04416d3ca35e',0,0,'',0,0,'2021-04-06 20:02:41','2021-04-06 20:02:41',NULL),(139,1,1,0,'',1,8,8,1,4,1576,'d80b8114f4aab184d5ec04416d3ca35e',0,0,'',0,0,'2021-04-06 20:04:15','2021-04-06 20:04:16',NULL),(140,1,1,0,'',1,8,8,1,4,1576,'d80b8114f4aab184d5ec04416d3ca35e',0,0,'',0,0,'2021-04-06 20:10:22','2021-04-06 20:10:22',NULL),(141,1,1,0,'',1,8,8,1,4,1576,'d80b8114f4aab184d5ec04416d3ca35e',0,0,'',0,0,'2021-04-06 20:38:18','2021-04-06 20:38:19',NULL),(142,1,1,0,'',1,8,8,1,4,1576,'d80b8114f4aab184d5ec04416d3ca35e',0,0,'',0,0,'2021-04-06 21:31:20','2021-04-06 21:31:21',NULL),(144,1,1,0,'',1,8,8,1,4,1576,'d80b8114f4aab184d5ec04416d3ca35e',0,0,'',0,0,'2021-04-07 08:53:56','2021-04-07 08:53:57',NULL),(145,1,1,0,'',1,8,8,1,4,1576,'d80b8114f4aab184d5ec04416d3ca35e',0,0,'',0,0,'2021-04-07 08:56:24','2021-04-07 08:56:25',NULL),(146,1,1,0,'',1,8,8,1,4,1576,'d80b8114f4aab184d5ec04416d3ca35e',0,0,'',0,0,'2021-04-07 08:58:31','2021-04-07 08:58:31',NULL),(147,1,1,0,'',1,8,8,1,4,1576,'d80b8114f4aab184d5ec04416d3ca35e',0,0,'',0,0,'2021-04-07 08:59:47','2021-04-07 08:59:48',NULL),(148,1,1,0,'',1,8,8,1,4,1576,'d80b8114f4aab184d5ec04416d3ca35e',0,0,'',0,0,'2021-04-07 09:14:08','2021-04-07 09:14:08',NULL),(149,1,1,0,'',1,8,8,1,4,1576,'d80b8114f4aab184d5ec04416d3ca35e',0,0,'',0,0,'2021-04-07 10:39:43','2021-04-07 10:39:44',NULL),(150,1,1,0,'',1,8,8,1,4,1576,'d80b8114f4aab184d5ec04416d3ca35e',0,0,'',0,0,'2021-04-07 11:24:03','2021-04-07 11:24:03',NULL),(151,1,1,0,'',1,8,8,1,4,1576,'d80b8114f4aab184d5ec04416d3ca35e',0,0,'',0,0,'2021-04-07 17:32:15','2021-04-07 17:32:16',NULL),(152,1,1,0,'',1,8,8,1,4,1576,'d80b8114f4aab184d5ec04416d3ca35e',0,0,'',0,0,'2021-04-07 17:33:39','2021-04-07 17:33:39',NULL),(153,1,1,0,'',1,8,8,1,4,1576,'d80b8114f4aab184d5ec04416d3ca35e',0,0,'',0,0,'2021-04-07 17:34:48','2021-04-07 17:34:49',NULL),(154,1,1,0,'',1,8,8,1,4,1576,'d80b8114f4aab184d5ec04416d3ca35e',0,0,'',0,0,'2021-04-07 17:36:45','2021-04-07 17:36:46',NULL),(155,1,1,0,'',1,8,8,1,4,1576,'d80b8114f4aab184d5ec04416d3ca35e',0,0,'',0,0,'2021-04-08 12:31:48','2021-04-08 12:31:49',NULL),(156,1,1,0,'',1,8,8,1,4,1576,'d80b8114f4aab184d5ec04416d3ca35e',0,0,'',0,0,'2021-04-08 13:36:33','2021-04-08 13:36:34',NULL),(157,1,1,0,'',1,8,8,1,4,1576,'d80b8114f4aab184d5ec04416d3ca35e',0,0,'',0,0,'2021-04-08 13:50:47','2021-04-08 13:50:47',NULL),(158,1,1,0,'',1,8,8,1,4,1576,'d80b8114f4aab184d5ec04416d3ca35e',0,0,'',0,0,'2021-04-08 13:51:46','2021-04-08 13:51:47',NULL),(159,1,1,0,'',1,8,8,1,4,1576,'d80b8114f4aab184d5ec04416d3ca35e',0,0,'',0,0,'2021-04-08 13:53:09','2021-04-08 13:53:09',NULL),(160,1,1,0,'',1,8,8,1,4,1576,'d80b8114f4aab184d5ec04416d3ca35e',0,0,'',0,0,'2021-04-08 15:31:56','2021-04-08 15:31:56',NULL),(161,1,1,0,'',1,8,8,1,4,1576,'d80b8114f4aab184d5ec04416d3ca35e',0,0,'',0,0,'2021-04-08 15:34:08','2021-04-08 15:34:09',NULL),(162,1,1,0,'',1,8,8,1,4,1576,'d80b8114f4aab184d5ec04416d3ca35e',0,0,'',0,0,'2021-04-08 15:38:16','2021-04-08 15:38:16',NULL),(163,1,1,0,'',1,8,8,1,4,1576,'d80b8114f4aab184d5ec04416d3ca35e',0,0,'',0,0,'2021-04-08 15:39:40','2021-04-08 15:39:41',NULL),(164,1,1,0,'',1,8,8,1,4,1576,'d80b8114f4aab184d5ec04416d3ca35e',0,0,'',0,0,'2021-04-08 15:43:02','2021-04-08 15:43:02',NULL),(165,1,1,0,'',1,8,8,1,4,1576,'d80b8114f4aab184d5ec04416d3ca35e',0,0,'',0,0,'2021-04-08 17:18:10','2021-04-08 17:18:11',NULL),(166,1,1,0,'',1,8,8,1,4,1576,'d80b8114f4aab184d5ec04416d3ca35e',0,0,'',0,0,'2021-04-08 17:20:26','2021-04-08 17:20:27',NULL),(167,1,1,0,'',1,8,8,1,4,1576,'d80b8114f4aab184d5ec04416d3ca35e',0,0,'',0,0,'2021-04-08 17:22:15','2021-04-08 17:22:15',NULL),(168,1,1,0,'',1,8,8,1,4,1576,'d80b8114f4aab184d5ec04416d3ca35e',0,0,'',0,0,'2021-04-08 17:23:44','2021-04-08 17:23:44',NULL),(169,1,1,0,'',1,8,8,1,4,1576,'d80b8114f4aab184d5ec04416d3ca35e',0,0,'',0,0,'2021-04-08 17:31:40','2021-04-08 17:31:40',NULL),(170,1,1,0,'',1,8,8,1,4,1576,'d80b8114f4aab184d5ec04416d3ca35e',0,0,'',0,0,'2021-04-08 17:36:54','2021-04-08 17:36:54',NULL),(171,1,1,0,'',1,8,8,1,4,1576,'d80b8114f4aab184d5ec04416d3ca35e',0,0,'',0,0,'2021-04-08 17:48:08','2021-04-08 17:48:26',NULL),(172,1,1,0,'',1,8,8,1,4,1576,'d80b8114f4aab184d5ec04416d3ca35e',0,0,'',0,0,'2021-04-08 17:52:55','2021-04-08 17:52:55',NULL),(173,1,1,0,'',1,8,8,1,4,1576,'d80b8114f4aab184d5ec04416d3ca35e',0,0,'',0,0,'2021-04-09 10:05:21','2021-04-09 10:05:21',NULL),(174,1,1,0,'',1,8,8,1,4,1576,'d80b8114f4aab184d5ec04416d3ca35e',0,0,'',0,0,'2021-04-09 10:13:50','2021-04-09 10:13:51',NULL),(175,1,1,0,'',1,8,8,1,4,1576,'d80b8114f4aab184d5ec04416d3ca35e',0,0,'',0,0,'2021-04-09 10:15:27','2021-04-09 10:15:28',NULL),(176,1,1,0,'',1,8,8,1,4,1576,'d80b8114f4aab184d5ec04416d3ca35e',0,0,'',0,0,'2021-04-09 10:16:25','2021-04-09 10:16:25',NULL),(177,1,1,0,'',1,8,8,1,4,1576,'d80b8114f4aab184d5ec04416d3ca35e',0,0,'',0,0,'2021-04-09 10:19:34','2021-04-09 10:19:34',NULL),(178,1,1,0,'',1,8,8,1,4,1576,'d80b8114f4aab184d5ec04416d3ca35e',0,0,'',0,0,'2021-04-09 10:38:21','2021-04-09 10:38:22',NULL),(179,1,1,0,'',1,8,8,1,4,1576,'d80b8114f4aab184d5ec04416d3ca35e',0,0,'',0,0,'2021-04-09 13:19:34','2021-04-09 13:19:34',NULL),(180,1,1,0,'',1,8,8,1,4,1576,'d80b8114f4aab184d5ec04416d3ca35e',0,0,'',0,0,'2021-04-09 14:22:30','2021-04-09 14:22:38',NULL),(181,1,1,0,'',1,8,8,1,4,1576,'d80b8114f4aab184d5ec04416d3ca35e',0,0,'',0,0,'2021-04-09 14:23:26','2021-04-09 14:23:27',NULL),(182,1,1,0,'',1,8,8,1,4,1576,'d80b8114f4aab184d5ec04416d3ca35e',0,0,'',0,0,'2021-04-09 14:24:54','2021-04-09 14:24:54',NULL),(183,1,1,0,'',1,8,8,1,4,1576,'d80b8114f4aab184d5ec04416d3ca35e',0,0,'',0,0,'2021-04-09 14:43:23','2021-04-09 14:43:24',NULL),(184,1,1,0,'',1,8,8,1,4,1576,'d80b8114f4aab184d5ec04416d3ca35e',0,0,'',0,0,'2021-04-09 15:00:00','2021-04-09 15:00:04',NULL),(185,1,1,0,'',1,8,8,1,4,1576,'d80b8114f4aab184d5ec04416d3ca35e',0,0,'',0,0,'2021-04-09 15:19:13','2021-04-09 15:19:13',NULL),(186,1,1,0,'',1,8,8,1,4,1576,'d80b8114f4aab184d5ec04416d3ca35e',0,0,'',0,0,'2021-04-10 17:13:59','2021-04-10 17:13:59',NULL),(187,1,1,0,'',1,8,8,1,4,1576,'d80b8114f4aab184d5ec04416d3ca35e',0,0,'',0,0,'2021-04-10 17:19:19','2021-04-10 17:19:19',NULL),(188,1,1,0,'',1,8,8,1,4,1576,'d80b8114f4aab184d5ec04416d3ca35e',0,0,'',0,0,'2021-04-10 17:20:11','2021-04-10 17:20:11',NULL),(189,1,1,0,'',1,8,8,1,4,1576,'d80b8114f4aab184d5ec04416d3ca35e',0,0,'',0,0,'2021-04-10 19:17:06','2021-04-10 19:28:31',NULL),(190,1,1,0,'',1,8,8,1,4,1576,'d80b8114f4aab184d5ec04416d3ca35e',0,0,'',0,0,'2021-04-10 20:12:33','2021-04-10 20:12:34',NULL),(191,1,1,0,'',1,8,8,1,4,1576,'d80b8114f4aab184d5ec04416d3ca35e',0,0,'',0,0,'2021-04-10 20:13:50','2021-04-10 20:13:51',NULL),(199,1,1,0,'',1,8,8,1,4,1576,'d80b8114f4aab184d5ec04416d3ca35e',0,0,'',0,0,'2021-04-12 09:01:18','2021-04-12 09:01:19',NULL),(200,1,1,0,'',1,8,8,1,4,1576,'d80b8114f4aab184d5ec04416d3ca35e',0,0,'',0,0,'2021-04-12 09:03:39','2021-04-12 09:03:40',NULL),(201,1,1,0,'',1,8,8,1,4,1576,'d80b8114f4aab184d5ec04416d3ca35e',0,0,'',0,0,'2021-04-12 09:07:24','2021-04-12 09:07:24',NULL),(202,1,1,0,'',1,8,8,1,4,1576,'d80b8114f4aab184d5ec04416d3ca35e',0,0,'',0,0,'2021-04-12 09:41:32','2021-04-12 09:41:33',NULL),(218,1,1,0,'',1,8,8,1,4,51,'d80b8114f4aab184d5ec04416d3ca35e',0,0,'',0,0,'2021-06-08 19:05:17','2021-06-09 16:49:06',NULL),(219,1,1,0,'',1,8,8,1,4,51,'d80b8114f4aab184d5ec04416d3ca35e',0,0,'',0,0,'2021-06-09 16:54:30','2021-06-09 16:54:30',NULL),(220,1,1,0,'',1,8,8,1,4,51,'d80b8114f4aab184d5ec04416d3ca35e',0,0,'',0,0,'2021-06-09 17:15:00','2021-06-09 17:15:23',NULL),(221,1,1,0,'',1,8,8,1,4,51,'d80b8114f4aab184d5ec04416d3ca35e',0,0,'',0,0,'2021-06-09 17:17:47','2021-06-09 17:17:47',NULL),(222,1,1,0,'',1,8,8,1,4,51,'d80b8114f4aab184d5ec04416d3ca35e',0,0,'',0,0,'2021-06-09 17:44:38','2021-06-09 17:44:39',NULL),(223,1,1,0,'',1,8,8,1,4,51,'d80b8114f4aab184d5ec04416d3ca35e',0,0,'',0,0,'2021-06-09 17:47:09','2021-06-09 17:47:10',NULL),(224,1,1,0,'',1,8,8,1,4,51,'d80b8114f4aab184d5ec04416d3ca35e',0,0,'',0,0,'2021-06-09 18:28:31','2021-06-09 18:28:31',NULL),(225,1,1,0,'',1,8,8,1,4,51,'d80b8114f4aab184d5ec04416d3ca35e',0,0,'',0,0,'2021-06-09 18:39:31','2021-06-09 19:23:08',NULL),(226,1,1,0,'',1,8,8,1,4,51,'d80b8114f4aab184d5ec04416d3ca35e',0,0,'',0,0,'2021-06-09 19:25:50','2021-06-09 19:25:51',NULL),(227,1,1,0,'',1,8,8,1,4,51,'d80b8114f4aab184d5ec04416d3ca35e',0,0,'',0,0,'2021-06-10 08:51:26','2021-06-10 08:51:28',NULL),(228,1,1,0,'',1,8,8,1,4,51,'d80b8114f4aab184d5ec04416d3ca35e',0,0,'',0,0,'2021-06-10 08:52:56','2021-06-10 08:52:56',NULL),(229,1,1,0,'',1,8,8,1,4,51,'d80b8114f4aab184d5ec04416d3ca35e',0,0,'',0,0,'2021-06-10 08:54:17','2021-06-10 08:54:18',NULL),(230,1,1,0,'',1,8,8,1,4,51,'d80b8114f4aab184d5ec04416d3ca35e',0,0,'',0,0,'2021-06-10 08:55:46','2021-06-10 08:55:47',NULL),(231,1,1,0,'',1,8,8,1,4,51,'d80b8114f4aab184d5ec04416d3ca35e',0,0,'',0,0,'2021-06-10 09:00:06','2021-06-10 09:00:06',NULL),(232,1,1,0,'',1,8,8,1,4,51,'d80b8114f4aab184d5ec04416d3ca35e',0,0,'',0,0,'2021-06-10 09:02:55','2021-06-10 09:02:55',NULL),(233,1,1,0,'',1,8,8,1,4,51,'d80b8114f4aab184d5ec04416d3ca35e',0,0,'',0,0,'2021-06-10 10:07:59','2021-06-10 10:08:04',NULL),(234,1,1,0,'',1,8,8,1,4,51,'d80b8114f4aab184d5ec04416d3ca35e',0,0,'',0,0,'2021-06-10 10:08:03','2021-06-10 10:08:04',NULL),(235,1,1,0,'',1,8,8,1,4,51,'d80b8114f4aab184d5ec04416d3ca35e',0,0,'',0,0,'2021-06-10 10:12:37','2021-06-10 10:12:42',NULL),(236,1,1,0,'',1,8,8,1,4,51,'d80b8114f4aab184d5ec04416d3ca35e',0,0,'',0,0,'2021-06-10 10:13:56','2021-06-10 10:13:56',NULL),(237,1,1,0,'',1,8,8,1,4,51,'d80b8114f4aab184d5ec04416d3ca35e',0,0,'',0,0,'2021-06-10 10:14:12','2021-06-10 10:14:12',NULL),(238,1,1,0,'',1,8,8,1,4,51,'d80b8114f4aab184d5ec04416d3ca35e',0,0,'',0,0,'2021-06-10 10:14:13','2021-06-10 10:16:09',NULL),(239,1,1,0,'',1,8,8,1,4,51,'d80b8114f4aab184d5ec04416d3ca35e',0,0,'',0,0,'2021-06-10 10:14:38','2021-06-10 10:14:38',NULL),(240,1,1,0,'',1,8,8,1,4,51,'d80b8114f4aab184d5ec04416d3ca35e',0,0,'',0,0,'2021-06-10 10:14:39','2021-06-10 10:14:39',NULL),(241,1,1,0,'',1,8,8,1,4,51,'d80b8114f4aab184d5ec04416d3ca35e',0,0,'',0,0,'2021-06-10 10:15:10','2021-06-10 10:15:10',NULL),(242,1,1,0,'',1,8,8,1,4,51,'d80b8114f4aab184d5ec04416d3ca35e',0,0,'',0,0,'2021-06-10 10:15:10','2021-06-10 10:16:12',NULL),(243,1,1,0,'',1,8,8,1,4,51,'d80b8114f4aab184d5ec04416d3ca35e',0,0,'',0,0,'2021-06-10 10:17:59','2021-06-10 10:18:00',NULL),(244,1,1,0,'',1,8,8,1,4,51,'d80b8114f4aab184d5ec04416d3ca35e',0,0,'',0,0,'2021-06-10 10:19:45','2021-06-10 10:19:46',NULL),(245,1,1,0,'',1,8,8,1,4,51,'d80b8114f4aab184d5ec04416d3ca35e',0,0,'',0,0,'2021-06-10 10:20:50','2021-06-10 10:20:59',NULL),(246,1,1,0,'',1,8,8,1,4,51,'d80b8114f4aab184d5ec04416d3ca35e',0,0,'',0,0,'2021-06-10 10:53:15','2021-06-10 10:53:15',NULL),(247,1,1,0,'',1,8,8,1,4,51,'d80b8114f4aab184d5ec04416d3ca35e',0,0,'',0,0,'2021-06-10 10:53:31','2021-06-10 10:59:52',NULL),(248,1,1,0,'',1,8,8,1,4,51,'d80b8114f4aab184d5ec04416d3ca35e',0,0,'',0,0,'2021-06-10 10:53:59','2021-06-10 10:53:59',NULL),(249,1,1,0,'',1,8,8,1,4,51,'d80b8114f4aab184d5ec04416d3ca35e',0,0,'',0,0,'2021-06-10 10:53:59','2021-06-10 10:54:46',NULL),(250,1,1,0,'',1,8,8,1,4,51,'d80b8114f4aab184d5ec04416d3ca35e',0,0,'',0,0,'2021-06-10 10:53:59','2021-06-10 10:53:59',NULL),(251,1,1,0,'',1,8,8,1,4,51,'d80b8114f4aab184d5ec04416d3ca35e',0,0,'',0,0,'2021-06-10 11:23:17','2021-06-10 11:23:19',NULL),(252,1,1,0,'',1,8,8,1,4,51,'d80b8114f4aab184d5ec04416d3ca35e',0,0,'',0,0,'2021-06-10 19:40:11','2021-06-10 19:40:12',NULL),(253,1,1,0,'',1,8,8,1,4,51,'d80b8114f4aab184d5ec04416d3ca35e',0,0,'',0,0,'2021-06-10 19:41:04','2021-06-10 20:15:44',NULL),(254,1,1,0,'',1,8,8,1,4,51,'d80b8114f4aab184d5ec04416d3ca35e',0,0,'',0,0,'2021-06-10 20:24:42','2021-06-10 20:24:42',NULL),(255,1,1,0,'',1,8,8,1,4,51,'d80b8114f4aab184d5ec04416d3ca35e',0,0,'',0,0,'2021-06-11 07:48:18','2021-06-11 07:48:18',NULL),(256,1,1,0,'',1,8,8,1,4,51,'d80b8114f4aab184d5ec04416d3ca35e',0,0,'',0,0,'2021-06-11 08:05:03','2021-06-11 08:05:03',NULL),(257,1,1,0,'',1,8,8,1,4,51,'d80b8114f4aab184d5ec04416d3ca35e',0,0,'',0,0,'2021-06-11 08:37:17','2021-06-11 08:37:18',NULL),(258,1,1,0,'',1,8,8,1,4,51,'d80b8114f4aab184d5ec04416d3ca35e',0,0,'',0,0,'2021-06-11 10:58:53','2021-06-11 10:58:53',NULL),(259,1,1,0,'',1,8,8,1,4,51,'d80b8114f4aab184d5ec04416d3ca35e',0,0,'',0,0,'2021-06-11 12:37:00','2021-06-11 12:37:01',NULL),(260,1,1,0,'',1,8,8,1,4,51,'d80b8114f4aab184d5ec04416d3ca35e',0,0,'',0,0,'2021-06-11 12:39:51','2021-06-11 12:39:52',NULL),(261,1,1,0,'',1,8,8,1,4,51,'d80b8114f4aab184d5ec04416d3ca35e',0,0,'',0,0,'2021-06-11 13:23:50','2021-06-11 13:23:52',NULL),(262,1,1,0,'',1,8,8,1,4,51,'d80b8114f4aab184d5ec04416d3ca35e',0,0,'',0,0,'2021-06-11 15:02:47','2021-06-11 15:02:47',NULL),(263,1,1,0,'',1,8,8,1,4,51,'d80b8114f4aab184d5ec04416d3ca35e',0,0,'',0,0,'2021-06-11 16:40:40','2021-06-11 16:40:40',NULL),(264,1,1,0,'',1,8,8,1,4,51,'d80b8114f4aab184d5ec04416d3ca35e',0,0,'',0,0,'2021-06-11 16:55:02','2021-06-11 16:55:02',NULL),(265,1,1,0,'',1,8,8,1,4,51,'d80b8114f4aab184d5ec04416d3ca35e',0,0,'',0,0,'2021-06-11 17:48:13','2021-06-11 17:48:13',NULL),(266,1,1,0,'',1,8,8,1,4,51,'d80b8114f4aab184d5ec04416d3ca35e',0,0,'',0,0,'2021-06-11 18:14:26','2021-06-11 18:14:26',NULL),(267,1,1,0,'',1,8,8,1,4,51,'d80b8114f4aab184d5ec04416d3ca35e',0,0,'',0,0,'2021-06-11 18:45:42','2021-06-11 18:45:43',NULL),(268,1,1,0,'',1,8,8,1,4,51,'d80b8114f4aab184d5ec04416d3ca35e',0,0,'',0,0,'2021-06-11 18:57:00','2021-06-11 18:57:01',NULL),(269,1,1,0,'',1,8,8,1,4,51,'d80b8114f4aab184d5ec04416d3ca35e',0,0,'',0,0,'2021-06-11 23:35:07','2021-06-12 07:13:32',NULL),(270,1,1,0,'',1,8,8,1,4,51,'d80b8114f4aab184d5ec04416d3ca35e',0,0,'',0,0,'2021-06-12 10:44:24','2021-06-12 10:44:25',NULL),(271,1,1,0,'',1,8,8,1,4,51,'d80b8114f4aab184d5ec04416d3ca35e',0,0,'',0,0,'2021-06-12 17:55:16','2021-06-12 17:55:16',NULL),(272,1,1,0,'',1,8,8,1,4,51,'d80b8114f4aab184d5ec04416d3ca35e',0,0,'',0,0,'2021-06-12 18:14:00','2021-06-12 18:14:01',NULL),(273,1,1,0,'',1,8,8,1,4,51,'d80b8114f4aab184d5ec04416d3ca35e',0,0,'',0,0,'2021-06-13 13:35:45','2021-06-13 13:35:46',NULL),(274,1,1,0,'',1,8,8,1,4,51,'d80b8114f4aab184d5ec04416d3ca35e',0,0,'',0,0,'2021-06-14 08:46:39','2021-06-14 08:46:40',NULL),(275,1,1,0,'',1,8,8,1,4,51,'d80b8114f4aab184d5ec04416d3ca35e',0,0,'',0,0,'2021-06-14 11:43:41','2021-06-14 11:43:41',NULL),(276,1,1,0,'',1,8,8,1,4,51,'d80b8114f4aab184d5ec04416d3ca35e',0,0,'',0,0,'2021-06-14 11:44:53','2021-06-14 11:44:53',NULL),(277,1,1,0,'',1,8,8,1,4,51,'d80b8114f4aab184d5ec04416d3ca35e',0,0,'',0,0,'2021-06-14 12:03:55','2021-06-14 12:03:56',NULL),(278,1,1,0,'',1,8,8,1,4,51,'d80b8114f4aab184d5ec04416d3ca35e',0,0,'',0,0,'2021-06-14 15:24:28','2021-06-14 15:24:29',NULL),(279,1,1,0,'',1,8,8,1,4,51,'d80b8114f4aab184d5ec04416d3ca35e',0,0,'',0,0,'2021-06-14 16:29:12','2021-06-14 16:29:12',NULL),(280,1,1,0,'',1,8,8,1,4,51,'d80b8114f4aab184d5ec04416d3ca35e',0,0,'',0,0,'2021-06-14 16:33:58','2021-06-14 16:33:59',NULL),(281,1,1,0,'',1,8,8,1,4,51,'d80b8114f4aab184d5ec04416d3ca35e',0,0,'',0,0,'2021-06-14 16:41:42','2021-06-14 16:41:43',NULL),(282,1,1,0,'',1,8,8,1,4,51,'d80b8114f4aab184d5ec04416d3ca35e',0,0,'',0,0,'2021-06-14 16:44:55','2021-06-14 16:44:55',NULL),(283,1,1,0,'',1,8,8,1,4,51,'d80b8114f4aab184d5ec04416d3ca35e',0,0,'',0,0,'2021-06-14 16:47:28','2021-06-14 16:47:29',NULL),(284,1,1,0,'',1,8,8,1,4,51,'d80b8114f4aab184d5ec04416d3ca35e',0,0,'',0,0,'2021-06-14 16:52:55','2021-06-14 16:52:55',NULL),(285,1,1,0,'',1,8,8,1,4,51,'d80b8114f4aab184d5ec04416d3ca35e',0,0,'',0,0,'2021-06-14 16:56:13','2021-06-14 16:56:13',NULL),(286,1,1,0,'',1,8,8,1,4,51,'d80b8114f4aab184d5ec04416d3ca35e',0,0,'',0,0,'2021-06-14 17:06:32','2021-06-14 17:06:33',NULL),(287,1,1,0,'',1,8,8,1,4,51,'d80b8114f4aab184d5ec04416d3ca35e',0,0,'',0,0,'2021-06-14 17:13:13','2021-06-14 17:16:12',NULL),(288,1,1,0,'',1,8,8,1,4,51,'d80b8114f4aab184d5ec04416d3ca35e',0,0,'',0,0,'2021-06-14 17:18:55','2021-06-14 17:19:24',NULL),(289,1,1,0,'',1,8,8,1,4,51,'d80b8114f4aab184d5ec04416d3ca35e',0,0,'',0,0,'2021-06-14 17:31:10','2021-06-14 17:31:10',NULL),(290,1,1,0,'',1,8,8,1,4,51,'d80b8114f4aab184d5ec04416d3ca35e',0,0,'',0,0,'2021-06-14 17:36:46','2021-06-14 17:36:47',NULL),(291,1,1,0,'',1,8,8,1,4,51,'d80b8114f4aab184d5ec04416d3ca35e',0,0,'',0,0,'2021-06-14 17:38:13','2021-06-14 17:38:13',NULL),(292,1,1,0,'',1,8,8,1,4,51,'d80b8114f4aab184d5ec04416d3ca35e',0,0,'',0,0,'2021-06-14 17:49:37','2021-06-14 18:56:35',NULL),(293,1,1,0,'',1,8,8,1,4,51,'d80b8114f4aab184d5ec04416d3ca35e',0,0,'',0,0,'2021-06-14 20:04:57','2021-06-14 20:04:58',NULL),(294,1,1,0,'',1,8,8,1,4,51,'d80b8114f4aab184d5ec04416d3ca35e',0,0,'',0,0,'2021-06-15 12:52:51','2021-06-15 12:52:51',NULL),(295,1,1,0,'',1,8,8,1,4,51,'d80b8114f4aab184d5ec04416d3ca35e',0,0,'',0,0,'2021-06-15 14:20:18','2021-06-15 14:20:19',NULL),(296,1,1,0,'',1,8,8,1,4,51,'d80b8114f4aab184d5ec04416d3ca35e',0,0,'',0,0,'2021-06-15 14:24:12','2021-06-15 14:24:13',NULL),(297,1,1,0,'',1,8,8,1,4,51,'d80b8114f4aab184d5ec04416d3ca35e',0,0,'',0,0,'2021-06-15 14:46:28','2021-06-15 15:25:44',NULL),(298,1,1,0,'',1,8,8,1,4,51,'d80b8114f4aab184d5ec04416d3ca35e',0,0,'',0,0,'2021-06-15 15:49:49','2021-06-15 15:49:49',NULL),(299,1,1,0,'',1,8,8,1,4,51,'d80b8114f4aab184d5ec04416d3ca35e',0,0,'',0,0,'2021-06-15 16:47:14','2021-06-15 16:47:14',NULL),(300,1,1,0,'',1,8,8,1,4,51,'d80b8114f4aab184d5ec04416d3ca35e',0,0,'',0,0,'2021-06-15 17:14:33','2021-06-15 17:14:33',NULL),(301,1,1,0,'',1,8,8,1,4,51,'d80b8114f4aab184d5ec04416d3ca35e',0,0,'',0,0,'2021-06-15 17:55:55','2021-06-15 17:55:55',NULL),(302,1,1,0,'',1,8,8,1,4,51,'d80b8114f4aab184d5ec04416d3ca35e',0,0,'',0,0,'2021-06-15 17:58:59','2021-06-15 18:29:22',NULL),(303,1,1,0,'',1,8,8,1,4,51,'d80b8114f4aab184d5ec04416d3ca35e',0,0,'',0,0,'2021-06-15 18:32:07','2021-06-15 18:32:07',NULL),(304,1,1,0,'',1,8,8,1,4,51,'d80b8114f4aab184d5ec04416d3ca35e',0,0,'',0,0,'2021-06-15 18:33:14','2021-06-15 18:33:15',NULL),(305,1,1,0,'',1,8,8,1,4,51,'d80b8114f4aab184d5ec04416d3ca35e',0,0,'',0,0,'2021-06-16 09:00:01','2021-06-16 09:00:01',NULL),(306,1,1,0,'',1,8,8,1,4,51,'d80b8114f4aab184d5ec04416d3ca35e',0,0,'',0,0,'2021-06-16 10:46:20','2021-06-16 10:46:20',NULL),(307,1,1,0,'',1,8,8,1,4,51,'d80b8114f4aab184d5ec04416d3ca35e',0,0,'',0,0,'2021-06-16 12:05:27','2021-06-16 12:05:27',NULL),(308,1,1,0,'',1,8,8,1,4,51,'d80b8114f4aab184d5ec04416d3ca35e',0,0,'',0,0,'2021-06-16 15:11:42','2021-06-16 15:11:42',NULL),(309,1,1,0,'',1,8,8,1,4,51,'d80b8114f4aab184d5ec04416d3ca35e',0,0,'',0,0,'2021-06-16 15:15:51','2021-06-16 15:15:51',NULL),(310,1,1,0,'',1,8,8,1,4,51,'d80b8114f4aab184d5ec04416d3ca35e',0,0,'',0,0,'2021-06-16 15:26:07','2021-06-16 15:26:08',NULL),(311,1,1,0,'',1,8,8,1,4,51,'d80b8114f4aab184d5ec04416d3ca35e',0,0,'',0,0,'2021-06-16 17:52:58','2021-06-16 17:52:59',NULL),(312,1,1,0,'',1,8,8,1,4,51,'d80b8114f4aab184d5ec04416d3ca35e',0,0,'',0,0,'2021-06-16 17:55:41','2021-06-16 17:55:42',NULL),(313,1,1,0,'',1,8,8,1,4,51,'d80b8114f4aab184d5ec04416d3ca35e',0,0,'',0,0,'2021-06-16 18:14:40','2021-06-16 18:14:40',NULL),(314,1,1,0,'',1,8,8,1,4,51,'d80b8114f4aab184d5ec04416d3ca35e',0,0,'',0,0,'2021-06-16 19:04:04','2021-06-16 19:04:04',NULL),(315,1,1,0,'',1,8,8,1,4,51,'d80b8114f4aab184d5ec04416d3ca35e',0,0,'',0,0,'2021-06-17 09:54:04','2021-06-17 09:54:05',NULL),(316,1,1,0,'',1,8,8,1,4,51,'d80b8114f4aab184d5ec04416d3ca35e',0,0,'',0,0,'2021-06-17 11:38:02','2021-06-17 11:38:03',NULL),(317,1,1,0,'',1,8,8,1,4,51,'d80b8114f4aab184d5ec04416d3ca35e',0,0,'',0,0,'2021-06-17 12:19:57','2021-06-17 12:19:57',NULL),(318,1,1,0,'',1,8,8,1,4,51,'d80b8114f4aab184d5ec04416d3ca35e',0,0,'',0,0,'2021-06-17 12:43:32','2021-06-17 12:43:33',NULL),(319,1,1,0,'',1,8,8,1,4,51,'d80b8114f4aab184d5ec04416d3ca35e',0,0,'',0,0,'2021-06-17 15:00:48','2021-06-17 15:00:49',NULL),(320,1,1,0,'',1,8,8,1,4,51,'d80b8114f4aab184d5ec04416d3ca35e',0,0,'',0,0,'2021-06-17 15:16:56','2021-06-17 15:16:56',NULL),(321,1,1,0,'',1,8,8,1,4,51,'d80b8114f4aab184d5ec04416d3ca35e',0,0,'',0,0,'2021-06-17 16:39:09','2021-06-17 16:39:09',NULL),(322,1,1,0,'',1,8,8,1,4,51,'d80b8114f4aab184d5ec04416d3ca35e',0,0,'',0,0,'2021-06-17 17:42:54','2021-06-17 17:42:55',NULL),(323,1,1,0,'',1,8,8,1,4,51,'d80b8114f4aab184d5ec04416d3ca35e',0,0,'',0,0,'2021-06-17 18:06:19','2021-06-17 18:06:19',NULL),(324,1,1,0,'',1,8,8,1,4,51,'d80b8114f4aab184d5ec04416d3ca35e',0,0,'',0,0,'2021-06-17 18:26:19','2021-06-17 18:26:31',NULL),(325,1,1,0,'',1,8,8,1,4,51,'d80b8114f4aab184d5ec04416d3ca35e',0,0,'',0,0,'2021-06-17 18:35:38','2021-06-17 18:35:39',NULL),(326,1,1,0,'',1,8,8,1,4,51,'d80b8114f4aab184d5ec04416d3ca35e',0,0,'',0,0,'2021-06-18 10:15:02','2021-06-18 10:15:02',NULL),(327,1,1,0,'',1,8,8,1,4,51,'d80b8114f4aab184d5ec04416d3ca35e',0,0,'',0,0,'2021-06-18 10:33:21','2021-06-18 10:34:54',NULL),(328,1,1,0,'',1,8,8,1,4,51,'d80b8114f4aab184d5ec04416d3ca35e',0,0,'',0,0,'2021-06-18 10:45:46','2021-06-18 10:45:47',NULL),(329,1,1,0,'',1,8,8,1,4,51,'d80b8114f4aab184d5ec04416d3ca35e',0,0,'',0,0,'2021-06-18 15:38:02','2021-06-18 15:38:03',NULL),(330,1,1,0,'',1,8,8,1,4,51,'d80b8114f4aab184d5ec04416d3ca35e',0,0,'',0,0,'2021-06-18 18:18:26','2021-06-18 18:18:27',NULL),(331,1,1,0,'',1,8,8,1,4,51,'d80b8114f4aab184d5ec04416d3ca35e',0,0,'',0,0,'2021-06-19 11:45:30','2021-06-19 11:45:31',NULL),(332,1,1,0,'',1,8,8,1,4,51,'d80b8114f4aab184d5ec04416d3ca35e',0,0,'',0,0,'2021-06-19 12:48:04','2021-06-19 12:48:51',NULL),(333,1,1,0,'',1,0,0,1,0,3,'',0,0,'',0,0,'2023-02-13 12:07:22','2023-02-13 12:07:22','{\"checkout-personal-information-step\":{\"step_is_reachable\":true,\"step_is_complete\":false},\"checkout-addresses-step\":{\"step_is_reachable\":false,\"step_is_complete\":false,\"use_same_address\":true},\"checkout-delivery-step\":{\"step_is_reachable\":false,\"step_is_complete\":false},\"checkout-payment-step\":{\"step_is_reachable\":false,\"step_is_complete\":false},\"checksum\":null}'),(334,1,1,0,'',1,0,0,1,0,4,'',0,0,'',0,0,'2023-02-13 12:21:17','2023-02-13 12:21:17','{\"checkout-personal-information-step\":{\"step_is_reachable\":true,\"step_is_complete\":false},\"checkout-addresses-step\":{\"step_is_reachable\":false,\"step_is_complete\":false,\"use_same_address\":true},\"checkout-delivery-step\":{\"step_is_reachable\":false,\"step_is_complete\":false},\"checkout-payment-step\":{\"step_is_reachable\":false,\"step_is_complete\":false},\"checksum\":null}'),(335,1,1,0,'',1,8,8,1,4,12,'d80b8114f4aab184d5ec04416d3ca35e',0,0,'',0,0,'2023-02-15 17:10:51','2023-02-15 17:15:33','{\"checkout-personal-information-step\":{\"step_is_reachable\":true,\"step_is_complete\":false},\"checkout-addresses-step\":{\"step_is_reachable\":false,\"step_is_complete\":false,\"use_same_address\":true},\"checkout-delivery-step\":{\"step_is_reachable\":false,\"step_is_complete\":false},\"checkout-payment-step\":{\"step_is_reachable\":false,\"step_is_complete\":false},\"checksum\":null}'),(336,1,1,0,'',1,8,8,1,4,12,'d80b8114f4aab184d5ec04416d3ca35e',0,0,'',0,0,'2023-02-16 10:00:13','2023-02-27 06:39:01',NULL),(337,1,1,0,'',1,0,0,1,0,14,'',0,0,'',0,0,'2023-02-23 11:41:24','2023-02-23 11:41:44',NULL),(338,1,1,0,'',1,8,8,1,4,12,'d80b8114f4aab184d5ec04416d3ca35e',0,0,'',0,0,'2023-02-27 06:42:21','2023-02-27 06:42:22',NULL),(339,1,1,0,'',1,8,8,1,4,12,'d80b8114f4aab184d5ec04416d3ca35e',0,0,'',0,0,'2023-02-27 06:43:08','2023-02-27 06:43:09',NULL),(340,1,1,0,'',1,8,8,1,4,12,'d80b8114f4aab184d5ec04416d3ca35e',0,0,'',0,0,'2023-02-27 06:44:23','2023-02-27 06:44:24',NULL),(341,1,1,0,'',1,8,8,1,4,12,'d80b8114f4aab184d5ec04416d3ca35e',0,0,'',0,0,'2023-02-27 06:48:42','2023-02-27 06:52:43',NULL),(342,1,1,0,'',1,8,8,1,4,12,'d80b8114f4aab184d5ec04416d3ca35e',0,0,'',0,0,'2023-02-27 12:18:58','2023-02-27 12:18:59',NULL),(343,1,1,0,'',1,8,8,1,4,12,'d80b8114f4aab184d5ec04416d3ca35e',0,0,'',0,0,'2023-03-04 10:30:21','2023-03-04 10:37:23',NULL),(344,1,1,0,'',1,8,8,1,4,27,'d80b8114f4aab184d5ec04416d3ca35e',0,0,'',0,0,'2023-03-07 12:56:03','2023-03-07 12:56:20',NULL),(345,1,1,0,'',1,8,8,1,4,27,'d80b8114f4aab184d5ec04416d3ca35e',0,0,'',0,0,'2023-03-07 13:01:38','2023-03-07 13:01:38',NULL),(346,1,1,0,'',1,8,8,1,4,27,'d80b8114f4aab184d5ec04416d3ca35e',0,0,'',0,0,'2023-03-07 13:02:49','2023-03-07 13:02:50',NULL),(347,1,1,0,'',1,8,8,1,4,27,'d80b8114f4aab184d5ec04416d3ca35e',0,0,'',0,0,'2023-03-07 13:04:24','2023-03-07 13:04:25',NULL),(348,1,1,0,'',1,8,8,1,4,27,'d80b8114f4aab184d5ec04416d3ca35e',0,0,'',0,0,'2023-03-07 13:04:24','2023-03-07 13:04:28',NULL),(349,1,1,0,'',1,8,8,1,4,27,'d80b8114f4aab184d5ec04416d3ca35e',0,0,'',0,0,'2023-03-07 13:11:05','2023-03-07 13:11:05',NULL),(350,1,1,0,'',1,8,8,1,4,27,'d80b8114f4aab184d5ec04416d3ca35e',0,0,'',0,0,'2023-03-07 16:01:26','2023-03-07 16:01:27',NULL),(351,1,1,0,'',1,8,8,1,4,28,'d80b8114f4aab184d5ec04416d3ca35e',0,0,'',0,0,'2023-03-07 16:16:02','2023-03-07 16:16:48',NULL),(352,1,1,0,'',1,8,8,1,4,27,'d80b8114f4aab184d5ec04416d3ca35e',0,0,'',0,0,'2023-03-08 09:10:54','2023-03-08 09:10:54',NULL),(353,1,1,0,'',1,8,8,1,4,27,'d80b8114f4aab184d5ec04416d3ca35e',0,0,'',0,0,'2023-03-08 09:32:18','2023-03-08 09:32:18',NULL),(354,1,1,0,'',1,8,8,1,4,27,'d80b8114f4aab184d5ec04416d3ca35e',0,0,'',0,0,'2023-03-08 12:26:40','2023-03-08 12:26:40',NULL),(355,1,1,0,'',1,8,8,1,4,27,'d80b8114f4aab184d5ec04416d3ca35e',0,0,'',0,0,'2023-03-08 12:32:05','2023-03-08 12:32:05',NULL),(356,1,1,0,'',1,8,8,1,4,27,'d80b8114f4aab184d5ec04416d3ca35e',0,0,'',0,0,'2023-03-08 12:43:36','2023-03-08 12:43:36',NULL),(357,1,1,0,'',1,8,8,1,4,27,'d80b8114f4aab184d5ec04416d3ca35e',0,0,'',0,0,'2023-03-08 12:49:51','2023-03-08 12:49:51',NULL),(358,1,1,0,'',1,8,8,1,4,27,'d80b8114f4aab184d5ec04416d3ca35e',0,0,'',0,0,'2023-03-08 13:01:41','2023-03-08 13:01:42',NULL),(359,1,1,0,'',1,8,8,1,4,27,'d80b8114f4aab184d5ec04416d3ca35e',0,0,'',0,0,'2023-03-08 13:03:21','2023-03-08 13:17:24',NULL),(360,1,1,0,'',1,8,8,1,4,27,'d80b8114f4aab184d5ec04416d3ca35e',0,0,'',0,0,'2023-03-08 13:37:37','2023-03-08 13:37:37',NULL),(361,1,1,0,'',1,8,8,1,4,27,'d80b8114f4aab184d5ec04416d3ca35e',0,0,'',0,0,'2023-03-09 09:19:12','2023-03-09 09:19:13',NULL),(362,1,1,0,'',1,8,8,1,4,27,'d80b8114f4aab184d5ec04416d3ca35e',0,0,'',0,0,'2023-03-10 20:16:08','2023-03-10 20:16:09',NULL),(363,1,1,0,'',1,8,8,1,4,27,'d80b8114f4aab184d5ec04416d3ca35e',0,0,'',0,0,'2023-03-11 17:08:25','2023-03-11 17:08:26',NULL),(364,1,1,0,'',1,8,8,1,4,27,'d80b8114f4aab184d5ec04416d3ca35e',0,0,'',0,0,'2023-03-12 16:57:53','2023-03-12 16:58:54',NULL),(365,1,1,0,'',1,8,8,1,4,27,'d80b8114f4aab184d5ec04416d3ca35e',0,0,'',0,0,'2023-03-13 15:50:42','2023-03-13 15:50:42',NULL),(366,1,1,0,'',1,8,8,1,4,27,'d80b8114f4aab184d5ec04416d3ca35e',0,0,'',0,0,'2023-03-13 15:51:38','2023-03-13 15:51:38',NULL),(367,1,1,0,'',1,8,8,1,4,27,'d80b8114f4aab184d5ec04416d3ca35e',0,0,'',0,0,'2023-03-13 16:48:02','2023-03-13 16:48:02',NULL),(368,1,1,0,'',1,8,8,1,4,27,'d80b8114f4aab184d5ec04416d3ca35e',0,0,'',0,0,'2023-03-15 19:40:40','2023-03-15 19:40:40',NULL),(369,1,1,0,'',1,8,8,1,4,27,'d80b8114f4aab184d5ec04416d3ca35e',0,0,'',0,0,'2023-03-16 09:56:44','2023-03-16 09:56:44',NULL),(370,1,1,0,'',1,8,8,1,4,27,'d80b8114f4aab184d5ec04416d3ca35e',0,0,'',0,0,'2023-03-16 13:45:12','2023-03-16 13:45:13',NULL),(371,1,1,0,'',1,8,8,1,4,27,'d80b8114f4aab184d5ec04416d3ca35e',0,0,'',0,0,'2023-03-16 14:02:12','2023-03-16 14:02:12',NULL),(372,1,1,0,'',1,8,8,1,4,27,'d80b8114f4aab184d5ec04416d3ca35e',0,0,'',0,0,'2023-03-18 20:16:21','2023-03-18 20:16:21',NULL),(373,1,1,0,'',1,8,8,1,4,27,'d80b8114f4aab184d5ec04416d3ca35e',0,0,'',0,0,'2023-03-19 10:49:37','2023-03-19 10:49:37',NULL),(374,1,1,0,'',1,8,8,1,4,27,'d80b8114f4aab184d5ec04416d3ca35e',0,0,'',0,0,'2023-03-19 10:50:25','2023-03-19 10:50:26',NULL),(375,1,1,0,'',1,8,8,1,4,27,'d80b8114f4aab184d5ec04416d3ca35e',0,0,'',0,0,'2023-03-19 12:51:51','2023-03-19 12:51:51',NULL),(376,1,1,0,'',1,8,8,1,4,27,'d80b8114f4aab184d5ec04416d3ca35e',0,0,'',0,0,'2023-03-20 15:00:48','2023-03-20 15:01:11',NULL),(377,1,1,0,'',1,8,8,1,4,27,'d80b8114f4aab184d5ec04416d3ca35e',0,0,'',0,0,'2023-03-21 14:00:59','2023-03-21 14:00:59',NULL),(378,1,1,0,'',1,8,8,1,4,27,'d80b8114f4aab184d5ec04416d3ca35e',0,0,'',0,0,'2023-03-21 16:05:40','2023-03-21 16:05:40',NULL),(379,1,1,0,'',1,8,8,1,4,27,'d80b8114f4aab184d5ec04416d3ca35e',0,0,'',0,0,'2023-03-21 16:05:43','2023-03-21 16:05:58',NULL),(380,1,1,0,'',1,8,8,1,4,27,'d80b8114f4aab184d5ec04416d3ca35e',0,0,'',0,0,'2023-03-21 16:50:19','2023-03-21 16:50:27',NULL),(381,1,1,0,'',1,8,8,1,4,27,'d80b8114f4aab184d5ec04416d3ca35e',0,0,'',0,0,'2023-03-21 19:40:54','2023-03-21 19:40:55',NULL),(382,1,1,0,'',1,8,8,1,4,27,'d80b8114f4aab184d5ec04416d3ca35e',0,0,'',0,0,'2023-03-23 11:54:02','2023-03-23 11:54:30',NULL),(383,1,1,0,'',1,8,8,1,4,27,'d80b8114f4aab184d5ec04416d3ca35e',0,0,'',0,0,'2023-03-23 11:55:39','2023-03-23 11:55:40',NULL),(384,1,1,0,'',1,8,8,1,4,27,'d80b8114f4aab184d5ec04416d3ca35e',0,0,'',0,0,'2023-03-23 14:33:10','2023-03-23 14:33:11',NULL),(385,1,1,0,'',1,8,8,1,4,27,'d80b8114f4aab184d5ec04416d3ca35e',0,0,'',0,0,'2023-03-23 14:57:12','2023-03-23 14:57:13',NULL),(386,1,1,0,'',1,8,8,1,4,27,'d80b8114f4aab184d5ec04416d3ca35e',0,0,'',0,0,'2023-03-23 16:33:31','2023-03-23 17:51:05',NULL),(387,1,1,0,'',1,8,8,1,4,27,'d80b8114f4aab184d5ec04416d3ca35e',0,0,'',0,0,'2023-03-24 13:04:10','2023-03-24 13:04:10',NULL),(388,1,1,0,'',1,8,8,1,4,27,'d80b8114f4aab184d5ec04416d3ca35e',0,0,'',0,0,'2023-03-24 15:14:21','2023-03-24 15:14:22',NULL),(389,1,1,0,'',1,8,8,1,4,27,'d80b8114f4aab184d5ec04416d3ca35e',0,0,'',0,0,'2023-03-24 19:34:11','2023-03-24 19:34:11',NULL),(390,1,1,0,'',1,8,8,1,4,27,'d80b8114f4aab184d5ec04416d3ca35e',0,0,'',0,0,'2023-03-24 19:35:07','2023-03-24 19:35:08',NULL),(391,1,1,0,'',1,8,8,1,4,27,'d80b8114f4aab184d5ec04416d3ca35e',0,0,'',0,0,'2023-03-24 19:35:08','2023-03-24 19:35:09',NULL),(392,1,1,0,'',1,8,8,1,4,27,'d80b8114f4aab184d5ec04416d3ca35e',0,0,'',0,0,'2023-03-25 10:14:49','2023-03-25 10:14:49',NULL),(393,1,1,0,'',1,8,8,1,4,27,'d80b8114f4aab184d5ec04416d3ca35e',0,0,'',0,0,'2023-03-25 10:32:41','2023-03-25 10:32:41',NULL),(394,1,1,0,'',1,8,8,1,4,27,'d80b8114f4aab184d5ec04416d3ca35e',0,0,'',0,0,'2023-03-25 11:03:19','2023-03-25 11:03:20',NULL),(395,1,1,0,'',1,8,8,1,4,27,'d80b8114f4aab184d5ec04416d3ca35e',0,0,'',0,0,'2023-03-25 11:44:35','2023-03-25 11:44:36',NULL),(396,1,1,0,'',1,8,8,1,4,27,'d80b8114f4aab184d5ec04416d3ca35e',0,0,'',0,0,'2023-03-25 12:20:06','2023-03-25 12:20:07',NULL),(397,1,1,0,'',1,8,8,1,4,27,'d80b8114f4aab184d5ec04416d3ca35e',0,0,'',0,0,'2023-03-25 13:16:30','2023-03-25 13:16:30',NULL),(398,1,1,0,'',1,8,8,1,4,27,'d80b8114f4aab184d5ec04416d3ca35e',0,0,'',0,0,'2023-03-26 16:44:33','2023-03-26 16:44:34',NULL),(399,1,1,0,'',1,8,8,1,4,27,'d80b8114f4aab184d5ec04416d3ca35e',0,0,'',0,0,'2023-03-27 11:02:25','2023-03-27 11:02:25',NULL),(400,1,1,0,'',1,8,8,1,4,27,'d80b8114f4aab184d5ec04416d3ca35e',0,0,'',0,0,'2023-03-27 13:48:29','2023-03-27 13:48:29',NULL),(401,1,1,0,'',1,8,8,1,4,27,'d80b8114f4aab184d5ec04416d3ca35e',0,0,'',0,0,'2023-03-27 18:32:03','2023-03-27 18:32:03',NULL),(402,1,1,0,'',1,8,8,1,4,27,'d80b8114f4aab184d5ec04416d3ca35e',0,0,'',0,0,'2023-03-28 11:54:46','2023-03-28 11:54:46',NULL),(403,1,1,0,'',1,8,8,1,4,27,'d80b8114f4aab184d5ec04416d3ca35e',0,0,'',0,0,'2023-03-28 18:53:30','2023-03-28 18:53:30',NULL),(404,1,1,0,'',1,8,8,1,4,27,'d80b8114f4aab184d5ec04416d3ca35e',0,0,'',0,0,'2023-03-29 14:22:22','2023-03-29 14:22:22',NULL),(405,1,1,0,'',1,8,8,1,4,27,'d80b8114f4aab184d5ec04416d3ca35e',0,0,'',0,0,'2023-03-29 16:09:34','2023-03-29 16:09:34',NULL),(406,1,1,0,'',1,8,8,1,4,27,'d80b8114f4aab184d5ec04416d3ca35e',0,0,'',0,0,'2023-03-30 11:33:20','2023-03-30 11:33:20',NULL),(407,1,1,0,'',1,8,8,1,4,27,'d80b8114f4aab184d5ec04416d3ca35e',0,0,'',0,0,'2023-03-30 11:52:46','2023-03-30 11:52:47',NULL),(408,1,1,0,'',1,8,8,1,4,27,'d80b8114f4aab184d5ec04416d3ca35e',0,0,'',0,0,'2023-03-30 13:22:27','2023-03-30 13:22:28',NULL),(409,1,1,0,'',1,8,8,1,4,27,'d80b8114f4aab184d5ec04416d3ca35e',0,0,'',0,0,'2023-03-30 17:40:42','2023-03-30 17:40:43',NULL),(410,1,1,0,'',1,8,8,1,4,27,'d80b8114f4aab184d5ec04416d3ca35e',0,0,'',0,0,'2023-03-30 18:14:42','2023-03-30 18:14:42',NULL),(411,1,1,0,'',1,8,8,1,4,27,'d80b8114f4aab184d5ec04416d3ca35e',0,0,'',0,0,'2023-03-30 18:35:20','2023-03-30 18:35:21',NULL),(412,1,1,0,'',1,8,8,1,4,27,'d80b8114f4aab184d5ec04416d3ca35e',0,0,'',0,0,'2023-03-31 19:47:18','2023-03-31 19:47:19',NULL),(413,1,1,0,'',1,8,8,1,4,27,'d80b8114f4aab184d5ec04416d3ca35e',0,0,'',0,0,'2023-03-31 19:55:17','2023-03-31 19:55:18',NULL),(414,1,1,0,'',1,8,8,1,4,27,'d80b8114f4aab184d5ec04416d3ca35e',0,0,'',0,0,'2023-04-01 11:07:20','2023-04-01 11:07:20',NULL),(415,1,1,0,'',1,8,8,1,4,27,'d80b8114f4aab184d5ec04416d3ca35e',0,0,'',0,0,'2023-04-01 11:12:28','2023-04-01 11:12:28',NULL),(416,1,1,0,'',1,8,8,1,4,27,'d80b8114f4aab184d5ec04416d3ca35e',0,0,'',0,0,'2023-04-01 11:46:44','2023-04-01 11:46:44',NULL),(417,1,1,0,'',1,8,8,1,4,27,'d80b8114f4aab184d5ec04416d3ca35e',0,0,'',0,0,'2023-04-01 17:22:16','2023-04-01 17:22:16',NULL),(418,1,1,0,'',1,8,8,1,4,27,'d80b8114f4aab184d5ec04416d3ca35e',0,0,'',0,0,'2023-04-02 12:47:03','2023-04-02 12:47:04',NULL),(419,1,1,0,'',1,8,8,1,4,27,'d80b8114f4aab184d5ec04416d3ca35e',0,0,'',0,0,'2023-04-02 13:51:52','2023-04-02 13:51:53',NULL),(420,1,1,0,'',1,8,8,1,4,27,'d80b8114f4aab184d5ec04416d3ca35e',0,0,'',0,0,'2023-04-02 18:14:32','2023-04-02 18:14:32',NULL),(421,1,1,0,'',1,8,8,1,4,27,'d80b8114f4aab184d5ec04416d3ca35e',0,0,'',0,0,'2023-04-04 14:06:48','2023-04-04 14:06:48',NULL),(422,1,1,0,'',1,8,8,1,4,27,'d80b8114f4aab184d5ec04416d3ca35e',0,0,'',0,0,'2023-04-05 12:02:01','2023-04-05 12:02:02',NULL),(423,1,1,0,'',1,8,8,1,4,27,'d80b8114f4aab184d5ec04416d3ca35e',0,0,'',0,0,'2023-04-05 12:29:53','2023-04-05 12:29:53',NULL),(424,1,1,0,'',1,8,8,1,4,27,'d80b8114f4aab184d5ec04416d3ca35e',0,0,'',0,0,'2023-04-05 12:36:50','2023-04-05 12:36:51',NULL),(425,1,1,0,'',1,8,8,1,4,27,'d80b8114f4aab184d5ec04416d3ca35e',0,0,'',0,0,'2023-04-05 14:10:47','2023-04-05 14:10:47',NULL),(426,1,1,0,'',1,8,8,1,4,27,'d80b8114f4aab184d5ec04416d3ca35e',0,0,'',0,0,'2023-04-05 14:38:11','2023-04-05 14:38:12',NULL),(427,1,1,0,'',1,8,8,1,4,27,'d80b8114f4aab184d5ec04416d3ca35e',0,0,'',0,0,'2023-04-05 16:20:35','2023-04-05 16:20:35',NULL),(428,1,1,0,'',1,8,8,1,4,27,'d80b8114f4aab184d5ec04416d3ca35e',0,0,'',0,0,'2023-04-05 17:43:23','2023-04-05 17:43:23',NULL),(429,1,1,0,'',1,8,8,1,4,27,'d80b8114f4aab184d5ec04416d3ca35e',0,0,'',0,0,'2023-04-05 18:18:30','2023-04-05 18:18:30',NULL),(430,1,1,0,'',1,8,8,1,4,27,'d80b8114f4aab184d5ec04416d3ca35e',0,0,'',0,0,'2023-04-06 11:59:56','2023-04-06 11:59:57',NULL),(431,1,1,0,'',1,8,8,1,4,27,'d80b8114f4aab184d5ec04416d3ca35e',0,0,'',0,0,'2023-04-06 13:00:52','2023-04-06 13:00:53',NULL),(432,1,1,0,'',1,8,8,1,4,27,'d80b8114f4aab184d5ec04416d3ca35e',0,0,'',0,0,'2023-04-06 13:02:04','2023-04-06 13:03:50',NULL),(433,1,1,0,'',1,8,8,1,4,27,'d80b8114f4aab184d5ec04416d3ca35e',0,0,'',0,0,'2023-04-06 13:04:53','2023-04-06 13:04:53',NULL),(434,1,1,0,'',1,8,8,1,4,27,'d80b8114f4aab184d5ec04416d3ca35e',0,0,'',0,0,'2023-04-06 18:45:50','2023-04-06 18:45:50',NULL),(435,1,1,0,'',1,8,8,1,4,27,'d80b8114f4aab184d5ec04416d3ca35e',0,0,'',0,0,'2023-04-07 22:38:37','2023-04-08 09:41:11',NULL),(436,1,1,0,'',1,8,8,1,4,27,'d80b8114f4aab184d5ec04416d3ca35e',0,0,'',0,0,'2023-04-08 11:49:56','2023-04-08 11:49:57',NULL),(437,1,1,0,'',1,8,8,1,4,27,'d80b8114f4aab184d5ec04416d3ca35e',0,0,'',0,0,'2023-04-09 13:32:22','2023-04-09 13:32:22',NULL),(438,1,1,0,'',1,8,8,1,4,27,'d80b8114f4aab184d5ec04416d3ca35e',0,0,'',0,0,'2023-04-10 11:47:24','2023-04-10 11:47:25',NULL),(439,1,1,0,'',1,8,8,1,4,27,'d80b8114f4aab184d5ec04416d3ca35e',0,0,'',0,0,'2023-04-11 10:52:55','2023-04-11 10:52:55',NULL),(440,1,1,0,'',1,8,8,1,4,27,'d80b8114f4aab184d5ec04416d3ca35e',0,0,'',0,0,'2023-04-11 15:23:46','2023-04-11 17:01:16',NULL),(441,1,1,0,'',1,8,8,1,4,27,'d80b8114f4aab184d5ec04416d3ca35e',0,0,'',0,0,'2023-04-11 18:50:07','2023-04-11 18:50:07',NULL),(442,1,1,0,'',1,8,8,1,4,27,'d80b8114f4aab184d5ec04416d3ca35e',0,0,'',0,0,'2023-04-12 14:29:12','2023-04-12 14:29:12',NULL),(443,1,1,0,'',1,8,8,1,4,27,'d80b8114f4aab184d5ec04416d3ca35e',0,0,'',0,0,'2023-04-13 08:45:17','2023-04-13 08:45:17',NULL),(444,1,1,0,'',1,8,8,1,4,27,'d80b8114f4aab184d5ec04416d3ca35e',0,0,'',0,0,'2023-04-13 20:46:29','2023-04-13 20:46:30',NULL),(445,1,1,0,'',1,8,8,1,4,27,'d80b8114f4aab184d5ec04416d3ca35e',0,0,'',0,0,'2023-04-14 08:08:49','2023-04-14 09:39:29',NULL),(446,1,1,0,'',1,8,8,1,4,27,'d80b8114f4aab184d5ec04416d3ca35e',0,0,'',0,0,'2023-04-14 10:11:38','2023-04-14 10:11:39',NULL),(447,1,1,0,'',1,8,8,1,4,27,'d80b8114f4aab184d5ec04416d3ca35e',0,0,'',0,0,'2023-04-14 12:23:52','2023-04-14 12:23:52',NULL),(448,1,1,0,'',1,8,8,1,4,27,'d80b8114f4aab184d5ec04416d3ca35e',0,0,'',0,0,'2023-04-14 12:34:20','2023-04-14 12:34:20',NULL),(449,1,1,0,'',1,8,8,1,4,27,'d80b8114f4aab184d5ec04416d3ca35e',0,0,'',0,0,'2023-04-14 14:16:16','2023-04-14 14:16:16',NULL),(450,1,1,0,'',1,8,8,1,4,27,'d80b8114f4aab184d5ec04416d3ca35e',0,0,'',0,0,'2023-04-15 09:12:29','2023-04-15 09:12:29',NULL),(451,1,1,0,'',1,8,8,1,4,27,'d80b8114f4aab184d5ec04416d3ca35e',0,0,'',0,0,'2023-04-15 13:06:18','2023-04-15 13:06:19',NULL),(452,1,1,0,'',1,8,8,1,4,27,'d80b8114f4aab184d5ec04416d3ca35e',0,0,'',0,0,'2023-04-15 17:54:55','2023-04-15 17:54:56',NULL),(453,1,1,0,'',1,8,8,1,4,27,'d80b8114f4aab184d5ec04416d3ca35e',0,0,'',0,0,'2023-04-15 19:38:15','2023-04-15 19:38:15',NULL),(454,1,1,0,'',1,8,8,1,4,27,'d80b8114f4aab184d5ec04416d3ca35e',0,0,'',0,0,'2023-04-17 15:55:25','2023-04-17 15:55:25',NULL),(455,1,1,0,'',1,8,8,1,4,27,'d80b8114f4aab184d5ec04416d3ca35e',0,0,'',0,0,'2023-04-17 16:29:24','2023-04-17 16:29:24',NULL),(456,1,1,0,'',1,8,8,1,4,27,'d80b8114f4aab184d5ec04416d3ca35e',0,0,'',0,0,'2023-04-17 17:09:21','2023-04-17 17:09:21',NULL),(457,1,1,0,'',1,8,8,1,4,27,'d80b8114f4aab184d5ec04416d3ca35e',0,0,'',0,0,'2023-04-18 09:40:35','2023-04-18 09:40:35',NULL),(458,1,1,0,'',1,8,8,1,4,27,'d80b8114f4aab184d5ec04416d3ca35e',0,0,'',0,0,'2023-04-18 11:56:04','2023-04-18 11:56:04',NULL),(459,1,1,0,'',1,8,8,1,4,27,'d80b8114f4aab184d5ec04416d3ca35e',0,0,'',0,0,'2023-04-18 13:12:34','2023-04-18 14:09:51',NULL),(460,1,1,0,'',1,8,8,1,4,27,'d80b8114f4aab184d5ec04416d3ca35e',0,0,'',0,0,'2023-04-18 14:10:45','2023-04-18 14:10:45',NULL),(461,1,1,0,'',1,8,8,1,4,27,'d80b8114f4aab184d5ec04416d3ca35e',0,0,'',0,0,'2023-04-18 16:25:12','2023-04-18 16:25:13',NULL),(462,1,1,0,'',1,8,8,1,4,27,'d80b8114f4aab184d5ec04416d3ca35e',0,0,'',0,0,'2023-04-18 16:26:20','2023-04-18 16:26:21',NULL),(463,1,1,0,'',1,8,8,1,4,27,'d80b8114f4aab184d5ec04416d3ca35e',0,0,'',0,0,'2023-04-18 17:55:36','2023-04-18 17:55:36',NULL),(464,1,1,0,'',1,8,8,1,4,27,'d80b8114f4aab184d5ec04416d3ca35e',0,0,'',0,0,'2023-04-18 18:12:55','2023-04-18 18:12:56',NULL),(465,1,1,0,'',1,8,8,1,4,27,'d80b8114f4aab184d5ec04416d3ca35e',0,0,'',0,0,'2023-04-19 19:30:19','2023-04-19 19:30:19',NULL),(466,1,1,0,'',1,8,8,1,4,27,'d80b8114f4aab184d5ec04416d3ca35e',0,0,'',0,0,'2023-04-19 20:19:26','2023-04-19 20:19:26',NULL),(467,1,1,0,'',1,8,8,1,4,27,'d80b8114f4aab184d5ec04416d3ca35e',0,0,'',0,0,'2023-04-20 10:01:59','2023-04-20 10:02:00',NULL),(468,1,1,0,'',1,8,8,1,4,27,'d80b8114f4aab184d5ec04416d3ca35e',0,0,'',0,0,'2023-04-20 11:32:38','2023-04-20 11:32:38',NULL),(469,1,1,0,'',1,8,8,1,4,27,'d80b8114f4aab184d5ec04416d3ca35e',0,0,'',0,0,'2023-04-20 13:56:24','2023-04-20 13:56:25',NULL),(470,1,1,0,'',1,8,8,1,4,27,'d80b8114f4aab184d5ec04416d3ca35e',0,0,'',0,0,'2023-04-20 13:57:02','2023-04-20 13:57:02',NULL),(471,1,1,0,'',1,8,8,1,4,27,'d80b8114f4aab184d5ec04416d3ca35e',0,0,'',0,0,'2023-04-20 18:50:19','2023-04-20 18:50:20',NULL),(472,1,1,0,'',1,8,8,1,4,27,'d80b8114f4aab184d5ec04416d3ca35e',0,0,'',0,0,'2023-04-21 10:08:24','2023-04-21 10:08:24',NULL),(473,1,1,0,'',1,8,8,1,4,27,'d80b8114f4aab184d5ec04416d3ca35e',0,0,'',0,0,'2023-04-21 14:31:23','2023-04-21 14:31:30',NULL),(474,1,1,0,'',1,8,8,1,4,27,'d80b8114f4aab184d5ec04416d3ca35e',0,0,'',0,0,'2023-04-21 19:21:43','2023-04-21 19:22:12',NULL),(475,1,1,0,'',1,8,8,1,4,27,'d80b8114f4aab184d5ec04416d3ca35e',0,0,'',0,0,'2023-04-21 19:23:43','2023-04-21 19:23:43',NULL),(476,1,1,0,'',1,8,8,1,4,27,'d80b8114f4aab184d5ec04416d3ca35e',0,0,'',0,0,'2023-04-21 19:24:03','2023-04-21 19:24:03',NULL),(477,1,1,0,'',1,8,8,1,4,27,'d80b8114f4aab184d5ec04416d3ca35e',0,0,'',0,0,'2023-04-21 19:24:13','2023-04-21 19:24:13',NULL),(478,1,1,0,'',1,8,8,1,4,27,'d80b8114f4aab184d5ec04416d3ca35e',0,0,'',0,0,'2023-04-21 19:24:14','2023-04-21 19:24:18',NULL),(479,1,1,0,'',1,8,8,1,4,27,'d80b8114f4aab184d5ec04416d3ca35e',0,0,'',0,0,'2023-04-22 14:01:42','2023-04-22 14:01:42',NULL),(480,1,1,0,'',1,8,8,1,4,27,'d80b8114f4aab184d5ec04416d3ca35e',0,0,'',0,0,'2023-04-22 14:01:47','2023-04-22 14:02:10',NULL),(481,1,1,0,'',1,8,8,1,4,27,'d80b8114f4aab184d5ec04416d3ca35e',0,0,'',0,0,'2023-04-22 14:06:27','2023-04-22 14:06:28',NULL),(482,1,1,0,'',1,8,8,1,4,27,'d80b8114f4aab184d5ec04416d3ca35e',0,0,'',0,0,'2023-04-22 17:44:19','2023-04-22 17:44:20',NULL),(483,1,1,0,'',1,8,8,1,4,27,'d80b8114f4aab184d5ec04416d3ca35e',0,0,'',0,0,'2023-04-23 17:07:38','2023-04-23 17:07:38',NULL),(484,1,1,0,'',1,8,8,1,4,27,'d80b8114f4aab184d5ec04416d3ca35e',0,0,'',0,0,'2023-04-24 20:24:38','2023-04-24 20:24:39',NULL),(485,1,1,0,'',1,8,8,1,4,27,'d80b8114f4aab184d5ec04416d3ca35e',0,0,'',0,0,'2023-04-24 20:58:25','2023-04-25 09:04:56',NULL),(486,1,1,0,'',1,8,8,1,4,27,'d80b8114f4aab184d5ec04416d3ca35e',0,0,'',0,0,'2023-04-25 09:48:19','2023-04-25 09:48:19',NULL),(487,1,1,0,'',1,8,8,1,4,27,'d80b8114f4aab184d5ec04416d3ca35e',0,0,'',0,0,'2023-04-25 16:13:18','2023-04-25 16:13:19',NULL),(488,1,1,0,'',1,8,8,1,4,27,'d80b8114f4aab184d5ec04416d3ca35e',0,0,'',0,0,'2023-04-25 18:42:52','2023-04-25 18:42:53',NULL),(489,1,1,0,'',1,8,8,1,4,27,'d80b8114f4aab184d5ec04416d3ca35e',0,0,'',0,0,'2023-04-25 21:06:49','2023-04-25 21:06:49',NULL),(490,1,1,0,'',1,8,8,1,4,27,'d80b8114f4aab184d5ec04416d3ca35e',0,0,'',0,0,'2023-04-26 12:00:54','2023-04-26 12:00:56',NULL),(491,1,1,0,'',1,8,8,1,4,27,'d80b8114f4aab184d5ec04416d3ca35e',0,0,'',0,0,'2023-04-26 12:01:48','2023-04-26 12:01:48',NULL),(492,1,1,0,'',1,8,8,1,4,27,'d80b8114f4aab184d5ec04416d3ca35e',0,0,'',0,0,'2023-04-26 12:06:07','2023-04-26 12:06:07',NULL),(493,1,1,0,'',1,8,8,1,4,27,'d80b8114f4aab184d5ec04416d3ca35e',0,0,'',0,0,'2023-04-26 12:42:47','2023-04-26 12:42:48',NULL),(494,1,1,0,'',1,8,8,1,4,27,'d80b8114f4aab184d5ec04416d3ca35e',0,0,'',0,0,'2023-04-26 17:44:39','2023-04-26 17:44:39',NULL),(495,1,1,0,'',1,8,8,1,4,27,'d80b8114f4aab184d5ec04416d3ca35e',0,0,'',0,0,'2023-04-27 09:25:31','2023-04-27 09:25:32',NULL),(496,1,1,0,'',1,8,8,1,4,27,'d80b8114f4aab184d5ec04416d3ca35e',0,0,'',0,0,'2023-04-27 10:26:09','2023-04-27 10:26:09',NULL),(497,1,1,0,'',1,8,8,1,4,27,'d80b8114f4aab184d5ec04416d3ca35e',0,0,'',0,0,'2023-04-27 17:24:37','2023-04-27 17:24:37',NULL),(498,1,1,0,'',1,8,8,1,4,27,'d80b8114f4aab184d5ec04416d3ca35e',0,0,'',0,0,'2023-04-27 19:50:16','2023-04-27 19:50:17',NULL),(499,1,1,0,'',1,8,8,1,4,27,'d80b8114f4aab184d5ec04416d3ca35e',0,0,'',0,0,'2023-04-28 13:38:00','2023-04-28 13:38:01',NULL),(500,1,1,0,'',1,8,8,1,4,27,'d80b8114f4aab184d5ec04416d3ca35e',0,0,'',0,0,'2023-04-28 13:44:00','2023-04-28 14:50:36',NULL),(501,1,1,0,'',1,8,8,1,4,27,'d80b8114f4aab184d5ec04416d3ca35e',0,0,'',0,0,'2023-04-28 16:58:25','2023-04-28 16:58:25',NULL),(502,1,1,0,'',1,8,8,1,4,27,'d80b8114f4aab184d5ec04416d3ca35e',0,0,'',0,0,'2023-04-29 17:14:41','2023-04-29 17:14:41',NULL),(503,1,1,0,'',1,8,8,1,4,27,'d80b8114f4aab184d5ec04416d3ca35e',0,0,'',0,0,'2023-04-29 18:47:05','2023-04-29 18:47:05',NULL),(504,1,1,0,'',1,8,8,1,4,27,'d80b8114f4aab184d5ec04416d3ca35e',0,0,'',0,0,'2023-04-29 18:47:57','2023-04-29 18:47:58',NULL),(505,1,1,0,'',1,8,8,1,4,27,'d80b8114f4aab184d5ec04416d3ca35e',0,0,'',0,0,'2023-04-29 20:38:21','2023-04-29 20:38:21',NULL),(506,1,1,0,'',1,8,8,1,4,27,'d80b8114f4aab184d5ec04416d3ca35e',0,0,'',0,0,'2023-05-01 12:07:19','2023-05-01 12:07:19',NULL),(507,1,1,0,'',1,8,8,1,4,27,'d80b8114f4aab184d5ec04416d3ca35e',0,0,'',0,0,'2023-05-01 12:16:45','2023-05-01 12:16:46',NULL),(508,1,1,0,'',1,8,8,1,4,27,'d80b8114f4aab184d5ec04416d3ca35e',0,0,'',0,0,'2023-05-02 09:04:04','2023-05-02 09:05:15',NULL),(509,1,1,0,'',1,8,8,1,4,27,'d80b8114f4aab184d5ec04416d3ca35e',0,0,'',0,0,'2023-05-02 12:23:30','2023-05-02 12:23:30',NULL),(510,1,1,0,'',1,8,8,1,4,27,'d80b8114f4aab184d5ec04416d3ca35e',0,0,'',0,0,'2023-05-02 13:43:00','2023-05-02 13:43:01',NULL),(511,1,1,0,'',1,8,8,1,4,27,'d80b8114f4aab184d5ec04416d3ca35e',0,0,'',0,0,'2023-05-02 13:44:25','2023-05-02 13:44:25',NULL),(512,1,1,0,'',1,8,8,1,4,27,'d80b8114f4aab184d5ec04416d3ca35e',0,0,'',0,0,'2023-05-02 16:41:26','2023-05-02 16:41:26',NULL),(513,1,1,0,'',1,8,8,1,4,27,'d80b8114f4aab184d5ec04416d3ca35e',0,0,'',0,0,'2023-05-02 17:47:19','2023-05-02 17:47:19',NULL),(514,1,1,0,'',1,8,8,1,4,27,'d80b8114f4aab184d5ec04416d3ca35e',0,0,'',0,0,'2023-05-02 20:30:46','2023-05-02 20:30:47',NULL),(515,1,1,0,'',1,8,8,1,4,27,'d80b8114f4aab184d5ec04416d3ca35e',0,0,'',0,0,'2023-05-03 11:36:29','2023-05-03 11:36:30',NULL),(516,1,1,0,'',1,8,8,1,4,27,'d80b8114f4aab184d5ec04416d3ca35e',0,0,'',0,0,'2023-05-03 12:29:43','2023-05-03 12:29:44',NULL),(517,1,1,0,'',1,8,8,1,4,27,'d80b8114f4aab184d5ec04416d3ca35e',0,0,'',0,0,'2023-05-03 13:17:03','2023-05-03 13:17:04',NULL),(518,1,1,0,'',1,8,8,1,4,27,'d80b8114f4aab184d5ec04416d3ca35e',0,0,'',0,0,'2023-05-03 17:38:01','2023-05-03 17:38:01',NULL),(519,1,1,0,'',1,8,8,1,4,27,'d80b8114f4aab184d5ec04416d3ca35e',0,0,'',0,0,'2023-05-03 19:24:10','2023-05-03 19:24:10',NULL),(520,1,1,0,'',1,8,8,1,4,27,'d80b8114f4aab184d5ec04416d3ca35e',0,0,'',0,0,'2023-05-04 13:24:19','2023-05-04 13:24:19',NULL),(521,1,1,0,'',1,8,8,1,4,27,'d80b8114f4aab184d5ec04416d3ca35e',0,0,'',0,0,'2023-05-04 16:29:52','2023-05-04 16:29:52',NULL),(522,1,1,0,'',1,8,8,1,4,27,'d80b8114f4aab184d5ec04416d3ca35e',0,0,'',0,0,'2023-05-04 16:37:49','2023-05-04 16:37:50',NULL),(523,1,1,0,'',1,8,8,1,4,27,'d80b8114f4aab184d5ec04416d3ca35e',0,0,'',0,0,'2023-05-04 18:32:19','2023-05-04 18:32:19',NULL),(524,1,1,0,'',1,8,8,1,4,27,'d80b8114f4aab184d5ec04416d3ca35e',0,0,'',0,0,'2023-05-04 18:33:45','2023-05-04 18:33:45',NULL),(525,1,1,0,'',1,8,8,1,4,27,'d80b8114f4aab184d5ec04416d3ca35e',0,0,'',0,0,'2023-05-05 13:05:33','2023-05-05 13:05:33',NULL),(526,1,1,0,'',1,8,8,1,4,27,'d80b8114f4aab184d5ec04416d3ca35e',0,0,'',0,0,'2023-05-05 14:07:03','2023-05-05 14:07:03',NULL),(527,1,1,0,'',1,8,8,1,4,27,'d80b8114f4aab184d5ec04416d3ca35e',0,0,'',0,0,'2023-05-05 18:45:31','2023-05-05 18:45:32',NULL),(528,1,1,0,'',1,8,8,1,4,27,'d80b8114f4aab184d5ec04416d3ca35e',0,0,'',0,0,'2023-05-05 19:44:43','2023-05-05 21:40:01',NULL),(529,1,1,0,'',1,8,8,1,4,27,'d80b8114f4aab184d5ec04416d3ca35e',0,0,'',0,0,'2023-05-06 19:02:03','2023-05-06 19:02:03',NULL),(530,1,1,0,'',1,8,8,1,4,27,'d80b8114f4aab184d5ec04416d3ca35e',0,0,'',0,0,'2023-05-07 09:18:52','2023-05-07 09:18:53',NULL),(531,1,1,0,'',1,8,8,1,4,27,'d80b8114f4aab184d5ec04416d3ca35e',0,0,'',0,0,'2023-05-07 10:48:49','2023-05-07 10:49:51',NULL),(532,1,1,0,'',1,8,8,1,4,27,'d80b8114f4aab184d5ec04416d3ca35e',0,0,'',0,0,'2023-05-07 14:13:52','2023-05-07 14:13:53',NULL),(533,1,1,0,'',1,8,8,1,4,27,'d80b8114f4aab184d5ec04416d3ca35e',0,0,'',0,0,'2023-05-07 14:47:14','2023-05-07 14:47:14',NULL),(534,1,1,0,'',1,8,8,1,4,27,'d80b8114f4aab184d5ec04416d3ca35e',0,0,'',0,0,'2023-05-08 11:02:12','2023-05-08 11:02:13',NULL),(535,1,1,0,'',1,8,8,1,4,27,'d80b8114f4aab184d5ec04416d3ca35e',0,0,'',0,0,'2023-05-08 13:27:46','2023-05-08 13:27:47',NULL),(536,1,1,0,'',1,8,8,1,4,27,'d80b8114f4aab184d5ec04416d3ca35e',0,0,'',0,0,'2023-05-08 16:24:05','2023-05-08 16:24:05',NULL),(537,1,1,0,'',1,8,8,1,4,27,'d80b8114f4aab184d5ec04416d3ca35e',0,0,'',0,0,'2023-05-08 16:54:50','2023-05-08 16:54:50',NULL),(538,1,1,0,'',1,8,8,1,4,27,'d80b8114f4aab184d5ec04416d3ca35e',0,0,'',0,0,'2023-05-09 08:30:54','2023-05-09 08:30:54',NULL),(539,1,1,0,'',1,8,8,1,4,27,'d80b8114f4aab184d5ec04416d3ca35e',0,0,'',0,0,'2023-05-09 08:32:16','2023-05-09 08:32:17',NULL),(540,1,1,0,'',1,8,8,1,4,27,'d80b8114f4aab184d5ec04416d3ca35e',0,0,'',0,0,'2023-05-09 10:39:38','2023-05-09 10:39:38',NULL),(541,1,1,0,'',1,8,8,1,4,27,'d80b8114f4aab184d5ec04416d3ca35e',0,0,'',0,0,'2023-05-09 15:11:55','2023-05-09 15:11:55',NULL),(542,1,1,0,'',1,8,8,1,4,27,'d80b8114f4aab184d5ec04416d3ca35e',0,0,'',0,0,'2023-05-09 19:40:36','2023-05-09 19:40:36',NULL),(543,1,1,0,'',1,8,8,1,4,27,'d80b8114f4aab184d5ec04416d3ca35e',0,0,'',0,0,'2023-05-09 20:30:42','2023-05-10 15:00:30',NULL),(544,1,1,0,'',1,8,8,1,4,27,'d80b8114f4aab184d5ec04416d3ca35e',0,0,'',0,0,'2023-05-11 19:29:05','2023-05-11 19:29:05',NULL),(545,1,1,0,'',1,8,8,1,4,27,'d80b8114f4aab184d5ec04416d3ca35e',0,0,'',0,0,'2023-05-12 14:01:59','2023-05-12 14:02:00',NULL),(546,1,1,0,'',1,8,8,1,4,27,'d80b8114f4aab184d5ec04416d3ca35e',0,0,'',0,0,'2023-05-12 15:30:23','2023-05-12 15:30:24',NULL),(547,1,1,0,'',1,8,8,1,4,27,'d80b8114f4aab184d5ec04416d3ca35e',0,0,'',0,0,'2023-05-12 15:57:46','2023-05-12 15:57:47',NULL),(548,1,1,0,'',1,8,8,1,4,27,'d80b8114f4aab184d5ec04416d3ca35e',0,0,'',0,0,'2023-05-12 15:59:03','2023-05-12 15:59:03',NULL),(549,1,1,0,'',1,8,8,1,4,27,'d80b8114f4aab184d5ec04416d3ca35e',0,0,'',0,0,'2023-05-12 17:56:34','2023-05-12 17:56:35',NULL),(550,1,1,0,'',1,8,8,1,4,27,'d80b8114f4aab184d5ec04416d3ca35e',0,0,'',0,0,'2023-05-12 17:57:54','2023-05-12 17:57:54',NULL),(551,1,1,0,'',1,8,8,1,4,27,'d80b8114f4aab184d5ec04416d3ca35e',0,0,'',0,0,'2023-05-12 18:46:02','2023-05-12 19:48:46',NULL),(552,1,1,0,'',1,8,8,1,4,27,'d80b8114f4aab184d5ec04416d3ca35e',0,0,'',0,0,'2023-05-12 20:26:27','2023-05-12 20:26:27',NULL),(553,1,1,0,'',1,8,8,1,4,27,'d80b8114f4aab184d5ec04416d3ca35e',0,0,'',0,0,'2023-05-13 11:30:40','2023-05-13 11:30:40',NULL),(554,1,1,0,'',1,8,8,1,4,27,'d80b8114f4aab184d5ec04416d3ca35e',0,0,'',0,0,'2023-05-13 14:50:30','2023-05-13 14:50:30',NULL),(555,1,1,0,'',1,8,8,1,4,27,'d80b8114f4aab184d5ec04416d3ca35e',0,0,'',0,0,'2023-05-13 15:43:28','2023-05-13 15:43:28',NULL),(556,1,1,0,'',1,8,8,1,4,27,'d80b8114f4aab184d5ec04416d3ca35e',0,0,'',0,0,'2023-05-13 15:49:41','2023-05-13 15:49:42',NULL),(557,1,1,0,'',1,8,8,1,4,27,'d80b8114f4aab184d5ec04416d3ca35e',0,0,'',0,0,'2023-05-13 16:49:20','2023-05-13 16:49:20',NULL),(558,1,1,0,'',1,8,8,1,4,27,'d80b8114f4aab184d5ec04416d3ca35e',0,0,'',0,0,'2023-05-13 21:17:29','2023-05-13 21:17:29',NULL),(559,1,1,0,'',1,8,8,1,4,27,'d80b8114f4aab184d5ec04416d3ca35e',0,0,'',0,0,'2023-05-14 09:20:23','2023-05-14 09:20:24',NULL),(560,1,1,0,'',1,8,8,1,4,27,'d80b8114f4aab184d5ec04416d3ca35e',0,0,'',0,0,'2023-05-15 09:30:13','2023-05-15 09:30:13',NULL),(561,1,1,0,'',1,8,8,1,4,27,'d80b8114f4aab184d5ec04416d3ca35e',0,0,'',0,0,'2023-05-15 09:30:52','2023-05-15 09:30:52',NULL),(562,1,1,0,'',1,8,8,1,4,27,'d80b8114f4aab184d5ec04416d3ca35e',0,0,'',0,0,'2023-05-15 09:31:56','2023-05-15 09:34:05',NULL),(563,1,1,0,'',1,8,8,1,4,27,'d80b8114f4aab184d5ec04416d3ca35e',0,0,'',0,0,'2023-05-15 09:38:06','2023-05-15 09:38:06',NULL),(564,1,1,0,'',1,8,8,1,4,27,'d80b8114f4aab184d5ec04416d3ca35e',0,0,'',0,0,'2023-05-15 10:04:29','2023-05-15 11:30:59',NULL),(565,1,1,0,'',1,8,8,1,4,27,'d80b8114f4aab184d5ec04416d3ca35e',0,0,'',0,0,'2023-05-15 11:36:58','2023-05-15 11:36:59',NULL),(566,1,1,0,'',1,8,8,1,4,27,'d80b8114f4aab184d5ec04416d3ca35e',0,0,'',0,0,'2023-05-15 13:34:36','2023-05-15 13:34:36',NULL),(567,1,1,0,'',1,8,8,1,4,27,'d80b8114f4aab184d5ec04416d3ca35e',0,0,'',0,0,'2023-05-15 13:45:10','2023-05-15 14:57:53',NULL),(568,1,1,0,'',1,8,8,1,4,27,'d80b8114f4aab184d5ec04416d3ca35e',0,0,'',0,0,'2023-05-15 18:11:27','2023-05-15 18:11:28',NULL),(569,1,1,0,'',1,8,8,1,4,27,'d80b8114f4aab184d5ec04416d3ca35e',0,0,'',0,0,'2023-05-17 08:48:16','2023-05-17 11:19:03',NULL),(570,1,1,0,'',1,8,8,1,4,27,'d80b8114f4aab184d5ec04416d3ca35e',0,0,'',0,0,'2023-05-17 15:14:54','2023-05-17 15:14:54',NULL),(571,1,1,0,'',1,8,8,1,4,27,'d80b8114f4aab184d5ec04416d3ca35e',0,0,'',0,0,'2023-05-17 17:04:31','2023-05-18 10:07:59',NULL),(572,1,1,0,'',1,8,8,1,4,27,'d80b8114f4aab184d5ec04416d3ca35e',0,0,'',0,0,'2023-05-18 10:09:20','2023-05-18 10:09:21',NULL),(573,1,1,0,'',1,8,8,1,4,27,'d80b8114f4aab184d5ec04416d3ca35e',0,0,'',0,0,'2023-05-18 10:11:08','2023-05-18 10:11:08',NULL),(574,1,1,0,'',1,8,8,1,4,27,'d80b8114f4aab184d5ec04416d3ca35e',0,0,'',0,0,'2023-05-18 12:37:32','2023-05-18 16:07:50',NULL),(575,1,1,0,'',1,8,8,1,4,27,'d80b8114f4aab184d5ec04416d3ca35e',0,0,'',0,0,'2023-05-19 12:00:17','2023-05-19 12:00:18',NULL),(576,1,1,0,'',1,8,8,1,4,27,'d80b8114f4aab184d5ec04416d3ca35e',0,0,'',0,0,'2023-05-19 12:13:14','2023-05-19 12:18:10',NULL),(577,1,1,0,'',1,8,8,1,4,27,'d80b8114f4aab184d5ec04416d3ca35e',0,0,'',0,0,'2023-05-19 14:11:14','2023-05-19 14:11:15',NULL),(578,1,1,0,'',1,8,8,1,4,27,'d80b8114f4aab184d5ec04416d3ca35e',0,0,'',0,0,'2023-05-19 14:42:41','2023-05-19 14:42:42',NULL),(579,1,1,0,'',1,8,8,1,4,27,'d80b8114f4aab184d5ec04416d3ca35e',0,0,'',0,0,'2023-05-19 14:44:00','2023-05-19 14:44:01',NULL),(580,1,1,0,'',1,8,8,1,4,27,'d80b8114f4aab184d5ec04416d3ca35e',0,0,'',0,0,'2023-05-19 15:13:12','2023-05-19 15:13:13',NULL),(581,1,1,0,'',1,8,8,1,4,27,'d80b8114f4aab184d5ec04416d3ca35e',0,0,'',0,0,'2023-05-19 15:13:12','2023-05-19 15:13:13',NULL),(582,1,1,0,'',1,8,8,1,4,27,'d80b8114f4aab184d5ec04416d3ca35e',0,0,'',0,0,'2023-05-20 19:56:04','2023-05-20 19:56:04',NULL),(583,1,1,0,'',1,8,8,1,4,27,'d80b8114f4aab184d5ec04416d3ca35e',0,0,'',0,0,'2023-05-21 10:34:46','2023-05-21 10:34:46',NULL),(584,1,1,0,'',1,8,8,1,4,27,'d80b8114f4aab184d5ec04416d3ca35e',0,0,'',0,0,'2023-05-21 11:37:50','2023-05-21 11:37:50',NULL),(585,1,1,0,'',1,8,8,1,4,27,'d80b8114f4aab184d5ec04416d3ca35e',0,0,'',0,0,'2023-05-21 13:49:19','2023-05-21 13:49:20',NULL),(586,1,1,0,'',1,8,8,1,4,27,'d80b8114f4aab184d5ec04416d3ca35e',0,0,'',0,0,'2023-05-22 10:50:11','2023-05-22 10:50:11',NULL),(587,1,1,0,'',1,8,8,1,4,27,'d80b8114f4aab184d5ec04416d3ca35e',0,0,'',0,0,'2023-05-22 10:58:38','2023-05-22 10:58:38',NULL),(588,1,1,0,'',1,8,8,1,4,27,'d80b8114f4aab184d5ec04416d3ca35e',0,0,'',0,0,'2023-05-22 13:08:24','2023-05-22 13:08:24',NULL),(589,1,1,0,'',1,8,8,1,4,27,'d80b8114f4aab184d5ec04416d3ca35e',0,0,'',0,0,'2023-05-22 13:13:37','2023-05-22 13:13:37',NULL),(590,1,1,0,'',1,8,8,1,4,27,'d80b8114f4aab184d5ec04416d3ca35e',0,0,'',0,0,'2023-05-22 16:16:19','2023-05-22 16:16:19',NULL),(591,1,1,0,'',1,8,8,1,4,27,'d80b8114f4aab184d5ec04416d3ca35e',0,0,'',0,0,'2023-05-22 19:41:38','2023-05-22 19:41:39',NULL),(592,1,1,0,'',1,8,8,1,4,27,'d80b8114f4aab184d5ec04416d3ca35e',0,0,'',0,0,'2023-05-23 13:59:13','2023-05-23 13:59:13',NULL),(593,1,1,0,'',1,8,8,1,4,27,'d80b8114f4aab184d5ec04416d3ca35e',0,0,'',0,0,'2023-05-23 15:55:22','2023-05-23 15:55:23',NULL),(594,1,1,0,'',1,8,8,1,4,27,'d80b8114f4aab184d5ec04416d3ca35e',0,0,'',0,0,'2023-05-23 16:00:48','2023-05-23 16:00:48',NULL),(595,1,1,0,'',1,8,8,1,4,27,'d80b8114f4aab184d5ec04416d3ca35e',0,0,'',0,0,'2023-05-23 16:15:34','2023-05-23 16:15:34',NULL),(596,1,1,0,'',1,8,8,1,4,27,'d80b8114f4aab184d5ec04416d3ca35e',0,0,'',0,0,'2023-05-24 18:19:15','2023-05-24 18:19:16',NULL),(597,1,1,0,'',1,8,8,1,4,27,'d80b8114f4aab184d5ec04416d3ca35e',0,0,'',0,0,'2023-05-24 18:19:16','2023-05-24 18:19:16',NULL),(598,1,1,0,'',1,8,8,1,4,27,'d80b8114f4aab184d5ec04416d3ca35e',0,0,'',0,0,'2023-05-25 14:36:05','2023-05-25 14:36:06',NULL),(599,1,1,0,'',1,8,8,1,4,27,'d80b8114f4aab184d5ec04416d3ca35e',0,0,'',0,0,'2023-05-25 17:41:41','2023-05-25 17:46:33',NULL),(600,1,1,0,'',1,8,8,1,4,27,'d80b8114f4aab184d5ec04416d3ca35e',0,0,'',0,0,'2023-05-25 18:10:43','2023-05-25 18:10:44',NULL),(601,1,1,0,'',1,8,8,1,4,27,'d80b8114f4aab184d5ec04416d3ca35e',0,0,'',0,0,'2023-05-25 18:15:54','2023-05-25 18:15:55',NULL),(602,1,1,0,'',1,8,8,1,4,27,'d80b8114f4aab184d5ec04416d3ca35e',0,0,'',0,0,'2023-05-25 18:28:08','2023-05-25 18:28:09',NULL),(603,1,1,0,'',1,8,8,1,4,27,'d80b8114f4aab184d5ec04416d3ca35e',0,0,'',0,0,'2023-05-25 19:09:57','2023-05-25 19:09:58',NULL),(604,1,1,0,'',1,8,8,1,4,27,'d80b8114f4aab184d5ec04416d3ca35e',0,0,'',0,0,'2023-05-26 15:53:29','2023-05-26 15:53:29',NULL),(605,1,1,0,'',1,8,8,1,4,27,'d80b8114f4aab184d5ec04416d3ca35e',0,0,'',0,0,'2023-05-26 17:02:51','2023-05-26 17:02:51',NULL),(606,1,1,0,'',1,8,8,1,4,27,'d80b8114f4aab184d5ec04416d3ca35e',0,0,'',0,0,'2023-05-26 20:19:50','2023-05-26 20:19:51',NULL),(607,1,1,0,'',1,8,8,1,4,27,'d80b8114f4aab184d5ec04416d3ca35e',0,0,'',0,0,'2023-05-27 11:30:25','2023-05-27 11:30:26',NULL),(608,1,1,0,'',1,8,8,1,4,27,'d80b8114f4aab184d5ec04416d3ca35e',0,0,'',0,0,'2023-05-27 11:31:37','2023-05-27 11:31:37',NULL),(609,1,1,0,'',1,8,8,1,4,27,'d80b8114f4aab184d5ec04416d3ca35e',0,0,'',0,0,'2023-05-27 17:26:16','2023-05-27 17:26:16',NULL),(610,1,1,0,'',1,8,8,1,4,27,'d80b8114f4aab184d5ec04416d3ca35e',0,0,'',0,0,'2023-05-27 17:34:09','2023-05-27 17:34:09',NULL),(611,1,1,0,'',1,8,8,1,4,27,'d80b8114f4aab184d5ec04416d3ca35e',0,0,'',0,0,'2023-05-29 12:15:56','2023-05-29 12:15:56',NULL),(612,1,1,0,'',1,8,8,1,4,27,'d80b8114f4aab184d5ec04416d3ca35e',0,0,'',0,0,'2023-05-29 15:06:01','2023-05-29 15:06:01',NULL),(613,1,1,0,'',1,8,8,1,4,27,'d80b8114f4aab184d5ec04416d3ca35e',0,0,'',0,0,'2023-05-29 19:39:14','2023-05-29 19:39:14',NULL),(614,1,1,0,'',1,8,8,1,4,27,'d80b8114f4aab184d5ec04416d3ca35e',0,0,'',0,0,'2023-05-30 15:58:53','2023-05-30 15:58:54',NULL),(615,1,1,0,'',1,8,8,1,4,27,'d80b8114f4aab184d5ec04416d3ca35e',0,0,'',0,0,'2023-05-30 17:59:03','2023-05-30 17:59:03',NULL),(616,1,1,0,'',1,8,8,1,4,27,'d80b8114f4aab184d5ec04416d3ca35e',0,0,'',0,0,'2023-05-31 10:56:27','2023-05-31 12:47:18',NULL),(617,1,1,0,'',1,8,8,1,4,27,'d80b8114f4aab184d5ec04416d3ca35e',0,0,'',0,0,'2023-05-31 14:33:14','2023-05-31 14:33:15',NULL),(618,1,1,0,'',1,8,8,1,4,27,'d80b8114f4aab184d5ec04416d3ca35e',0,0,'',0,0,'2023-05-31 14:35:26','2023-05-31 14:35:27',NULL),(619,1,1,0,'',1,8,8,1,4,27,'d80b8114f4aab184d5ec04416d3ca35e',0,0,'',0,0,'2023-05-31 14:39:59','2023-05-31 14:45:09',NULL),(620,1,1,0,'',1,8,8,1,4,27,'d80b8114f4aab184d5ec04416d3ca35e',0,0,'',0,0,'2023-05-31 14:45:55','2023-05-31 14:45:55',NULL),(621,1,1,0,'',1,8,8,1,4,27,'d80b8114f4aab184d5ec04416d3ca35e',0,0,'',0,0,'2023-05-31 14:48:00','2023-05-31 14:48:00',NULL),(622,1,1,0,'',1,8,8,1,4,27,'d80b8114f4aab184d5ec04416d3ca35e',0,0,'',0,0,'2023-05-31 14:49:55','2023-05-31 14:50:22',NULL),(623,1,1,0,'',1,8,8,1,4,27,'d80b8114f4aab184d5ec04416d3ca35e',0,0,'',0,0,'2023-05-31 14:55:24','2023-05-31 14:55:25',NULL),(624,1,1,0,'',1,8,8,1,4,27,'d80b8114f4aab184d5ec04416d3ca35e',0,0,'',0,0,'2023-05-31 14:57:54','2023-05-31 14:58:04',NULL),(625,1,1,0,'',1,8,8,1,4,27,'d80b8114f4aab184d5ec04416d3ca35e',0,0,'',0,0,'2023-05-31 14:59:48','2023-05-31 14:59:49',NULL),(626,1,1,0,'',1,8,8,1,4,27,'d80b8114f4aab184d5ec04416d3ca35e',0,0,'',0,0,'2023-05-31 15:01:56','2023-05-31 15:01:56',NULL),(627,1,1,0,'',1,8,8,1,4,27,'d80b8114f4aab184d5ec04416d3ca35e',0,0,'',0,0,'2023-05-31 15:04:58','2023-05-31 15:04:59',NULL),(628,1,1,0,'',1,8,8,1,4,27,'d80b8114f4aab184d5ec04416d3ca35e',0,0,'',0,0,'2023-05-31 15:06:29','2023-05-31 15:06:30',NULL),(629,1,1,0,'',1,8,8,1,4,27,'d80b8114f4aab184d5ec04416d3ca35e',0,0,'',0,0,'2023-05-31 15:07:57','2023-05-31 15:07:58',NULL),(630,1,1,0,'',1,8,8,1,4,27,'d80b8114f4aab184d5ec04416d3ca35e',0,0,'',0,0,'2023-05-31 18:04:18','2023-05-31 18:04:19',NULL),(631,1,1,0,'',1,8,8,1,4,27,'d80b8114f4aab184d5ec04416d3ca35e',0,0,'',0,0,'2023-05-31 18:05:11','2023-05-31 18:05:11',NULL),(632,1,1,0,'',1,8,8,1,4,27,'d80b8114f4aab184d5ec04416d3ca35e',0,0,'',0,0,'2023-05-31 18:06:17','2023-05-31 18:06:18',NULL),(633,1,1,0,'',1,8,8,1,4,27,'d80b8114f4aab184d5ec04416d3ca35e',0,0,'',0,0,'2023-06-01 11:25:34','2023-06-01 11:25:57',NULL),(634,1,1,0,'',1,8,8,1,4,27,'d80b8114f4aab184d5ec04416d3ca35e',0,0,'',0,0,'2023-06-01 19:19:01','2023-06-01 19:19:01',NULL),(635,1,1,0,'',1,8,8,1,4,27,'d80b8114f4aab184d5ec04416d3ca35e',0,0,'',0,0,'2023-06-01 21:34:32','2023-06-01 21:34:33',NULL),(636,1,1,0,'',1,8,8,1,4,27,'d80b8114f4aab184d5ec04416d3ca35e',0,0,'',0,0,'2023-06-02 11:51:42','2023-06-02 11:51:43',NULL),(637,1,1,0,'',1,8,8,1,4,27,'d80b8114f4aab184d5ec04416d3ca35e',0,0,'',0,0,'2023-06-02 19:58:47','2023-06-02 19:58:48',NULL),(638,1,1,0,'',1,8,8,1,4,27,'d80b8114f4aab184d5ec04416d3ca35e',0,0,'',0,0,'2023-06-02 20:00:09','2023-06-02 20:00:09',NULL),(639,1,1,0,'',1,8,8,1,4,27,'d80b8114f4aab184d5ec04416d3ca35e',0,0,'',0,0,'2023-06-05 11:36:50','2023-06-05 11:36:51',NULL),(640,1,1,0,'',1,8,8,1,4,27,'d80b8114f4aab184d5ec04416d3ca35e',0,0,'',0,0,'2023-06-05 12:09:35','2023-06-05 12:09:35',NULL),(641,1,1,0,'',1,8,8,1,4,27,'d80b8114f4aab184d5ec04416d3ca35e',0,0,'',0,0,'2023-06-05 12:10:20','2023-06-05 12:10:20',NULL),(642,1,1,0,'',1,8,8,1,4,27,'d80b8114f4aab184d5ec04416d3ca35e',0,0,'',0,0,'2023-06-05 12:57:52','2023-06-05 12:57:52',NULL),(643,1,1,0,'',1,8,8,1,4,27,'d80b8114f4aab184d5ec04416d3ca35e',0,0,'',0,0,'2023-06-05 13:10:47','2023-06-05 13:10:48',NULL),(644,1,1,0,'',1,8,8,1,4,27,'d80b8114f4aab184d5ec04416d3ca35e',0,0,'',0,0,'2023-06-05 14:00:07','2023-06-05 14:00:08',NULL),(645,1,1,0,'',1,8,8,1,4,27,'d80b8114f4aab184d5ec04416d3ca35e',0,0,'',0,0,'2023-06-06 10:55:57','2023-06-06 10:55:58',NULL),(646,1,1,0,'',1,8,8,1,4,27,'d80b8114f4aab184d5ec04416d3ca35e',0,0,'',0,0,'2023-06-06 10:57:29','2023-06-06 10:57:30',NULL),(647,1,1,0,'',1,8,8,1,4,27,'d80b8114f4aab184d5ec04416d3ca35e',0,0,'',0,0,'2023-06-06 11:46:14','2023-06-06 12:39:40',NULL),(648,1,1,0,'',1,8,8,1,4,27,'d80b8114f4aab184d5ec04416d3ca35e',0,0,'',0,0,'2023-06-06 14:30:44','2023-06-06 14:30:44',NULL),(649,1,1,0,'',1,8,8,1,4,27,'d80b8114f4aab184d5ec04416d3ca35e',0,0,'',0,0,'2023-06-06 15:52:27','2023-06-06 15:52:28',NULL),(650,1,1,0,'',1,8,8,1,4,27,'d80b8114f4aab184d5ec04416d3ca35e',0,0,'',0,0,'2023-06-06 17:41:20','2023-06-06 17:41:21',NULL),(651,1,1,0,'',1,8,8,1,4,27,'d80b8114f4aab184d5ec04416d3ca35e',0,0,'',0,0,'2023-06-06 18:14:05','2023-06-06 18:14:05',NULL),(652,1,1,0,'',1,8,8,1,4,27,'d80b8114f4aab184d5ec04416d3ca35e',0,0,'',0,0,'2023-06-06 20:20:56','2023-06-06 20:21:30',NULL),(653,1,1,0,'',1,8,8,1,4,27,'d80b8114f4aab184d5ec04416d3ca35e',0,0,'',0,0,'2023-06-06 20:22:38','2023-06-06 21:42:35',NULL),(654,1,1,0,'',1,8,8,1,4,27,'d80b8114f4aab184d5ec04416d3ca35e',0,0,'',0,0,'2023-06-07 09:13:27','2023-06-07 09:13:27',NULL),(655,1,1,0,'',1,8,8,1,4,27,'d80b8114f4aab184d5ec04416d3ca35e',0,0,'',0,0,'2023-06-07 12:47:25','2023-06-07 12:47:25',NULL),(656,1,1,0,'',1,8,8,1,4,27,'d80b8114f4aab184d5ec04416d3ca35e',0,0,'',0,0,'2023-06-07 14:24:28','2023-06-07 14:24:28',NULL),(657,1,1,0,'',1,8,8,1,4,27,'d80b8114f4aab184d5ec04416d3ca35e',0,0,'',0,0,'2023-06-07 17:55:57','2023-06-07 17:55:58',NULL),(658,1,1,0,'',1,8,8,1,4,27,'d80b8114f4aab184d5ec04416d3ca35e',0,0,'',0,0,'2023-06-07 19:15:09','2023-06-07 19:15:09',NULL),(659,1,1,0,'',1,8,8,1,4,27,'d80b8114f4aab184d5ec04416d3ca35e',0,0,'',0,0,'2023-06-07 19:15:10','2023-06-07 19:15:11',NULL),(660,1,1,0,'',1,8,8,1,4,27,'d80b8114f4aab184d5ec04416d3ca35e',0,0,'',0,0,'2023-06-07 19:15:14','2023-06-07 19:15:16',NULL),(661,1,1,0,'',1,8,8,1,4,27,'d80b8114f4aab184d5ec04416d3ca35e',0,0,'',0,0,'2023-06-08 08:32:54','2023-06-08 08:32:55',NULL),(662,1,1,0,'',1,8,8,1,4,27,'d80b8114f4aab184d5ec04416d3ca35e',0,0,'',0,0,'2023-06-08 11:21:38','2023-06-08 12:02:21',NULL),(663,1,1,0,'',1,8,8,1,4,27,'d80b8114f4aab184d5ec04416d3ca35e',0,0,'',0,0,'2023-06-08 16:04:05','2023-06-08 16:07:28',NULL),(664,1,1,0,'',1,8,8,1,4,27,'d80b8114f4aab184d5ec04416d3ca35e',0,0,'',0,0,'2023-06-08 16:09:02','2023-06-08 16:09:02',NULL),(665,1,1,0,'',1,8,8,1,4,27,'d80b8114f4aab184d5ec04416d3ca35e',0,0,'',0,0,'2023-06-08 19:25:30','2023-06-08 19:25:30',NULL),(666,1,1,0,'',1,8,8,1,4,27,'d80b8114f4aab184d5ec04416d3ca35e',0,0,'',0,0,'2023-06-08 20:49:29','2023-06-08 20:49:30',NULL),(667,1,1,0,'',1,8,8,1,4,27,'d80b8114f4aab184d5ec04416d3ca35e',0,0,'',0,0,'2023-06-09 11:40:11','2023-06-09 11:40:11',NULL),(668,1,1,0,'',1,8,8,1,4,27,'d80b8114f4aab184d5ec04416d3ca35e',0,0,'',0,0,'2023-06-09 16:17:57','2023-06-09 16:18:27',NULL),(669,1,1,0,'',1,8,8,1,4,27,'d80b8114f4aab184d5ec04416d3ca35e',0,0,'',0,0,'2023-06-09 16:19:30','2023-06-09 16:19:30',NULL),(670,1,1,0,'',1,8,8,1,4,27,'d80b8114f4aab184d5ec04416d3ca35e',0,0,'',0,0,'2023-06-09 16:22:10','2023-06-09 16:22:10',NULL),(671,1,1,0,'',1,8,8,1,4,27,'d80b8114f4aab184d5ec04416d3ca35e',0,0,'',0,0,'2023-06-09 19:16:20','2023-06-09 19:16:21',NULL),(672,1,1,0,'',1,8,8,1,4,27,'d80b8114f4aab184d5ec04416d3ca35e',0,0,'',0,0,'2023-06-10 16:17:47','2023-06-10 16:17:47',NULL),(673,1,1,0,'',1,8,8,1,4,27,'d80b8114f4aab184d5ec04416d3ca35e',0,0,'',0,0,'2023-06-10 16:38:41','2023-06-10 16:38:41',NULL),(674,1,1,0,'',1,8,8,1,4,27,'d80b8114f4aab184d5ec04416d3ca35e',0,0,'',0,0,'2023-06-10 18:43:50','2023-06-10 18:43:51',NULL),(675,1,1,0,'',1,8,8,1,4,27,'d80b8114f4aab184d5ec04416d3ca35e',0,0,'',0,0,'2023-06-11 15:18:26','2023-06-11 15:18:26',NULL),(676,1,1,0,'',1,8,8,1,4,27,'d80b8114f4aab184d5ec04416d3ca35e',0,0,'',0,0,'2023-06-11 15:19:36','2023-06-11 15:19:37',NULL),(677,1,1,0,'',1,8,8,1,4,27,'d80b8114f4aab184d5ec04416d3ca35e',0,0,'',0,0,'2023-06-11 17:54:52','2023-06-11 17:54:53',NULL),(678,1,1,0,'',1,8,8,1,4,27,'d80b8114f4aab184d5ec04416d3ca35e',0,0,'',0,0,'2023-06-11 17:56:41','2023-06-11 17:56:41',NULL),(679,1,1,0,'',1,8,8,1,4,27,'d80b8114f4aab184d5ec04416d3ca35e',0,0,'',0,0,'2023-06-12 13:06:22','2023-06-12 13:06:22',NULL),(680,1,1,0,'',1,8,8,1,4,27,'d80b8114f4aab184d5ec04416d3ca35e',0,0,'',0,0,'2023-06-12 15:12:58','2023-06-12 15:12:58',NULL),(681,1,1,0,'',1,8,8,1,4,27,'d80b8114f4aab184d5ec04416d3ca35e',0,0,'',0,0,'2023-06-12 15:32:48','2023-06-12 15:32:48',NULL),(682,1,1,0,'',1,8,8,1,4,27,'d80b8114f4aab184d5ec04416d3ca35e',0,0,'',0,0,'2023-06-12 15:33:31','2023-06-12 15:33:31',NULL),(683,1,1,0,'',1,8,8,1,4,27,'d80b8114f4aab184d5ec04416d3ca35e',0,0,'',0,0,'2023-06-12 16:12:59','2023-06-12 16:12:59',NULL),(684,1,1,0,'',1,8,8,1,4,27,'d80b8114f4aab184d5ec04416d3ca35e',0,0,'',0,0,'2023-06-12 18:44:10','2023-06-12 18:44:10',NULL),(685,1,1,0,'',1,8,8,1,4,27,'d80b8114f4aab184d5ec04416d3ca35e',0,0,'',0,0,'2023-06-14 08:16:55','2023-06-14 08:16:55',NULL),(686,1,1,0,'',1,8,8,1,4,27,'d80b8114f4aab184d5ec04416d3ca35e',0,0,'',0,0,'2023-06-14 09:45:30','2023-06-14 10:57:33',NULL),(687,1,1,0,'',1,8,8,1,4,27,'d80b8114f4aab184d5ec04416d3ca35e',0,0,'',0,0,'2023-06-14 12:43:41','2023-06-14 12:43:41',NULL),(688,1,1,0,'',1,8,8,1,4,27,'d80b8114f4aab184d5ec04416d3ca35e',0,0,'',0,0,'2023-06-15 11:41:50','2023-06-15 11:41:50',NULL),(689,1,1,0,'',1,8,8,1,4,27,'d80b8114f4aab184d5ec04416d3ca35e',0,0,'',0,0,'2023-06-15 12:06:44','2023-06-15 12:06:44',NULL),(690,1,1,0,'',1,8,8,1,4,27,'d80b8114f4aab184d5ec04416d3ca35e',0,0,'',0,0,'2023-06-15 15:55:22','2023-06-15 15:55:22',NULL),(691,1,1,0,'',1,8,8,1,4,27,'d80b8114f4aab184d5ec04416d3ca35e',0,0,'',0,0,'2023-06-15 18:12:51','2023-06-15 18:12:52',NULL),(692,1,1,0,'',1,8,8,1,4,27,'d80b8114f4aab184d5ec04416d3ca35e',0,0,'',0,0,'2023-06-15 18:37:20','2023-06-15 18:37:21',NULL),(693,1,1,0,'',1,8,8,1,4,27,'d80b8114f4aab184d5ec04416d3ca35e',0,0,'',0,0,'2023-06-16 10:20:02','2023-06-16 10:20:02',NULL),(694,1,1,0,'',1,8,8,1,4,27,'d80b8114f4aab184d5ec04416d3ca35e',0,0,'',0,0,'2023-06-16 12:03:48','2023-06-16 12:03:48',NULL),(695,1,1,0,'',1,8,8,1,4,27,'d80b8114f4aab184d5ec04416d3ca35e',0,0,'',0,0,'2023-06-16 14:56:38','2023-06-16 15:59:08',NULL),(696,1,1,0,'',1,8,8,1,4,27,'d80b8114f4aab184d5ec04416d3ca35e',0,0,'',0,0,'2023-06-17 11:39:42','2023-06-17 16:17:08',NULL),(697,1,1,0,'',1,8,8,1,4,27,'d80b8114f4aab184d5ec04416d3ca35e',0,0,'',0,0,'2023-06-19 08:04:34','2023-06-19 08:04:35',NULL),(698,1,1,0,'',1,8,8,1,4,27,'d80b8114f4aab184d5ec04416d3ca35e',0,0,'',0,0,'2023-06-19 15:23:36','2023-06-19 15:23:36',NULL),(699,1,1,0,'',1,8,8,1,4,27,'d80b8114f4aab184d5ec04416d3ca35e',0,0,'',0,0,'2023-06-19 20:00:40','2023-06-19 20:00:41',NULL),(700,1,1,0,'',1,8,8,1,4,27,'d80b8114f4aab184d5ec04416d3ca35e',0,0,'',0,0,'2023-06-19 20:43:18','2023-06-19 20:43:18',NULL),(701,1,1,0,'',1,8,8,1,4,27,'d80b8114f4aab184d5ec04416d3ca35e',0,0,'',0,0,'2023-06-20 17:43:03','2023-06-20 19:37:25',NULL),(702,1,1,0,'',1,8,8,1,4,27,'d80b8114f4aab184d5ec04416d3ca35e',0,0,'',0,0,'2023-06-22 10:33:36','2023-06-22 10:33:37',NULL),(703,1,1,0,'',1,8,8,1,4,27,'d80b8114f4aab184d5ec04416d3ca35e',0,0,'',0,0,'2023-06-22 10:36:16','2023-06-22 10:36:17',NULL),(704,1,1,0,'',1,8,8,1,4,27,'d80b8114f4aab184d5ec04416d3ca35e',0,0,'',0,0,'2023-06-22 13:11:31','2023-06-22 13:11:32',NULL),(705,1,1,0,'',1,8,8,1,4,27,'d80b8114f4aab184d5ec04416d3ca35e',0,0,'',0,0,'2023-06-22 14:01:40','2023-06-22 14:01:40',NULL),(706,1,1,0,'',1,8,8,1,4,27,'d80b8114f4aab184d5ec04416d3ca35e',0,0,'',0,0,'2023-06-22 14:41:19','2023-06-22 14:41:20',NULL),(707,1,1,0,'',1,8,8,1,4,27,'d80b8114f4aab184d5ec04416d3ca35e',0,0,'',0,0,'2023-06-22 14:44:38','2023-06-22 15:42:43',NULL),(708,1,1,0,'',1,8,8,1,4,27,'d80b8114f4aab184d5ec04416d3ca35e',0,0,'',0,0,'2023-06-22 17:19:54','2023-06-22 17:19:55',NULL),(709,1,1,0,'',1,8,8,1,4,27,'d80b8114f4aab184d5ec04416d3ca35e',0,0,'',0,0,'2023-06-22 19:05:54','2023-06-22 19:05:54',NULL),(710,1,1,0,'',1,8,8,1,4,27,'d80b8114f4aab184d5ec04416d3ca35e',0,0,'',0,0,'2023-06-22 20:36:05','2023-06-22 20:36:05',NULL),(711,1,1,0,'',1,8,8,1,4,27,'d80b8114f4aab184d5ec04416d3ca35e',0,0,'',0,0,'2023-06-22 21:21:21','2023-06-22 21:21:21',NULL),(712,1,1,0,'',1,8,8,1,4,27,'d80b8114f4aab184d5ec04416d3ca35e',0,0,'',0,0,'2023-06-23 08:24:58','2023-06-23 08:24:59',NULL),(713,1,1,0,'',1,8,8,1,4,27,'d80b8114f4aab184d5ec04416d3ca35e',0,0,'',0,0,'2023-06-23 14:09:22','2023-06-23 14:09:23',NULL),(714,1,1,0,'',1,8,8,1,4,27,'d80b8114f4aab184d5ec04416d3ca35e',0,0,'',0,0,'2023-06-23 18:06:37','2023-06-23 18:06:38',NULL),(715,1,1,0,'',1,8,8,1,4,27,'d80b8114f4aab184d5ec04416d3ca35e',0,0,'',0,0,'2023-06-24 11:44:50','2023-06-24 11:44:50',NULL),(716,1,1,0,'',1,8,8,1,4,27,'d80b8114f4aab184d5ec04416d3ca35e',0,0,'',0,0,'2023-06-24 15:19:22','2023-06-24 15:19:23',NULL),(717,1,1,0,'',1,8,8,1,4,27,'d80b8114f4aab184d5ec04416d3ca35e',0,0,'',0,0,'2023-06-24 16:52:23','2023-06-24 16:52:24',NULL),(718,1,1,0,'',1,8,8,1,4,27,'d80b8114f4aab184d5ec04416d3ca35e',0,0,'',0,0,'2023-06-24 17:24:07','2023-06-24 17:24:08',NULL),(719,1,1,0,'',1,8,8,1,4,27,'d80b8114f4aab184d5ec04416d3ca35e',0,0,'',0,0,'2023-06-25 18:56:00','2023-06-25 18:56:00',NULL),(720,1,1,0,'',1,8,8,1,4,27,'d80b8114f4aab184d5ec04416d3ca35e',0,0,'',0,0,'2023-06-26 10:02:08','2023-06-26 10:02:26',NULL),(721,1,1,0,'',1,8,8,1,4,27,'d80b8114f4aab184d5ec04416d3ca35e',0,0,'',0,0,'2023-06-26 10:03:09','2023-06-26 10:03:10',NULL),(722,1,1,0,'',1,8,8,1,4,27,'d80b8114f4aab184d5ec04416d3ca35e',0,0,'',0,0,'2023-06-26 10:13:13','2023-06-26 10:13:13',NULL),(723,1,1,0,'',1,8,8,1,4,27,'d80b8114f4aab184d5ec04416d3ca35e',0,0,'',0,0,'2023-06-26 15:43:46','2023-06-26 15:43:46',NULL),(724,1,1,0,'',1,8,8,1,4,27,'d80b8114f4aab184d5ec04416d3ca35e',0,0,'',0,0,'2023-06-26 19:00:27','2023-06-26 19:00:28',NULL),(725,1,1,0,'',1,8,8,1,4,27,'d80b8114f4aab184d5ec04416d3ca35e',0,0,'',0,0,'2023-06-26 21:26:11','2023-06-26 21:26:12',NULL),(726,1,1,0,'',1,8,8,1,4,27,'d80b8114f4aab184d5ec04416d3ca35e',0,0,'',0,0,'2023-06-27 13:00:50','2023-06-27 13:00:50',NULL),(727,1,1,0,'',1,8,8,1,4,27,'d80b8114f4aab184d5ec04416d3ca35e',0,0,'',0,0,'2023-06-27 17:21:11','2023-06-27 17:21:11',NULL),(728,1,1,0,'',1,8,8,1,4,27,'d80b8114f4aab184d5ec04416d3ca35e',0,0,'',0,0,'2023-06-28 12:30:13','2023-06-28 12:30:13',NULL),(729,1,1,0,'',1,8,8,1,4,27,'d80b8114f4aab184d5ec04416d3ca35e',0,0,'',0,0,'2023-06-28 17:31:42','2023-06-28 17:31:43',NULL),(730,1,1,0,'',1,8,8,1,4,27,'d80b8114f4aab184d5ec04416d3ca35e',0,0,'',0,0,'2023-06-28 18:40:07','2023-06-28 18:40:07',NULL),(731,1,1,0,'',1,8,8,1,4,27,'d80b8114f4aab184d5ec04416d3ca35e',0,0,'',0,0,'2023-06-28 19:43:26','2023-06-28 19:43:27',NULL),(732,1,1,0,'',1,8,8,1,4,27,'d80b8114f4aab184d5ec04416d3ca35e',0,0,'',0,0,'2023-06-29 08:19:16','2023-06-29 08:19:16',NULL),(733,1,1,0,'',1,8,8,1,4,27,'d80b8114f4aab184d5ec04416d3ca35e',0,0,'',0,0,'2023-06-29 18:24:09','2023-06-29 18:24:10',NULL),(734,1,1,0,'',1,8,8,1,4,27,'d80b8114f4aab184d5ec04416d3ca35e',0,0,'',0,0,'2023-06-30 08:26:29','2023-06-30 08:26:29',NULL),(735,1,1,0,'',1,8,8,1,4,27,'d80b8114f4aab184d5ec04416d3ca35e',0,0,'',0,0,'2023-06-30 12:49:39','2023-06-30 12:49:39',NULL),(736,1,1,0,'',1,8,8,1,4,27,'d80b8114f4aab184d5ec04416d3ca35e',0,0,'',0,0,'2023-06-30 13:23:33','2023-06-30 13:23:33',NULL),(737,1,1,0,'',1,8,8,1,4,27,'d80b8114f4aab184d5ec04416d3ca35e',0,0,'',0,0,'2023-06-30 18:55:17','2023-06-30 18:55:18',NULL),(738,1,1,0,'',1,8,8,1,4,27,'d80b8114f4aab184d5ec04416d3ca35e',0,0,'',0,0,'2023-06-30 19:34:29','2023-06-30 19:34:30',NULL),(739,1,1,0,'',1,8,8,1,4,27,'d80b8114f4aab184d5ec04416d3ca35e',0,0,'',0,0,'2023-06-30 19:44:06','2023-06-30 19:44:06',NULL),(740,1,1,0,'',1,8,8,1,4,27,'d80b8114f4aab184d5ec04416d3ca35e',0,0,'',0,0,'2023-07-01 12:52:08','2023-07-01 12:52:08',NULL),(741,1,1,0,'',1,8,8,1,4,27,'d80b8114f4aab184d5ec04416d3ca35e',0,0,'',0,0,'2023-07-01 18:32:14','2023-07-01 18:32:15',NULL),(742,1,1,0,'',1,8,8,1,4,27,'d80b8114f4aab184d5ec04416d3ca35e',0,0,'',0,0,'2023-07-01 19:13:15','2023-07-01 19:13:16',NULL),(743,1,1,0,'',1,8,8,1,4,27,'d80b8114f4aab184d5ec04416d3ca35e',0,0,'',0,0,'2023-07-02 19:12:30','2023-07-02 19:12:30',NULL),(744,1,1,0,'',1,8,8,1,4,27,'d80b8114f4aab184d5ec04416d3ca35e',0,0,'',0,0,'2023-07-03 09:50:49','2023-07-03 09:50:49',NULL),(745,1,1,0,'',1,8,8,1,4,27,'d80b8114f4aab184d5ec04416d3ca35e',0,0,'',0,0,'2023-07-03 09:51:45','2023-07-03 09:51:45',NULL),(746,1,1,0,'',1,8,8,1,4,27,'d80b8114f4aab184d5ec04416d3ca35e',0,0,'',0,0,'2023-07-03 11:23:50','2023-07-03 11:23:51',NULL),(747,1,1,0,'',1,8,8,1,4,27,'d80b8114f4aab184d5ec04416d3ca35e',0,0,'',0,0,'2023-07-03 18:23:24','2023-07-03 18:23:24',NULL),(748,1,1,0,'',1,8,8,1,4,27,'d80b8114f4aab184d5ec04416d3ca35e',0,0,'',0,0,'2023-07-03 18:24:05','2023-07-03 18:24:05',NULL),(749,1,1,0,'',1,8,8,1,4,27,'d80b8114f4aab184d5ec04416d3ca35e',0,0,'',0,0,'2023-07-03 18:44:19','2023-07-03 18:44:19',NULL),(750,1,1,0,'',1,8,8,1,4,27,'d80b8114f4aab184d5ec04416d3ca35e',0,0,'',0,0,'2023-07-03 18:45:01','2023-07-03 18:45:01',NULL),(751,1,1,0,'',1,8,8,1,4,27,'d80b8114f4aab184d5ec04416d3ca35e',0,0,'',0,0,'2023-07-03 20:03:18','2023-07-03 20:03:19',NULL),(752,1,1,0,'',1,8,8,1,4,27,'d80b8114f4aab184d5ec04416d3ca35e',0,0,'',0,0,'2023-07-03 20:12:38','2023-07-03 20:12:38',NULL),(753,1,1,0,'',1,8,8,1,4,27,'d80b8114f4aab184d5ec04416d3ca35e',0,0,'',0,0,'2023-07-04 10:08:07','2023-07-04 10:08:07',NULL),(754,1,1,0,'',1,8,8,1,4,27,'d80b8114f4aab184d5ec04416d3ca35e',0,0,'',0,0,'2023-07-04 11:24:54','2023-07-04 11:24:55',NULL),(755,1,1,0,'',1,8,8,1,4,27,'d80b8114f4aab184d5ec04416d3ca35e',0,0,'',0,0,'2023-07-04 11:56:50','2023-07-04 11:56:50',NULL),(756,1,1,0,'',1,8,8,1,4,27,'d80b8114f4aab184d5ec04416d3ca35e',0,0,'',0,0,'2023-07-04 11:57:35','2023-07-04 11:57:35',NULL),(757,1,1,0,'',1,8,8,1,4,27,'d80b8114f4aab184d5ec04416d3ca35e',0,0,'',0,0,'2023-07-04 12:11:03','2023-07-04 12:11:03',NULL),(758,1,1,0,'',1,8,8,1,4,27,'d80b8114f4aab184d5ec04416d3ca35e',0,0,'',0,0,'2023-07-04 15:34:30','2023-07-04 15:35:07',NULL),(759,1,1,0,'',1,8,8,1,4,27,'d80b8114f4aab184d5ec04416d3ca35e',0,0,'',0,0,'2023-07-04 20:47:05','2023-07-04 20:47:05',NULL),(760,1,1,0,'',1,8,8,1,4,27,'d80b8114f4aab184d5ec04416d3ca35e',0,0,'',0,0,'2023-07-05 12:49:06','2023-07-05 12:49:06',NULL),(761,1,1,0,'',1,8,8,1,4,27,'d80b8114f4aab184d5ec04416d3ca35e',0,0,'',0,0,'2023-07-05 12:57:28','2023-07-05 12:57:28',NULL),(762,1,1,0,'',1,8,8,1,4,27,'d80b8114f4aab184d5ec04416d3ca35e',0,0,'',0,0,'2023-07-05 14:46:42','2023-07-05 14:46:42',NULL),(763,1,1,0,'',1,8,8,1,4,27,'d80b8114f4aab184d5ec04416d3ca35e',0,0,'',0,0,'2023-07-05 18:20:29','2023-07-05 18:20:29',NULL),(764,1,1,0,'',1,8,8,1,4,27,'d80b8114f4aab184d5ec04416d3ca35e',0,0,'',0,0,'2023-07-05 18:33:55','2023-07-05 18:33:55',NULL),(765,1,1,0,'',1,8,8,1,4,27,'d80b8114f4aab184d5ec04416d3ca35e',0,0,'',0,0,'2023-07-05 18:34:39','2023-07-05 18:34:40',NULL),(766,1,1,0,'',1,8,8,1,4,27,'d80b8114f4aab184d5ec04416d3ca35e',0,0,'',0,0,'2023-07-05 19:24:52','2023-07-06 14:28:53',NULL),(767,1,1,0,'',1,8,8,1,4,27,'d80b8114f4aab184d5ec04416d3ca35e',0,0,'',0,0,'2023-07-07 08:42:34','2023-07-07 08:42:35',NULL),(768,1,1,0,'',1,8,8,1,4,27,'d80b8114f4aab184d5ec04416d3ca35e',0,0,'',0,0,'2023-07-07 09:02:46','2023-07-07 09:02:46',NULL),(769,1,1,0,'',1,8,8,1,4,27,'d80b8114f4aab184d5ec04416d3ca35e',0,0,'',0,0,'2023-07-07 09:03:34','2023-07-07 09:03:34',NULL),(770,1,1,0,'',1,8,8,1,4,27,'d80b8114f4aab184d5ec04416d3ca35e',0,0,'',0,0,'2023-07-07 12:33:14','2023-07-07 12:33:15',NULL),(771,1,1,0,'',1,8,8,1,4,27,'d80b8114f4aab184d5ec04416d3ca35e',0,0,'',0,0,'2023-07-07 16:07:39','2023-07-07 18:54:00',NULL),(772,1,1,0,'',1,8,8,1,4,27,'d80b8114f4aab184d5ec04416d3ca35e',0,0,'',0,0,'2023-07-07 20:07:56','2023-07-07 20:07:56',NULL),(773,1,1,0,'',1,8,8,1,4,27,'d80b8114f4aab184d5ec04416d3ca35e',0,0,'',0,0,'2023-07-07 20:08:42','2023-07-07 20:08:42',NULL),(774,1,1,0,'',1,8,8,1,4,27,'d80b8114f4aab184d5ec04416d3ca35e',0,0,'',0,0,'2023-07-08 11:22:49','2023-07-08 11:22:49',NULL),(775,1,1,0,'',1,8,8,1,4,27,'d80b8114f4aab184d5ec04416d3ca35e',0,0,'',0,0,'2023-07-08 11:23:58','2023-07-08 11:23:58',NULL),(776,1,1,0,'',1,8,8,1,4,27,'d80b8114f4aab184d5ec04416d3ca35e',0,0,'',0,0,'2023-07-08 14:41:21','2023-07-08 14:41:22',NULL),(777,1,1,0,'',1,8,8,1,4,27,'d80b8114f4aab184d5ec04416d3ca35e',0,0,'',0,0,'2023-07-08 16:27:58','2023-07-08 16:27:58',NULL),(778,1,1,0,'',1,8,8,1,4,27,'d80b8114f4aab184d5ec04416d3ca35e',0,0,'',0,0,'2023-07-08 16:29:39','2023-07-08 18:28:46',NULL),(779,1,1,0,'',1,8,8,1,4,27,'d80b8114f4aab184d5ec04416d3ca35e',0,0,'',0,0,'2023-07-08 21:16:30','2023-07-08 21:16:30',NULL),(780,1,1,0,'',1,8,8,1,4,27,'d80b8114f4aab184d5ec04416d3ca35e',0,0,'',0,0,'2023-07-08 21:17:22','2023-07-08 21:17:22',NULL),(781,1,1,0,'',1,8,8,1,4,27,'d80b8114f4aab184d5ec04416d3ca35e',0,0,'',0,0,'2023-07-08 21:28:58','2023-07-08 21:28:58',NULL),(782,1,1,0,'',1,8,8,1,4,27,'d80b8114f4aab184d5ec04416d3ca35e',0,0,'',0,0,'2023-07-09 17:59:26','2023-07-09 17:59:26',NULL),(783,1,1,0,'',1,8,8,1,4,27,'d80b8114f4aab184d5ec04416d3ca35e',0,0,'',0,0,'2023-07-09 18:00:27','2023-07-09 18:00:27',NULL),(784,1,1,0,'',1,8,8,1,4,27,'d80b8114f4aab184d5ec04416d3ca35e',0,0,'',0,0,'2023-07-10 17:00:56','2023-07-10 17:00:56',NULL),(785,1,1,0,'',1,8,8,1,4,141,'d80b8114f4aab184d5ec04416d3ca35e',0,0,'',0,0,'2023-11-02 23:12:18','2023-11-02 23:12:35',NULL),(786,1,1,0,'',1,8,8,1,4,27,'d80b8114f4aab184d5ec04416d3ca35e',0,0,'',0,0,'2023-11-21 12:23:28','2023-11-21 12:23:28',NULL),(787,1,1,0,'',1,8,8,1,4,167,'d80b8114f4aab184d5ec04416d3ca35e',0,0,'',0,0,'2023-12-13 12:04:08','2023-12-13 12:04:08',NULL),(788,1,1,0,'',1,8,8,1,4,169,'d80b8114f4aab184d5ec04416d3ca35e',0,0,'',0,0,'2023-12-13 18:46:52','2023-12-13 18:47:02',NULL),(789,1,1,0,'',1,8,8,1,4,27,'d80b8114f4aab184d5ec04416d3ca35e',0,0,'',0,0,'2023-12-13 18:53:56','2023-12-13 18:53:57',NULL),(790,1,1,0,'',1,8,8,1,4,27,'d80b8114f4aab184d5ec04416d3ca35e',0,0,'',0,0,'2023-12-15 09:14:35','2023-12-15 21:59:23',NULL),(791,1,1,0,'',1,8,8,1,4,27,'d80b8114f4aab184d5ec04416d3ca35e',0,0,'',0,0,'2023-12-16 11:25:15','2023-12-16 11:25:16',NULL),(792,1,1,0,'',1,8,8,1,4,27,'d80b8114f4aab184d5ec04416d3ca35e',0,0,'',0,0,'2023-12-16 15:14:04','2023-12-16 15:14:05',NULL),(793,1,1,0,'',1,8,8,1,4,27,'d80b8114f4aab184d5ec04416d3ca35e',0,0,'',0,0,'2023-12-16 19:08:31','2023-12-16 19:08:31',NULL),(794,1,1,0,'',1,8,8,1,4,27,'d80b8114f4aab184d5ec04416d3ca35e',0,0,'',0,0,'2023-12-17 15:42:18','2023-12-17 15:42:18',NULL),(795,1,1,0,'',1,8,8,1,4,27,'d80b8114f4aab184d5ec04416d3ca35e',0,0,'',0,0,'2023-12-18 13:45:36','2023-12-18 13:45:36',NULL),(796,1,1,0,'',1,8,8,1,4,27,'d80b8114f4aab184d5ec04416d3ca35e',0,0,'',0,0,'2023-12-18 13:45:47','2023-12-18 13:45:47',NULL),(797,1,1,0,'',1,8,8,1,4,27,'d80b8114f4aab184d5ec04416d3ca35e',0,0,'',0,0,'2023-12-18 13:46:04','2024-01-06 19:10:46',NULL),(798,1,1,0,'',1,8,8,1,4,27,'d80b8114f4aab184d5ec04416d3ca35e',0,0,'',0,0,'2023-12-18 13:46:04','2023-12-18 13:46:04',NULL),(799,1,1,0,'',1,8,8,1,4,27,'d80b8114f4aab184d5ec04416d3ca35e',0,0,'',0,0,'2023-12-18 13:46:04','2023-12-18 13:46:05',NULL),(800,1,1,0,'',1,8,8,1,4,27,'d80b8114f4aab184d5ec04416d3ca35e',0,0,'',0,0,'2024-01-07 13:57:57','2024-01-07 13:58:19',NULL),(801,1,1,0,'',1,8,8,1,4,27,'d80b8114f4aab184d5ec04416d3ca35e',0,0,'',0,0,'2024-01-07 14:20:47','2024-01-07 14:20:47',NULL),(802,1,1,0,'',1,8,8,1,4,27,'d80b8114f4aab184d5ec04416d3ca35e',0,0,'',0,0,'2024-01-07 14:56:19','2024-01-08 13:38:16',NULL),(803,1,1,0,'',1,8,8,1,4,27,'d80b8114f4aab184d5ec04416d3ca35e',0,0,'',0,0,'2024-01-08 19:41:16','2024-01-08 19:41:17',NULL),(804,1,1,0,'',1,8,8,1,4,27,'d80b8114f4aab184d5ec04416d3ca35e',0,0,'',0,0,'2024-01-10 16:55:49','2024-01-10 16:55:49',NULL),(805,1,1,0,'',1,8,8,1,4,27,'d80b8114f4aab184d5ec04416d3ca35e',0,0,'',0,0,'2024-01-11 16:21:53','2024-01-11 16:21:54',NULL),(806,1,1,0,'',1,8,8,1,4,27,'d80b8114f4aab184d5ec04416d3ca35e',0,0,'',0,0,'2024-01-13 15:33:10','2024-01-13 15:33:11',NULL),(807,1,1,0,'',1,8,8,1,4,27,'d80b8114f4aab184d5ec04416d3ca35e',0,0,'',0,0,'2024-01-14 15:01:50','2024-01-14 15:01:50',NULL),(808,1,1,0,'',1,8,8,1,4,27,'d80b8114f4aab184d5ec04416d3ca35e',0,0,'',0,0,'2024-01-14 16:56:34','2024-01-14 16:56:34',NULL),(809,1,1,0,'',1,8,8,1,4,27,'d80b8114f4aab184d5ec04416d3ca35e',0,0,'',0,0,'2024-01-16 12:40:05','2024-01-16 13:07:04',NULL),(810,1,1,0,'',1,8,8,1,4,27,'d80b8114f4aab184d5ec04416d3ca35e',0,0,'',0,0,'2024-01-16 13:19:28','2024-01-16 13:19:28',NULL),(811,1,1,0,'',1,8,8,1,4,27,'d80b8114f4aab184d5ec04416d3ca35e',0,0,'',0,0,'2024-01-16 15:32:35','2024-01-16 15:32:35',NULL),(812,1,1,0,'',1,8,8,1,4,27,'d80b8114f4aab184d5ec04416d3ca35e',0,0,'',0,0,'2024-01-17 13:57:55','2024-01-17 13:57:55',NULL),(813,1,1,0,'',1,8,8,1,4,27,'d80b8114f4aab184d5ec04416d3ca35e',0,0,'',0,0,'2024-01-17 13:59:45','2024-01-17 13:59:46',NULL),(814,1,1,0,'',1,8,8,1,4,27,'d80b8114f4aab184d5ec04416d3ca35e',0,0,'',0,0,'2024-01-19 19:00:38','2024-01-19 19:00:38',NULL),(815,1,1,0,'',1,8,8,1,4,27,'d80b8114f4aab184d5ec04416d3ca35e',0,0,'',0,0,'2024-01-20 15:51:29','2024-01-20 15:51:30',NULL),(816,1,1,0,'',1,8,8,1,4,27,'d80b8114f4aab184d5ec04416d3ca35e',0,0,'',0,0,'2024-01-20 16:56:51','2024-01-21 16:12:35',NULL),(817,1,1,0,'',1,8,8,1,4,27,'d80b8114f4aab184d5ec04416d3ca35e',0,0,'',0,0,'2024-01-21 17:28:55','2024-01-21 17:28:55',NULL),(818,1,1,0,'',1,8,8,1,4,27,'d80b8114f4aab184d5ec04416d3ca35e',0,0,'',0,0,'2024-01-21 17:32:38','2024-01-21 17:33:04',NULL),(819,1,1,0,'',1,8,8,1,4,27,'d80b8114f4aab184d5ec04416d3ca35e',0,0,'',0,0,'2024-01-23 18:07:43','2024-01-23 18:07:43',NULL),(820,1,1,0,'',1,8,8,1,4,27,'d80b8114f4aab184d5ec04416d3ca35e',0,0,'',0,0,'2024-01-24 14:31:34','2024-01-24 18:28:37',NULL),(821,1,1,0,'',1,8,8,1,4,27,'d80b8114f4aab184d5ec04416d3ca35e',0,0,'',0,0,'2024-01-24 18:58:44','2024-01-24 18:58:44',NULL),(822,1,1,0,'',1,8,8,1,4,27,'d80b8114f4aab184d5ec04416d3ca35e',0,0,'',0,0,'2024-01-25 10:43:34','2024-01-25 10:43:34',NULL),(823,1,1,0,'',1,8,8,1,4,27,'d80b8114f4aab184d5ec04416d3ca35e',0,0,'',0,0,'2024-01-27 18:57:19','2024-01-27 18:57:19',NULL),(824,1,1,0,'',1,8,8,1,4,27,'d80b8114f4aab184d5ec04416d3ca35e',0,0,'',0,0,'2024-01-28 12:20:47','2024-01-28 12:20:47',NULL),(825,1,1,0,'',1,8,8,1,4,27,'d80b8114f4aab184d5ec04416d3ca35e',0,0,'',0,0,'2024-01-28 12:21:38','2024-01-28 12:21:39',NULL),(826,1,1,0,'',1,8,8,1,4,27,'d80b8114f4aab184d5ec04416d3ca35e',0,0,'',0,0,'2024-01-28 17:46:29','2024-01-28 17:46:29',NULL),(827,1,1,0,'',1,8,8,1,4,27,'d80b8114f4aab184d5ec04416d3ca35e',0,0,'',0,0,'2024-01-29 17:50:15','2024-01-29 17:50:16',NULL),(828,1,1,0,'',1,8,8,1,4,27,'d80b8114f4aab184d5ec04416d3ca35e',0,0,'',0,0,'2024-01-30 13:30:26','2024-01-30 13:30:26',NULL),(829,1,1,0,'',1,8,8,1,4,27,'d80b8114f4aab184d5ec04416d3ca35e',0,0,'',0,0,'2024-01-30 15:30:02','2024-01-30 15:30:03',NULL),(830,1,1,0,'',1,8,8,1,4,27,'d80b8114f4aab184d5ec04416d3ca35e',0,0,'',0,0,'2024-01-30 18:14:27','2024-01-30 18:14:27',NULL),(831,1,1,0,'',1,8,8,1,4,27,'d80b8114f4aab184d5ec04416d3ca35e',0,0,'',0,0,'2024-02-05 09:27:47','2024-02-05 09:27:47',NULL),(832,1,1,0,'',1,8,8,1,4,27,'d80b8114f4aab184d5ec04416d3ca35e',0,0,'',0,0,'2024-02-06 11:23:38','2024-02-06 11:23:38',NULL),(833,1,1,0,'',1,8,8,1,4,27,'d80b8114f4aab184d5ec04416d3ca35e',0,0,'',0,0,'2024-02-08 13:46:59','2024-02-08 13:47:00',NULL),(834,1,1,0,'',1,8,8,1,4,27,'d80b8114f4aab184d5ec04416d3ca35e',0,0,'',0,0,'2024-02-10 17:20:47','2024-02-10 17:21:12',NULL),(835,1,1,0,'',1,8,8,1,4,27,'d80b8114f4aab184d5ec04416d3ca35e',0,0,'',0,0,'2024-02-12 16:47:30','2024-02-12 16:47:30',NULL),(836,1,1,0,'',1,8,8,1,4,27,'d80b8114f4aab184d5ec04416d3ca35e',0,0,'',0,0,'2024-02-12 16:48:23','2024-02-12 16:48:23',NULL),(837,1,1,0,'',1,8,8,1,4,27,'d80b8114f4aab184d5ec04416d3ca35e',0,0,'',0,0,'2024-02-13 12:36:14','2024-02-13 12:36:14',NULL),(838,1,1,0,'',1,8,8,1,4,27,'d80b8114f4aab184d5ec04416d3ca35e',0,0,'',0,0,'2024-02-13 13:07:47','2024-02-13 13:07:48',NULL),(839,1,1,0,'',1,8,8,1,4,27,'d80b8114f4aab184d5ec04416d3ca35e',0,0,'',0,0,'2024-02-15 16:33:53','2024-02-15 16:33:53',NULL),(840,1,1,0,'',1,8,8,1,4,27,'d80b8114f4aab184d5ec04416d3ca35e',0,0,'',0,0,'2024-02-15 16:35:47','2024-02-15 16:35:47',NULL),(841,1,1,0,'',1,8,8,1,4,27,'d80b8114f4aab184d5ec04416d3ca35e',0,0,'',0,0,'2024-02-19 16:49:24','2024-02-19 16:49:24',NULL),(842,1,1,0,'',1,8,8,1,4,27,'d80b8114f4aab184d5ec04416d3ca35e',0,0,'',0,0,'2024-02-20 12:51:21','2024-02-20 12:51:21',NULL),(843,1,1,0,'',1,8,8,1,4,27,'d80b8114f4aab184d5ec04416d3ca35e',0,0,'',0,0,'2024-02-20 17:21:31','2024-02-20 17:21:39',NULL),(844,1,1,0,'',1,8,8,1,4,27,'d80b8114f4aab184d5ec04416d3ca35e',0,0,'',0,0,'2024-02-20 17:22:10','2024-02-20 17:22:11',NULL),(845,1,1,0,'',1,8,8,1,4,27,'d80b8114f4aab184d5ec04416d3ca35e',0,0,'',0,0,'2024-02-20 17:22:36','2024-02-20 17:22:36',NULL),(846,1,1,0,'',1,8,8,1,4,27,'d80b8114f4aab184d5ec04416d3ca35e',0,0,'',0,0,'2024-02-20 17:53:06','2024-02-20 17:53:06',NULL),(847,1,1,0,'',1,8,8,1,4,27,'d80b8114f4aab184d5ec04416d3ca35e',0,0,'',0,0,'2024-02-20 17:53:44','2024-02-20 17:53:45',NULL),(848,1,1,0,'',1,8,8,1,4,27,'d80b8114f4aab184d5ec04416d3ca35e',0,0,'',0,0,'2024-02-25 11:39:56','2024-02-25 11:39:57',NULL),(849,1,1,0,'',1,8,8,1,4,27,'d80b8114f4aab184d5ec04416d3ca35e',0,0,'',0,0,'2024-02-25 16:24:55','2024-02-26 16:10:49',NULL),(850,1,1,0,'',1,8,8,1,4,27,'d80b8114f4aab184d5ec04416d3ca35e',0,0,'',0,0,'2024-02-29 14:08:21','2024-02-29 14:08:21',NULL),(851,1,1,0,'',1,8,8,1,4,27,'d80b8114f4aab184d5ec04416d3ca35e',0,0,'',0,0,'2024-03-02 13:33:39','2024-03-02 13:33:39',NULL),(852,1,1,0,'',1,8,8,1,4,27,'d80b8114f4aab184d5ec04416d3ca35e',0,0,'',0,0,'2024-03-03 14:04:39','2024-03-03 14:04:39',NULL),(853,1,1,0,'',1,8,8,1,4,27,'d80b8114f4aab184d5ec04416d3ca35e',0,0,'',0,0,'2024-03-05 13:15:01','2024-03-05 13:15:29',NULL),(854,1,1,0,'',1,8,8,1,4,27,'d80b8114f4aab184d5ec04416d3ca35e',0,0,'',0,0,'2024-03-05 13:16:13','2024-03-05 13:16:13',NULL),(855,1,1,0,'',1,8,8,1,4,27,'d80b8114f4aab184d5ec04416d3ca35e',0,0,'',0,0,'2024-03-06 12:30:18','2024-03-06 12:30:18',NULL),(856,1,1,0,'',1,8,8,1,4,27,'d80b8114f4aab184d5ec04416d3ca35e',0,0,'',0,0,'2024-03-06 12:30:22','2024-03-06 12:30:25',NULL),(857,1,1,0,'',1,8,8,1,4,27,'d80b8114f4aab184d5ec04416d3ca35e',0,0,'',0,0,'2024-03-06 17:16:45','2024-03-06 17:16:59',NULL),(858,1,1,0,'',1,8,8,1,4,27,'d80b8114f4aab184d5ec04416d3ca35e',0,0,'',0,0,'2024-03-07 12:33:19','2024-03-07 12:33:19',NULL),(859,1,1,0,'',1,8,8,1,4,27,'d80b8114f4aab184d5ec04416d3ca35e',0,0,'',0,0,'2024-03-08 10:01:58','2024-03-08 10:01:58',NULL),(860,1,1,0,'',1,8,8,1,4,27,'d80b8114f4aab184d5ec04416d3ca35e',0,0,'',0,0,'2024-03-09 11:43:50','2024-03-09 11:43:50',NULL),(861,1,1,0,'',1,8,8,1,4,27,'d80b8114f4aab184d5ec04416d3ca35e',0,0,'',0,0,'2024-03-09 12:15:06','2024-03-09 12:15:06',NULL),(862,1,1,0,'',1,8,8,1,4,27,'d80b8114f4aab184d5ec04416d3ca35e',0,0,'',0,0,'2024-03-09 12:15:06','2024-03-09 12:15:06',NULL),(863,1,1,0,'',1,8,8,1,4,27,'d80b8114f4aab184d5ec04416d3ca35e',0,0,'',0,0,'2024-03-09 15:14:55','2024-03-09 15:14:55',NULL),(864,1,1,0,'',1,8,8,1,4,27,'d80b8114f4aab184d5ec04416d3ca35e',0,0,'',0,0,'2024-03-10 13:19:25','2024-03-10 13:19:44',NULL),(865,1,1,0,'',1,8,8,1,4,27,'d80b8114f4aab184d5ec04416d3ca35e',0,0,'',0,0,'2024-03-10 14:26:40','2024-03-10 14:26:41',NULL),(866,1,1,0,'',1,8,8,1,4,27,'d80b8114f4aab184d5ec04416d3ca35e',0,0,'',0,0,'2024-03-11 11:00:27','2024-03-11 11:00:27',NULL),(867,1,1,0,'',1,8,8,1,4,27,'d80b8114f4aab184d5ec04416d3ca35e',0,0,'',0,0,'2024-03-12 16:32:57','2024-03-12 16:32:57',NULL),(868,1,1,0,'',1,8,8,1,4,27,'d80b8114f4aab184d5ec04416d3ca35e',0,0,'',0,0,'2024-03-12 18:26:26','2024-03-12 18:26:26',NULL),(869,1,1,0,'',1,8,8,1,4,27,'d80b8114f4aab184d5ec04416d3ca35e',0,0,'',0,0,'2024-03-16 11:38:16','2024-03-16 11:38:17',NULL),(870,1,1,0,'',1,8,8,1,4,27,'d80b8114f4aab184d5ec04416d3ca35e',0,0,'',0,0,'2024-03-16 18:09:17','2024-03-16 18:09:18',NULL),(871,1,1,0,'',1,8,8,1,4,27,'d80b8114f4aab184d5ec04416d3ca35e',0,0,'',0,0,'2024-03-17 14:51:48','2024-03-17 14:51:48',NULL),(872,1,1,0,'',1,8,8,1,4,27,'d80b8114f4aab184d5ec04416d3ca35e',0,0,'',0,0,'2024-03-17 15:45:21','2024-03-17 15:45:21',NULL),(873,1,1,0,'',1,8,8,1,4,27,'d80b8114f4aab184d5ec04416d3ca35e',0,0,'',0,0,'2024-03-17 15:46:00','2024-03-17 15:46:01',NULL),(874,1,1,0,'',1,8,8,1,4,27,'d80b8114f4aab184d5ec04416d3ca35e',0,0,'',0,0,'2024-03-18 12:06:29','2024-03-18 12:06:29',NULL),(875,1,1,0,'',1,8,8,1,4,27,'d80b8114f4aab184d5ec04416d3ca35e',0,0,'',0,0,'2024-03-18 12:07:21','2024-03-18 12:07:21',NULL),(876,1,1,0,'',1,8,8,1,4,27,'d80b8114f4aab184d5ec04416d3ca35e',0,0,'',0,0,'2024-03-21 09:20:38','2024-03-21 09:20:38',NULL),(877,1,1,0,'',1,8,8,1,4,27,'d80b8114f4aab184d5ec04416d3ca35e',0,0,'',0,0,'2024-03-26 16:18:09','2024-03-26 16:18:09',NULL),(878,1,1,0,'',1,8,8,1,4,27,'d80b8114f4aab184d5ec04416d3ca35e',0,0,'',0,0,'2024-03-28 13:53:49','2024-03-28 13:53:49',NULL),(879,1,1,0,'',1,8,8,1,4,27,'d80b8114f4aab184d5ec04416d3ca35e',0,0,'',0,0,'2024-03-28 13:54:24','2024-03-28 13:54:24',NULL),(880,1,1,0,'',1,8,8,1,4,27,'d80b8114f4aab184d5ec04416d3ca35e',0,0,'',0,0,'2024-03-28 19:14:53','2024-03-28 19:14:53',NULL),(881,1,1,0,'',1,8,8,1,4,212,'d80b8114f4aab184d5ec04416d3ca35e',0,0,'',0,0,'2024-12-16 12:30:25','2024-12-16 14:37:56',NULL),(882,1,1,0,'',1,8,8,1,4,211,'d80b8114f4aab184d5ec04416d3ca35e',0,0,'',0,0,'2024-12-16 14:13:36','2024-12-16 14:15:15',NULL),(883,1,1,0,'',1,8,8,1,4,27,'d80b8114f4aab184d5ec04416d3ca35e',0,0,'',0,0,'2024-12-16 14:15:57','2024-12-16 14:15:58',NULL),(884,1,1,0,'',1,8,8,1,4,27,'d80b8114f4aab184d5ec04416d3ca35e',0,0,'',0,0,'2024-12-16 14:16:34','2024-12-16 14:16:35',NULL),(885,1,1,0,'',1,8,8,1,4,27,'d80b8114f4aab184d5ec04416d3ca35e',0,0,'',0,0,'2024-12-16 14:18:51','2024-12-16 14:18:51',NULL),(886,1,1,0,'',1,8,8,1,4,27,'d80b8114f4aab184d5ec04416d3ca35e',0,0,'',0,0,'2024-12-16 14:24:06','2024-12-16 14:24:07',NULL),(887,1,1,0,'',1,8,8,1,4,27,'d80b8114f4aab184d5ec04416d3ca35e',0,0,'',0,0,'2024-12-16 14:26:02','2024-12-16 14:26:02',NULL),(888,1,1,0,'',1,8,8,1,4,27,'d80b8114f4aab184d5ec04416d3ca35e',0,0,'',0,0,'2024-12-16 14:26:20','2024-12-19 11:04:47',NULL),(889,1,1,0,'',1,8,8,1,4,216,'d80b8114f4aab184d5ec04416d3ca35e',0,0,'',0,0,'2024-12-19 10:57:54','2024-12-19 10:57:57',NULL),(890,1,1,0,'',1,8,8,1,4,27,'d80b8114f4aab184d5ec04416d3ca35e',0,0,'',0,0,'2024-12-19 10:59:37','2024-12-19 10:59:37',NULL),(891,1,1,0,'',1,8,8,1,4,27,'d80b8114f4aab184d5ec04416d3ca35e',0,0,'',0,0,'2024-12-19 10:59:40','2024-12-19 10:59:48',NULL),(892,1,1,0,'',1,8,8,1,4,27,'d80b8114f4aab184d5ec04416d3ca35e',0,0,'',0,0,'2024-12-19 11:01:00','2024-12-19 11:07:01',NULL),(893,1,1,0,'',1,8,8,1,4,27,'d80b8114f4aab184d5ec04416d3ca35e',0,0,'',0,0,'2024-12-19 11:06:16','2024-12-19 11:06:16',NULL),(894,1,1,0,'',1,8,8,1,4,27,'d80b8114f4aab184d5ec04416d3ca35e',0,0,'',0,0,'2024-12-19 15:06:17','2024-12-19 15:06:17',NULL),(895,1,1,0,'',1,8,8,1,4,218,'d80b8114f4aab184d5ec04416d3ca35e',0,0,'',0,0,'2025-01-09 10:54:51','2025-01-09 11:06:01',NULL),(896,1,1,0,'',1,8,8,1,4,27,'d80b8114f4aab184d5ec04416d3ca35e',0,0,'',0,0,'2025-01-09 11:01:22','2025-01-09 11:01:23',NULL),(897,1,1,0,'',1,8,8,1,4,493,'d80b8114f4aab184d5ec04416d3ca35e',0,0,'',0,0,'2025-02-03 12:26:38','2025-02-19 14:25:10',NULL),(898,1,1,0,'',1,8,8,1,4,27,'d80b8114f4aab184d5ec04416d3ca35e',0,0,'',0,0,'2025-02-19 14:25:45','2025-02-19 14:25:46',NULL),(899,1,1,0,'',1,8,8,1,4,500,'d80b8114f4aab184d5ec04416d3ca35e',0,0,'',0,0,'2025-02-28 17:00:13','2025-02-28 17:00:17',NULL),(900,1,1,0,'',1,8,8,1,4,27,'d80b8114f4aab184d5ec04416d3ca35e',0,0,'',0,0,'2025-02-28 17:01:05','2025-02-28 17:01:05',NULL),(901,1,1,0,'',1,8,8,1,4,27,'d80b8114f4aab184d5ec04416d3ca35e',0,0,'',0,0,'2025-02-28 17:02:13','2025-02-28 17:02:13',NULL),(902,1,1,0,'',1,8,8,1,4,3306,'d80b8114f4aab184d5ec04416d3ca35e',0,0,'',0,0,'2025-02-28 17:04:34','2025-02-28 17:05:59',NULL),(903,1,1,0,'',1,8,8,1,4,27,'d80b8114f4aab184d5ec04416d3ca35e',0,0,'',0,0,'2025-02-28 17:07:27','2025-02-28 17:07:27',NULL),(904,1,1,0,'',1,8,8,1,4,27,'d80b8114f4aab184d5ec04416d3ca35e',0,0,'',0,0,'2025-03-03 13:09:16','2025-03-03 13:09:17',NULL),(905,1,1,0,'',1,8,8,1,4,27,'d80b8114f4aab184d5ec04416d3ca35e',0,0,'',0,0,'2025-03-03 13:12:48','2025-03-03 13:12:49',NULL),(906,1,1,0,'',1,8,8,1,4,27,'d80b8114f4aab184d5ec04416d3ca35e',0,0,'',0,0,'2025-03-03 16:24:27','2025-03-03 16:24:27',NULL),(907,1,1,0,'',1,8,8,1,4,27,'d80b8114f4aab184d5ec04416d3ca35e',0,0,'',0,0,'2025-03-10 16:42:20','2025-03-10 16:42:21',NULL),(908,1,1,0,'',1,8,8,1,4,3335,'d80b8114f4aab184d5ec04416d3ca35e',0,0,'',0,0,'2025-03-10 16:45:35','2025-03-10 16:59:53',NULL),(909,1,1,0,'',1,8,8,1,4,27,'d80b8114f4aab184d5ec04416d3ca35e',0,0,'',0,0,'2025-03-10 16:50:20','2025-03-10 16:50:20',NULL),(910,1,1,0,'',1,8,8,1,4,27,'d80b8114f4aab184d5ec04416d3ca35e',0,0,'',0,0,'2025-03-10 16:50:34','2025-03-10 16:50:35',NULL),(911,1,1,0,'',1,8,8,1,4,27,'d80b8114f4aab184d5ec04416d3ca35e',0,0,'',0,0,'2025-03-10 16:51:11','2025-03-10 16:51:12',NULL),(912,1,1,0,'',1,8,8,1,4,27,'d80b8114f4aab184d5ec04416d3ca35e',0,0,'',0,0,'2025-03-10 16:53:10','2025-03-10 16:53:10',NULL),(913,1,1,0,'',1,8,8,1,4,27,'d80b8114f4aab184d5ec04416d3ca35e',0,0,'',0,0,'2025-03-10 16:53:25','2025-03-10 16:53:25',NULL),(914,1,1,0,'',1,8,8,1,4,27,'d80b8114f4aab184d5ec04416d3ca35e',0,0,'',0,0,'2025-03-10 16:57:25','2025-03-10 16:57:25',NULL),(915,1,1,0,'',1,8,8,1,4,27,'d80b8114f4aab184d5ec04416d3ca35e',0,0,'',0,0,'2025-03-10 16:57:42','2025-03-10 16:57:43',NULL),(916,1,1,0,'',1,8,8,1,4,27,'d80b8114f4aab184d5ec04416d3ca35e',0,0,'',0,0,'2025-03-10 16:58:38','2025-03-10 16:58:59',NULL),(917,1,1,0,'',1,8,8,1,4,27,'d80b8114f4aab184d5ec04416d3ca35e',0,0,'',0,0,'2025-03-10 16:59:16','2025-03-10 16:59:17',NULL),(918,1,1,0,'',1,8,8,1,4,27,'d80b8114f4aab184d5ec04416d3ca35e',0,0,'',0,0,'2025-03-10 17:00:19','2025-03-10 17:00:19',NULL),(919,1,1,0,'',1,8,8,1,4,27,'d80b8114f4aab184d5ec04416d3ca35e',0,0,'',0,0,'2025-03-10 17:04:19','2025-03-10 17:04:20',NULL),(920,1,1,0,'',1,8,8,1,4,27,'d80b8114f4aab184d5ec04416d3ca35e',0,0,'',0,0,'2025-03-10 17:06:45','2025-03-10 17:06:46',NULL),(921,1,1,0,'',1,8,8,1,4,27,'d80b8114f4aab184d5ec04416d3ca35e',0,0,'',0,0,'2025-03-10 17:07:26','2025-03-10 17:07:27',NULL),(922,1,1,0,'',1,8,8,1,4,27,'d80b8114f4aab184d5ec04416d3ca35e',0,0,'',0,0,'2025-03-11 09:02:24','2025-03-11 09:02:25',NULL),(923,1,1,0,'',1,8,8,1,4,27,'d80b8114f4aab184d5ec04416d3ca35e',0,0,'',0,0,'2025-03-11 14:42:23','2025-03-11 14:42:23',NULL),(924,1,1,0,'',1,8,8,1,4,27,'d80b8114f4aab184d5ec04416d3ca35e',0,0,'',0,0,'2025-03-11 14:44:27','2025-03-11 14:44:28',NULL),(925,1,1,0,'',1,8,8,1,4,27,'d80b8114f4aab184d5ec04416d3ca35e',0,0,'',0,0,'2025-03-11 14:46:46','2025-03-11 14:46:46',NULL),(926,1,1,0,'',1,8,8,1,4,27,'d80b8114f4aab184d5ec04416d3ca35e',0,0,'',0,0,'2025-03-11 14:48:18','2025-03-11 14:48:19',NULL),(927,1,1,0,'',1,8,8,1,4,27,'d80b8114f4aab184d5ec04416d3ca35e',0,0,'',0,0,'2025-03-11 15:46:54','2025-03-11 15:46:54',NULL),(928,1,1,0,'',1,8,8,1,4,27,'d80b8114f4aab184d5ec04416d3ca35e',0,0,'',0,0,'2025-03-11 15:47:10','2025-03-11 15:47:11',NULL),(929,1,1,0,'',1,8,8,1,4,27,'d80b8114f4aab184d5ec04416d3ca35e',0,0,'',0,0,'2025-03-11 16:30:03','2025-03-11 16:30:03',NULL),(930,1,1,0,'',1,8,8,1,4,27,'d80b8114f4aab184d5ec04416d3ca35e',0,0,'',0,0,'2025-03-11 16:37:32','2025-03-11 16:37:33',NULL),(931,1,1,0,'',1,8,8,1,4,27,'d80b8114f4aab184d5ec04416d3ca35e',0,0,'',0,0,'2025-03-11 16:38:35','2025-03-11 16:38:36',NULL),(932,1,1,0,'',1,8,8,1,4,27,'d80b8114f4aab184d5ec04416d3ca35e',0,0,'',0,0,'2025-03-11 17:17:00','2025-03-11 17:17:00',NULL),(933,1,1,0,'',1,8,8,1,4,27,'d80b8114f4aab184d5ec04416d3ca35e',0,0,'',0,0,'2025-03-11 17:17:42','2025-03-11 17:17:42',NULL),(934,1,1,0,'',1,8,8,1,4,27,'d80b8114f4aab184d5ec04416d3ca35e',0,0,'',0,0,'2025-03-11 17:29:33','2025-03-11 17:29:34',NULL),(935,1,1,0,'',1,8,8,1,4,27,'d80b8114f4aab184d5ec04416d3ca35e',0,0,'',0,0,'2025-03-11 17:29:48','2025-03-11 17:29:49',NULL),(936,1,1,0,'',1,8,8,1,4,27,'d80b8114f4aab184d5ec04416d3ca35e',0,0,'',0,0,'2025-03-11 21:22:03','2025-03-11 21:22:03',NULL),(937,1,1,0,'',1,8,8,1,4,27,'d80b8114f4aab184d5ec04416d3ca35e',0,0,'',0,0,'2025-03-11 21:39:20','2025-03-25 12:25:19',NULL),(938,1,1,0,'',1,8,8,1,4,27,'d80b8114f4aab184d5ec04416d3ca35e',0,0,'',0,0,'2025-03-25 12:28:25','2025-03-25 12:28:26',NULL),(939,1,1,0,'',1,8,8,1,4,11307,'d80b8114f4aab184d5ec04416d3ca35e',0,0,'',0,0,'2025-05-28 12:57:56','2025-05-28 13:02:29',NULL),(940,1,1,0,'',1,8,8,1,4,27,'d80b8114f4aab184d5ec04416d3ca35e',0,0,'',0,0,'2025-05-28 13:09:41','2025-05-28 13:09:41',NULL),(941,1,1,0,'',1,8,8,1,4,27,'d80b8114f4aab184d5ec04416d3ca35e',0,0,'',0,0,'2025-05-28 13:11:15','2025-05-28 13:11:15',NULL),(942,1,1,0,'',1,8,8,1,4,27,'d80b8114f4aab184d5ec04416d3ca35e',0,0,'',0,0,'2025-05-28 13:15:17','2025-05-28 13:15:18',NULL),(943,1,1,0,'',1,8,8,1,4,27,'d80b8114f4aab184d5ec04416d3ca35e',0,0,'',0,0,'2025-05-28 14:35:32','2025-05-28 14:35:32',NULL),(944,1,1,0,'',1,8,8,1,4,27,'d80b8114f4aab184d5ec04416d3ca35e',0,0,'',0,0,'2025-05-28 14:37:21','2025-05-28 14:37:21',NULL),(945,1,1,0,'',1,8,8,1,4,27,'d80b8114f4aab184d5ec04416d3ca35e',0,0,'',0,0,'2025-05-28 14:41:03','2025-05-28 14:41:03',NULL),(946,1,1,0,'',1,8,8,1,4,27,'d80b8114f4aab184d5ec04416d3ca35e',0,0,'',0,0,'2025-05-28 14:56:04','2025-05-28 14:56:04',NULL),(947,1,1,0,'',1,8,8,1,4,27,'d80b8114f4aab184d5ec04416d3ca35e',0,0,'',0,0,'2025-05-28 14:57:38','2025-05-28 14:57:39',NULL),(948,1,1,0,'',1,8,8,1,4,27,'d80b8114f4aab184d5ec04416d3ca35e',0,0,'',0,0,'2025-05-28 14:59:05','2025-05-28 14:59:06',NULL),(949,1,1,0,'',1,8,8,1,4,27,'d80b8114f4aab184d5ec04416d3ca35e',0,0,'',0,0,'2025-05-28 16:08:14','2025-05-28 16:08:21',NULL),(950,0,1,0,'{\"14\":\"0,\"}',1,14,14,1,7,0,'d05937b86eeddf550c98b454fbb3d754',0,0,'',0,0,'2025-09-29 09:43:59','2025-09-29 09:54:45',NULL);

--
-- Table structure for table `ps_cart_cart_rule`
--

CREATE TABLE `ps_cart_cart_rule` (
  `id_cart` int unsigned NOT NULL,
  `id_cart_rule` int unsigned NOT NULL,
  PRIMARY KEY (`id_cart`,`id_cart_rule`),
  KEY `id_cart_rule` (`id_cart_rule`)
) ENGINE=InnoDB DEFAULT CHARSET=utf8mb4 COLLATE=utf8mb4_general_ci;

--
-- Dumping data for table `ps_cart_cart_rule`
--


--
-- Table structure for table `ps_cart_product`
--

CREATE TABLE `ps_cart_product` (
  `id_cart` int unsigned NOT NULL,
  `id_product` int unsigned NOT NULL,
  `id_address_delivery` int unsigned NOT NULL DEFAULT '0',
  `id_shop` int unsigned NOT NULL DEFAULT '1',
  `id_product_attribute` int unsigned NOT NULL DEFAULT '0',
  `id_customization` int unsigned NOT NULL DEFAULT '0',
  `quantity` int unsigned NOT NULL DEFAULT '0',
  `date_add` datetime NOT NULL,
  PRIMARY KEY (`id_cart`,`id_product`,`id_product_attribute`,`id_customization`,`id_address_delivery`),
  KEY `id_product_attribute` (`id_product_attribute`),
  KEY `id_cart_order` (`id_cart`,`date_add`,`id_product`,`id_product_attribute`)
) ENGINE=InnoDB DEFAULT CHARSET=utf8mb4 COLLATE=utf8mb4_general_ci;

--
-- Dumping data for table `ps_cart_product`
--

INSERT INTO `ps_cart_product` VALUES (333,460,0,1,0,0,1,'2023-02-13 12:07:22'),(334,465,0,1,0,0,1,'2023-02-13 12:21:17'),(335,464,8,1,0,0,1,'2023-02-15 17:15:33'),(336,262,8,1,0,0,1,'2023-02-27 06:39:01'),(337,262,0,1,0,0,3,'2023-02-23 11:41:24'),(338,262,8,1,0,0,1,'2023-02-27 06:42:22'),(339,262,8,1,0,0,1,'2023-02-27 06:43:09'),(340,262,8,1,0,0,1,'2023-02-27 06:44:24'),(341,262,8,1,0,0,1,'2023-02-27 06:52:43'),(342,37,8,1,0,0,1,'2023-02-27 12:18:59'),(343,138,8,1,0,0,1,'2023-03-04 10:37:23'),(344,42,8,1,0,0,1,'2023-03-07 12:56:20'),(345,137,8,1,0,0,1,'2023-03-07 13:01:38'),(346,138,8,1,0,0,1,'2023-03-07 13:02:50'),(347,138,8,1,0,0,1,'2023-03-07 13:04:25'),(348,138,8,1,0,0,1,'2023-03-07 13:04:28'),(349,137,8,1,0,0,1,'2023-03-07 13:11:05'),(350,141,8,1,0,0,1,'2023-03-07 16:01:27'),(351,137,8,1,0,0,1,'2023-03-07 16:16:48'),(352,137,8,1,0,0,1,'2023-03-08 09:10:54'),(353,138,8,1,0,0,1,'2023-03-08 09:32:18'),(354,160,8,1,0,0,1,'2023-03-08 12:26:40'),(355,190,8,1,0,0,1,'2023-03-08 12:32:05'),(356,156,8,1,0,0,1,'2023-03-08 12:43:36'),(357,190,8,1,0,0,1,'2023-03-08 12:49:51'),(358,190,8,1,0,0,1,'2023-03-08 13:01:42'),(359,190,8,1,0,0,1,'2023-03-08 13:17:24'),(361,261,8,1,0,0,1,'2023-03-09 09:19:13'),(362,491,8,1,0,0,1,'2023-03-10 20:16:09'),(363,209,8,1,0,0,1,'2023-03-11 17:08:26'),(364,210,8,1,0,0,1,'2023-03-12 16:58:54'),(365,182,8,1,0,0,1,'2023-03-13 15:50:42'),(366,182,8,1,0,0,1,'2023-03-13 15:51:38'),(367,160,8,1,0,0,1,'2023-03-13 16:48:02'),(368,182,8,1,0,0,1,'2023-03-15 19:40:40'),(369,137,8,1,0,0,1,'2023-03-16 09:56:44'),(370,242,8,1,0,0,1,'2023-03-16 13:45:13'),(371,37,8,1,0,0,1,'2023-03-16 14:02:12'),(372,244,8,1,0,0,1,'2023-03-18 20:16:21'),(373,37,8,1,0,0,1,'2023-03-19 10:49:37'),(374,42,8,1,0,0,1,'2023-03-19 10:50:26'),(375,156,8,1,0,0,1,'2023-03-19 12:51:51'),(376,172,8,1,0,0,1,'2023-03-20 15:01:11'),(377,156,8,1,0,0,1,'2023-03-21 14:00:59'),(379,42,8,1,0,0,1,'2023-03-21 16:05:57'),(380,206,8,1,0,0,1,'2023-03-21 16:50:27'),(381,215,8,1,0,0,1,'2023-03-21 19:40:55'),(382,50,8,1,0,0,1,'2023-03-23 11:54:30'),(384,172,8,1,0,0,1,'2023-03-23 14:33:11'),(385,37,8,1,0,0,1,'2023-03-23 14:57:13'),(386,156,8,1,0,0,1,'2023-03-23 17:51:05'),(387,158,8,1,0,0,1,'2023-03-24 13:04:10'),(388,208,8,1,0,0,1,'2023-03-24 15:14:22'),(389,37,8,1,0,0,1,'2023-03-24 19:34:11'),(390,42,8,1,0,0,1,'2023-03-24 19:35:08'),(391,42,8,1,0,0,1,'2023-03-24 19:35:09'),(392,503,8,1,0,0,1,'2023-03-25 10:14:49'),(393,494,8,1,0,0,1,'2023-03-25 10:32:41'),(394,156,8,1,0,0,1,'2023-03-25 11:03:20'),(395,144,8,1,0,0,1,'2023-03-25 11:44:36'),(396,160,8,1,0,0,1,'2023-03-25 12:20:07'),(397,172,8,1,0,0,1,'2023-03-25 13:16:30'),(398,215,8,1,0,0,1,'2023-03-26 16:44:34'),(399,127,8,1,0,0,1,'2023-03-27 11:02:25'),(400,426,8,1,0,0,1,'2023-03-27 13:48:29'),(401,37,8,1,0,0,1,'2023-03-27 18:32:03'),(402,37,8,1,0,0,1,'2023-03-28 11:54:46'),(403,209,8,1,0,0,1,'2023-03-28 18:53:30'),(404,37,8,1,0,0,2,'2023-03-29 14:22:22'),(405,143,8,1,0,0,2,'2023-03-29 16:09:34'),(406,215,8,1,0,0,1,'2023-03-30 11:33:20'),(407,242,8,1,0,0,1,'2023-03-30 11:52:47'),(408,178,8,1,0,0,1,'2023-03-30 13:22:28'),(409,160,8,1,0,0,1,'2023-03-30 17:40:43'),(410,144,8,1,0,0,1,'2023-03-30 18:14:42'),(411,554,8,1,0,0,1,'2023-03-30 18:35:21'),(412,143,8,1,0,0,1,'2023-03-31 19:47:19'),(413,538,8,1,0,0,1,'2023-03-31 19:55:18'),(414,537,8,1,0,0,1,'2023-04-01 11:07:20'),(415,537,8,1,0,0,1,'2023-04-01 11:12:28'),(416,212,8,1,0,0,1,'2023-04-01 11:46:44'),(417,242,8,1,0,0,1,'2023-04-01 17:22:16'),(418,503,8,1,0,0,1,'2023-04-02 12:47:04'),(419,37,8,1,0,0,1,'2023-04-02 13:51:53'),(420,215,8,1,0,0,1,'2023-04-02 18:14:32'),(421,37,8,1,0,0,1,'2023-04-04 14:06:48'),(422,158,8,1,0,0,1,'2023-04-05 12:02:02'),(423,208,8,1,0,0,1,'2023-04-05 12:29:53'),(424,182,8,1,0,0,1,'2023-04-05 12:36:51'),(425,37,8,1,0,0,1,'2023-04-05 14:10:47'),(426,550,8,1,0,0,1,'2023-04-05 14:38:12'),(427,178,8,1,0,0,1,'2023-04-05 16:20:35'),(428,178,8,1,0,0,1,'2023-04-05 17:43:23'),(429,144,8,1,0,0,1,'2023-04-05 18:18:30'),(430,208,8,1,0,0,1,'2023-04-06 11:59:57'),(431,537,8,1,0,0,1,'2023-04-06 13:00:53'),(432,215,8,1,0,0,1,'2023-04-06 13:03:50'),(433,215,8,1,0,0,1,'2023-04-06 13:04:53'),(434,182,8,1,0,0,1,'2023-04-06 18:45:50'),(435,242,8,1,0,0,1,'2023-04-08 09:41:11'),(436,235,8,1,0,0,1,'2023-04-08 11:49:57'),(437,242,8,1,0,0,1,'2023-04-09 13:32:22'),(438,37,8,1,0,0,2,'2023-04-10 11:47:25'),(439,143,8,1,0,0,1,'2023-04-11 10:52:55'),(440,145,8,1,0,0,1,'2023-04-11 17:01:16'),(441,172,8,1,0,0,1,'2023-04-11 18:50:07'),(442,209,8,1,0,0,1,'2023-04-12 14:29:12'),(443,544,8,1,0,0,1,'2023-04-13 08:45:17'),(444,178,8,1,0,0,1,'2023-04-13 20:46:30'),(445,543,8,1,0,0,1,'2023-04-14 09:39:29'),(446,37,8,1,0,0,1,'2023-04-14 10:11:39'),(447,242,8,1,0,0,1,'2023-04-14 12:23:52'),(448,549,8,1,0,0,1,'2023-04-14 12:34:20'),(449,156,8,1,0,0,1,'2023-04-14 14:16:16'),(450,178,8,1,0,0,1,'2023-04-15 09:12:29'),(451,163,8,1,0,0,1,'2023-04-15 13:06:19'),(452,215,8,1,0,0,1,'2023-04-15 17:54:56'),(453,37,8,1,0,0,1,'2023-04-15 19:38:15'),(454,549,8,1,0,0,1,'2023-04-17 15:55:25'),(455,145,8,1,0,0,1,'2023-04-17 16:29:24'),(457,218,8,1,0,0,1,'2023-04-18 09:40:35'),(458,172,8,1,0,0,1,'2023-04-18 11:56:04'),(459,173,8,1,0,0,1,'2023-04-18 14:09:51'),(460,172,8,1,0,0,1,'2023-04-18 14:10:45'),(461,146,8,1,0,0,1,'2023-04-18 16:25:13'),(462,178,8,1,0,0,1,'2023-04-18 16:26:21'),(463,37,8,1,0,0,1,'2023-04-18 17:55:36'),(464,242,8,1,0,0,1,'2023-04-18 18:12:56'),(465,215,8,1,0,0,1,'2023-04-19 19:30:19'),(466,172,8,1,0,0,1,'2023-04-19 20:19:26'),(467,538,8,1,0,0,1,'2023-04-20 10:02:00'),(468,215,8,1,0,0,1,'2023-04-20 11:32:38'),(469,42,8,1,0,0,1,'2023-04-20 13:56:25'),(470,37,8,1,0,0,1,'2023-04-20 13:57:02'),(471,572,8,1,0,0,1,'2023-04-20 18:50:20'),(472,178,8,1,0,0,1,'2023-04-21 10:08:24'),(473,37,8,1,0,0,1,'2023-04-21 14:31:30'),(474,534,8,1,0,0,1,'2023-04-21 19:22:12'),(478,536,8,1,0,0,1,'2023-04-21 19:24:18'),(480,242,8,1,0,0,1,'2023-04-22 14:02:10'),(481,536,8,1,0,0,1,'2023-04-22 14:06:28'),(482,509,8,1,0,0,1,'2023-04-22 17:44:20'),(483,503,8,1,0,0,1,'2023-04-23 17:07:38'),(484,494,8,1,0,0,1,'2023-04-24 20:24:39'),(485,419,8,1,0,0,1,'2023-04-25 09:04:56'),(486,242,8,1,0,0,1,'2023-04-25 09:48:19'),(487,143,8,1,0,0,1,'2023-04-25 16:13:19'),(488,537,8,1,0,0,1,'2023-04-25 18:42:53'),(489,803,8,1,0,0,1,'2023-04-25 21:06:49'),(490,173,8,1,0,0,1,'2023-04-26 12:00:56'),(491,172,8,1,0,0,1,'2023-04-26 12:01:48'),(492,208,8,1,0,0,1,'2023-04-26 12:06:07'),(493,172,8,1,0,0,1,'2023-04-26 12:42:48'),(494,145,8,1,0,0,1,'2023-04-26 17:44:39'),(495,143,8,1,0,0,2,'2023-04-27 09:25:32'),(496,218,8,1,0,0,1,'2023-04-27 10:26:09'),(497,558,8,1,0,0,1,'2023-04-27 17:24:37'),(498,201,8,1,0,0,1,'2023-04-27 19:50:17'),(499,809,8,1,0,0,1,'2023-04-28 13:38:01'),(500,182,8,1,0,0,1,'2023-04-28 14:50:36'),(501,805,8,1,0,0,1,'2023-04-28 16:58:25'),(502,156,8,1,0,0,1,'2023-04-29 17:14:41'),(503,572,8,1,0,0,1,'2023-04-29 18:47:05'),(504,233,8,1,0,0,1,'2023-04-29 18:47:58'),(505,491,8,1,0,0,1,'2023-04-29 20:38:21'),(506,534,8,1,0,0,1,'2023-05-01 12:07:19'),(507,208,8,1,0,0,1,'2023-05-01 12:16:46'),(508,37,8,1,0,0,2,'2023-05-02 09:05:14'),(509,50,8,1,0,0,1,'2023-05-02 12:23:30'),(510,178,8,1,0,0,1,'2023-05-02 13:43:01'),(512,156,8,1,0,0,1,'2023-05-02 16:41:26'),(513,544,8,1,0,0,1,'2023-05-02 17:47:19'),(514,178,8,1,0,0,1,'2023-05-02 20:30:47'),(515,37,8,1,0,0,1,'2023-05-03 11:36:30'),(516,37,8,1,0,0,1,'2023-05-03 12:29:44'),(517,419,8,1,0,0,4,'2023-05-03 13:17:04'),(518,172,8,1,0,0,1,'2023-05-03 17:38:01'),(519,158,8,1,0,0,1,'2023-05-03 19:24:10'),(520,560,8,1,0,0,1,'2023-05-04 13:24:19'),(521,808,8,1,0,0,1,'2023-05-04 16:29:52'),(522,811,8,1,0,0,1,'2023-05-04 16:37:50'),(523,143,8,1,0,0,1,'2023-05-04 18:32:19'),(524,218,8,1,0,0,1,'2023-05-04 18:33:45'),(525,178,8,1,0,0,1,'2023-05-05 13:05:33'),(527,37,8,1,0,0,1,'2023-05-05 18:45:32'),(528,182,8,1,0,0,1,'2023-05-05 21:40:01'),(529,803,8,1,0,0,1,'2023-05-06 19:02:03'),(530,509,8,1,0,0,1,'2023-05-07 09:18:53'),(531,42,8,1,0,0,1,'2023-05-07 10:49:51'),(532,803,8,1,0,0,1,'2023-05-07 14:13:53'),(533,803,8,1,0,0,1,'2023-05-07 14:47:14'),(534,160,8,1,0,0,1,'2023-05-08 11:02:13'),(535,158,8,1,0,0,1,'2023-05-08 13:27:47'),(536,208,8,1,0,0,1,'2023-05-08 16:24:05'),(537,209,8,1,0,0,1,'2023-05-08 16:54:50'),(540,42,8,1,0,0,1,'2023-05-09 10:39:38'),(541,156,8,1,0,0,1,'2023-05-09 15:11:55'),(542,160,8,1,0,0,1,'2023-05-09 19:40:36'),(543,803,8,1,0,0,1,'2023-05-10 15:00:30'),(544,235,8,1,0,0,1,'2023-05-11 19:29:05'),(545,419,8,1,0,0,1,'2023-05-12 14:02:00'),(546,145,8,1,0,0,1,'2023-05-12 15:30:24'),(547,218,8,1,0,0,1,'2023-05-12 15:57:47'),(548,218,8,1,0,0,1,'2023-05-12 15:59:03'),(549,551,8,1,0,0,1,'2023-05-12 17:56:35'),(550,551,8,1,0,0,1,'2023-05-12 17:57:54'),(551,517,8,1,0,0,1,'2023-05-12 19:48:46'),(552,542,8,1,0,0,1,'2023-05-12 20:26:27'),(553,163,8,1,0,0,1,'2023-05-13 11:30:40'),(554,189,8,1,0,0,1,'2023-05-13 14:50:30'),(557,419,8,1,0,0,1,'2023-05-13 16:49:20'),(558,478,8,1,0,0,1,'2023-05-13 21:17:29'),(559,419,8,1,0,0,1,'2023-05-14 09:20:24'),(560,811,8,1,0,0,1,'2023-05-15 09:30:13'),(561,811,8,1,0,0,1,'2023-05-15 09:30:52'),(562,811,8,1,0,0,1,'2023-05-15 09:34:05'),(563,811,8,1,0,0,1,'2023-05-15 09:38:06'),(564,242,8,1,0,0,1,'2023-05-15 11:30:59'),(565,419,8,1,0,0,1,'2023-05-15 11:36:59'),(566,419,8,1,0,0,1,'2023-05-15 13:34:36'),(567,549,8,1,0,0,1,'2023-05-15 14:57:53'),(568,812,8,1,0,0,1,'2023-05-15 18:11:28'),(569,156,8,1,0,0,1,'2023-05-17 11:19:03'),(570,178,8,1,0,0,1,'2023-05-17 15:14:54'),(571,143,8,1,0,0,2,'2023-05-18 10:07:59'),(573,211,8,1,0,0,1,'2023-05-18 10:11:08'),(574,544,8,1,0,0,1,'2023-05-18 16:07:50'),(575,547,8,1,0,0,1,'2023-05-19 12:00:18'),(576,817,8,1,0,0,1,'2023-05-19 12:18:10'),(577,809,8,1,0,0,1,'2023-05-19 14:11:15'),(578,172,8,1,0,0,1,'2023-05-19 14:42:42'),(579,172,8,1,0,0,1,'2023-05-19 14:44:01'),(580,803,8,1,0,0,1,'2023-05-19 15:13:13'),(581,803,8,1,0,0,1,'2023-05-19 15:13:13'),(582,155,8,1,0,0,1,'2023-05-20 19:56:04'),(583,179,8,1,0,0,1,'2023-05-21 10:34:46'),(584,177,8,1,0,0,1,'2023-05-21 11:37:50'),(585,146,8,1,0,0,1,'2023-05-21 13:49:20'),(586,804,8,1,0,0,1,'2023-05-22 10:50:11'),(587,809,8,1,0,0,1,'2023-05-22 10:58:38'),(588,808,8,1,0,0,1,'2023-05-22 13:08:24'),(589,805,8,1,0,0,1,'2023-05-22 13:13:37'),(590,156,8,1,0,0,2,'2023-05-22 16:16:19'),(591,158,8,1,0,0,1,'2023-05-22 19:41:39'),(592,811,8,1,0,0,1,'2023-05-23 13:59:13'),(593,179,8,1,0,0,1,'2023-05-23 15:55:23'),(594,172,8,1,0,0,1,'2023-05-23 16:00:48'),(595,156,8,1,0,0,1,'2023-05-23 16:15:34'),(596,212,8,1,0,0,1,'2023-05-24 18:19:16'),(597,212,8,1,0,0,1,'2023-05-24 18:19:16'),(598,803,8,1,0,0,1,'2023-05-25 14:36:06'),(599,211,8,1,0,0,1,'2023-05-25 17:46:33'),(600,156,8,1,0,0,1,'2023-05-25 18:10:44'),(601,178,8,1,0,0,1,'2023-05-25 18:15:55'),(602,814,8,1,0,0,1,'2023-05-25 18:28:09'),(603,157,8,1,0,0,1,'2023-05-25 19:09:57'),(604,50,8,1,0,0,1,'2023-05-26 15:53:29'),(605,42,8,1,0,0,1,'2023-05-26 17:02:51'),(606,803,8,1,0,0,1,'2023-05-26 20:19:51'),(607,143,8,1,0,0,1,'2023-05-27 11:30:26'),(608,218,8,1,0,0,1,'2023-05-27 11:31:37'),(609,178,8,1,0,0,1,'2023-05-27 17:26:16'),(610,177,8,1,0,0,1,'2023-05-27 17:34:09'),(611,178,8,1,0,0,1,'2023-05-29 12:15:56'),(612,540,8,1,0,0,1,'2023-05-29 15:06:01'),(613,803,8,1,0,0,1,'2023-05-29 19:39:14'),(614,42,8,1,0,0,2,'2023-05-30 15:58:54'),(615,212,8,1,0,0,1,'2023-05-30 17:59:03'),(616,50,8,1,0,0,1,'2023-05-31 12:47:18'),(617,50,8,1,0,0,1,'2023-05-31 14:33:15'),(618,50,8,1,0,0,1,'2023-05-31 14:35:27'),(620,145,8,1,0,0,1,'2023-05-31 14:45:55'),(621,145,8,1,0,0,1,'2023-05-31 14:48:00'),(622,50,8,1,0,0,1,'2023-05-31 14:50:22'),(623,50,8,1,0,0,1,'2023-05-31 14:55:24'),(627,141,8,1,0,0,1,'2023-05-31 15:04:59'),(628,141,8,1,0,0,1,'2023-05-31 15:06:30'),(629,141,8,1,0,0,1,'2023-05-31 15:07:58'),(630,160,8,1,0,0,1,'2023-05-31 18:04:19'),(631,160,8,1,0,0,1,'2023-05-31 18:05:11'),(632,160,8,1,0,0,1,'2023-05-31 18:06:18'),(633,172,8,1,0,0,1,'2023-06-01 11:25:57'),(634,146,8,1,0,0,1,'2023-06-01 19:19:01'),(635,804,8,1,0,0,1,'2023-06-01 21:34:32'),(636,143,8,1,0,0,1,'2023-06-02 11:51:43'),(637,42,8,1,0,0,1,'2023-06-02 19:58:48'),(638,419,8,1,0,0,1,'2023-06-02 20:00:09'),(639,811,8,1,0,0,1,'2023-06-05 11:36:51'),(640,172,8,1,0,0,1,'2023-06-05 12:09:35'),(641,173,8,1,0,0,1,'2023-06-05 12:10:20'),(642,172,8,1,0,0,1,'2023-06-05 12:57:52'),(643,182,8,1,0,0,1,'2023-06-05 13:10:48'),(644,542,8,1,0,0,1,'2023-06-05 14:00:08'),(645,172,8,1,0,0,1,'2023-06-06 10:55:58'),(646,804,8,1,0,0,1,'2023-06-06 10:57:30'),(647,544,8,1,0,0,1,'2023-06-06 12:39:40'),(648,42,8,1,0,0,1,'2023-06-06 14:30:44'),(649,182,8,1,0,0,1,'2023-06-06 15:52:28'),(650,182,8,1,0,0,1,'2023-06-06 17:41:21'),(651,156,8,1,0,0,1,'2023-06-06 18:14:05'),(652,42,8,1,0,0,1,'2023-06-06 20:21:30'),(653,803,8,1,0,0,1,'2023-06-06 21:42:35'),(654,494,8,1,0,0,1,'2023-06-07 09:13:27'),(655,806,8,1,0,0,1,'2023-06-07 12:47:25'),(656,178,8,1,0,0,1,'2023-06-07 14:24:28'),(657,551,8,1,0,0,1,'2023-06-07 17:55:58'),(658,540,8,1,0,0,1,'2023-06-07 19:15:09'),(659,540,8,1,0,0,1,'2023-06-07 19:15:11'),(660,540,8,1,0,0,1,'2023-06-07 19:15:16'),(661,144,8,1,0,0,1,'2023-06-08 08:32:55'),(662,155,8,1,0,0,1,'2023-06-08 12:02:21'),(663,189,8,1,0,0,1,'2023-06-08 16:07:28'),(664,189,8,1,0,0,1,'2023-06-08 16:09:02'),(665,804,8,1,0,0,1,'2023-06-08 19:25:30'),(666,206,8,1,0,0,1,'2023-06-08 20:49:30'),(667,804,8,1,0,0,1,'2023-06-09 11:40:11'),(668,171,8,1,0,0,1,'2023-06-09 16:18:27'),(669,173,8,1,0,0,1,'2023-06-09 16:19:30'),(670,494,8,1,0,0,1,'2023-06-09 16:22:10'),(671,173,8,1,0,0,1,'2023-06-09 19:16:21'),(673,815,8,1,0,0,1,'2023-06-10 16:38:41'),(674,172,8,1,0,0,1,'2023-06-10 18:43:50'),(675,540,8,1,0,0,1,'2023-06-11 15:18:26'),(676,549,8,1,0,0,1,'2023-06-11 15:19:37'),(677,501,8,1,0,0,1,'2023-06-11 17:54:53'),(678,551,8,1,0,0,1,'2023-06-11 17:56:41'),(680,208,8,1,0,0,1,'2023-06-12 15:12:58'),(681,172,8,1,0,0,1,'2023-06-12 15:32:48'),(682,173,8,1,0,0,1,'2023-06-12 15:33:31'),(683,802,8,1,0,0,1,'2023-06-12 16:12:59'),(684,158,8,1,0,0,1,'2023-06-12 18:44:10'),(685,182,8,1,0,0,1,'2023-06-14 08:16:55'),(686,803,8,1,0,0,1,'2023-06-14 10:57:33'),(687,568,8,1,0,0,1,'2023-06-14 12:43:41'),(688,209,8,1,0,0,1,'2023-06-15 11:41:50'),(689,163,8,1,0,0,1,'2023-06-15 12:06:44'),(690,212,8,1,0,0,1,'2023-06-15 15:55:22'),(691,544,8,1,0,0,1,'2023-06-15 18:12:52'),(692,215,8,1,0,0,1,'2023-06-15 18:37:21'),(693,781,8,1,0,0,1,'2023-06-16 10:20:02'),(695,544,8,1,0,0,1,'2023-06-16 15:59:08'),(696,189,8,1,0,0,1,'2023-06-17 16:17:08'),(697,806,8,1,0,0,1,'2023-06-19 08:04:35'),(698,551,8,1,0,0,1,'2023-06-19 15:23:36'),(699,494,8,1,0,0,1,'2023-06-19 20:00:41'),(700,179,8,1,0,0,1,'2023-06-19 20:43:18'),(701,182,8,1,0,0,1,'2023-06-20 19:37:25'),(702,58,8,1,0,0,1,'2023-06-22 10:33:37'),(703,172,8,1,0,0,1,'2023-06-22 10:36:17'),(704,540,8,1,0,0,1,'2023-06-22 13:11:32'),(705,146,8,1,0,0,1,'2023-06-22 14:01:40'),(707,182,8,1,0,0,1,'2023-06-22 15:42:43'),(708,218,8,1,0,0,1,'2023-06-22 17:19:55'),(709,802,8,1,0,0,1,'2023-06-22 19:05:54'),(710,803,8,1,0,0,1,'2023-06-22 20:36:05'),(711,804,8,1,0,0,1,'2023-06-22 21:21:21'),(712,803,8,1,0,0,1,'2023-06-23 08:24:58'),(713,804,8,1,0,0,1,'2023-06-23 14:09:23'),(714,157,8,1,0,0,1,'2023-06-23 18:06:38'),(715,155,8,1,0,0,1,'2023-06-24 11:44:50'),(716,815,8,1,0,0,1,'2023-06-24 15:19:23'),(718,544,8,1,0,0,1,'2023-06-24 17:24:08'),(719,156,8,1,0,0,1,'2023-06-25 18:56:00'),(720,803,8,1,0,0,1,'2023-06-26 10:02:26'),(721,806,8,1,0,0,1,'2023-06-26 10:03:10'),(722,804,8,1,0,0,1,'2023-06-26 10:13:13'),(723,540,8,1,0,0,1,'2023-06-26 15:43:46'),(724,815,8,1,0,0,1,'2023-06-26 19:00:28'),(725,42,8,1,0,0,1,'2023-06-26 21:26:12'),(726,144,8,1,0,0,1,'2023-06-27 13:00:50'),(727,211,8,1,0,0,1,'2023-06-27 17:21:11'),(728,160,8,1,0,0,1,'2023-06-28 12:30:13'),(729,544,8,1,0,0,1,'2023-06-28 17:31:43'),(730,815,8,1,0,0,1,'2023-06-28 18:40:07'),(731,544,8,1,0,0,1,'2023-06-28 19:43:27'),(732,803,8,1,0,0,1,'2023-06-29 08:19:16'),(733,537,8,1,0,0,1,'2023-06-29 18:24:10'),(735,145,8,1,0,0,1,'2023-06-30 12:49:39'),(736,572,8,1,0,0,1,'2023-06-30 13:23:33'),(737,544,8,1,0,0,1,'2023-06-30 18:55:18'),(738,215,8,1,0,0,1,'2023-06-30 19:34:30'),(739,494,8,1,0,0,1,'2023-06-30 19:44:06'),(740,145,8,1,0,0,1,'2023-07-01 12:52:08'),(741,815,8,1,0,0,1,'2023-07-01 18:32:15'),(742,42,8,1,0,0,1,'2023-07-01 19:13:16'),(743,218,8,1,0,0,1,'2023-07-02 19:12:30'),(744,536,8,1,0,0,1,'2023-07-03 09:50:49'),(745,538,8,1,0,0,1,'2023-07-03 09:51:45'),(746,215,8,1,0,0,1,'2023-07-03 11:23:51'),(747,211,8,1,0,0,1,'2023-07-03 18:23:24'),(748,212,8,1,0,0,1,'2023-07-03 18:24:05'),(749,42,8,1,0,0,1,'2023-07-03 18:44:19'),(750,802,8,1,0,0,1,'2023-07-03 18:45:01'),(751,42,8,1,0,0,1,'2023-07-03 20:03:19'),(752,544,8,1,0,0,1,'2023-07-03 20:12:38'),(753,215,8,1,0,0,1,'2023-07-04 10:08:07'),(754,803,8,1,0,0,1,'2023-07-04 11:24:55'),(755,501,8,1,0,0,1,'2023-07-04 11:56:50'),(756,803,8,1,0,0,1,'2023-07-04 11:57:35'),(757,208,8,1,0,0,1,'2023-07-04 12:11:03'),(758,218,8,1,0,0,1,'2023-07-04 15:35:07'),(759,538,8,1,0,0,1,'2023-07-04 20:47:05'),(760,537,8,1,0,0,1,'2023-07-05 12:49:06'),(761,537,8,1,0,0,1,'2023-07-05 12:57:28'),(762,218,8,1,0,0,1,'2023-07-05 14:46:42'),(763,145,8,1,0,0,1,'2023-07-05 18:20:29'),(764,173,8,1,0,0,1,'2023-07-05 18:33:55'),(765,172,8,1,0,0,1,'2023-07-05 18:34:39'),(766,208,8,1,0,0,1,'2023-07-06 14:28:53'),(767,145,8,1,0,0,1,'2023-07-07 08:42:35'),(768,173,8,1,0,0,1,'2023-07-07 09:02:46'),(769,172,8,1,0,0,1,'2023-07-07 09:03:34'),(770,544,8,1,0,0,1,'2023-07-07 12:33:15'),(771,536,8,1,0,0,1,'2023-07-07 18:54:00'),(772,804,8,1,0,0,1,'2023-07-07 20:07:56'),(773,804,8,1,0,0,1,'2023-07-07 20:08:42'),(774,809,8,1,0,0,1,'2023-07-08 11:22:49'),(775,809,8,1,0,0,1,'2023-07-08 11:23:58'),(776,501,8,1,0,0,1,'2023-07-08 14:41:22'),(777,491,8,1,0,0,1,'2023-07-08 16:27:58'),(779,494,8,1,0,0,1,'2023-07-08 21:16:30'),(780,494,8,1,0,0,1,'2023-07-08 21:17:22'),(781,542,8,1,0,0,1,'2023-07-08 21:28:58'),(782,804,8,1,0,0,1,'2023-07-09 17:59:26'),(783,805,8,1,0,0,2,'2023-07-09 18:00:27'),(784,805,8,1,0,0,1,'2023-07-10 17:00:56'),(785,138,8,1,0,0,1,'2023-11-02 23:12:35'),(786,460,8,1,0,0,1,'2023-11-21 12:23:28'),(788,1340,8,1,0,0,1,'2023-12-13 18:47:02'),(789,1357,8,1,0,0,1,'2023-12-13 18:53:57'),(790,1346,8,1,0,0,1,'2023-12-15 21:59:23'),(791,1355,8,1,0,0,1,'2023-12-16 11:25:16'),(792,1338,8,1,0,0,1,'2023-12-16 15:14:05'),(793,1329,8,1,0,0,1,'2023-12-16 19:08:31'),(794,1334,8,1,0,0,2,'2023-12-17 15:42:18'),(797,1332,8,1,0,0,1,'2024-01-06 19:10:46'),(799,1331,8,1,0,0,2,'2023-12-18 13:46:05'),(800,1358,8,1,0,0,1,'2024-01-07 13:58:19'),(801,1358,8,1,0,0,1,'2024-01-07 14:20:47'),(802,1338,8,1,0,0,1,'2024-01-08 13:38:16'),(803,1333,8,1,0,0,1,'2024-01-08 19:41:17'),(804,1359,8,1,0,0,1,'2024-01-10 16:55:49'),(805,1358,8,1,0,0,1,'2024-01-11 16:21:54'),(806,1338,8,1,0,0,1,'2024-01-13 15:33:11'),(807,1334,8,1,0,0,1,'2024-01-14 15:01:50'),(808,1346,8,1,0,0,1,'2024-01-14 16:56:34'),(809,1334,8,1,0,0,1,'2024-01-16 13:07:04'),(810,1347,8,1,0,0,1,'2024-01-16 13:19:28'),(811,1338,8,1,0,0,4,'2024-01-16 15:32:35'),(812,1334,8,1,0,0,1,'2024-01-17 13:57:55'),(813,1330,8,1,0,0,2,'2024-01-17 13:59:46'),(814,1326,8,1,0,0,1,'2024-01-19 19:00:38'),(815,1338,8,1,0,0,1,'2024-01-20 15:51:30'),(816,1338,8,1,0,0,1,'2024-01-21 16:12:35'),(817,1338,8,1,0,0,1,'2024-01-21 17:28:55'),(818,1334,8,1,0,0,1,'2024-01-21 17:33:04'),(819,1358,8,1,0,0,1,'2024-01-23 18:07:43'),(820,1338,8,1,0,0,2,'2024-01-24 18:28:37'),(821,1326,8,1,0,0,1,'2024-01-24 18:58:44'),(822,1334,8,1,0,0,1,'2024-01-25 10:43:34'),(823,1338,8,1,0,0,2,'2024-01-27 18:57:19'),(824,1333,8,1,0,0,3,'2024-01-28 12:20:47'),(825,1358,8,1,0,0,1,'2024-01-28 12:21:39'),(826,1333,8,1,0,0,1,'2024-01-28 17:46:29'),(827,1334,8,1,0,0,1,'2024-01-29 17:50:16'),(828,1338,8,1,0,0,1,'2024-01-30 13:30:26'),(829,1341,8,1,0,0,1,'2024-01-30 15:30:03'),(830,1344,8,1,0,0,1,'2024-01-30 18:14:27'),(831,1328,8,1,0,0,1,'2024-02-05 09:27:47'),(832,1338,8,1,0,0,1,'2024-02-06 11:23:38'),(833,1338,8,1,0,0,1,'2024-02-08 13:47:00'),(834,1338,8,1,0,0,1,'2024-02-10 17:21:12'),(835,1357,8,1,0,0,3,'2024-02-12 16:47:30'),(836,1329,8,1,0,0,2,'2024-02-12 16:48:23'),(837,1357,8,1,0,0,1,'2024-02-13 12:36:14'),(838,1358,8,1,0,0,1,'2024-02-13 13:07:48'),(839,1338,8,1,0,0,1,'2024-02-15 16:33:53'),(840,1354,8,1,0,0,1,'2024-02-15 16:35:47'),(841,1333,8,1,0,0,1,'2024-02-19 16:49:24'),(842,1338,8,1,0,0,1,'2024-02-20 12:51:21'),(843,1358,8,1,0,0,1,'2024-02-20 17:21:39'),(844,1347,8,1,0,0,1,'2024-02-20 17:22:11'),(845,1358,8,1,0,0,1,'2024-02-20 17:22:36'),(846,1347,8,1,0,0,1,'2024-02-20 17:53:06'),(847,1341,8,1,0,0,1,'2024-02-20 17:53:45'),(848,1334,8,1,0,0,1,'2024-02-25 11:39:57'),(849,1354,8,1,0,0,1,'2024-02-26 16:10:49'),(850,1338,8,1,0,0,1,'2024-02-29 14:08:21'),(851,1334,8,1,0,0,1,'2024-03-02 13:33:39'),(852,1338,8,1,0,0,1,'2024-03-03 14:04:39'),(853,1334,8,1,0,0,1,'2024-03-05 13:15:29'),(854,1338,8,1,0,0,2,'2024-03-05 13:16:13'),(856,1333,8,1,0,0,1,'2024-03-06 12:30:25'),(857,1358,8,1,0,0,1,'2024-03-06 17:16:59'),(858,1347,8,1,0,0,1,'2024-03-07 12:33:19'),(859,1345,8,1,0,0,1,'2024-03-08 10:01:58'),(860,1338,8,1,0,0,2,'2024-03-09 11:43:50'),(862,1338,8,1,0,0,1,'2024-03-09 12:15:06'),(863,1340,8,1,0,0,1,'2024-03-09 15:14:55'),(864,1334,8,1,0,0,1,'2024-03-10 13:19:44'),(865,1334,8,1,0,0,2,'2024-03-10 14:26:41'),(866,1344,8,1,0,0,1,'2024-03-11 11:00:27'),(867,1348,8,1,0,0,1,'2024-03-12 16:32:57'),(868,1358,8,1,0,0,1,'2024-03-12 18:26:26'),(869,1333,8,1,0,0,2,'2024-03-16 11:38:17'),(870,1323,8,1,0,0,1,'2024-03-16 18:09:18'),(871,1338,8,1,0,0,1,'2024-03-17 14:51:48'),(872,1334,8,1,0,0,1,'2024-03-17 15:45:21'),(873,1335,8,1,0,0,1,'2024-03-17 15:46:00'),(874,1338,8,1,0,0,4,'2024-03-18 12:06:29'),(875,1326,8,1,0,0,4,'2024-03-18 12:07:21'),(876,1356,8,1,0,0,1,'2024-03-21 09:20:38'),(877,1338,8,1,0,0,6,'2024-03-26 16:18:09'),(878,1358,8,1,0,0,1,'2024-03-28 13:53:49'),(879,1347,8,1,0,0,1,'2024-03-28 13:54:24'),(880,1333,8,1,0,0,1,'2024-03-28 19:14:53'),(881,4032,8,1,0,0,1,'2024-12-16 14:37:56'),(882,3884,8,1,0,0,1,'2024-12-16 14:15:15'),(883,3884,8,1,0,0,1,'2024-12-16 14:15:57'),(884,3884,8,1,0,0,1,'2024-12-16 14:16:34'),(885,3884,8,1,0,0,1,'2024-12-16 14:18:51'),(886,3884,8,1,0,0,1,'2024-12-16 14:24:07'),(887,3884,8,1,0,0,1,'2024-12-16 14:26:02'),(888,1955,8,1,0,0,1,'2024-12-19 11:04:47'),(889,1974,8,1,0,0,1,'2024-12-19 10:57:57'),(891,1955,8,1,0,0,1,'2024-12-19 10:59:48'),(892,1976,8,1,0,0,1,'2024-12-19 11:07:01'),(893,1968,8,1,0,0,1,'2024-12-19 11:06:16'),(894,1956,8,1,0,0,1,'2024-12-19 15:06:17'),(895,1635,8,1,0,0,1,'2025-01-09 11:06:01'),(897,1560,8,1,0,0,1,'2025-02-19 14:25:10'),(898,1560,8,1,0,0,1,'2025-02-19 14:25:46'),(899,55,8,1,0,0,1,'2025-02-28 17:00:17'),(900,55,8,1,0,0,1,'2025-02-28 17:01:05'),(901,55,8,1,0,0,1,'2025-02-28 17:02:13'),(902,1598,8,1,0,0,1,'2025-02-28 17:05:59'),(903,55,8,1,0,0,1,'2025-02-28 17:07:27'),(904,124,8,1,0,0,1,'2025-03-03 13:09:17'),(905,124,8,1,0,0,1,'2025-03-03 13:12:49'),(906,547,8,1,0,0,1,'2025-03-03 16:24:27'),(907,4176,8,1,0,0,1,'2025-03-10 16:42:21'),(908,5346,8,1,0,0,1,'2025-03-10 16:59:53'),(909,4166,8,1,0,0,1,'2025-03-10 16:50:20'),(910,5347,8,1,0,0,1,'2025-03-10 16:50:35'),(911,5346,8,1,0,0,1,'2025-03-10 16:51:12'),(912,5346,8,1,0,0,1,'2025-03-10 16:53:10'),(913,5347,8,1,0,0,1,'2025-03-10 16:53:25'),(914,5346,8,1,0,0,1,'2025-03-10 16:57:25'),(915,4167,8,1,0,0,2,'2025-03-10 16:57:43'),(916,5347,8,1,0,0,1,'2025-03-10 16:58:59'),(917,4176,8,1,0,0,1,'2025-03-10 16:59:16'),(918,5347,8,1,0,0,1,'2025-03-10 17:00:19'),(919,5347,8,1,0,0,1,'2025-03-10 17:04:20'),(920,5346,8,1,0,0,1,'2025-03-10 17:06:46'),(921,5346,8,1,0,0,1,'2025-03-10 17:07:27'),(922,5346,8,1,0,0,1,'2025-03-11 09:02:25'),(923,5346,8,1,0,0,1,'2025-03-11 14:42:23'),(924,5346,8,1,0,0,1,'2025-03-11 14:44:28'),(925,5346,8,1,0,0,1,'2025-03-11 14:46:46'),(926,5347,8,1,0,0,1,'2025-03-11 14:48:19'),(927,5346,8,1,0,0,1,'2025-03-11 15:46:54'),(928,5347,8,1,0,0,1,'2025-03-11 15:47:11'),(929,5346,8,1,0,0,1,'2025-03-11 16:30:03'),(930,5346,8,1,0,0,1,'2025-03-11 16:37:33'),(931,5346,8,1,0,0,1,'2025-03-11 16:38:36'),(932,5346,8,1,0,0,1,'2025-03-11 17:17:00'),(933,5346,8,1,0,0,1,'2025-03-11 17:17:42'),(934,5346,8,1,0,0,1,'2025-03-11 17:29:33'),(935,4168,8,1,0,0,1,'2025-03-11 17:29:49'),(936,5346,8,1,0,0,1,'2025-03-11 21:22:03'),(937,5349,8,1,0,0,1,'2025-03-25 12:25:19'),(938,5349,8,1,0,0,1,'2025-03-25 12:28:26'),(939,1540,8,1,0,0,1,'2025-05-28 13:02:29'),(940,5557,8,1,0,0,1,'2025-05-28 13:09:41'),(941,5557,8,1,0,0,1,'2025-05-28 13:11:15'),(942,5557,8,1,0,0,1,'2025-05-28 13:15:18'),(943,5565,8,1,0,0,1,'2025-05-28 14:35:32'),(944,5557,8,1,0,0,1,'2025-05-28 14:37:21'),(945,5560,8,1,0,0,1,'2025-05-28 14:41:03'),(946,5565,8,1,0,0,1,'2025-05-28 14:56:04'),(947,5561,8,1,0,0,1,'2025-05-28 14:57:39'),(948,5557,8,1,0,0,1,'2025-05-28 14:59:06'),(949,5565,8,1,0,0,1,'2025-05-28 16:08:21');

--
-- Table structure for table `ps_cart_rule`
--

CREATE TABLE `ps_cart_rule` (
  `id_cart_rule` int unsigned NOT NULL AUTO_INCREMENT,
  `id_customer` int unsigned NOT NULL DEFAULT '0',
  `date_from` datetime NOT NULL,
  `date_to` datetime NOT NULL,
  `description` text CHARACTER SET utf8mb4 COLLATE utf8mb4_general_ci,
  `quantity` int unsigned NOT NULL DEFAULT '0',
  `quantity_per_user` int unsigned NOT NULL DEFAULT '0',
  `priority` int unsigned NOT NULL DEFAULT '1',
  `partial_use` tinyint unsigned NOT NULL DEFAULT '0',
  `code` varchar(254) CHARACTER SET utf8mb4 COLLATE utf8mb4_general_ci NOT NULL,
  `minimum_amount` decimal(20,6) NOT NULL DEFAULT '0.000000',
  `minimum_amount_tax` tinyint(1) NOT NULL DEFAULT '0',
  `minimum_amount_currency` int unsigned NOT NULL DEFAULT '0',
  `minimum_amount_shipping` tinyint(1) NOT NULL DEFAULT '0',
  `country_restriction` tinyint unsigned NOT NULL DEFAULT '0',
  `carrier_restriction` tinyint unsigned NOT NULL DEFAULT '0',
  `group_restriction` tinyint unsigned NOT NULL DEFAULT '0',
  `cart_rule_restriction` tinyint unsigned NOT NULL DEFAULT '0',
  `product_restriction` tinyint unsigned NOT NULL DEFAULT '0',
  `shop_restriction` tinyint unsigned NOT NULL DEFAULT '0',
  `free_shipping` tinyint(1) NOT NULL DEFAULT '0',
  `reduction_percent` decimal(5,2) NOT NULL DEFAULT '0.00',
  `reduction_amount` decimal(20,6) NOT NULL DEFAULT '0.000000',
  `reduction_tax` tinyint unsigned NOT NULL DEFAULT '0',
  `reduction_currency` int unsigned NOT NULL DEFAULT '0',
  `reduction_product` int NOT NULL DEFAULT '0',
  `reduction_exclude_special` tinyint unsigned NOT NULL DEFAULT '0',
  `gift_product` int unsigned NOT NULL DEFAULT '0',
  `gift_product_attribute` int unsigned NOT NULL DEFAULT '0',
  `highlight` tinyint unsigned NOT NULL DEFAULT '0',
  `active` tinyint unsigned NOT NULL DEFAULT '0',
  `date_add` datetime NOT NULL,
  `date_upd` datetime NOT NULL,
  PRIMARY KEY (`id_cart_rule`),
  KEY `id_customer` (`id_customer`,`active`,`date_to`),
  KEY `group_restriction` (`group_restriction`,`active`,`date_to`),
  KEY `id_customer_2` (`id_customer`,`active`,`highlight`,`date_to`),
  KEY `group_restriction_2` (`group_restriction`,`active`,`highlight`,`date_to`),
  KEY `date_from` (`date_from`),
  KEY `date_to` (`date_to`)
) ENGINE=InnoDB DEFAULT CHARSET=utf8mb4 COLLATE=utf8mb4_general_ci;

--
-- Dumping data for table `ps_cart_rule`
--


--
-- Table structure for table `ps_cart_rule_carrier`
--

CREATE TABLE `ps_cart_rule_carrier` (
  `id_cart_rule` int unsigned NOT NULL,
  `id_carrier` int unsigned NOT NULL,
  PRIMARY KEY (`id_cart_rule`,`id_carrier`)
) ENGINE=InnoDB DEFAULT CHARSET=utf8mb4 COLLATE=utf8mb4_general_ci;

--
-- Dumping data for table `ps_cart_rule_carrier`
--


--
-- Table structure for table `ps_cart_rule_combination`
--

CREATE TABLE `ps_cart_rule_combination` (
  `id_cart_rule_1` int unsigned NOT NULL,
  `id_cart_rule_2` int unsigned NOT NULL,
  PRIMARY KEY (`id_cart_rule_1`,`id_cart_rule_2`),
  KEY `id_cart_rule_1` (`id_cart_rule_1`),
  KEY `id_cart_rule_2` (`id_cart_rule_2`)
) ENGINE=InnoDB DEFAULT CHARSET=utf8mb4 COLLATE=utf8mb4_general_ci;

--
-- Dumping data for table `ps_cart_rule_combination`
--


--
-- Table structure for table `ps_cart_rule_country`
--

CREATE TABLE `ps_cart_rule_country` (
  `id_cart_rule` int unsigned NOT NULL,
  `id_country` int unsigned NOT NULL,
  PRIMARY KEY (`id_cart_rule`,`id_country`)
) ENGINE=InnoDB DEFAULT CHARSET=utf8mb4 COLLATE=utf8mb4_general_ci;

--
-- Dumping data for table `ps_cart_rule_country`
--


--
-- Table structure for table `ps_cart_rule_group`
--

CREATE TABLE `ps_cart_rule_group` (
  `id_cart_rule` int unsigned NOT NULL,
  `id_group` int unsigned NOT NULL,
  PRIMARY KEY (`id_cart_rule`,`id_group`)
) ENGINE=InnoDB DEFAULT CHARSET=utf8mb4 COLLATE=utf8mb4_general_ci;

--
-- Dumping data for table `ps_cart_rule_group`
--


--
-- Table structure for table `ps_cart_rule_lang`
--

CREATE TABLE `ps_cart_rule_lang` (
  `id_cart_rule` int unsigned NOT NULL,
  `id_lang` int unsigned NOT NULL,
  `name` varchar(254) CHARACTER SET utf8mb4 COLLATE utf8mb4_general_ci NOT NULL,
  PRIMARY KEY (`id_cart_rule`,`id_lang`)
) ENGINE=InnoDB DEFAULT CHARSET=utf8mb4 COLLATE=utf8mb4_general_ci;

--
-- Dumping data for table `ps_cart_rule_lang`
--


--
-- Table structure for table `ps_cart_rule_product_rule`
--

CREATE TABLE `ps_cart_rule_product_rule` (
  `id_product_rule` int unsigned NOT NULL AUTO_INCREMENT,
  `id_product_rule_group` int unsigned NOT NULL,
  `type` enum('products','categories','attributes','manufacturers','suppliers') CHARACTER SET utf8mb4 COLLATE utf8mb4_general_ci NOT NULL,
  PRIMARY KEY (`id_product_rule`)
) ENGINE=InnoDB DEFAULT CHARSET=utf8mb4 COLLATE=utf8mb4_general_ci;

--
-- Dumping data for table `ps_cart_rule_product_rule`
--


--
-- Table structure for table `ps_cart_rule_product_rule_group`
--

CREATE TABLE `ps_cart_rule_product_rule_group` (
  `id_product_rule_group` int unsigned NOT NULL AUTO_INCREMENT,
  `id_cart_rule` int unsigned NOT NULL,
  `quantity` int unsigned NOT NULL DEFAULT '1',
  PRIMARY KEY (`id_product_rule_group`)
) ENGINE=InnoDB DEFAULT CHARSET=utf8mb4 COLLATE=utf8mb4_general_ci;

--
-- Dumping data for table `ps_cart_rule_product_rule_group`
--


--
-- Table structure for table `ps_cart_rule_product_rule_value`
--

CREATE TABLE `ps_cart_rule_product_rule_value` (
  `id_product_rule` int unsigned NOT NULL,
  `id_item` int unsigned NOT NULL,
  PRIMARY KEY (`id_product_rule`,`id_item`)
) ENGINE=InnoDB DEFAULT CHARSET=utf8mb4 COLLATE=utf8mb4_general_ci;

--
-- Dumping data for table `ps_cart_rule_product_rule_value`
--


--
-- Table structure for table `ps_cart_rule_shop`
--

