-- Table structure for table `ps_mail`
--

CREATE TABLE `ps_mail` (
  `id_mail` int unsigned NOT NULL AUTO_INCREMENT,
  `recipient` varchar(126) CHARACTER SET utf8mb4 COLLATE utf8mb4_general_ci NOT NULL,
  `template` varchar(62) CHARACTER SET utf8mb4 COLLATE utf8mb4_general_ci NOT NULL,
  `subject` varchar(254) CHARACTER SET utf8mb4 COLLATE utf8mb4_general_ci NOT NULL,
  `id_lang` int unsigned NOT NULL,
  `date_add` timestamp NOT NULL DEFAULT CURRENT_TIMESTAMP,
  PRIMARY KEY (`id_mail`),
  KEY `recipient` (`recipient`(10))
) ENGINE=InnoDB AUTO_INCREMENT=1159 DEFAULT CHARSET=utf8mb4 COLLATE=utf8mb4_general_ci;

--
-- Dumping data for table `ps_mail`
--

INSERT INTO `ps_mail` VALUES (1,'contact@monopsolution.fr','payment','[Bevedere] Paiement accepté',1,'2023-02-15 16:15:41'),(2,'contact@monopsolution.fr','order_conf','[Bevedere] Confirmation de commande',1,'2023-02-15 16:15:41'),(3,'contact@monopsolution.fr','payment','[Bevedere] Paiement accepté',1,'2023-02-27 05:39:08'),(4,'contact@monopsolution.fr','order_conf','[Bevedere] Confirmation de commande',1,'2023-02-27 05:39:08'),(5,'contact@monopsolution.fr','payment','[Bevedere] Paiement accepté',1,'2023-02-27 05:42:29'),(6,'contact@monopsolution.fr','order_conf','[Bevedere] Confirmation de commande',1,'2023-02-27 05:42:29'),(7,'contact@monopsolution.fr','payment','[Bevedere] Paiement accepté',1,'2023-02-27 05:43:14'),(8,'contact@monopsolution.fr','order_conf','[Bevedere] Confirmation de commande',1,'2023-02-27 05:43:14'),(9,'contact@monopsolution.fr','payment','[Bevedere] Paiement accepté',1,'2023-02-27 05:44:29'),(10,'contact@monopsolution.fr','order_conf','[Bevedere] Confirmation de commande',1,'2023-02-27 05:44:29'),(11,'contact@monopsolution.fr','payment','[Bevedere] Paiement accepté',1,'2023-02-27 05:52:50'),(12,'contact@monopsolution.fr','order_conf','[Bevedere] Confirmation de commande',1,'2023-02-27 05:52:50'),(13,'contact@monopsolution.fr','payment','[Bevedere] Paiement accepté',1,'2023-02-27 11:19:32'),(14,'contact@monopsolution.fr','order_conf','[Bevedere] Confirmation de commande',1,'2023-02-27 11:19:33'),(15,'contact@monopsolution.fr','payment','[Bevedere] Paiement accepté',1,'2023-03-04 09:37:30'),(16,'contact@monopsolution.fr','order_conf','[Bevedere] Confirmation de commande',1,'2023-03-04 09:37:30'),(17,'contact@monopsolution.fr','payment','[Bevedere] Paiement accepté',1,'2023-03-07 11:56:30'),(18,'contact@monopsolution.fr','order_conf','[Bevedere] Confirmation de commande',1,'2023-03-07 11:56:30'),(19,'contact@monopsolution.fr','payment','[Bevedere] Paiement accepté',1,'2023-03-07 12:01:49'),(20,'contact@monopsolution.fr','order_conf','[Bevedere] Confirmation de commande',1,'2023-03-07 12:01:49'),(21,'contact@monopsolution.fr','payment','[Bevedere] Paiement accepté',1,'2023-03-07 12:03:02'),(22,'contact@monopsolution.fr','order_conf','[Bevedere] Confirmation de commande',1,'2023-03-07 12:03:02'),(23,'contact@monopsolution.fr','payment','[Bevedere] Paiement accepté',1,'2023-03-07 12:04:35'),(24,'contact@monopsolution.fr','order_conf','[Bevedere] Confirmation de commande',1,'2023-03-07 12:04:37'),(25,'contact@monopsolution.fr','payment','[Bevedere] Paiement accepté',1,'2023-03-07 12:12:27'),(26,'contact@monopsolution.fr','order_conf','[Bevedere] Confirmation de commande',1,'2023-03-07 12:12:27'),(27,'contact@monopsolution.fr','payment','[Bevedere] Paiement accepté',1,'2023-03-07 15:01:41'),(28,'contact@monopsolution.fr','order_conf','[Bevedere] Confirmation de commande',1,'2023-03-07 15:01:41'),(29,'contact@monopsolution.fr','payment','[Bevedere] Paiement accepté',1,'2023-03-07 15:16:54'),(30,'contact@monopsolution.fr','order_conf','[Bevedere] Confirmation de commande',1,'2023-03-07 15:16:54'),(31,'contact@monopsolution.fr','payment','[Bevedere] Paiement accepté',1,'2023-03-08 08:11:06'),(32,'contact@monopsolution.fr','order_conf','[Bevedere] Confirmation de commande',1,'2023-03-08 08:11:07'),(33,'contact@monopsolution.fr','payment','[Bevedere] Paiement accepté',1,'2023-03-08 08:32:29'),(34,'contact@monopsolution.fr','order_conf','[Bevedere] Confirmation de commande',1,'2023-03-08 08:32:29'),(35,'contact@monopsolution.fr','payment','[Bevedere] Paiement accepté',1,'2023-03-08 11:26:49'),(36,'contact@monopsolution.fr','order_conf','[Bevedere] Confirmation de commande',1,'2023-03-08 11:26:49'),(37,'contact@monopsolution.fr','payment','[Bevedere] Paiement accepté',1,'2023-03-08 11:32:12'),(38,'contact@monopsolution.fr','order_conf','[Bevedere] Confirmation de commande',1,'2023-03-08 11:32:12'),(39,'contact@monopsolution.fr','payment','[Bevedere] Paiement accepté',1,'2023-03-08 11:43:45'),(40,'contact@monopsolution.fr','order_conf','[Bevedere] Confirmation de commande',1,'2023-03-08 11:43:45'),(41,'contact@monopsolution.fr','payment','[Bevedere] Paiement accepté',1,'2023-03-08 11:49:58'),(42,'contact@monopsolution.fr','order_conf','[Bevedere] Confirmation de commande',1,'2023-03-08 11:49:58'),(43,'contact@monopsolution.fr','payment','[Bevedere] Paiement accepté',1,'2023-03-08 12:01:52'),(44,'contact@monopsolution.fr','order_conf','[Bevedere] Confirmation de commande',1,'2023-03-08 12:01:53'),(45,'contact@monopsolution.fr','payment','[Bevedere] Paiement accepté',1,'2023-03-08 12:17:37'),(46,'contact@monopsolution.fr','order_conf','[Bevedere] Confirmation de commande',1,'2023-03-08 12:17:37'),(47,'contact@monopsolution.fr','payment','[Bevedere] Paiement accepté',1,'2023-03-08 12:37:44'),(48,'contact@monopsolution.fr','order_conf','[Bevedere] Confirmation de commande',1,'2023-03-08 12:37:44'),(49,'contact@monopsolution.fr','payment','[Bevedere] Paiement accepté',1,'2023-03-09 08:19:20'),(50,'contact@monopsolution.fr','order_conf','[Bevedere] Confirmation de commande',1,'2023-03-09 08:19:21'),(51,'contact@monopsolution.fr','payment','[Bevedere] Paiement accepté',1,'2023-03-10 19:16:18'),(52,'contact@monopsolution.fr','order_conf','[Bevedere] Confirmation de commande',1,'2023-03-10 19:16:18'),(53,'contact@monopsolution.fr','payment','[Bevedere] Paiement accepté',1,'2023-03-11 16:08:35'),(54,'contact@monopsolution.fr','order_conf','[Bevedere] Confirmation de commande',1,'2023-03-11 16:08:35'),(55,'contact@monopsolution.fr','payment','[Bevedere] Paiement accepté',1,'2023-03-12 15:59:13'),(56,'contact@monopsolution.fr','order_conf','[Bevedere] Confirmation de commande',1,'2023-03-12 15:59:13'),(57,'contact@monopsolution.fr','payment','[Bevedere] Paiement accepté',1,'2023-03-13 14:50:52'),(58,'contact@monopsolution.fr','order_conf','[Bevedere] Confirmation de commande',1,'2023-03-13 14:50:52'),(59,'contact@monopsolution.fr','payment','[Bevedere] Paiement accepté',1,'2023-03-13 14:51:49'),(60,'contact@monopsolution.fr','order_conf','[Bevedere] Confirmation de commande',1,'2023-03-13 14:51:49'),(61,'contact@monopsolution.fr','payment','[Bevedere] Paiement accepté',1,'2023-03-13 15:48:10'),(62,'contact@monopsolution.fr','order_conf','[Bevedere] Confirmation de commande',1,'2023-03-13 15:48:10'),(63,'contact@monopsolution.fr','payment','[Bevedere] Paiement accepté',1,'2023-03-15 18:40:49'),(64,'contact@monopsolution.fr','order_conf','[Bevedere] Confirmation de commande',1,'2023-03-15 18:40:49'),(65,'contact@monopsolution.fr','payment','[Bevedere] Paiement accepté',1,'2023-03-16 08:56:55'),(66,'contact@monopsolution.fr','order_conf','[Bevedere] Confirmation de commande',1,'2023-03-16 08:56:55'),(67,'contact@monopsolution.fr','payment','[Bevedere] Paiement accepté',1,'2023-03-16 12:45:22'),(68,'contact@monopsolution.fr','order_conf','[Bevedere] Confirmation de commande',1,'2023-03-16 12:45:22'),(69,'contact@monopsolution.fr','payment','[Bevedere] Paiement accepté',1,'2023-03-16 13:02:24'),(70,'contact@monopsolution.fr','order_conf','[Bevedere] Confirmation de commande',1,'2023-03-16 13:02:24'),(71,'contact@monopsolution.fr','payment','[Bevedere] Paiement accepté',1,'2023-03-18 19:16:35'),(72,'contact@monopsolution.fr','order_conf','[Bevedere] Confirmation de commande',1,'2023-03-18 19:16:35'),(73,'contact@monopsolution.fr','payment','[Bevedere] Paiement accepté',1,'2023-03-19 09:49:47'),(74,'contact@monopsolution.fr','order_conf','[Bevedere] Confirmation de commande',1,'2023-03-19 09:49:47'),(75,'contact@monopsolution.fr','payment','[Bevedere] Paiement accepté',1,'2023-03-19 09:50:33'),(76,'contact@monopsolution.fr','order_conf','[Bevedere] Confirmation de commande',1,'2023-03-19 09:50:34'),(77,'contact@monopsolution.fr','payment','[Bevedere] Paiement accepté',1,'2023-03-19 11:51:59'),(78,'contact@monopsolution.fr','order_conf','[Bevedere] Confirmation de commande',1,'2023-03-19 11:51:59'),(79,'contact@monopsolution.fr','payment','[Bevedere] Paiement accepté',1,'2023-03-20 14:01:23'),(80,'contact@monopsolution.fr','order_conf','[Bevedere] Confirmation de commande',1,'2023-03-20 14:01:23'),(81,'contact@monopsolution.fr','payment','[Bevedere] Paiement accepté',1,'2023-03-21 13:01:42'),(82,'contact@monopsolution.fr','order_conf','[Bevedere] Confirmation de commande',1,'2023-03-21 13:02:13'),(83,'contact@monopsolution.fr','payment','[Bevedere] Paiement accepté',1,'2023-03-21 15:06:11'),(84,'contact@monopsolution.fr','order_conf','[Bevedere] Confirmation de commande',1,'2023-03-21 15:06:11'),(85,'contact@monopsolution.fr','payment','[Bevedere] Paiement accepté',1,'2023-03-21 15:50:45'),(86,'contact@monopsolution.fr','order_conf','[Bevedere] Confirmation de commande',1,'2023-03-21 15:50:46'),(87,'contact@monopsolution.fr','payment','[Bevedere] Paiement accepté',1,'2023-03-21 18:41:20'),(88,'contact@monopsolution.fr','order_conf','[Bevedere] Confirmation de commande',1,'2023-03-21 18:41:21'),(89,'contact@monopsolution.fr','payment','[Bevedere] Paiement accepté',1,'2023-03-23 10:54:58'),(90,'contact@monopsolution.fr','order_conf','[Bevedere] Confirmation de commande',1,'2023-03-23 10:55:03'),(91,'contact@monopsolution.fr','payment','[Bevedere] Paiement accepté',1,'2023-03-23 10:55:51'),(92,'contact@monopsolution.fr','order_conf','[Bevedere] Confirmation de commande',1,'2023-03-23 10:55:51'),(93,'contact@monopsolution.fr','payment','[Bevedere] Paiement accepté',1,'2023-03-23 13:33:18'),(94,'contact@monopsolution.fr','order_conf','[Bevedere] Confirmation de commande',1,'2023-03-23 13:33:19'),(95,'contact@monopsolution.fr','payment','[Bevedere] Paiement accepté',1,'2023-03-23 13:57:28'),(96,'contact@monopsolution.fr','order_conf','[Bevedere] Confirmation de commande',1,'2023-03-23 13:57:28'),(97,'contact@monopsolution.fr','payment','[Bevedere] Paiement accepté',1,'2023-03-23 16:51:23'),(98,'contact@monopsolution.fr','order_conf','[Bevedere] Confirmation de commande',1,'2023-03-23 16:51:23'),(99,'contact@monopsolution.fr','payment','[Bevedere] Paiement accepté',1,'2023-03-24 12:04:19'),(100,'contact@monopsolution.fr','order_conf','[Bevedere] Confirmation de commande',1,'2023-03-24 12:04:19'),(101,'contact@monopsolution.fr','payment','[Bevedere] Paiement accepté',1,'2023-03-24 14:14:35'),(102,'contact@monopsolution.fr','order_conf','[Bevedere] Confirmation de commande',1,'2023-03-24 14:14:35'),(103,'contact@monopsolution.fr','payment','[Bevedere] Paiement accepté',1,'2023-03-24 18:34:20'),(104,'contact@monopsolution.fr','order_conf','[Bevedere] Confirmation de commande',1,'2023-03-24 18:34:20'),(105,'contact@monopsolution.fr','payment','[Bevedere] Paiement accepté',1,'2023-03-24 18:35:14'),(106,'contact@monopsolution.fr','order_conf','[Bevedere] Confirmation de commande',1,'2023-03-24 18:35:14'),(107,'contact@monopsolution.fr','payment','[Bevedere] Paiement accepté',1,'2023-03-25 09:14:57'),(108,'contact@monopsolution.fr','order_conf','[Bevedere] Confirmation de commande',1,'2023-03-25 09:14:57'),(109,'contact@monopsolution.fr','payment','[Bevedere] Paiement accepté',1,'2023-03-25 09:33:04'),(110,'contact@monopsolution.fr','order_conf','[Bevedere] Confirmation de commande',1,'2023-03-25 09:33:04'),(111,'contact@monopsolution.fr','payment','[Bevedere] Paiement accepté',1,'2023-03-25 10:03:27'),(112,'contact@monopsolution.fr','order_conf','[Bevedere] Confirmation de commande',1,'2023-03-25 10:03:27'),(113,'contact@monopsolution.fr','payment','[Bevedere] Paiement accepté',1,'2023-03-25 10:44:45'),(114,'contact@monopsolution.fr','order_conf','[Bevedere] Confirmation de commande',1,'2023-03-25 10:44:46'),(115,'contact@monopsolution.fr','payment','[Bevedere] Paiement accepté',1,'2023-03-25 11:20:16'),(116,'contact@monopsolution.fr','order_conf','[Bevedere] Confirmation de commande',1,'2023-03-25 11:20:16'),(117,'contact@monopsolution.fr','payment','[Bevedere] Paiement accepté',1,'2023-03-25 12:16:36'),(118,'contact@monopsolution.fr','order_conf','[Bevedere] Confirmation de commande',1,'2023-03-25 12:16:37'),(119,'contact@monopsolution.fr','payment','[Bevedere] Paiement accepté',1,'2023-03-26 14:44:42'),(120,'contact@monopsolution.fr','order_conf','[Bevedere] Confirmation de commande',1,'2023-03-26 14:44:56'),(121,'contact@monopsolution.fr','payment','[Bevedere] Paiement accepté',1,'2023-03-27 09:02:34'),(122,'contact@monopsolution.fr','order_conf','[Bevedere] Confirmation de commande',1,'2023-03-27 09:02:34'),(123,'contact@monopsolution.fr','payment','[Bevedere] Paiement accepté',1,'2023-03-27 11:48:39'),(124,'contact@monopsolution.fr','order_conf','[Bevedere] Confirmation de commande',1,'2023-03-27 11:48:39'),(125,'contact@monopsolution.fr','payment','[Bevedere] Paiement accepté',1,'2023-03-27 16:32:11'),(126,'contact@monopsolution.fr','order_conf','[Bevedere] Confirmation de commande',1,'2023-03-27 16:32:12'),(127,'contact@monopsolution.fr','payment','[Bevedere] Paiement accepté',1,'2023-03-28 09:55:00'),(128,'contact@monopsolution.fr','order_conf','[Bevedere] Confirmation de commande',1,'2023-03-28 09:55:01'),(129,'contact@monopsolution.fr','payment','[Bevedere] Paiement accepté',1,'2023-03-28 16:53:40'),(130,'contact@monopsolution.fr','order_conf','[Bevedere] Confirmation de commande',1,'2023-03-28 16:53:40'),(131,'contact@monopsolution.fr','payment','[Bevedere] Paiement accepté',1,'2023-03-29 12:22:33'),(132,'contact@monopsolution.fr','order_conf','[Bevedere] Confirmation de commande',1,'2023-03-29 12:22:34'),(133,'contact@monopsolution.fr','payment','[Bevedere] Paiement accepté',1,'2023-03-29 14:09:52'),(134,'contact@monopsolution.fr','order_conf','[Bevedere] Confirmation de commande',1,'2023-03-29 14:09:52'),(135,'contact@monopsolution.fr','payment','[Bevedere] Paiement accepté',1,'2023-03-30 09:33:30'),(136,'contact@monopsolution.fr','order_conf','[Bevedere] Confirmation de commande',1,'2023-03-30 09:33:30'),(137,'contact@monopsolution.fr','payment','[Bevedere] Paiement accepté',1,'2023-03-30 09:52:58'),(138,'contact@monopsolution.fr','order_conf','[Bevedere] Confirmation de commande',1,'2023-03-30 09:52:58'),(139,'contact@monopsolution.fr','payment','[Bevedere] Paiement accepté',1,'2023-03-30 11:22:35'),(140,'contact@monopsolution.fr','order_conf','[Bevedere] Confirmation de commande',1,'2023-03-30 11:22:35'),(141,'contact@monopsolution.fr','payment','[Bevedere] Paiement accepté',1,'2023-03-30 15:40:54'),(142,'contact@monopsolution.fr','order_conf','[Bevedere] Confirmation de commande',1,'2023-03-30 15:40:54'),(143,'contact@monopsolution.fr','payment','[Bevedere] Paiement accepté',1,'2023-03-30 16:15:23'),(144,'contact@monopsolution.fr','order_conf','[Bevedere] Confirmation de commande',1,'2023-03-30 16:15:23'),(145,'contact@monopsolution.fr','payment','[Bevedere] Paiement accepté',1,'2023-03-30 16:35:32'),(146,'contact@monopsolution.fr','order_conf','[Bevedere] Confirmation de commande',1,'2023-03-30 16:35:32'),(147,'contact@monopsolution.fr','payment','[Bevedere] Paiement accepté',1,'2023-03-31 17:47:32'),(148,'contact@monopsolution.fr','order_conf','[Bevedere] Confirmation de commande',1,'2023-03-31 17:47:32'),(149,'contact@monopsolution.fr','payment','[Bevedere] Paiement accepté',1,'2023-03-31 17:55:25'),(150,'contact@monopsolution.fr','order_conf','[Bevedere] Confirmation de commande',1,'2023-03-31 17:55:25'),(151,'contact@monopsolution.fr','payment','[Bevedere] Paiement accepté',1,'2023-04-01 09:07:31'),(152,'contact@monopsolution.fr','order_conf','[Bevedere] Confirmation de commande',1,'2023-04-01 09:07:31'),(153,'contact@monopsolution.fr','payment','[Bevedere] Paiement accepté',1,'2023-04-01 09:12:36'),(154,'contact@monopsolution.fr','order_conf','[Bevedere] Confirmation de commande',1,'2023-04-01 09:12:36'),(155,'contact@monopsolution.fr','payment','[Bevedere] Paiement accepté',1,'2023-04-01 09:46:52'),(156,'contact@monopsolution.fr','order_conf','[Bevedere] Confirmation de commande',1,'2023-04-01 09:46:52'),(157,'contact@monopsolution.fr','payment','[Bevedere] Paiement accepté',1,'2023-04-01 15:22:27'),(158,'contact@monopsolution.fr','order_conf','[Bevedere] Confirmation de commande',1,'2023-04-01 15:22:34'),(159,'contact@monopsolution.fr','payment','[Bevedere] Paiement accepté',1,'2023-04-02 10:47:12'),(160,'contact@monopsolution.fr','order_conf','[Bevedere] Confirmation de commande',1,'2023-04-02 10:47:12'),(161,'contact@monopsolution.fr','payment','[Bevedere] Paiement accepté',1,'2023-04-02 11:52:02'),(162,'contact@monopsolution.fr','order_conf','[Bevedere] Confirmation de commande',1,'2023-04-02 11:52:03'),(163,'contact@monopsolution.fr','payment','[Bevedere] Paiement accepté',1,'2023-04-02 16:14:39'),(164,'contact@monopsolution.fr','order_conf','[Bevedere] Confirmation de commande',1,'2023-04-02 16:14:39'),(165,'contact@monopsolution.fr','payment','[Bevedere] Paiement accepté',1,'2023-04-04 12:06:56'),(166,'contact@monopsolution.fr','order_conf','[Bevedere] Confirmation de commande',1,'2023-04-04 12:06:56'),(167,'contact@monopsolution.fr','payment','[Bevedere] Paiement accepté',1,'2023-04-05 10:02:13'),(168,'contact@monopsolution.fr','order_conf','[Bevedere] Confirmation de commande',1,'2023-04-05 10:02:14'),(169,'contact@monopsolution.fr','payment','[Bevedere] Paiement accepté',1,'2023-04-05 10:30:03'),(170,'contact@monopsolution.fr','order_conf','[Bevedere] Confirmation de commande',1,'2023-04-05 10:30:03'),(171,'contact@monopsolution.fr','payment','[Bevedere] Paiement accepté',1,'2023-04-05 10:37:02'),(172,'contact@monopsolution.fr','order_conf','[Bevedere] Confirmation de commande',1,'2023-04-05 10:37:02'),(173,'contact@monopsolution.fr','payment','[Bevedere] Paiement accepté',1,'2023-04-05 12:11:05'),(174,'contact@monopsolution.fr','order_conf','[Bevedere] Confirmation de commande',1,'2023-04-05 12:11:05'),(175,'contact@monopsolution.fr','payment','[Bevedere] Paiement accepté',1,'2023-04-05 12:38:27'),(176,'contact@monopsolution.fr','order_conf','[Bevedere] Confirmation de commande',1,'2023-04-05 12:38:27'),(177,'contact@monopsolution.fr','payment','[Bevedere] Paiement accepté',1,'2023-04-05 14:20:44'),(178,'contact@monopsolution.fr','order_conf','[Bevedere] Confirmation de commande',1,'2023-04-05 14:20:44'),(179,'contact@monopsolution.fr','payment','[Bevedere] Paiement accepté',1,'2023-04-05 15:43:32'),(180,'contact@monopsolution.fr','order_conf','[Bevedere] Confirmation de commande',1,'2023-04-05 15:43:32'),(181,'contact@monopsolution.fr','payment','[Bevedere] Paiement accepté',1,'2023-04-05 16:18:39'),(182,'contact@monopsolution.fr','order_conf','[Bevedere] Confirmation de commande',1,'2023-04-05 16:18:39'),(183,'contact@monopsolution.fr','payment','[Bevedere] Paiement accepté',1,'2023-04-06 10:00:14'),(184,'contact@monopsolution.fr','order_conf','[Bevedere] Confirmation de commande',1,'2023-04-06 10:00:14'),(185,'contact@monopsolution.fr','payment','[Bevedere] Paiement accepté',1,'2023-04-06 11:01:00'),(186,'contact@monopsolution.fr','order_conf','[Bevedere] Confirmation de commande',1,'2023-04-06 11:01:00'),(187,'contact@monopsolution.fr','payment','[Bevedere] Paiement accepté',1,'2023-04-06 11:04:00'),(188,'contact@monopsolution.fr','order_conf','[Bevedere] Confirmation de commande',1,'2023-04-06 11:04:00'),(189,'contact@monopsolution.fr','payment','[Bevedere] Paiement accepté',1,'2023-04-06 11:04:59'),(190,'contact@monopsolution.fr','order_conf','[Bevedere] Confirmation de commande',1,'2023-04-06 11:04:59'),(191,'contact@monopsolution.fr','payment','[Bevedere] Paiement accepté',1,'2023-04-06 16:45:58'),(192,'contact@monopsolution.fr','order_conf','[Bevedere] Confirmation de commande',1,'2023-04-06 16:45:58'),(193,'contact@monopsolution.fr','payment','[Bevedere] Paiement accepté',1,'2023-04-08 07:41:23'),(194,'contact@monopsolution.fr','order_conf','[Bevedere] Confirmation de commande',1,'2023-04-08 07:41:23'),(195,'contact@monopsolution.fr','payment','[Bevedere] Paiement accepté',1,'2023-04-08 09:50:06'),(196,'contact@monopsolution.fr','order_conf','[Bevedere] Confirmation de commande',1,'2023-04-08 09:50:06'),(197,'contact@monopsolution.fr','payment','[Bevedere] Paiement accepté',1,'2023-04-09 11:32:31'),(198,'contact@monopsolution.fr','order_conf','[Bevedere] Confirmation de commande',1,'2023-04-09 11:32:31'),(199,'contact@monopsolution.fr','payment','[Bevedere] Paiement accepté',1,'2023-04-10 09:47:35'),(200,'contact@monopsolution.fr','order_conf','[Bevedere] Confirmation de commande',1,'2023-04-10 09:47:36'),(201,'contact@monopsolution.fr','payment','[Bevedere] Paiement accepté',1,'2023-04-11 08:53:14'),(202,'contact@monopsolution.fr','order_conf','[Bevedere] Confirmation de commande',1,'2023-04-11 08:53:14'),(203,'contact@monopsolution.fr','payment','[Bevedere] Paiement accepté',1,'2023-04-11 15:01:24'),(204,'contact@monopsolution.fr','order_conf','[Bevedere] Confirmation de commande',1,'2023-04-11 15:01:24'),(205,'contact@monopsolution.fr','payment','[Bevedere] Paiement accepté',1,'2023-04-11 16:50:14'),(206,'contact@monopsolution.fr','order_conf','[Bevedere] Confirmation de commande',1,'2023-04-11 16:50:14'),(207,'contact@monopsolution.fr','payment','[Bevedere] Paiement accepté',1,'2023-04-12 12:29:23'),(208,'contact@monopsolution.fr','order_conf','[Bevedere] Confirmation de commande',1,'2023-04-12 12:29:23'),(209,'contact@monopsolution.fr','payment','[Bevedere] Paiement accepté',1,'2023-04-13 06:45:24'),(210,'contact@monopsolution.fr','order_conf','[Bevedere] Confirmation de commande',1,'2023-04-13 06:45:24'),(211,'contact@monopsolution.fr','payment','[Bevedere] Paiement accepté',1,'2023-04-13 18:46:42'),(212,'contact@monopsolution.fr','order_conf','[Bevedere] Confirmation de commande',1,'2023-04-13 18:46:42'),(213,'contact@monopsolution.fr','payment','[Bevedere] Paiement accepté',1,'2023-04-14 07:39:44'),(214,'contact@monopsolution.fr','order_conf','[Bevedere] Confirmation de commande',1,'2023-04-14 07:39:44'),(215,'contact@monopsolution.fr','payment','[Bevedere] Paiement accepté',1,'2023-04-14 08:11:45'),(216,'contact@monopsolution.fr','order_conf','[Bevedere] Confirmation de commande',1,'2023-04-14 08:11:46'),(217,'contact@monopsolution.fr','payment','[Bevedere] Paiement accepté',1,'2023-04-14 10:24:03'),(218,'contact@monopsolution.fr','order_conf','[Bevedere] Confirmation de commande',1,'2023-04-14 10:24:03'),(219,'contact@monopsolution.fr','payment','[Bevedere] Paiement accepté',1,'2023-04-14 10:34:27'),(220,'contact@monopsolution.fr','order_conf','[Bevedere] Confirmation de commande',1,'2023-04-14 10:34:28'),(221,'contact@monopsolution.fr','payment','[Bevedere] Paiement accepté',1,'2023-04-14 12:16:28'),(222,'contact@monopsolution.fr','order_conf','[Bevedere] Confirmation de commande',1,'2023-04-14 12:16:28'),(223,'contact@monopsolution.fr','payment','[Bevedere] Paiement accepté',1,'2023-04-15 07:12:38'),(224,'contact@monopsolution.fr','order_conf','[Bevedere] Confirmation de commande',1,'2023-04-15 07:12:38'),(225,'contact@monopsolution.fr','payment','[Bevedere] Paiement accepté',1,'2023-04-15 11:06:27'),(226,'contact@monopsolution.fr','order_conf','[Bevedere] Confirmation de commande',1,'2023-04-15 11:06:27'),(227,'contact@monopsolution.fr','payment','[Bevedere] Paiement accepté',1,'2023-04-15 15:55:04'),(228,'contact@monopsolution.fr','order_conf','[Bevedere] Confirmation de commande',1,'2023-04-15 15:55:05'),(229,'contact@monopsolution.fr','payment','[Bevedere] Paiement accepté',1,'2023-04-15 17:38:25'),(230,'contact@monopsolution.fr','order_conf','[Bevedere] Confirmation de commande',1,'2023-04-15 17:38:26'),(231,'contact@monopsolution.fr','payment','[Bevedere] Paiement accepté',1,'2023-04-17 13:55:33'),(232,'contact@monopsolution.fr','order_conf','[Bevedere] Confirmation de commande',1,'2023-04-17 13:55:33'),(233,'contact@monopsolution.fr','payment','[Bevedere] Paiement accepté',1,'2023-04-17 14:29:33'),(234,'contact@monopsolution.fr','order_conf','[Bevedere] Confirmation de commande',1,'2023-04-17 14:29:33'),(235,'contact@monopsolution.fr','payment','[Bevedere] Paiement accepté',1,'2023-04-17 15:09:29'),(236,'contact@monopsolution.fr','order_conf','[Bevedere] Confirmation de commande',1,'2023-04-17 15:09:29'),(237,'contact@monopsolution.fr','payment','[Bevedere] Paiement accepté',1,'2023-04-18 07:40:48'),(238,'contact@monopsolution.fr','order_conf','[Bevedere] Confirmation de commande',1,'2023-04-18 07:40:49'),(239,'contact@monopsolution.fr','payment','[Bevedere] Paiement accepté',1,'2023-04-18 09:56:12'),(240,'contact@monopsolution.fr','order_conf','[Bevedere] Confirmation de commande',1,'2023-04-18 09:56:12'),(241,'contact@monopsolution.fr','payment','[Bevedere] Paiement accepté',1,'2023-04-18 12:10:00'),(242,'contact@monopsolution.fr','order_conf','[Bevedere] Confirmation de commande',1,'2023-04-18 12:10:00'),(243,'contact@monopsolution.fr','payment','[Bevedere] Paiement accepté',1,'2023-04-18 12:10:52'),(244,'contact@monopsolution.fr','order_conf','[Bevedere] Confirmation de commande',1,'2023-04-18 12:10:52'),(245,'contact@monopsolution.fr','payment','[Bevedere] Paiement accepté',1,'2023-04-18 14:25:35'),(246,'contact@monopsolution.fr','order_conf','[Bevedere] Confirmation de commande',1,'2023-04-18 14:25:35'),(247,'contact@monopsolution.fr','payment','[Bevedere] Paiement accepté',1,'2023-04-18 14:26:28'),(248,'contact@monopsolution.fr','order_conf','[Bevedere] Confirmation de commande',1,'2023-04-18 14:26:29'),(249,'contact@monopsolution.fr','payment','[Bevedere] Paiement accepté',1,'2023-04-18 15:55:43'),(250,'contact@monopsolution.fr','order_conf','[Bevedere] Confirmation de commande',1,'2023-04-18 15:55:43'),(251,'contact@monopsolution.fr','payment','[Bevedere] Paiement accepté',1,'2023-04-18 16:13:05'),(252,'contact@monopsolution.fr','order_conf','[Bevedere] Confirmation de commande',1,'2023-04-18 16:13:06'),(253,'contact@monopsolution.fr','payment','[Bevedere] Paiement accepté',1,'2023-04-19 17:30:29'),(254,'contact@monopsolution.fr','order_conf','[Bevedere] Confirmation de commande',1,'2023-04-19 17:30:29'),(255,'contact@monopsolution.fr','payment','[Bevedere] Paiement accepté',1,'2023-04-19 18:19:38'),(256,'contact@monopsolution.fr','order_conf','[Bevedere] Confirmation de commande',1,'2023-04-19 18:19:38'),(257,'contact@monopsolution.fr','payment','[Bevedere] Paiement accepté',1,'2023-04-20 08:02:07'),(258,'contact@monopsolution.fr','order_conf','[Bevedere] Confirmation de commande',1,'2023-04-20 08:02:13'),(259,'contact@monopsolution.fr','payment','[Bevedere] Paiement accepté',1,'2023-04-20 09:32:48'),(260,'contact@monopsolution.fr','order_conf','[Bevedere] Confirmation de commande',1,'2023-04-20 09:33:18'),(261,'contact@monopsolution.fr','payment','[Bevedere] Paiement accepté',1,'2023-04-20 11:56:33'),(262,'contact@monopsolution.fr','order_conf','[Bevedere] Confirmation de commande',1,'2023-04-20 11:56:33'),(263,'contact@monopsolution.fr','payment','[Bevedere] Paiement accepté',1,'2023-04-20 11:57:08'),(264,'contact@monopsolution.fr','order_conf','[Bevedere] Confirmation de commande',1,'2023-04-20 11:57:09'),(265,'contact@monopsolution.fr','payment','[Bevedere] Paiement accepté',1,'2023-04-20 16:50:27'),(266,'contact@monopsolution.fr','order_conf','[Bevedere] Confirmation de commande',1,'2023-04-20 16:50:27'),(267,'contact@monopsolution.fr','payment','[Bevedere] Paiement accepté',1,'2023-04-21 08:08:56'),(268,'contact@monopsolution.fr','order_conf','[Bevedere] Confirmation de commande',1,'2023-04-21 08:08:56'),(269,'contact@monopsolution.fr','payment','[Bevedere] Paiement accepté',1,'2023-04-21 12:31:51'),(270,'contact@monopsolution.fr','order_conf','[Bevedere] Confirmation de commande',1,'2023-04-21 12:31:51'),(271,'contact@monopsolution.fr','payment','[Bevedere] Paiement accepté',1,'2023-04-21 17:22:26'),(272,'contact@monopsolution.fr','order_conf','[Bevedere] Confirmation de commande',1,'2023-04-21 17:22:27'),(273,'contact@monopsolution.fr','payment','[Bevedere] Paiement accepté',1,'2023-04-21 17:24:57'),(274,'contact@monopsolution.fr','order_conf','[Bevedere] Confirmation de commande',1,'2023-04-21 17:24:58'),(275,'contact@monopsolution.fr','payment','[Bevedere] Paiement accepté',1,'2023-04-22 12:03:01'),(276,'contact@monopsolution.fr','order_conf','[Bevedere] Confirmation de commande',1,'2023-04-22 12:03:01'),(277,'contact@monopsolution.fr','payment','[Bevedere] Paiement accepté',1,'2023-04-22 12:06:39'),(278,'contact@monopsolution.fr','order_conf','[Bevedere] Confirmation de commande',1,'2023-04-22 12:06:39'),(279,'contact@monopsolution.fr','payment','[Bevedere] Paiement accepté',1,'2023-04-22 15:44:34'),(280,'contact@monopsolution.fr','order_conf','[Bevedere] Confirmation de commande',1,'2023-04-22 15:44:34'),(281,'contact@monopsolution.fr','payment','[Bevedere] Paiement accepté',1,'2023-04-23 15:07:46'),(282,'contact@monopsolution.fr','order_conf','[Bevedere] Confirmation de commande',1,'2023-04-23 15:07:46'),(283,'contact@monopsolution.fr','payment','[Bevedere] Paiement accepté',1,'2023-04-24 18:24:47'),(284,'contact@monopsolution.fr','order_conf','[Bevedere] Confirmation de commande',1,'2023-04-24 18:24:47'),(285,'contact@monopsolution.fr','payment','[Bevedere] Paiement accepté',1,'2023-04-25 07:05:06'),(286,'contact@monopsolution.fr','order_conf','[Bevedere] Confirmation de commande',1,'2023-04-25 07:05:37'),(287,'contact@monopsolution.fr','payment','[Bevedere] Paiement accepté',1,'2023-04-25 07:48:42'),(288,'contact@monopsolution.fr','order_conf','[Bevedere] Confirmation de commande',1,'2023-04-25 07:48:43'),(289,'contact@monopsolution.fr','payment','[Bevedere] Paiement accepté',1,'2023-04-25 14:13:30'),(290,'contact@monopsolution.fr','order_conf','[Bevedere] Confirmation de commande',1,'2023-04-25 14:13:31'),(291,'contact@monopsolution.fr','payment','[Bevedere] Paiement accepté',1,'2023-04-25 16:43:00'),(292,'contact@monopsolution.fr','order_conf','[Bevedere] Confirmation de commande',1,'2023-04-25 16:43:00'),(293,'contact@monopsolution.fr','payment','[Bevedere] Paiement accepté',1,'2023-04-25 19:06:57'),(294,'contact@monopsolution.fr','order_conf','[Bevedere] Confirmation de commande',1,'2023-04-25 19:06:57'),(295,'contact@monopsolution.fr','payment','[Bevedere] Paiement accepté',1,'2023-04-26 10:01:05'),(296,'contact@monopsolution.fr','order_conf','[Bevedere] Confirmation de commande',1,'2023-04-26 10:01:06'),(297,'contact@monopsolution.fr','payment','[Bevedere] Paiement accepté',1,'2023-04-26 10:01:57'),(298,'contact@monopsolution.fr','order_conf','[Bevedere] Confirmation de commande',1,'2023-04-26 10:01:57'),(299,'contact@monopsolution.fr','payment','[Bevedere] Paiement accepté',1,'2023-04-26 10:06:14'),(300,'contact@monopsolution.fr','order_conf','[Bevedere] Confirmation de commande',1,'2023-04-26 10:06:14'),(301,'contact@monopsolution.fr','payment','[Bevedere] Paiement accepté',1,'2023-04-26 10:42:56'),(302,'contact@monopsolution.fr','order_conf','[Bevedere] Confirmation de commande',1,'2023-04-26 10:42:56'),(303,'contact@monopsolution.fr','payment','[Bevedere] Paiement accepté',1,'2023-04-26 15:44:51'),(304,'contact@monopsolution.fr','order_conf','[Bevedere] Confirmation de commande',1,'2023-04-26 15:44:51'),(305,'contact@monopsolution.fr','payment','[Bevedere] Paiement accepté',1,'2023-04-27 07:25:39'),(306,'contact@monopsolution.fr','order_conf','[Bevedere] Confirmation de commande',1,'2023-04-27 07:25:39'),(307,'contact@monopsolution.fr','payment','[Bevedere] Paiement accepté',1,'2023-04-27 08:26:16'),(308,'contact@monopsolution.fr','order_conf','[Bevedere] Confirmation de commande',1,'2023-04-27 08:26:17'),(309,'contact@monopsolution.fr','payment','[Bevedere] Paiement accepté',1,'2023-04-27 15:24:45'),(310,'contact@monopsolution.fr','order_conf','[Bevedere] Confirmation de commande',1,'2023-04-27 15:24:45'),(311,'contact@monopsolution.fr','payment','[Bevedere] Paiement accepté',1,'2023-04-27 17:50:28'),(312,'contact@monopsolution.fr','order_conf','[Bevedere] Confirmation de commande',1,'2023-04-27 17:50:28'),(313,'contact@monopsolution.fr','payment','[Bevedere] Paiement accepté',1,'2023-04-28 11:38:12'),(314,'contact@monopsolution.fr','order_conf','[Bevedere] Confirmation de commande',1,'2023-04-28 11:38:12'),(315,'contact@monopsolution.fr','payment','[Bevedere] Paiement accepté',1,'2023-04-28 12:50:47'),(316,'contact@monopsolution.fr','order_conf','[Bevedere] Confirmation de commande',1,'2023-04-28 12:50:47'),(317,'contact@monopsolution.fr','payment','[Bevedere] Paiement accepté',1,'2023-04-28 14:58:33'),(318,'contact@monopsolution.fr','order_conf','[Bevedere] Confirmation de commande',1,'2023-04-28 14:58:34'),(319,'contact@monopsolution.fr','payment','[Bevedere] Paiement accepté',1,'2023-04-29 15:14:52'),(320,'contact@monopsolution.fr','order_conf','[Bevedere] Confirmation de commande',1,'2023-04-29 15:14:52'),(321,'contact@monopsolution.fr','payment','[Bevedere] Paiement accepté',1,'2023-04-29 16:47:14'),(322,'contact@monopsolution.fr','order_conf','[Bevedere] Confirmation de commande',1,'2023-04-29 16:47:14'),(323,'contact@monopsolution.fr','payment','[Bevedere] Paiement accepté',1,'2023-04-29 16:48:04'),(324,'contact@monopsolution.fr','order_conf','[Bevedere] Confirmation de commande',1,'2023-04-29 16:48:04'),(325,'contact@monopsolution.fr','payment','[Bevedere] Paiement accepté',1,'2023-04-29 18:38:29'),(326,'contact@monopsolution.fr','order_conf','[Bevedere] Confirmation de commande',1,'2023-04-29 18:38:30'),(327,'contact@monopsolution.fr','payment','[Bevedere] Paiement accepté',1,'2023-05-01 10:07:31'),(328,'contact@monopsolution.fr','order_conf','[Bevedere] Confirmation de commande',1,'2023-05-01 10:07:32'),(329,'contact@monopsolution.fr','payment','[Bevedere] Paiement accepté',1,'2023-05-01 10:16:57'),(330,'contact@monopsolution.fr','order_conf','[Bevedere] Confirmation de commande',1,'2023-05-01 10:16:57'),(331,'contact@monopsolution.fr','payment','[Bevedere] Paiement accepté',1,'2023-05-02 07:05:24'),(332,'contact@monopsolution.fr','order_conf','[Bevedere] Confirmation de commande',1,'2023-05-02 07:05:24'),(333,'contact@monopsolution.fr','payment','[Bevedere] Paiement accepté',1,'2023-05-02 10:23:45'),(334,'contact@monopsolution.fr','order_conf','[Bevedere] Confirmation de commande',1,'2023-05-02 10:23:45'),(335,'contact@monopsolution.fr','payment','[Bevedere] Paiement accepté',1,'2023-05-02 11:43:08'),(336,'contact@monopsolution.fr','order_conf','[Bevedere] Confirmation de commande',1,'2023-05-02 11:43:08'),(337,'contact@monopsolution.fr','payment','[Bevedere] Paiement accepté',1,'2023-05-02 11:44:35'),(338,'contact@monopsolution.fr','order_conf','[Bevedere] Confirmation de commande',1,'2023-05-02 11:44:35'),(339,'contact@monopsolution.fr','payment','[Bevedere] Paiement accepté',1,'2023-05-02 14:41:35'),(340,'contact@monopsolution.fr','order_conf','[Bevedere] Confirmation de commande',1,'2023-05-02 14:41:35'),(341,'contact@monopsolution.fr','payment','[Bevedere] Paiement accepté',1,'2023-05-02 15:47:26'),(342,'contact@monopsolution.fr','order_conf','[Bevedere] Confirmation de commande',1,'2023-05-02 15:47:26'),(343,'contact@monopsolution.fr','payment','[Bevedere] Paiement accepté',1,'2023-05-02 18:31:15'),(344,'contact@monopsolution.fr','order_conf','[Bevedere] Confirmation de commande',1,'2023-05-02 18:31:15'),(345,'contact@monopsolution.fr','payment','[Bevedere] Paiement accepté',1,'2023-05-03 09:36:42'),(346,'contact@monopsolution.fr','order_conf','[Bevedere] Confirmation de commande',1,'2023-05-03 09:36:42'),(347,'contact@monopsolution.fr','payment','[Bevedere] Paiement accepté',1,'2023-05-03 10:30:10'),(348,'contact@monopsolution.fr','order_conf','[Bevedere] Confirmation de commande',1,'2023-05-03 10:30:10'),(349,'contact@monopsolution.fr','payment','[Bevedere] Paiement accepté',1,'2023-05-03 11:17:21'),(350,'contact@monopsolution.fr','order_conf','[Bevedere] Confirmation de commande',1,'2023-05-03 11:17:22'),(351,'contact@monopsolution.fr','payment','[Bevedere] Paiement accepté',1,'2023-05-03 15:38:14'),(352,'contact@monopsolution.fr','order_conf','[Bevedere] Confirmation de commande',1,'2023-05-03 15:38:14'),(353,'contact@monopsolution.fr','payment','[Bevedere] Paiement accepté',1,'2023-05-03 17:24:29'),(354,'contact@monopsolution.fr','order_conf','[Bevedere] Confirmation de commande',1,'2023-05-03 17:24:29'),(355,'contact@monopsolution.fr','payment','[Bevedere] Paiement accepté',1,'2023-05-04 11:24:34'),(356,'contact@monopsolution.fr','order_conf','[Bevedere] Confirmation de commande',1,'2023-05-04 11:24:34'),(357,'contact@monopsolution.fr','payment','[Bevedere] Paiement accepté',1,'2023-05-04 14:30:05'),(358,'contact@monopsolution.fr','order_conf','[Bevedere] Confirmation de commande',1,'2023-05-04 14:30:35'),(359,'contact@monopsolution.fr','payment','[Bevedere] Paiement accepté',1,'2023-05-04 14:38:04'),(360,'contact@monopsolution.fr','order_conf','[Bevedere] Confirmation de commande',1,'2023-05-04 14:38:04'),(361,'contact@monopsolution.fr','payment','[Bevedere] Paiement accepté',1,'2023-05-04 16:32:34'),(362,'contact@monopsolution.fr','order_conf','[Bevedere] Confirmation de commande',1,'2023-05-04 16:32:35'),(363,'contact@monopsolution.fr','payment','[Bevedere] Paiement accepté',1,'2023-05-04 16:34:33'),(364,'contact@monopsolution.fr','order_conf','[Bevedere] Confirmation de commande',1,'2023-05-04 16:34:33'),(365,'contact@monopsolution.fr','payment','[Bevedere] Paiement accepté',1,'2023-05-05 11:05:49'),(366,'contact@monopsolution.fr','order_conf','[Bevedere] Confirmation de commande',1,'2023-05-05 11:05:50'),(367,'contact@monopsolution.fr','payment','[Bevedere] Paiement accepté',1,'2023-05-05 12:07:20'),(368,'contact@monopsolution.fr','order_conf','[Bevedere] Confirmation de commande',1,'2023-05-05 12:07:20'),(369,'contact@monopsolution.fr','payment','[Bevedere] Paiement accepté',1,'2023-05-05 16:45:46'),(370,'contact@monopsolution.fr','order_conf','[Bevedere] Confirmation de commande',1,'2023-05-05 16:45:47'),(371,'contact@monopsolution.fr','payment','[Bevedere] Paiement accepté',1,'2023-05-05 19:40:17'),(372,'contact@monopsolution.fr','order_conf','[Bevedere] Confirmation de commande',1,'2023-05-05 19:40:18'),(373,'contact@monopsolution.fr','payment','[Bevedere] Paiement accepté',1,'2023-05-06 17:02:22'),(374,'contact@monopsolution.fr','order_conf','[Bevedere] Confirmation de commande',1,'2023-05-06 17:02:22'),(375,'contact@monopsolution.fr','payment','[Bevedere] Paiement accepté',1,'2023-05-07 07:19:11'),(376,'contact@monopsolution.fr','order_conf','[Bevedere] Confirmation de commande',1,'2023-05-07 07:19:11'),(377,'contact@monopsolution.fr','payment','[Bevedere] Paiement accepté',1,'2023-05-07 08:50:08'),(378,'contact@monopsolution.fr','order_conf','[Bevedere] Confirmation de commande',1,'2023-05-07 08:50:09'),(379,'contact@monopsolution.fr','payment','[Bevedere] Paiement accepté',1,'2023-05-07 12:14:07'),(380,'contact@monopsolution.fr','order_conf','[Bevedere] Confirmation de commande',1,'2023-05-07 12:14:08'),(381,'contact@monopsolution.fr','payment','[Bevedere] Paiement accepté',1,'2023-05-07 12:47:31'),(382,'contact@monopsolution.fr','order_conf','[Bevedere] Confirmation de commande',1,'2023-05-07 12:47:32'),(383,'contact@monopsolution.fr','payment','[Bevedere] Paiement accepté',1,'2023-05-08 09:02:25'),(384,'contact@monopsolution.fr','order_conf','[Bevedere] Confirmation de commande',1,'2023-05-08 09:02:26'),(385,'contact@monopsolution.fr','payment','[Bevedere] Paiement accepté',1,'2023-05-08 11:28:02'),(386,'contact@monopsolution.fr','order_conf','[Bevedere] Confirmation de commande',1,'2023-05-08 11:28:02'),(387,'contact@monopsolution.fr','payment','[Bevedere] Paiement accepté',1,'2023-05-08 14:24:20'),(388,'contact@monopsolution.fr','order_conf','[Bevedere] Confirmation de commande',1,'2023-05-08 14:24:20'),(389,'contact@monopsolution.fr','payment','[Bevedere] Paiement accepté',1,'2023-05-08 14:55:05'),(390,'contact@monopsolution.fr','order_conf','[Bevedere] Confirmation de commande',1,'2023-05-08 14:55:05'),(391,'contact@monopsolution.fr','payment','[Bevedere] Paiement accepté',1,'2023-05-09 06:31:09'),(392,'contact@monopsolution.fr','order_conf','[Bevedere] Confirmation de commande',1,'2023-05-09 06:31:10'),(393,'contact@monopsolution.fr','payment','[Bevedere] Paiement accepté',1,'2023-05-09 06:32:34'),(394,'contact@monopsolution.fr','order_conf','[Bevedere] Confirmation de commande',1,'2023-05-09 06:32:34'),(395,'contact@monopsolution.fr','payment','[Bevedere] Paiement accepté',1,'2023-05-09 08:40:09'),(396,'contact@monopsolution.fr','order_conf','[Bevedere] Confirmation de commande',1,'2023-05-09 08:40:09'),(397,'contact@monopsolution.fr','payment','[Bevedere] Paiement accepté',1,'2023-05-09 13:12:16'),(398,'contact@monopsolution.fr','order_conf','[Bevedere] Confirmation de commande',1,'2023-05-09 13:12:17'),(399,'contact@monopsolution.fr','payment','[Bevedere] Paiement accepté',1,'2023-05-09 17:40:50'),(400,'contact@monopsolution.fr','order_conf','[Bevedere] Confirmation de commande',1,'2023-05-09 17:40:50'),(401,'contact@monopsolution.fr','payment','[Bevedere] Paiement accepté',1,'2023-05-10 13:00:37'),(402,'contact@monopsolution.fr','order_conf','[Bevedere] Confirmation de commande',1,'2023-05-10 13:00:38'),(403,'contact@monopsolution.fr','payment','[Bevedere] Paiement accepté',1,'2023-05-11 17:29:19'),(404,'contact@monopsolution.fr','order_conf','[Bevedere] Confirmation de commande',1,'2023-05-11 17:29:19'),(405,'contact@monopsolution.fr','payment','[Bevedere] Paiement accepté',1,'2023-05-12 12:02:09'),(406,'contact@monopsolution.fr','order_conf','[Bevedere] Confirmation de commande',1,'2023-05-12 12:02:10'),(407,'contact@monopsolution.fr','payment','[Bevedere] Paiement accepté',1,'2023-05-12 13:30:32'),(408,'contact@monopsolution.fr','order_conf','[Bevedere] Confirmation de commande',1,'2023-05-12 13:30:33'),(409,'contact@monopsolution.fr','payment','[Bevedere] Paiement accepté',1,'2023-05-12 13:57:53'),(410,'contact@monopsolution.fr','order_conf','[Bevedere] Confirmation de commande',1,'2023-05-12 13:58:08'),(411,'contact@monopsolution.fr','payment','[Bevedere] Paiement accepté',1,'2023-05-12 13:59:10'),(412,'contact@monopsolution.fr','order_conf','[Bevedere] Confirmation de commande',1,'2023-05-12 13:59:10'),(413,'contact@monopsolution.fr','payment','[Bevedere] Paiement accepté',1,'2023-05-12 15:56:43'),(414,'contact@monopsolution.fr','order_conf','[Bevedere] Confirmation de commande',1,'2023-05-12 15:56:44'),(415,'contact@monopsolution.fr','payment','[Bevedere] Paiement accepté',1,'2023-05-12 15:58:05'),(416,'contact@monopsolution.fr','order_conf','[Bevedere] Confirmation de commande',1,'2023-05-12 15:58:06'),(417,'contact@monopsolution.fr','payment','[Bevedere] Paiement accepté',1,'2023-05-12 17:48:56'),(418,'contact@monopsolution.fr','order_conf','[Bevedere] Confirmation de commande',1,'2023-05-12 17:48:56'),(419,'contact@monopsolution.fr','payment','[Bevedere] Paiement accepté',1,'2023-05-12 18:26:36'),(420,'contact@monopsolution.fr','order_conf','[Bevedere] Confirmation de commande',1,'2023-05-12 18:26:36'),(421,'contact@monopsolution.fr','payment','[Bevedere] Paiement accepté',1,'2023-05-13 09:30:48'),(422,'contact@monopsolution.fr','order_conf','[Bevedere] Confirmation de commande',1,'2023-05-13 09:30:48'),(423,'contact@monopsolution.fr','payment','[Bevedere] Paiement accepté',1,'2023-05-13 12:51:27'),(424,'contact@monopsolution.fr','order_conf','[Bevedere] Confirmation de commande',1,'2023-05-13 12:51:27'),(425,'contact@monopsolution.fr','payment','[Bevedere] Paiement accepté',1,'2023-05-13 13:43:46'),(426,'contact@monopsolution.fr','order_conf','[Bevedere] Confirmation de commande',1,'2023-05-13 13:43:46'),(427,'contact@monopsolution.fr','payment','[Bevedere] Paiement accepté',1,'2023-05-13 13:49:49'),(428,'contact@monopsolution.fr','order_conf','[Bevedere] Confirmation de commande',1,'2023-05-13 13:49:49'),(429,'contact@monopsolution.fr','payment','[Bevedere] Paiement accepté',1,'2023-05-13 14:49:28'),(430,'contact@monopsolution.fr','order_conf','[Bevedere] Confirmation de commande',1,'2023-05-13 14:49:28'),(431,'contact@monopsolution.fr','payment','[Bevedere] Paiement accepté',1,'2023-05-13 19:17:37'),(432,'contact@monopsolution.fr','order_conf','[Bevedere] Confirmation de commande',1,'2023-05-13 19:17:37'),(433,'contact@monopsolution.fr','payment','[Bevedere] Paiement accepté',1,'2023-05-14 07:20:31'),(434,'contact@monopsolution.fr','order_conf','[Bevedere] Confirmation de commande',1,'2023-05-14 07:20:31'),(435,'contact@monopsolution.fr','payment','[Bevedere] Paiement accepté',1,'2023-05-15 07:30:22'),(436,'contact@monopsolution.fr','order_conf','[Bevedere] Confirmation de commande',1,'2023-05-15 07:30:22'),(437,'contact@monopsolution.fr','payment','[Bevedere] Paiement accepté',1,'2023-05-15 07:30:59'),(438,'contact@monopsolution.fr','order_conf','[Bevedere] Confirmation de commande',1,'2023-05-15 07:30:59'),(439,'contact@monopsolution.fr','payment','[Bevedere] Paiement accepté',1,'2023-05-15 07:34:12'),(440,'contact@monopsolution.fr','order_conf','[Bevedere] Confirmation de commande',1,'2023-05-15 07:34:12'),(441,'contact@monopsolution.fr','payment','[Bevedere] Paiement accepté',1,'2023-05-15 07:38:19'),(442,'contact@monopsolution.fr','order_conf','[Bevedere] Confirmation de commande',1,'2023-05-15 07:38:19'),(443,'contact@monopsolution.fr','payment','[Bevedere] Paiement accepté',1,'2023-05-15 09:31:07'),(444,'contact@monopsolution.fr','order_conf','[Bevedere] Confirmation de commande',1,'2023-05-15 09:31:13'),(445,'contact@monopsolution.fr','payment','[Bevedere] Paiement accepté',1,'2023-05-15 09:37:06'),(446,'contact@monopsolution.fr','order_conf','[Bevedere] Confirmation de commande',1,'2023-05-15 09:37:06'),(447,'contact@monopsolution.fr','payment','[Bevedere] Paiement accepté',1,'2023-05-15 11:34:51'),(448,'contact@monopsolution.fr','order_conf','[Bevedere] Confirmation de commande',1,'2023-05-15 11:34:51'),(449,'contact@monopsolution.fr','payment','[Bevedere] Paiement accepté',1,'2023-05-15 12:58:07'),(450,'contact@monopsolution.fr','order_conf','[Bevedere] Confirmation de commande',1,'2023-05-15 12:58:08'),(451,'contact@monopsolution.fr','payment','[Bevedere] Paiement accepté',1,'2023-05-15 16:11:36'),(452,'contact@monopsolution.fr','order_conf','[Bevedere] Confirmation de commande',1,'2023-05-15 16:11:37'),(453,'contact@monopsolution.fr','payment','[Bevedere] Paiement accepté',1,'2023-05-17 09:19:12'),(454,'contact@monopsolution.fr','order_conf','[Bevedere] Confirmation de commande',1,'2023-05-17 09:19:13'),(455,'contact@monopsolution.fr','payment','[Bevedere] Paiement accepté',1,'2023-05-17 13:15:02'),(456,'contact@monopsolution.fr','order_conf','[Bevedere] Confirmation de commande',1,'2023-05-17 13:15:03'),(457,'contact@monopsolution.fr','payment','[Bevedere] Paiement accepté',1,'2023-05-18 08:08:05'),(458,'contact@monopsolution.fr','order_conf','[Bevedere] Confirmation de commande',1,'2023-05-18 08:08:06'),(459,'contact@monopsolution.fr','payment','[Bevedere] Paiement accepté',1,'2023-05-18 08:09:27'),(460,'contact@monopsolution.fr','order_conf','[Bevedere] Confirmation de commande',1,'2023-05-18 08:09:27'),(461,'contact@monopsolution.fr','payment','[Bevedere] Paiement accepté',1,'2023-05-18 08:11:16'),(462,'contact@monopsolution.fr','order_conf','[Bevedere] Confirmation de commande',1,'2023-05-18 08:11:16'),(463,'contact@monopsolution.fr','payment','[Bevedere] Paiement accepté',1,'2023-05-18 14:08:04'),(464,'contact@monopsolution.fr','order_conf','[Bevedere] Confirmation de commande',1,'2023-05-18 14:08:04'),(465,'contact@monopsolution.fr','payment','[Bevedere] Paiement accepté',1,'2023-05-19 10:00:42'),(466,'contact@monopsolution.fr','order_conf','[Bevedere] Confirmation de commande',1,'2023-05-19 10:00:42'),(467,'contact@monopsolution.fr','payment','[Bevedere] Paiement accepté',1,'2023-05-19 10:18:19'),(468,'contact@monopsolution.fr','order_conf','[Bevedere] Confirmation de commande',1,'2023-05-19 10:18:50'),(469,'contact@monopsolution.fr','payment','[Bevedere] Paiement accepté',1,'2023-05-19 12:11:22'),(470,'contact@monopsolution.fr','order_conf','[Bevedere] Confirmation de commande',1,'2023-05-19 12:11:22'),(471,'contact@monopsolution.fr','payment','[Bevedere] Paiement accepté',1,'2023-05-19 12:42:55'),(472,'contact@monopsolution.fr','order_conf','[Bevedere] Confirmation de commande',1,'2023-05-19 12:42:55'),(473,'contact@monopsolution.fr','payment','[Bevedere] Paiement accepté',1,'2023-05-19 12:44:11'),(474,'contact@monopsolution.fr','order_conf','[Bevedere] Confirmation de commande',1,'2023-05-19 12:44:12'),(475,'contact@monopsolution.fr','payment','[Bevedere] Paiement accepté',1,'2023-05-19 13:13:20'),(476,'contact@monopsolution.fr','order_conf','[Bevedere] Confirmation de commande',1,'2023-05-19 13:13:21'),(477,'contact@monopsolution.fr','payment','[Bevedere] Paiement accepté',1,'2023-05-20 17:56:12'),(478,'contact@monopsolution.fr','order_conf','[Bevedere] Confirmation de commande',1,'2023-05-20 17:56:18'),(479,'contact@monopsolution.fr','payment','[Bevedere] Paiement accepté',1,'2023-05-21 08:35:00'),(480,'contact@monopsolution.fr','order_conf','[Bevedere] Confirmation de commande',1,'2023-05-21 08:35:00'),(481,'contact@monopsolution.fr','payment','[Bevedere] Paiement accepté',1,'2023-05-21 09:37:58'),(482,'contact@monopsolution.fr','order_conf','[Bevedere] Confirmation de commande',1,'2023-05-21 09:37:58'),(483,'contact@monopsolution.fr','payment','[Bevedere] Paiement accepté',1,'2023-05-21 11:49:28'),(484,'contact@monopsolution.fr','order_conf','[Bevedere] Confirmation de commande',1,'2023-05-21 11:49:28'),(485,'contact@monopsolution.fr','payment','[Bevedere] Paiement accepté',1,'2023-05-22 08:50:19'),(486,'contact@monopsolution.fr','order_conf','[Bevedere] Confirmation de commande',1,'2023-05-22 08:50:19'),(487,'contact@monopsolution.fr','payment','[Bevedere] Paiement accepté',1,'2023-05-22 08:58:48'),(488,'contact@monopsolution.fr','order_conf','[Bevedere] Confirmation de commande',1,'2023-05-22 08:58:49'),(489,'contact@monopsolution.fr','payment','[Bevedere] Paiement accepté',1,'2023-05-22 11:08:32'),(490,'contact@monopsolution.fr','order_conf','[Bevedere] Confirmation de commande',1,'2023-05-22 11:08:32'),(491,'contact@monopsolution.fr','payment','[Bevedere] Paiement accepté',1,'2023-05-22 11:13:43'),(492,'contact@monopsolution.fr','order_conf','[Bevedere] Confirmation de commande',1,'2023-05-22 11:13:44'),(493,'contact@monopsolution.fr','payment','[Bevedere] Paiement accepté',1,'2023-05-22 14:16:29'),(494,'contact@monopsolution.fr','order_conf','[Bevedere] Confirmation de commande',1,'2023-05-22 14:16:29'),(495,'contact@monopsolution.fr','payment','[Bevedere] Paiement accepté',1,'2023-05-22 17:42:10'),(496,'contact@monopsolution.fr','order_conf','[Bevedere] Confirmation de commande',1,'2023-05-22 17:42:10'),(497,'contact@monopsolution.fr','payment','[Bevedere] Paiement accepté',1,'2023-05-23 11:59:23'),(498,'contact@monopsolution.fr','order_conf','[Bevedere] Confirmation de commande',1,'2023-05-23 11:59:23'),(499,'contact@monopsolution.fr','payment','[Bevedere] Paiement accepté',1,'2023-05-23 13:55:33'),(500,'contact@monopsolution.fr','order_conf','[Bevedere] Confirmation de commande',1,'2023-05-23 13:55:33'),(501,'contact@monopsolution.fr','payment','[Bevedere] Paiement accepté',1,'2023-05-23 14:00:58'),(502,'contact@monopsolution.fr','order_conf','[Bevedere] Confirmation de commande',1,'2023-05-23 14:01:12'),(503,'contact@monopsolution.fr','payment','[Bevedere] Paiement accepté',1,'2023-05-23 14:15:44'),(504,'contact@monopsolution.fr','order_conf','[Bevedere] Confirmation de commande',1,'2023-05-23 14:15:44'),(505,'contact@monopsolution.fr','payment','[Bevedere] Paiement accepté',1,'2023-05-24 16:19:24'),(506,'contact@monopsolution.fr','order_conf','[Bevedere] Confirmation de commande',1,'2023-05-24 16:19:24'),(507,'contact@monopsolution.fr','payment','[Bevedere] Paiement accepté',1,'2023-05-25 12:36:18'),(508,'contact@monopsolution.fr','order_conf','[Bevedere] Confirmation de commande',1,'2023-05-25 12:36:49'),(509,'contact@monopsolution.fr','payment','[Bevedere] Paiement accepté',1,'2023-05-25 15:46:45'),(510,'contact@monopsolution.fr','order_conf','[Bevedere] Confirmation de commande',1,'2023-05-25 15:46:46'),(511,'contact@monopsolution.fr','payment','[Bevedere] Paiement accepté',1,'2023-05-25 16:10:52'),(512,'contact@monopsolution.fr','order_conf','[Bevedere] Confirmation de commande',1,'2023-05-25 16:10:52'),(513,'contact@monopsolution.fr','payment','[Bevedere] Paiement accepté',1,'2023-05-25 16:16:12'),(514,'contact@monopsolution.fr','order_conf','[Bevedere] Confirmation de commande',1,'2023-05-25 16:16:12'),(515,'contact@monopsolution.fr','payment','[Bevedere] Paiement accepté',1,'2023-05-25 16:28:18'),(516,'contact@monopsolution.fr','order_conf','[Bevedere] Confirmation de commande',1,'2023-05-25 16:28:18'),(517,'contact@monopsolution.fr','payment','[Bevedere] Paiement accepté',1,'2023-05-25 17:10:06'),(518,'contact@monopsolution.fr','order_conf','[Bevedere] Confirmation de commande',1,'2023-05-25 17:10:06'),(519,'contact@monopsolution.fr','payment','[Bevedere] Paiement accepté',1,'2023-05-26 13:53:38'),(520,'contact@monopsolution.fr','order_conf','[Bevedere] Confirmation de commande',1,'2023-05-26 13:53:38'),(521,'contact@monopsolution.fr','payment','[Bevedere] Paiement accepté',1,'2023-05-26 15:03:03'),(522,'contact@monopsolution.fr','order_conf','[Bevedere] Confirmation de commande',1,'2023-05-26 15:03:03'),(523,'contact@monopsolution.fr','payment','[Bevedere] Paiement accepté',1,'2023-05-26 18:19:59'),(524,'contact@monopsolution.fr','order_conf','[Bevedere] Confirmation de commande',1,'2023-05-26 18:19:59'),(525,'contact@monopsolution.fr','payment','[Bevedere] Paiement accepté',1,'2023-05-27 09:30:35'),(526,'contact@monopsolution.fr','order_conf','[Bevedere] Confirmation de commande',1,'2023-05-27 09:30:35'),(527,'contact@monopsolution.fr','payment','[Bevedere] Paiement accepté',1,'2023-05-27 09:31:44'),(528,'contact@monopsolution.fr','order_conf','[Bevedere] Confirmation de commande',1,'2023-05-27 09:31:44'),(529,'contact@monopsolution.fr','payment','[Bevedere] Paiement accepté',1,'2023-05-27 15:26:26'),(530,'contact@monopsolution.fr','order_conf','[Bevedere] Confirmation de commande',1,'2023-05-27 15:26:26'),(531,'contact@monopsolution.fr','payment','[Bevedere] Paiement accepté',1,'2023-05-27 15:34:15'),(532,'contact@monopsolution.fr','order_conf','[Bevedere] Confirmation de commande',1,'2023-05-27 15:34:21'),(533,'contact@monopsolution.fr','payment','[Bevedere] Paiement accepté',1,'2023-05-29 10:16:04'),(534,'contact@monopsolution.fr','order_conf','[Bevedere] Confirmation de commande',1,'2023-05-29 10:16:09'),(535,'contact@monopsolution.fr','payment','[Bevedere] Paiement accepté',1,'2023-05-29 13:06:14'),(536,'contact@monopsolution.fr','order_conf','[Bevedere] Confirmation de commande',1,'2023-05-29 13:06:14'),(537,'contact@monopsolution.fr','payment','[Bevedere] Paiement accepté',1,'2023-05-29 17:39:21'),(538,'contact@monopsolution.fr','order_conf','[Bevedere] Confirmation de commande',1,'2023-05-29 17:39:21'),(539,'contact@monopsolution.fr','payment','[Bevedere] Paiement accepté',1,'2023-05-30 13:59:05'),(540,'contact@monopsolution.fr','order_conf','[Bevedere] Confirmation de commande',1,'2023-05-30 13:59:05'),(541,'contact@monopsolution.fr','payment','[Bevedere] Paiement accepté',1,'2023-05-30 15:59:10'),(542,'contact@monopsolution.fr','order_conf','[Bevedere] Confirmation de commande',1,'2023-05-30 15:59:10'),(543,'contact@monopsolution.fr','payment','[Bevedere] Paiement accepté',1,'2023-05-31 10:47:26'),(544,'contact@monopsolution.fr','order_conf','[Bevedere] Confirmation de commande',1,'2023-05-31 10:47:27'),(545,'contact@monopsolution.fr','payment','[Bevedere] Paiement accepté',1,'2023-05-31 12:33:23'),(546,'contact@monopsolution.fr','order_conf','[Bevedere] Confirmation de commande',1,'2023-05-31 12:33:23'),(547,'contact@monopsolution.fr','payment','[Bevedere] Paiement accepté',1,'2023-05-31 12:35:33'),(548,'contact@monopsolution.fr','order_conf','[Bevedere] Confirmation de commande',1,'2023-05-31 12:35:34'),(549,'contact@monopsolution.fr','payment','[Bevedere] Paiement accepté',1,'2023-05-31 12:45:17'),(550,'contact@monopsolution.fr','order_conf','[Bevedere] Confirmation de commande',1,'2023-05-31 12:45:17'),(551,'contact@monopsolution.fr','payment','[Bevedere] Paiement accepté',1,'2023-05-31 12:46:01'),(552,'contact@monopsolution.fr','order_conf','[Bevedere] Confirmation de commande',1,'2023-05-31 12:46:01'),(553,'contact@monopsolution.fr','payment','[Bevedere] Paiement accepté',1,'2023-05-31 12:48:07'),(554,'contact@monopsolution.fr','order_conf','[Bevedere] Confirmation de commande',1,'2023-05-31 12:48:07'),(555,'contact@monopsolution.fr','payment','[Bevedere] Paiement accepté',1,'2023-05-31 12:50:28'),(556,'contact@monopsolution.fr','order_conf','[Bevedere] Confirmation de commande',1,'2023-05-31 12:50:29'),(557,'contact@monopsolution.fr','payment','[Bevedere] Paiement accepté',1,'2023-05-31 12:55:32'),(558,'contact@monopsolution.fr','order_conf','[Bevedere] Confirmation de commande',1,'2023-05-31 12:55:32'),(559,'contact@monopsolution.fr','payment','[Bevedere] Paiement accepté',1,'2023-05-31 12:58:10'),(560,'contact@monopsolution.fr','order_conf','[Bevedere] Confirmation de commande',1,'2023-05-31 12:58:10'),(561,'contact@monopsolution.fr','payment','[Bevedere] Paiement accepté',1,'2023-05-31 12:59:58'),(562,'contact@monopsolution.fr','order_conf','[Bevedere] Confirmation de commande',1,'2023-05-31 12:59:58'),(563,'contact@monopsolution.fr','payment','[Bevedere] Paiement accepté',1,'2023-05-31 13:02:04'),(564,'contact@monopsolution.fr','order_conf','[Bevedere] Confirmation de commande',1,'2023-05-31 13:02:04'),(565,'contact@monopsolution.fr','payment','[Bevedere] Paiement accepté',1,'2023-05-31 13:05:09'),(566,'contact@monopsolution.fr','order_conf','[Bevedere] Confirmation de commande',1,'2023-05-31 13:05:09'),(567,'contact@monopsolution.fr','payment','[Bevedere] Paiement accepté',1,'2023-05-31 13:06:36'),(568,'contact@monopsolution.fr','order_conf','[Bevedere] Confirmation de commande',1,'2023-05-31 13:06:37'),(569,'contact@monopsolution.fr','payment','[Bevedere] Paiement accepté',1,'2023-05-31 13:08:05'),(570,'contact@monopsolution.fr','order_conf','[Bevedere] Confirmation de commande',1,'2023-05-31 13:08:05'),(571,'contact@monopsolution.fr','payment','[Bevedere] Paiement accepté',1,'2023-05-31 16:04:27'),(572,'contact@monopsolution.fr','order_conf','[Bevedere] Confirmation de commande',1,'2023-05-31 16:04:27'),(573,'contact@monopsolution.fr','payment','[Bevedere] Paiement accepté',1,'2023-05-31 16:05:20'),(574,'contact@monopsolution.fr','order_conf','[Bevedere] Confirmation de commande',1,'2023-05-31 16:05:20'),(575,'contact@monopsolution.fr','payment','[Bevedere] Paiement accepté',1,'2023-05-31 16:06:24'),(576,'contact@monopsolution.fr','order_conf','[Bevedere] Confirmation de commande',1,'2023-05-31 16:06:24'),(577,'contact@monopsolution.fr','payment','[Bevedere] Paiement accepté',1,'2023-06-01 09:26:09'),(578,'contact@monopsolution.fr','order_conf','[Bevedere] Confirmation de commande',1,'2023-06-01 09:26:09'),(579,'contact@monopsolution.fr','payment','[Bevedere] Paiement accepté',1,'2023-06-01 17:19:11'),(580,'contact@monopsolution.fr','order_conf','[Bevedere] Confirmation de commande',1,'2023-06-01 17:19:11'),(581,'contact@monopsolution.fr','payment','[Bevedere] Paiement accepté',1,'2023-06-01 19:34:48'),(582,'contact@monopsolution.fr','order_conf','[Bevedere] Confirmation de commande',1,'2023-06-01 19:34:49'),(583,'contact@monopsolution.fr','payment','[Bevedere] Paiement accepté',1,'2023-06-02 09:51:53'),(584,'contact@monopsolution.fr','order_conf','[Bevedere] Confirmation de commande',1,'2023-06-02 09:51:53'),(585,'contact@monopsolution.fr','payment','[Bevedere] Paiement accepté',1,'2023-06-02 17:58:59'),(586,'contact@monopsolution.fr','order_conf','[Bevedere] Confirmation de commande',1,'2023-06-02 17:58:59'),(587,'contact@monopsolution.fr','payment','[Bevedere] Paiement accepté',1,'2023-06-02 18:00:19'),(588,'contact@monopsolution.fr','order_conf','[Bevedere] Confirmation de commande',1,'2023-06-02 18:00:19'),(589,'contact@monopsolution.fr','payment','[Bevedere] Paiement accepté',1,'2023-06-05 09:36:59'),(590,'contact@monopsolution.fr','order_conf','[Bevedere] Confirmation de commande',1,'2023-06-05 09:36:59'),(591,'contact@monopsolution.fr','payment','[Bevedere] Paiement accepté',1,'2023-06-05 10:09:43'),(592,'contact@monopsolution.fr','order_conf','[Bevedere] Confirmation de commande',1,'2023-06-05 10:09:43'),(593,'contact@monopsolution.fr','payment','[Bevedere] Paiement accepté',1,'2023-06-05 10:10:27'),(594,'contact@monopsolution.fr','order_conf','[Bevedere] Confirmation de commande',1,'2023-06-05 10:10:27'),(595,'contact@monopsolution.fr','payment','[Bevedere] Paiement accepté',1,'2023-06-05 10:58:02'),(596,'contact@monopsolution.fr','order_conf','[Bevedere] Confirmation de commande',1,'2023-06-05 10:58:02'),(597,'contact@monopsolution.fr','payment','[Bevedere] Paiement accepté',1,'2023-06-05 11:10:56'),(598,'contact@monopsolution.fr','order_conf','[Bevedere] Confirmation de commande',1,'2023-06-05 11:10:57'),(599,'contact@monopsolution.fr','payment','[Bevedere] Paiement accepté',1,'2023-06-05 12:00:15'),(600,'contact@monopsolution.fr','order_conf','[Bevedere] Confirmation de commande',1,'2023-06-05 12:00:15'),(601,'contact@monopsolution.fr','payment','[Bevedere] Paiement accepté',1,'2023-06-06 08:56:09'),(602,'contact@monopsolution.fr','order_conf','[Bevedere] Confirmation de commande',1,'2023-06-06 08:56:09'),(603,'contact@monopsolution.fr','payment','[Bevedere] Paiement accepté',1,'2023-06-06 08:57:41'),(604,'contact@monopsolution.fr','order_conf','[Bevedere] Confirmation de commande',1,'2023-06-06 08:57:42'),(605,'contact@monopsolution.fr','payment','[Bevedere] Paiement accepté',1,'2023-06-06 10:39:49'),(606,'contact@monopsolution.fr','order_conf','[Bevedere] Confirmation de commande',1,'2023-06-06 10:39:50'),(607,'contact@monopsolution.fr','payment','[Bevedere] Paiement accepté',1,'2023-06-06 12:30:57'),(608,'contact@monopsolution.fr','order_conf','[Bevedere] Confirmation de commande',1,'2023-06-06 12:30:58'),(609,'contact@monopsolution.fr','payment','[Bevedere] Paiement accepté',1,'2023-06-06 13:52:41'),(610,'contact@monopsolution.fr','order_conf','[Bevedere] Confirmation de commande',1,'2023-06-06 13:52:41'),(611,'contact@monopsolution.fr','payment','[Bevedere] Paiement accepté',1,'2023-06-06 15:41:28'),(612,'contact@monopsolution.fr','order_conf','[Bevedere] Confirmation de commande',1,'2023-06-06 15:41:34'),(613,'contact@monopsolution.fr','payment','[Bevedere] Paiement accepté',1,'2023-06-06 16:14:15'),(614,'contact@monopsolution.fr','order_conf','[Bevedere] Confirmation de commande',1,'2023-06-06 16:14:15'),(615,'contact@monopsolution.fr','payment','[Bevedere] Paiement accepté',1,'2023-06-06 18:21:38'),(616,'contact@monopsolution.fr','order_conf','[Bevedere] Confirmation de commande',1,'2023-06-06 18:21:38'),(617,'contact@monopsolution.fr','payment','[Bevedere] Paiement accepté',1,'2023-06-06 19:42:43'),(618,'contact@monopsolution.fr','order_conf','[Bevedere] Confirmation de commande',1,'2023-06-06 19:42:43'),(619,'contact@monopsolution.fr','payment','[Bevedere] Paiement accepté',1,'2023-06-07 07:13:36'),(620,'contact@monopsolution.fr','order_conf','[Bevedere] Confirmation de commande',1,'2023-06-07 07:13:36'),(621,'contact@monopsolution.fr','payment','[Bevedere] Paiement accepté',1,'2023-06-07 10:47:38'),(622,'contact@monopsolution.fr','order_conf','[Bevedere] Confirmation de commande',1,'2023-06-07 10:47:38'),(623,'contact@monopsolution.fr','payment','[Bevedere] Paiement accepté',1,'2023-06-07 12:24:36'),(624,'contact@monopsolution.fr','order_conf','[Bevedere] Confirmation de commande',1,'2023-06-07 12:24:36'),(625,'contact@monopsolution.fr','payment','[Bevedere] Paiement accepté',1,'2023-06-07 15:56:08'),(626,'contact@monopsolution.fr','order_conf','[Bevedere] Confirmation de commande',1,'2023-06-07 15:56:08'),(627,'contact@monopsolution.fr','payment','[Bevedere] Paiement accepté',1,'2023-06-07 17:15:22'),(628,'contact@monopsolution.fr','order_conf','[Bevedere] Confirmation de commande',1,'2023-06-07 17:15:22'),(629,'contact@monopsolution.fr','payment','[Bevedere] Paiement accepté',1,'2023-06-08 06:33:03'),(630,'contact@monopsolution.fr','order_conf','[Bevedere] Confirmation de commande',1,'2023-06-08 06:33:04'),(631,'contact@monopsolution.fr','payment','[Bevedere] Paiement accepté',1,'2023-06-08 10:02:30'),(632,'contact@monopsolution.fr','order_conf','[Bevedere] Confirmation de commande',1,'2023-06-08 10:02:30'),(633,'contact@monopsolution.fr','payment','[Bevedere] Paiement accepté',1,'2023-06-08 14:07:36'),(634,'contact@monopsolution.fr','order_conf','[Bevedere] Confirmation de commande',1,'2023-06-08 14:08:37'),(635,'contact@monopsolution.fr','payment','[Bevedere] Paiement accepté',1,'2023-06-08 14:09:40'),(636,'contact@monopsolution.fr','order_conf','[Bevedere] Confirmation de commande',1,'2023-06-08 14:09:40'),(637,'contact@monopsolution.fr','payment','[Bevedere] Paiement accepté',1,'2023-06-08 17:25:58'),(638,'contact@monopsolution.fr','order_conf','[Bevedere] Confirmation de commande',1,'2023-06-08 17:25:58'),(639,'contact@monopsolution.fr','payment','[Bevedere] Paiement accepté',1,'2023-06-08 18:49:43'),(640,'contact@monopsolution.fr','order_conf','[Bevedere] Confirmation de commande',1,'2023-06-08 18:49:43'),(641,'contact@monopsolution.fr','payment','[Bevedere] Paiement accepté',1,'2023-06-09 09:40:21'),(642,'contact@monopsolution.fr','order_conf','[Bevedere] Confirmation de commande',1,'2023-06-09 09:40:21'),(643,'contact@monopsolution.fr','payment','[Bevedere] Paiement accepté',1,'2023-06-09 14:18:44'),(644,'contact@monopsolution.fr','order_conf','[Bevedere] Confirmation de commande',1,'2023-06-09 14:18:44'),(645,'contact@monopsolution.fr','payment','[Bevedere] Paiement accepté',1,'2023-06-09 14:19:41'),(646,'contact@monopsolution.fr','order_conf','[Bevedere] Confirmation de commande',1,'2023-06-09 14:19:46'),(647,'contact@monopsolution.fr','payment','[Bevedere] Paiement accepté',1,'2023-06-09 14:22:17'),(648,'contact@monopsolution.fr','order_conf','[Bevedere] Confirmation de commande',1,'2023-06-09 14:22:18'),(649,'contact@monopsolution.fr','payment','[Bevedere] Paiement accepté',1,'2023-06-09 17:16:29'),(650,'contact@monopsolution.fr','order_conf','[Bevedere] Confirmation de commande',1,'2023-06-09 17:16:59'),(651,'contact@monopsolution.fr','payment','[Bevedere] Paiement accepté',1,'2023-06-10 14:17:56'),(652,'contact@monopsolution.fr','order_conf','[Bevedere] Confirmation de commande',1,'2023-06-10 14:17:57'),(653,'contact@monopsolution.fr','payment','[Bevedere] Paiement accepté',1,'2023-06-10 14:38:49'),(654,'contact@monopsolution.fr','order_conf','[Bevedere] Confirmation de commande',1,'2023-06-10 14:38:49'),(655,'contact@monopsolution.fr','payment','[Bevedere] Paiement accepté',1,'2023-06-10 16:43:59'),(656,'contact@monopsolution.fr','order_conf','[Bevedere] Confirmation de commande',1,'2023-06-10 16:43:59'),(657,'contact@monopsolution.fr','payment','[Bevedere] Paiement accepté',1,'2023-06-11 13:18:45'),(658,'contact@monopsolution.fr','order_conf','[Bevedere] Confirmation de commande',1,'2023-06-11 13:18:45'),(659,'contact@monopsolution.fr','payment','[Bevedere] Paiement accepté',1,'2023-06-11 13:19:44'),(660,'contact@monopsolution.fr','order_conf','[Bevedere] Confirmation de commande',1,'2023-06-11 13:19:44'),(661,'contact@monopsolution.fr','payment','[Bevedere] Paiement accepté',1,'2023-06-11 15:55:06'),(662,'contact@monopsolution.fr','order_conf','[Bevedere] Confirmation de commande',1,'2023-06-11 15:55:06'),(663,'contact@monopsolution.fr','payment','[Bevedere] Paiement accepté',1,'2023-06-11 15:56:51'),(664,'contact@monopsolution.fr','order_conf','[Bevedere] Confirmation de commande',1,'2023-06-11 15:56:51'),(665,'contact@monopsolution.fr','payment','[Bevedere] Paiement accepté',1,'2023-06-12 11:06:37'),(666,'contact@monopsolution.fr','order_conf','[Bevedere] Confirmation de commande',1,'2023-06-12 11:06:38'),(667,'contact@monopsolution.fr','payment','[Bevedere] Paiement accepté',1,'2023-06-12 13:13:07'),(668,'contact@monopsolution.fr','order_conf','[Bevedere] Confirmation de commande',1,'2023-06-12 13:13:07'),(669,'contact@monopsolution.fr','payment','[Bevedere] Paiement accepté',1,'2023-06-12 13:32:55'),(670,'contact@monopsolution.fr','order_conf','[Bevedere] Confirmation de commande',1,'2023-06-12 13:32:56'),(671,'contact@monopsolution.fr','payment','[Bevedere] Paiement accepté',1,'2023-06-12 13:33:40'),(672,'contact@monopsolution.fr','order_conf','[Bevedere] Confirmation de commande',1,'2023-06-12 13:33:40'),(673,'contact@monopsolution.fr','payment','[Bevedere] Paiement accepté',1,'2023-06-12 14:13:06'),(674,'contact@monopsolution.fr','order_conf','[Bevedere] Confirmation de commande',1,'2023-06-12 14:13:07'),(675,'contact@monopsolution.fr','payment','[Bevedere] Paiement accepté',1,'2023-06-12 16:44:19'),(676,'contact@monopsolution.fr','order_conf','[Bevedere] Confirmation de commande',1,'2023-06-12 16:44:19'),(677,'contact@monopsolution.fr','payment','[Bevedere] Paiement accepté',1,'2023-06-14 06:17:03'),(678,'contact@monopsolution.fr','order_conf','[Bevedere] Confirmation de commande',1,'2023-06-14 06:17:04'),(679,'contact@monopsolution.fr','payment','[Bevedere] Paiement accepté',1,'2023-06-14 08:57:42'),(680,'contact@monopsolution.fr','order_conf','[Bevedere] Confirmation de commande',1,'2023-06-14 08:57:42'),(681,'contact@monopsolution.fr','payment','[Bevedere] Paiement accepté',1,'2023-06-14 10:43:50'),(682,'contact@monopsolution.fr','order_conf','[Bevedere] Confirmation de commande',1,'2023-06-14 10:43:50'),(683,'contact@monopsolution.fr','payment','[Bevedere] Paiement accepté',1,'2023-06-15 09:41:59'),(684,'contact@monopsolution.fr','order_conf','[Bevedere] Confirmation de commande',1,'2023-06-15 09:42:06'),(685,'contact@monopsolution.fr','payment','[Bevedere] Paiement accepté',1,'2023-06-15 10:06:53'),(686,'contact@monopsolution.fr','order_conf','[Bevedere] Confirmation de commande',1,'2023-06-15 10:06:53'),(687,'contact@monopsolution.fr','payment','[Bevedere] Paiement accepté',1,'2023-06-15 13:55:33'),(688,'contact@monopsolution.fr','order_conf','[Bevedere] Confirmation de commande',1,'2023-06-15 13:55:33'),(689,'contact@monopsolution.fr','payment','[Bevedere] Paiement accepté',1,'2023-06-15 16:13:01'),(690,'contact@monopsolution.fr','order_conf','[Bevedere] Confirmation de commande',1,'2023-06-15 16:13:01'),(691,'contact@monopsolution.fr','payment','[Bevedere] Paiement accepté',1,'2023-06-15 16:37:31'),(692,'contact@monopsolution.fr','order_conf','[Bevedere] Confirmation de commande',1,'2023-06-15 16:37:31'),(693,'contact@monopsolution.fr','payment','[Bevedere] Paiement accepté',1,'2023-06-16 08:20:15'),(694,'contact@monopsolution.fr','order_conf','[Bevedere] Confirmation de commande',1,'2023-06-16 08:20:15'),(695,'contact@monopsolution.fr','payment','[Bevedere] Paiement accepté',1,'2023-06-16 10:04:03'),(696,'contact@monopsolution.fr','order_conf','[Bevedere] Confirmation de commande',1,'2023-06-16 10:04:03'),(697,'contact@monopsolution.fr','payment','[Bevedere] Paiement accepté',1,'2023-06-16 13:59:19'),(698,'contact@monopsolution.fr','order_conf','[Bevedere] Confirmation de commande',1,'2023-06-16 13:59:20'),(699,'contact@monopsolution.fr','payment','[Bevedere] Paiement accepté',1,'2023-06-17 14:17:46'),(700,'contact@monopsolution.fr','order_conf','[Bevedere] Confirmation de commande',1,'2023-06-17 14:17:47'),(701,'contact@monopsolution.fr','payment','[Bevedere] Paiement accepté',1,'2023-06-19 06:04:49'),(702,'contact@monopsolution.fr','order_conf','[Bevedere] Confirmation de commande',1,'2023-06-19 06:04:49'),(703,'contact@monopsolution.fr','payment','[Bevedere] Paiement accepté',1,'2023-06-19 13:23:54'),(704,'contact@monopsolution.fr','order_conf','[Bevedere] Confirmation de commande',1,'2023-06-19 13:23:54'),(705,'contact@monopsolution.fr','payment','[Bevedere] Paiement accepté',1,'2023-06-19 18:00:59'),(706,'contact@monopsolution.fr','order_conf','[Bevedere] Confirmation de commande',1,'2023-06-19 18:00:59'),(707,'contact@monopsolution.fr','payment','[Bevedere] Paiement accepté',1,'2023-06-19 18:43:27'),(708,'contact@monopsolution.fr','order_conf','[Bevedere] Confirmation de commande',1,'2023-06-19 18:43:27'),(709,'contact@monopsolution.fr','payment','[Bevedere] Paiement accepté',1,'2023-06-20 17:37:52'),(710,'contact@monopsolution.fr','order_conf','[Bevedere] Confirmation de commande',1,'2023-06-20 17:37:53'),(711,'contact@monopsolution.fr','payment','[Bevedere] Paiement accepté',1,'2023-06-22 08:34:39'),(712,'contact@monopsolution.fr','order_conf','[Bevedere] Confirmation de commande',1,'2023-06-22 08:34:39'),(713,'contact@monopsolution.fr','payment','[Bevedere] Paiement accepté',1,'2023-06-22 08:36:31'),(714,'contact@monopsolution.fr','order_conf','[Bevedere] Confirmation de commande',1,'2023-06-22 08:37:01'),(715,'contact@monopsolution.fr','payment','[Bevedere] Paiement accepté',1,'2023-06-22 11:11:45'),(716,'contact@monopsolution.fr','order_conf','[Bevedere] Confirmation de commande',1,'2023-06-22 11:11:45'),(717,'contact@monopsolution.fr','payment','[Bevedere] Paiement accepté',1,'2023-06-22 12:01:59'),(718,'contact@monopsolution.fr','order_conf','[Bevedere] Confirmation de commande',1,'2023-06-22 12:01:59'),(719,'contact@monopsolution.fr','payment','[Bevedere] Paiement accepté',1,'2023-06-22 12:41:38'),(720,'contact@monopsolution.fr','order_conf','[Bevedere] Confirmation de commande',1,'2023-06-22 12:41:38'),(721,'contact@monopsolution.fr','payment','[Bevedere] Paiement accepté',1,'2023-06-22 13:43:54'),(722,'contact@monopsolution.fr','order_conf','[Bevedere] Confirmation de commande',1,'2023-06-22 13:43:54'),(723,'contact@monopsolution.fr','payment','[Bevedere] Paiement accepté',1,'2023-06-22 15:20:07'),(724,'contact@monopsolution.fr','order_conf','[Bevedere] Confirmation de commande',1,'2023-06-22 15:20:07'),(725,'contact@monopsolution.fr','payment','[Bevedere] Paiement accepté',1,'2023-06-22 17:06:16'),(726,'contact@monopsolution.fr','order_conf','[Bevedere] Confirmation de commande',1,'2023-06-22 17:06:17'),(727,'contact@monopsolution.fr','payment','[Bevedere] Paiement accepté',1,'2023-06-22 18:36:33'),(728,'contact@monopsolution.fr','order_conf','[Bevedere] Confirmation de commande',1,'2023-06-22 18:36:33'),(729,'contact@monopsolution.fr','payment','[Bevedere] Paiement accepté',1,'2023-06-22 19:21:33'),(730,'contact@monopsolution.fr','order_conf','[Bevedere] Confirmation de commande',1,'2023-06-22 19:21:34'),(731,'contact@monopsolution.fr','payment','[Bevedere] Paiement accepté',1,'2023-06-23 06:25:08'),(732,'contact@monopsolution.fr','order_conf','[Bevedere] Confirmation de commande',1,'2023-06-23 06:25:09'),(733,'contact@monopsolution.fr','payment','[Bevedere] Paiement accepté',1,'2023-06-23 12:09:31'),(734,'contact@monopsolution.fr','order_conf','[Bevedere] Confirmation de commande',1,'2023-06-23 12:09:31'),(735,'contact@monopsolution.fr','payment','[Bevedere] Paiement accepté',1,'2023-06-23 16:06:48'),(736,'contact@monopsolution.fr','order_conf','[Bevedere] Confirmation de commande',1,'2023-06-23 16:06:49'),(737,'contact@monopsolution.fr','payment','[Bevedere] Paiement accepté',1,'2023-06-24 09:44:58'),(738,'contact@monopsolution.fr','order_conf','[Bevedere] Confirmation de commande',1,'2023-06-24 09:44:59'),(739,'contact@monopsolution.fr','payment','[Bevedere] Paiement accepté',1,'2023-06-24 13:19:32'),(740,'contact@monopsolution.fr','order_conf','[Bevedere] Confirmation de commande',1,'2023-06-24 13:19:32'),(741,'contact@monopsolution.fr','payment','[Bevedere] Paiement accepté',1,'2023-06-24 14:52:31'),(742,'contact@monopsolution.fr','order_conf','[Bevedere] Confirmation de commande',1,'2023-06-24 14:52:31'),(743,'contact@monopsolution.fr','payment','[Bevedere] Paiement accepté',1,'2023-06-24 15:24:16'),(744,'contact@monopsolution.fr','order_conf','[Bevedere] Confirmation de commande',1,'2023-06-24 15:24:17'),(745,'contact@monopsolution.fr','payment','[Bevedere] Paiement accepté',1,'2023-06-25 16:56:10'),(746,'contact@monopsolution.fr','order_conf','[Bevedere] Confirmation de commande',1,'2023-06-25 16:56:10'),(747,'contact@monopsolution.fr','payment','[Bevedere] Paiement accepté',1,'2023-06-26 08:02:32'),(748,'contact@monopsolution.fr','order_conf','[Bevedere] Confirmation de commande',1,'2023-06-26 08:02:33'),(749,'contact@monopsolution.fr','payment','[Bevedere] Paiement accepté',1,'2023-06-26 08:03:16'),(750,'contact@monopsolution.fr','order_conf','[Bevedere] Confirmation de commande',1,'2023-06-26 08:03:31'),(751,'contact@monopsolution.fr','payment','[Bevedere] Paiement accepté',1,'2023-06-26 08:13:21'),(752,'contact@monopsolution.fr','order_conf','[Bevedere] Confirmation de commande',1,'2023-06-26 08:13:22'),(753,'contact@monopsolution.fr','payment','[Bevedere] Paiement accepté',1,'2023-06-26 13:43:54'),(754,'contact@monopsolution.fr','order_conf','[Bevedere] Confirmation de commande',1,'2023-06-26 13:43:54'),(755,'contact@monopsolution.fr','payment','[Bevedere] Paiement accepté',1,'2023-06-26 17:00:40'),(756,'contact@monopsolution.fr','order_conf','[Bevedere] Confirmation de commande',1,'2023-06-26 17:00:40'),(757,'contact@monopsolution.fr','payment','[Bevedere] Paiement accepté',1,'2023-06-26 19:26:19'),(758,'contact@monopsolution.fr','order_conf','[Bevedere] Confirmation de commande',1,'2023-06-26 19:26:19'),(759,'contact@monopsolution.fr','payment','[Bevedere] Paiement accepté',1,'2023-06-27 11:01:09'),(760,'contact@monopsolution.fr','order_conf','[Bevedere] Confirmation de commande',1,'2023-06-27 11:01:09'),(761,'contact@monopsolution.fr','payment','[Bevedere] Paiement accepté',1,'2023-06-27 15:21:18'),(762,'contact@monopsolution.fr','order_conf','[Bevedere] Confirmation de commande',1,'2023-06-27 15:21:19'),(763,'contact@monopsolution.fr','payment','[Bevedere] Paiement accepté',1,'2023-06-28 10:30:25'),(764,'contact@monopsolution.fr','order_conf','[Bevedere] Confirmation de commande',1,'2023-06-28 10:30:25'),(765,'contact@monopsolution.fr','payment','[Bevedere] Paiement accepté',1,'2023-06-28 15:31:50'),(766,'contact@monopsolution.fr','order_conf','[Bevedere] Confirmation de commande',1,'2023-06-28 15:31:50'),(767,'contact@monopsolution.fr','payment','[Bevedere] Paiement accepté',1,'2023-06-28 16:40:14'),(768,'contact@monopsolution.fr','order_conf','[Bevedere] Confirmation de commande',1,'2023-06-28 16:40:14'),(769,'contact@monopsolution.fr','payment','[Bevedere] Paiement accepté',1,'2023-06-28 17:43:35'),(770,'contact@monopsolution.fr','order_conf','[Bevedere] Confirmation de commande',1,'2023-06-28 17:43:35'),(771,'contact@monopsolution.fr','payment','[Bevedere] Paiement accepté',1,'2023-06-29 06:19:25'),(772,'contact@monopsolution.fr','order_conf','[Bevedere] Confirmation de commande',1,'2023-06-29 06:19:25'),(773,'contact@monopsolution.fr','payment','[Bevedere] Paiement accepté',1,'2023-06-29 16:24:18'),(774,'contact@monopsolution.fr','order_conf','[Bevedere] Confirmation de commande',1,'2023-06-29 16:24:18'),(775,'contact@monopsolution.fr','payment','[Bevedere] Paiement accepté',1,'2023-06-30 06:26:40'),(776,'contact@monopsolution.fr','order_conf','[Bevedere] Confirmation de commande',1,'2023-06-30 06:26:41'),(777,'contact@monopsolution.fr','payment','[Bevedere] Paiement accepté',1,'2023-06-30 10:49:50'),(778,'contact@monopsolution.fr','order_conf','[Bevedere] Confirmation de commande',1,'2023-06-30 10:49:50'),(779,'contact@monopsolution.fr','payment','[Bevedere] Paiement accepté',1,'2023-06-30 11:23:40'),(780,'contact@monopsolution.fr','order_conf','[Bevedere] Confirmation de commande',1,'2023-06-30 11:23:41'),(781,'contact@monopsolution.fr','payment','[Bevedere] Paiement accepté',1,'2023-06-30 16:55:26'),(782,'contact@monopsolution.fr','order_conf','[Bevedere] Confirmation de commande',1,'2023-06-30 16:55:26'),(783,'contact@monopsolution.fr','payment','[Bevedere] Paiement accepté',1,'2023-06-30 17:34:38'),(784,'contact@monopsolution.fr','order_conf','[Bevedere] Confirmation de commande',1,'2023-06-30 17:34:38'),(785,'contact@monopsolution.fr','payment','[Bevedere] Paiement accepté',1,'2023-06-30 17:44:13'),(786,'contact@monopsolution.fr','order_conf','[Bevedere] Confirmation de commande',1,'2023-06-30 17:44:13'),(787,'contact@monopsolution.fr','payment','[Bevedere] Paiement accepté',1,'2023-07-01 10:52:18'),(788,'contact@monopsolution.fr','order_conf','[Bevedere] Confirmation de commande',1,'2023-07-01 10:52:18'),(789,'contact@monopsolution.fr','payment','[Bevedere] Paiement accepté',1,'2023-07-01 16:32:26'),(790,'contact@monopsolution.fr','order_conf','[Bevedere] Confirmation de commande',1,'2023-07-01 16:32:26'),(791,'contact@monopsolution.fr','payment','[Bevedere] Paiement accepté',1,'2023-07-01 17:13:27'),(792,'contact@monopsolution.fr','order_conf','[Bevedere] Confirmation de commande',1,'2023-07-01 17:13:27'),(793,'contact@monopsolution.fr','payment','[Bevedere] Paiement accepté',1,'2023-07-02 17:12:38'),(794,'contact@monopsolution.fr','order_conf','[Bevedere] Confirmation de commande',1,'2023-07-02 17:12:39'),(795,'contact@monopsolution.fr','payment','[Bevedere] Paiement accepté',1,'2023-07-03 07:50:58'),(796,'contact@monopsolution.fr','order_conf','[Bevedere] Confirmation de commande',1,'2023-07-03 07:50:58'),(797,'contact@monopsolution.fr','payment','[Bevedere] Paiement accepté',1,'2023-07-03 07:51:53'),(798,'contact@monopsolution.fr','order_conf','[Bevedere] Confirmation de commande',1,'2023-07-03 07:51:53'),(799,'contact@monopsolution.fr','payment','[Bevedere] Paiement accepté',1,'2023-07-03 09:23:58'),(800,'contact@monopsolution.fr','order_conf','[Bevedere] Confirmation de commande',1,'2023-07-03 09:23:58'),(801,'contact@monopsolution.fr','payment','[Bevedere] Paiement accepté',1,'2023-07-03 16:23:31'),(802,'contact@monopsolution.fr','order_conf','[Bevedere] Confirmation de commande',1,'2023-07-03 16:23:32'),(803,'contact@monopsolution.fr','payment','[Bevedere] Paiement accepté',1,'2023-07-03 16:24:12'),(804,'contact@monopsolution.fr','order_conf','[Bevedere] Confirmation de commande',1,'2023-07-03 16:24:12'),(805,'contact@monopsolution.fr','payment','[Bevedere] Paiement accepté',1,'2023-07-03 16:44:26'),(806,'contact@monopsolution.fr','order_conf','[Bevedere] Confirmation de commande',1,'2023-07-03 16:44:26'),(807,'contact@monopsolution.fr','payment','[Bevedere] Paiement accepté',1,'2023-07-03 16:45:09'),(808,'contact@monopsolution.fr','order_conf','[Bevedere] Confirmation de commande',1,'2023-07-03 16:45:09'),(809,'contact@monopsolution.fr','payment','[Bevedere] Paiement accepté',1,'2023-07-03 18:03:27'),(810,'contact@monopsolution.fr','order_conf','[Bevedere] Confirmation de commande',1,'2023-07-03 18:03:27'),(811,'contact@monopsolution.fr','payment','[Bevedere] Paiement accepté',1,'2023-07-03 18:12:45'),(812,'contact@monopsolution.fr','order_conf','[Bevedere] Confirmation de commande',1,'2023-07-03 18:12:45'),(813,'contact@monopsolution.fr','payment','[Bevedere] Paiement accepté',1,'2023-07-04 08:08:20'),(814,'contact@monopsolution.fr','order_conf','[Bevedere] Confirmation de commande',1,'2023-07-04 08:08:20'),(815,'contact@monopsolution.fr','payment','[Bevedere] Paiement accepté',1,'2023-07-04 09:25:21'),(816,'contact@monopsolution.fr','order_conf','[Bevedere] Confirmation de commande',1,'2023-07-04 09:25:21'),(817,'contact@monopsolution.fr','payment','[Bevedere] Paiement accepté',1,'2023-07-04 09:56:58'),(818,'contact@monopsolution.fr','order_conf','[Bevedere] Confirmation de commande',1,'2023-07-04 09:57:04'),(819,'contact@monopsolution.fr','payment','[Bevedere] Paiement accepté',1,'2023-07-04 09:57:41'),(820,'contact@monopsolution.fr','order_conf','[Bevedere] Confirmation de commande',1,'2023-07-04 09:57:42'),(821,'contact@monopsolution.fr','payment','[Bevedere] Paiement accepté',1,'2023-07-04 10:11:12'),(822,'contact@monopsolution.fr','order_conf','[Bevedere] Confirmation de commande',1,'2023-07-04 10:11:13'),(823,'contact@monopsolution.fr','payment','[Bevedere] Paiement accepté',1,'2023-07-04 13:35:14'),(824,'contact@monopsolution.fr','order_conf','[Bevedere] Confirmation de commande',1,'2023-07-04 13:35:14'),(825,'contact@monopsolution.fr','payment','[Bevedere] Paiement accepté',1,'2023-07-04 18:47:13'),(826,'contact@monopsolution.fr','order_conf','[Bevedere] Confirmation de commande',1,'2023-07-04 18:47:14'),(827,'contact@monopsolution.fr','payment','[Bevedere] Paiement accepté',1,'2023-07-05 10:49:15'),(828,'contact@monopsolution.fr','order_conf','[Bevedere] Confirmation de commande',1,'2023-07-05 10:49:45'),(829,'contact@monopsolution.fr','payment','[Bevedere] Paiement accepté',1,'2023-07-05 10:57:35'),(830,'contact@monopsolution.fr','order_conf','[Bevedere] Confirmation de commande',1,'2023-07-05 10:57:35'),(831,'contact@monopsolution.fr','payment','[Bevedere] Paiement accepté',1,'2023-07-05 12:46:51'),(832,'contact@monopsolution.fr','order_conf','[Bevedere] Confirmation de commande',1,'2023-07-05 12:47:22'),(833,'contact@monopsolution.fr','payment','[Bevedere] Paiement accepté',1,'2023-07-05 16:20:40'),(834,'contact@monopsolution.fr','order_conf','[Bevedere] Confirmation de commande',1,'2023-07-05 16:20:40'),(835,'contact@monopsolution.fr','payment','[Bevedere] Paiement accepté',1,'2023-07-05 16:34:02'),(836,'contact@monopsolution.fr','order_conf','[Bevedere] Confirmation de commande',1,'2023-07-05 16:34:02'),(837,'contact@monopsolution.fr','payment','[Bevedere] Paiement accepté',1,'2023-07-05 16:34:46'),(838,'contact@monopsolution.fr','order_conf','[Bevedere] Confirmation de commande',1,'2023-07-05 16:34:46'),(839,'contact@monopsolution.fr','payment','[Bevedere] Paiement accepté',1,'2023-07-06 12:29:05'),(840,'contact@monopsolution.fr','order_conf','[Bevedere] Confirmation de commande',1,'2023-07-06 12:29:05'),(841,'contact@monopsolution.fr','payment','[Bevedere] Paiement accepté',1,'2023-07-07 06:42:46'),(842,'contact@monopsolution.fr','order_conf','[Bevedere] Confirmation de commande',1,'2023-07-07 06:42:46'),(843,'contact@monopsolution.fr','payment','[Bevedere] Paiement accepté',1,'2023-07-07 07:02:56'),(844,'contact@monopsolution.fr','order_conf','[Bevedere] Confirmation de commande',1,'2023-07-07 07:02:56'),(845,'contact@monopsolution.fr','payment','[Bevedere] Paiement accepté',1,'2023-07-07 07:03:41'),(846,'contact@monopsolution.fr','order_conf','[Bevedere] Confirmation de commande',1,'2023-07-07 07:03:42'),(847,'contact@monopsolution.fr','payment','[Bevedere] Paiement accepté',1,'2023-07-07 10:33:29'),(848,'contact@monopsolution.fr','order_conf','[Bevedere] Confirmation de commande',1,'2023-07-07 10:33:31'),(849,'contact@monopsolution.fr','payment','[Bevedere] Paiement accepté',1,'2023-07-07 16:54:10'),(850,'contact@monopsolution.fr','order_conf','[Bevedere] Confirmation de commande',1,'2023-07-07 16:54:10'),(851,'contact@monopsolution.fr','payment','[Bevedere] Paiement accepté',1,'2023-07-07 18:08:05'),(852,'contact@monopsolution.fr','order_conf','[Bevedere] Confirmation de commande',1,'2023-07-07 18:08:06'),(853,'contact@monopsolution.fr','payment','[Bevedere] Paiement accepté',1,'2023-07-07 18:08:49'),(854,'contact@monopsolution.fr','order_conf','[Bevedere] Confirmation de commande',1,'2023-07-07 18:08:49'),(855,'contact@monopsolution.fr','payment','[Bevedere] Paiement accepté',1,'2023-07-08 09:23:05'),(856,'contact@monopsolution.fr','order_conf','[Bevedere] Confirmation de commande',1,'2023-07-08 09:23:06'),(857,'contact@monopsolution.fr','payment','[Bevedere] Paiement accepté',1,'2023-07-08 09:24:05'),(858,'contact@monopsolution.fr','order_conf','[Bevedere] Confirmation de commande',1,'2023-07-08 09:24:05'),(859,'contact@monopsolution.fr','payment','[Bevedere] Paiement accepté',1,'2023-07-08 12:41:30'),(860,'contact@monopsolution.fr','order_conf','[Bevedere] Confirmation de commande',1,'2023-07-08 12:41:30'),(861,'contact@monopsolution.fr','payment','[Bevedere] Paiement accepté',1,'2023-07-08 14:28:06'),(862,'contact@monopsolution.fr','order_conf','[Bevedere] Confirmation de commande',1,'2023-07-08 14:28:06'),(863,'contact@monopsolution.fr','payment','[Bevedere] Paiement accepté',1,'2023-07-08 16:28:54'),(864,'contact@monopsolution.fr','order_conf','[Bevedere] Confirmation de commande',1,'2023-07-08 16:28:54'),(865,'contact@monopsolution.fr','payment','[Bevedere] Paiement accepté',1,'2023-07-08 19:16:37'),(866,'contact@monopsolution.fr','order_conf','[Bevedere] Confirmation de commande',1,'2023-07-08 19:16:38'),(867,'contact@monopsolution.fr','payment','[Bevedere] Paiement accepté',1,'2023-07-08 19:17:28'),(868,'contact@monopsolution.fr','order_conf','[Bevedere] Confirmation de commande',1,'2023-07-08 19:17:28'),(869,'contact@monopsolution.fr','payment','[Bevedere] Paiement accepté',1,'2023-07-08 19:29:05'),(870,'contact@monopsolution.fr','order_conf','[Bevedere] Confirmation de commande',1,'2023-07-08 19:29:05'),(871,'contact@monopsolution.fr','payment','[Bevedere] Paiement accepté',1,'2023-07-09 15:59:35'),(872,'contact@monopsolution.fr','order_conf','[Bevedere] Confirmation de commande',1,'2023-07-09 15:59:35'),(873,'contact@monopsolution.fr','payment','[Bevedere] Paiement accepté',1,'2023-07-09 16:00:38'),(874,'contact@monopsolution.fr','order_conf','[Bevedere] Confirmation de commande',1,'2023-07-09 16:00:38'),(875,'contact@monopsolution.fr','payment','[Bevedere] Paiement accepté',1,'2023-11-02 22:12:49'),(876,'contact@monopsolution.fr','order_conf','[Bevedere] Confirmation de commande',1,'2023-11-02 22:12:49'),(877,'contact@monopsolution.fr','payment','[Bevedere] Paiement accepté',1,'2023-11-21 11:23:36'),(878,'contact@monopsolution.fr','order_conf','[Bevedere] Confirmation de commande',1,'2023-11-21 11:23:36'),(879,'contact@monopsolution.fr','payment','[Bevedere] Paiement accepté',1,'2023-12-13 17:47:14'),(880,'contact@monopsolution.fr','order_conf','[Bevedere] Confirmation de commande',1,'2023-12-13 17:47:15'),(881,'contact@monopsolution.fr','payment','[Bevedere] Paiement accepté',1,'2023-12-13 17:54:03'),(882,'contact@monopsolution.fr','order_conf','[Bevedere] Confirmation de commande',1,'2023-12-13 17:54:03'),(883,'contact@monopsolution.fr','payment','[Bevedere] Paiement accepté',1,'2023-12-15 20:59:31'),(884,'contact@monopsolution.fr','order_conf','[Bevedere] Confirmation de commande',1,'2023-12-15 20:59:32'),(885,'contact@monopsolution.fr','payment','[Bevedere] Paiement accepté',1,'2023-12-16 10:25:22'),(886,'contact@monopsolution.fr','order_conf','[Bevedere] Confirmation de commande',1,'2023-12-16 10:25:22'),(887,'contact@monopsolution.fr','payment','[Bevedere] Paiement accepté',1,'2023-12-16 14:14:13'),(888,'contact@monopsolution.fr','order_conf','[Bevedere] Confirmation de commande',1,'2023-12-16 14:14:14'),(889,'contact@monopsolution.fr','payment','[Bevedere] Paiement accepté',1,'2023-12-16 18:08:42'),(890,'contact@monopsolution.fr','order_conf','[Bevedere] Confirmation de commande',1,'2023-12-16 18:08:42'),(891,'contact@monopsolution.fr','payment','[Bevedere] Paiement accepté',1,'2023-12-17 14:42:25'),(892,'contact@monopsolution.fr','order_conf','[Bevedere] Confirmation de commande',1,'2023-12-17 14:42:26'),(893,'contact@monopsolution.fr','payment','[Bevedere] Paiement accepté',1,'2024-01-06 18:10:56'),(894,'contact@monopsolution.fr','order_conf','[Bevedere] Confirmation de commande',1,'2024-01-06 18:10:56'),(895,'contact@monopsolution.fr','payment','[Bevedere] Paiement accepté',1,'2024-01-07 12:58:25'),(896,'contact@monopsolution.fr','order_conf','[Bevedere] Confirmation de commande',1,'2024-01-07 12:58:25'),(897,'contact@monopsolution.fr','payment','[Bevedere] Paiement accepté',1,'2024-01-07 13:20:52'),(898,'contact@monopsolution.fr','order_conf','[Bevedere] Confirmation de commande',1,'2024-01-07 13:20:53'),(899,'contact@monopsolution.fr','payment','[Bevedere] Paiement accepté',1,'2024-01-08 12:38:27'),(900,'contact@monopsolution.fr','order_conf','[Bevedere] Confirmation de commande',1,'2024-01-08 12:38:27'),(901,'contact@monopsolution.fr','payment','[Bevedere] Paiement accepté',1,'2024-01-08 18:41:24'),(902,'contact@monopsolution.fr','order_conf','[Bevedere] Confirmation de commande',1,'2024-01-08 18:41:24'),(903,'contact@monopsolution.fr','payment','[Bevedere] Paiement accepté',1,'2024-01-10 15:55:57'),(904,'contact@monopsolution.fr','order_conf','[Bevedere] Confirmation de commande',1,'2024-01-10 15:55:57'),(905,'contact@monopsolution.fr','payment','[Bevedere] Paiement accepté',1,'2024-01-11 15:22:00'),(906,'contact@monopsolution.fr','order_conf','[Bevedere] Confirmation de commande',1,'2024-01-11 15:22:00'),(907,'contact@monopsolution.fr','payment','[Bevedere] Paiement accepté',1,'2024-01-13 14:33:32'),(908,'contact@monopsolution.fr','order_conf','[Bevedere] Confirmation de commande',1,'2024-01-13 14:33:32'),(909,'contact@monopsolution.fr','payment','[Bevedere] Paiement accepté',1,'2024-01-14 14:01:58'),(910,'contact@monopsolution.fr','order_conf','[Bevedere] Confirmation de commande',1,'2024-01-14 14:01:59'),(911,'contact@monopsolution.fr','payment','[Bevedere] Paiement accepté',1,'2024-01-14 15:56:44'),(912,'contact@monopsolution.fr','order_conf','[Bevedere] Confirmation de commande',1,'2024-01-14 15:56:45'),(913,'contact@monopsolution.fr','payment','[Bevedere] Paiement accepté',1,'2024-01-16 12:07:13'),(914,'contact@monopsolution.fr','order_conf','[Bevedere] Confirmation de commande',1,'2024-01-16 12:07:13'),(915,'contact@monopsolution.fr','payment','[Bevedere] Paiement accepté',1,'2024-01-16 12:19:35'),(916,'contact@monopsolution.fr','order_conf','[Bevedere] Confirmation de commande',1,'2024-01-16 12:19:35'),(917,'contact@monopsolution.fr','payment','[Bevedere] Paiement accepté',1,'2024-01-16 14:32:42'),(918,'contact@monopsolution.fr','order_conf','[Bevedere] Confirmation de commande',1,'2024-01-16 14:32:42'),(919,'contact@monopsolution.fr','payment','[Bevedere] Paiement accepté',1,'2024-01-17 12:58:08'),(920,'contact@monopsolution.fr','order_conf','[Bevedere] Confirmation de commande',1,'2024-01-17 12:58:08'),(921,'contact@monopsolution.fr','payment','[Bevedere] Paiement accepté',1,'2024-01-17 12:59:53'),(922,'contact@monopsolution.fr','order_conf','[Bevedere] Confirmation de commande',1,'2024-01-17 12:59:53'),(923,'contact@monopsolution.fr','payment','[Bevedere] Paiement accepté',1,'2024-01-19 18:00:47'),(924,'contact@monopsolution.fr','order_conf','[Bevedere] Confirmation de commande',1,'2024-01-19 18:00:48'),(925,'contact@monopsolution.fr','payment','[Bevedere] Paiement accepté',1,'2024-01-20 14:51:41'),(926,'contact@monopsolution.fr','order_conf','[Bevedere] Confirmation de commande',1,'2024-01-20 14:51:41'),(927,'contact@monopsolution.fr','payment','[Bevedere] Paiement accepté',1,'2024-01-21 15:12:43'),(928,'contact@monopsolution.fr','order_conf','[Bevedere] Confirmation de commande',1,'2024-01-21 15:12:43'),(929,'contact@monopsolution.fr','payment','[Bevedere] Paiement accepté',1,'2024-01-21 16:29:03'),(930,'contact@monopsolution.fr','order_conf','[Bevedere] Confirmation de commande',1,'2024-01-21 16:29:03'),(931,'contact@monopsolution.fr','payment','[Bevedere] Paiement accepté',1,'2024-01-21 16:33:09'),(932,'contact@monopsolution.fr','order_conf','[Bevedere] Confirmation de commande',1,'2024-01-21 16:33:09'),(933,'contact@monopsolution.fr','payment','[Bevedere] Paiement accepté',1,'2024-01-23 17:07:50'),(934,'contact@monopsolution.fr','order_conf','[Bevedere] Confirmation de commande',1,'2024-01-23 17:07:51'),(935,'contact@monopsolution.fr','payment','[Bevedere] Paiement accepté',1,'2024-01-24 17:28:47'),(936,'contact@monopsolution.fr','order_conf','[Bevedere] Confirmation de commande',1,'2024-01-24 17:28:47'),(937,'contact@monopsolution.fr','payment','[Bevedere] Paiement accepté',1,'2024-01-24 17:58:52'),(938,'contact@monopsolution.fr','order_conf','[Bevedere] Confirmation de commande',1,'2024-01-24 17:58:52'),(939,'contact@monopsolution.fr','payment','[Bevedere] Paiement accepté',1,'2024-01-25 09:43:42'),(940,'contact@monopsolution.fr','order_conf','[Bevedere] Confirmation de commande',1,'2024-01-25 09:43:42'),(941,'contact@monopsolution.fr','payment','[Bevedere] Paiement accepté',1,'2024-01-27 17:57:29'),(942,'contact@monopsolution.fr','order_conf','[Bevedere] Confirmation de commande',1,'2024-01-27 17:57:29'),(943,'contact@monopsolution.fr','payment','[Bevedere] Paiement accepté',1,'2024-01-28 11:20:58'),(944,'contact@monopsolution.fr','order_conf','[Bevedere] Confirmation de commande',1,'2024-01-28 11:20:58'),(945,'contact@monopsolution.fr','payment','[Bevedere] Paiement accepté',1,'2024-01-28 11:21:45'),(946,'contact@monopsolution.fr','order_conf','[Bevedere] Confirmation de commande',1,'2024-01-28 11:21:45'),(947,'contact@monopsolution.fr','payment','[Bevedere] Paiement accepté',1,'2024-01-28 16:46:37'),(948,'contact@monopsolution.fr','order_conf','[Bevedere] Confirmation de commande',1,'2024-01-28 16:46:38'),(949,'contact@monopsolution.fr','payment','[Bevedere] Paiement accepté',1,'2024-01-29 16:50:23'),(950,'contact@monopsolution.fr','order_conf','[Bevedere] Confirmation de commande',1,'2024-01-29 16:50:23'),(951,'contact@monopsolution.fr','payment','[Bevedere] Paiement accepté',1,'2024-01-30 12:30:33'),(952,'contact@monopsolution.fr','order_conf','[Bevedere] Confirmation de commande',1,'2024-01-30 12:30:33'),(953,'contact@monopsolution.fr','payment','[Bevedere] Paiement accepté',1,'2024-01-30 14:30:10'),(954,'contact@monopsolution.fr','order_conf','[Bevedere] Confirmation de commande',1,'2024-01-30 14:30:11'),(955,'contact@monopsolution.fr','payment','[Bevedere] Paiement accepté',1,'2024-01-30 17:14:35'),(956,'contact@monopsolution.fr','order_conf','[Bevedere] Confirmation de commande',1,'2024-01-30 17:14:36'),(957,'contact@monopsolution.fr','payment','[Bevedere] Paiement accepté',1,'2024-02-05 08:27:57'),(958,'contact@monopsolution.fr','order_conf','[Bevedere] Confirmation de commande',1,'2024-02-05 08:27:57'),(959,'contact@monopsolution.fr','payment','[Bevedere] Paiement accepté',1,'2024-02-06 10:23:46'),(960,'contact@monopsolution.fr','order_conf','[Bevedere] Confirmation de commande',1,'2024-02-06 10:23:47'),(961,'contact@monopsolution.fr','payment','[Bevedere] Paiement accepté',1,'2024-02-08 12:47:08'),(962,'contact@monopsolution.fr','order_conf','[Bevedere] Confirmation de commande',1,'2024-02-08 12:47:08'),(963,'contact@monopsolution.fr','payment','[Bevedere] Paiement accepté',1,'2024-02-10 16:21:19'),(964,'contact@monopsolution.fr','order_conf','[Bevedere] Confirmation de commande',1,'2024-02-10 16:21:19'),(965,'contact@monopsolution.fr','payment','[Bevedere] Paiement accepté',1,'2024-02-12 15:47:38'),(966,'contact@monopsolution.fr','order_conf','[Bevedere] Confirmation de commande',1,'2024-02-12 15:47:38'),(967,'contact@monopsolution.fr','payment','[Bevedere] Paiement accepté',1,'2024-02-12 15:48:30'),(968,'contact@monopsolution.fr','order_conf','[Bevedere] Confirmation de commande',1,'2024-02-12 15:48:30'),(969,'contact@monopsolution.fr','payment','[Bevedere] Paiement accepté',1,'2024-02-13 11:36:22'),(970,'contact@monopsolution.fr','order_conf','[Bevedere] Confirmation de commande',1,'2024-02-13 11:36:22'),(971,'contact@monopsolution.fr','payment','[Bevedere] Paiement accepté',1,'2024-02-13 12:07:55'),(972,'contact@monopsolution.fr','order_conf','[Bevedere] Confirmation de commande',1,'2024-02-13 12:07:56'),(973,'contact@monopsolution.fr','payment','[Bevedere] Paiement accepté',1,'2024-02-15 15:34:07'),(974,'contact@monopsolution.fr','order_conf','[Bevedere] Confirmation de commande',1,'2024-02-15 15:34:07'),(975,'contact@monopsolution.fr','payment','[Bevedere] Paiement accepté',1,'2024-02-15 15:35:55'),(976,'contact@monopsolution.fr','order_conf','[Bevedere] Confirmation de commande',1,'2024-02-15 15:35:55'),(977,'contact@monopsolution.fr','payment','[Bevedere] Paiement accepté',1,'2024-02-19 15:49:33'),(978,'contact@monopsolution.fr','order_conf','[Bevedere] Confirmation de commande',1,'2024-02-19 15:49:33'),(979,'contact@monopsolution.fr','payment','[Bevedere] Paiement accepté',1,'2024-02-20 11:51:30'),(980,'contact@monopsolution.fr','order_conf','[Bevedere] Confirmation de commande',1,'2024-02-20 11:51:30'),(981,'contact@monopsolution.fr','payment','[Bevedere] Paiement accepté',1,'2024-02-20 16:21:48'),(982,'contact@monopsolution.fr','order_conf','[Bevedere] Confirmation de commande',1,'2024-02-20 16:21:48'),(983,'contact@monopsolution.fr','payment','[Bevedere] Paiement accepté',1,'2024-02-20 16:22:17'),(984,'contact@monopsolution.fr','order_conf','[Bevedere] Confirmation de commande',1,'2024-02-20 16:22:17'),(985,'contact@monopsolution.fr','payment','[Bevedere] Paiement accepté',1,'2024-02-20 16:22:41'),(986,'contact@monopsolution.fr','order_conf','[Bevedere] Confirmation de commande',1,'2024-02-20 16:22:42'),(987,'contact@monopsolution.fr','payment','[Bevedere] Paiement accepté',1,'2024-02-20 16:53:12'),(988,'contact@monopsolution.fr','order_conf','[Bevedere] Confirmation de commande',1,'2024-02-20 16:53:13'),(989,'contact@monopsolution.fr','payment','[Bevedere] Paiement accepté',1,'2024-02-20 16:53:50'),(990,'contact@monopsolution.fr','order_conf','[Bevedere] Confirmation de commande',1,'2024-02-20 16:53:50'),(991,'contact@monopsolution.fr','payment','[Bevedere] Paiement accepté',1,'2024-02-25 10:40:09'),(992,'contact@monopsolution.fr','order_conf','[Bevedere] Confirmation de commande',1,'2024-02-25 10:40:09'),(993,'contact@monopsolution.fr','payment','[Bevedere] Paiement accepté',1,'2024-02-26 15:10:57'),(994,'contact@monopsolution.fr','order_conf','[Bevedere] Confirmation de commande',1,'2024-02-26 15:10:57'),(995,'contact@monopsolution.fr','payment','[Bevedere] Paiement accepté',1,'2024-02-29 13:08:28'),(996,'contact@monopsolution.fr','order_conf','[Bevedere] Confirmation de commande',1,'2024-02-29 13:08:29'),(997,'contact@monopsolution.fr','payment','[Bevedere] Paiement accepté',1,'2024-03-02 12:33:47'),(998,'contact@monopsolution.fr','order_conf','[Bevedere] Confirmation de commande',1,'2024-03-02 12:33:47'),(999,'contact@monopsolution.fr','payment','[Bevedere] Paiement accepté',1,'2024-03-03 13:04:47'),(1000,'contact@monopsolution.fr','order_conf','[Bevedere] Confirmation de commande',1,'2024-03-03 13:04:47'),(1001,'contact@monopsolution.fr','payment','[Bevedere] Paiement accepté',1,'2024-03-05 12:15:36'),(1002,'contact@monopsolution.fr','order_conf','[Bevedere] Confirmation de commande',1,'2024-03-05 12:15:36'),(1003,'contact@monopsolution.fr','payment','[Bevedere] Paiement accepté',1,'2024-03-05 12:16:18'),(1004,'contact@monopsolution.fr','order_conf','[Bevedere] Confirmation de commande',1,'2024-03-05 12:16:19'),(1005,'contact@monopsolution.fr','payment','[Bevedere] Paiement accepté',1,'2024-03-06 11:30:59'),(1006,'contact@monopsolution.fr','order_conf','[Bevedere] Confirmation de commande',1,'2024-03-06 11:30:59'),(1007,'contact@monopsolution.fr','payment','[Bevedere] Paiement accepté',1,'2024-03-06 16:17:05'),(1008,'contact@monopsolution.fr','order_conf','[Bevedere] Confirmation de commande',1,'2024-03-06 16:17:05'),(1009,'contact@monopsolution.fr','payment','[Bevedere] Paiement accepté',1,'2024-03-07 11:33:28'),(1010,'contact@monopsolution.fr','order_conf','[Bevedere] Confirmation de commande',1,'2024-03-07 11:33:28'),(1011,'contact@monopsolution.fr','payment','[Bevedere] Paiement accepté',1,'2024-03-08 09:02:12'),(1012,'contact@monopsolution.fr','order_conf','[Bevedere] Confirmation de commande',1,'2024-03-08 09:02:12'),(1013,'contact@monopsolution.fr','payment','[Bevedere] Paiement accepté',1,'2024-03-09 10:44:15'),(1014,'contact@monopsolution.fr','order_conf','[Bevedere] Confirmation de commande',1,'2024-03-09 10:44:15'),(1015,'contact@monopsolution.fr','payment','[Bevedere] Paiement accepté',1,'2024-03-09 11:15:17'),(1016,'contact@monopsolution.fr','order_conf','[Bevedere] Confirmation de commande',1,'2024-03-09 11:15:18'),(1017,'contact@monopsolution.fr','payment','[Bevedere] Paiement accepté',1,'2024-03-09 14:15:03'),(1018,'contact@monopsolution.fr','order_conf','[Bevedere] Confirmation de commande',1,'2024-03-09 14:15:03'),(1019,'contact@monopsolution.fr','payment','[Bevedere] Paiement accepté',1,'2024-03-10 12:19:52'),(1020,'contact@monopsolution.fr','order_conf','[Bevedere] Confirmation de commande',1,'2024-03-10 12:19:52'),(1021,'contact@monopsolution.fr','payment','[Bevedere] Paiement accepté',1,'2024-03-10 13:26:48'),(1022,'contact@monopsolution.fr','order_conf','[Bevedere] Confirmation de commande',1,'2024-03-10 13:26:48'),(1023,'contact@monopsolution.fr','payment','[Bevedere] Paiement accepté',1,'2024-03-11 10:00:37'),(1024,'contact@monopsolution.fr','order_conf','[Bevedere] Confirmation de commande',1,'2024-03-11 10:00:37'),(1025,'contact@monopsolution.fr','payment','[Bevedere] Paiement accepté',1,'2024-03-12 15:33:04'),(1026,'contact@monopsolution.fr','order_conf','[Bevedere] Confirmation de commande',1,'2024-03-12 15:33:04'),(1027,'contact@monopsolution.fr','payment','[Bevedere] Paiement accepté',1,'2024-03-12 17:26:34'),(1028,'contact@monopsolution.fr','order_conf','[Bevedere] Confirmation de commande',1,'2024-03-12 17:26:34'),(1029,'contact@monopsolution.fr','payment','[Bevedere] Paiement accepté',1,'2024-03-16 10:38:24'),(1030,'contact@monopsolution.fr','order_conf','[Bevedere] Confirmation de commande',1,'2024-03-16 10:38:24'),(1031,'contact@monopsolution.fr','payment','[Bevedere] Paiement accepté',1,'2024-03-16 17:09:38'),(1032,'contact@monopsolution.fr','order_conf','[Bevedere] Confirmation de commande',1,'2024-03-16 17:09:39'),(1033,'contact@monopsolution.fr','payment','[Bevedere] Paiement accepté',1,'2024-03-17 13:51:56'),(1034,'contact@monopsolution.fr','order_conf','[Bevedere] Confirmation de commande',1,'2024-03-17 13:51:56'),(1035,'contact@monopsolution.fr','payment','[Bevedere] Paiement accepté',1,'2024-03-17 14:45:28'),(1036,'contact@monopsolution.fr','order_conf','[Bevedere] Confirmation de commande',1,'2024-03-17 14:45:29'),(1037,'contact@monopsolution.fr','payment','[Bevedere] Paiement accepté',1,'2024-03-17 14:46:12'),(1038,'contact@monopsolution.fr','order_conf','[Bevedere] Confirmation de commande',1,'2024-03-17 14:46:12'),(1039,'contact@monopsolution.fr','payment','[Bevedere] Paiement accepté',1,'2024-03-18 11:06:43'),(1040,'contact@monopsolution.fr','order_conf','[Bevedere] Confirmation de commande',1,'2024-03-18 11:06:43'),(1041,'contact@monopsolution.fr','payment','[Bevedere] Paiement accepté',1,'2024-03-18 11:07:27'),(1042,'contact@monopsolution.fr','order_conf','[Bevedere] Confirmation de commande',1,'2024-03-18 11:07:28'),(1043,'contact@monopsolution.fr','payment','[Bevedere] Paiement accepté',1,'2024-03-21 08:20:46'),(1044,'contact@monopsolution.fr','order_conf','[Bevedere] Confirmation de commande',1,'2024-03-21 08:20:46'),(1045,'contact@monopsolution.fr','payment','[Bevedere] Paiement accepté',1,'2024-03-26 15:18:20'),(1046,'contact@monopsolution.fr','order_conf','[Bevedere] Confirmation de commande',1,'2024-03-26 15:18:20'),(1047,'contact@monopsolution.fr','payment','[Bevedere] Paiement accepté',1,'2024-03-28 12:53:57'),(1048,'contact@monopsolution.fr','order_conf','[Bevedere] Confirmation de commande',1,'2024-03-28 12:53:57'),(1049,'contact@monopsolution.fr','payment','[Bevedere] Paiement accepté',1,'2024-03-28 12:54:36'),(1050,'contact@monopsolution.fr','order_conf','[Bevedere] Confirmation de commande',1,'2024-03-28 12:54:36'),(1051,'contact@monopsolution.fr','payment','[Bevedere] Paiement accepté',1,'2024-03-28 18:14:58'),(1052,'contact@monopsolution.fr','order_conf','[Bevedere] Confirmation de commande',1,'2024-03-28 18:14:59'),(1053,'contact@monopsolution.fr','payment','[Bevedere] Paiement accepté',1,'2024-12-16 13:15:22'),(1054,'contact@monopsolution.fr','order_conf','[Bevedere] Confirmation de commande',1,'2024-12-16 13:15:22'),(1055,'contact@monopsolution.fr','payment','[Bevedere] Paiement accepté',1,'2024-12-16 13:16:02'),(1056,'contact@monopsolution.fr','order_conf','[Bevedere] Confirmation de commande',1,'2024-12-16 13:16:02'),(1057,'contact@monopsolution.fr','payment','[Bevedere] Paiement accepté',1,'2024-12-16 13:16:39'),(1058,'contact@monopsolution.fr','order_conf','[Bevedere] Confirmation de commande',1,'2024-12-16 13:16:40'),(1059,'contact@monopsolution.fr','payment','[Bevedere] Paiement accepté',1,'2024-12-16 13:18:56'),(1060,'contact@monopsolution.fr','order_conf','[Bevedere] Confirmation de commande',1,'2024-12-16 13:18:56'),(1061,'contact@monopsolution.fr','payment','[Bevedere] Paiement accepté',1,'2024-12-16 13:24:12'),(1062,'contact@monopsolution.fr','order_conf','[Bevedere] Confirmation de commande',1,'2024-12-16 13:24:12'),(1063,'contact@monopsolution.fr','payment','[Bevedere] Paiement accepté',1,'2024-12-16 13:26:07'),(1064,'contact@monopsolution.fr','order_conf','[Bevedere] Confirmation de commande',1,'2024-12-16 13:26:08'),(1065,'contact@monopsolution.fr','payment','[Bevedere] Paiement accepté',1,'2024-12-16 13:38:01'),(1066,'contact@monopsolution.fr','order_conf','[Bevedere] Confirmation de commande',1,'2024-12-16 13:38:01'),(1067,'contact@monopsolution.fr','payment','[Bevedere] Paiement accepté',1,'2024-12-19 09:58:23'),(1068,'contact@monopsolution.fr','order_conf','[Bevedere] Confirmation de commande',1,'2024-12-19 09:58:23'),(1069,'contact@monopsolution.fr','payment','[Bevedere] Paiement accepté',1,'2024-12-19 09:59:54'),(1070,'contact@monopsolution.fr','order_conf','[Bevedere] Confirmation de commande',1,'2024-12-19 09:59:54'),(1071,'contact@monopsolution.fr','payment','[Bevedere] Paiement accepté',1,'2024-12-19 10:04:53'),(1072,'contact@monopsolution.fr','order_conf','[Bevedere] Confirmation de commande',1,'2024-12-19 10:04:53'),(1073,'contact@monopsolution.fr','payment','[Bevedere] Paiement accepté',1,'2024-12-19 10:06:22'),(1074,'contact@monopsolution.fr','order_conf','[Bevedere] Confirmation de commande',1,'2024-12-19 10:06:23'),(1075,'contact@monopsolution.fr','payment','[Bevedere] Paiement accepté',1,'2024-12-19 10:07:11'),(1076,'contact@monopsolution.fr','order_conf','[Bevedere] Confirmation de commande',1,'2024-12-19 10:07:11'),(1077,'contact@monopsolution.fr','payment','[Bevedere] Paiement accepté',1,'2024-12-19 14:06:23'),(1078,'contact@monopsolution.fr','order_conf','[Bevedere] Confirmation de commande',1,'2024-12-19 14:06:24'),(1079,'contact@monopsolution.fr','payment','[Bevedere] Paiement accepté',1,'2025-02-19 13:25:16'),(1080,'contact@monopsolution.fr','order_conf','[Bevedere] Confirmation de commande',1,'2025-02-19 13:25:16'),(1081,'contact@monopsolution.fr','payment','[Bevedere] Paiement accepté',1,'2025-02-19 13:25:51'),(1082,'contact@monopsolution.fr','order_conf','[Bevedere] Confirmation de commande',1,'2025-02-19 13:25:52'),(1083,'contact@monopsolution.fr','payment','[Bevedere] Paiement accepté',1,'2025-02-28 16:00:23'),(1084,'contact@monopsolution.fr','order_conf','[Bevedere] Confirmation de commande',1,'2025-02-28 16:00:23'),(1085,'contact@monopsolution.fr','payment','[Bevedere] Paiement accepté',1,'2025-02-28 16:01:10'),(1086,'contact@monopsolution.fr','order_conf','[Bevedere] Confirmation de commande',1,'2025-02-28 16:01:10'),(1087,'contact@monopsolution.fr','payment','[Bevedere] Paiement accepté',1,'2025-02-28 16:02:18'),(1088,'contact@monopsolution.fr','order_conf','[Bevedere] Confirmation de commande',1,'2025-02-28 16:02:18'),(1089,'contact@monopsolution.fr','payment','[Bevedere] Paiement accepté',1,'2025-02-28 16:06:04'),(1090,'contact@monopsolution.fr','order_conf','[Bevedere] Confirmation de commande',1,'2025-02-28 16:06:04'),(1091,'contact@monopsolution.fr','payment','[Bevedere] Paiement accepté',1,'2025-02-28 16:07:31'),(1092,'contact@monopsolution.fr','order_conf','[Bevedere] Confirmation de commande',1,'2025-02-28 16:07:32'),(1093,'contact@monopsolution.fr','payment','[Bevedere] Paiement accepté',1,'2025-03-03 12:09:28'),(1094,'contact@monopsolution.fr','order_conf','[Bevedere] Confirmation de commande',1,'2025-03-03 12:09:28'),(1095,'contact@monopsolution.fr','payment','[Bevedere] Paiement accepté',1,'2025-03-03 12:12:56'),(1096,'contact@monopsolution.fr','order_conf','[Bevedere] Confirmation de commande',1,'2025-03-03 12:12:57'),(1097,'contact@monopsolution.fr','payment','[Bevedere] Paiement accepté',1,'2025-03-03 15:24:31'),(1098,'contact@monopsolution.fr','order_conf','[Bevedere] Confirmation de commande',1,'2025-03-03 15:24:32'),(1099,'contact@monopsolution.fr','payment','[Bevedere] Paiement accepté',1,'2025-03-10 15:42:26'),(1100,'contact@monopsolution.fr','order_conf','[Bevedere] Confirmation de commande',1,'2025-03-10 15:42:26'),(1101,'contact@monopsolution.fr','payment','[Bevedere] Paiement accepté',1,'2025-03-10 15:50:25'),(1102,'contact@monopsolution.fr','order_conf','[Bevedere] Confirmation de commande',1,'2025-03-10 15:50:26'),(1103,'contact@monopsolution.fr','payment','[Bevedere] Paiement accepté',1,'2025-03-10 15:50:39'),(1104,'contact@monopsolution.fr','order_conf','[Bevedere] Confirmation de commande',1,'2025-03-10 15:50:39'),(1105,'contact@monopsolution.fr','payment','[Bevedere] Paiement accepté',1,'2025-03-10 15:51:17'),(1106,'contact@monopsolution.fr','order_conf','[Bevedere] Confirmation de commande',1,'2025-03-10 15:51:17'),(1107,'contact@monopsolution.fr','payment','[Bevedere] Paiement accepté',1,'2025-03-10 15:53:15'),(1108,'contact@monopsolution.fr','order_conf','[Bevedere] Confirmation de commande',1,'2025-03-10 15:53:15'),(1109,'contact@monopsolution.fr','payment','[Bevedere] Paiement accepté',1,'2025-03-10 15:53:30'),(1110,'contact@monopsolution.fr','order_conf','[Bevedere] Confirmation de commande',1,'2025-03-10 15:53:30'),(1111,'contact@monopsolution.fr','payment','[Bevedere] Paiement accepté',1,'2025-03-10 15:57:30'),(1112,'contact@monopsolution.fr','order_conf','[Bevedere] Confirmation de commande',1,'2025-03-10 15:57:30'),(1113,'contact@monopsolution.fr','payment','[Bevedere] Paiement accepté',1,'2025-03-10 15:57:47'),(1114,'contact@monopsolution.fr','order_conf','[Bevedere] Confirmation de commande',1,'2025-03-10 15:57:48'),(1115,'contact@monopsolution.fr','payment','[Bevedere] Paiement accepté',1,'2025-03-10 15:59:04'),(1116,'contact@monopsolution.fr','order_conf','[Bevedere] Confirmation de commande',1,'2025-03-10 15:59:04'),(1117,'contact@monopsolution.fr','payment','[Bevedere] Paiement accepté',1,'2025-03-10 15:59:23'),(1118,'contact@monopsolution.fr','order_conf','[Bevedere] Confirmation de commande',1,'2025-03-10 15:59:23'),(1119,'contact@monopsolution.fr','payment','[Bevedere] Paiement accepté',1,'2025-03-10 15:59:57'),(1120,'contact@monopsolution.fr','order_conf','[Bevedere] Confirmation de commande',1,'2025-03-10 15:59:57'),(1121,'contact@monopsolution.fr','payment','[Bevedere] Paiement accepté',1,'2025-03-10 16:00:24'),(1122,'contact@monopsolution.fr','order_conf','[Bevedere] Confirmation de commande',1,'2025-03-10 16:00:24'),(1123,'contact@monopsolution.fr','payment','[Bevedere] Paiement accepté',1,'2025-03-10 16:04:35'),(1124,'contact@monopsolution.fr','order_conf','[Bevedere] Confirmation de commande',1,'2025-03-10 16:04:35'),(1125,'contact@monopsolution.fr','payment','[Bevedere] Paiement accepté',1,'2025-03-10 16:06:50'),(1126,'contact@monopsolution.fr','order_conf','[Bevedere] Confirmation de commande',1,'2025-03-10 16:06:50'),(1127,'contact@monopsolution.fr','payment','[Bevedere] Paiement accepté',1,'2025-03-10 16:07:31'),(1128,'contact@monopsolution.fr','order_conf','[Bevedere] Confirmation de commande',1,'2025-03-10 16:07:31'),(1129,'contact@monopsolution.fr','payment','[Bevedere] Paiement accepté',1,'2025-03-11 08:02:33'),(1130,'contact@monopsolution.fr','order_conf','[Bevedere] Confirmation de commande',1,'2025-03-11 08:02:34'),(1131,'contact@monopsolution.fr','payment','[Bevedere] Paiement accepté',1,'2025-03-11 13:42:28'),(1132,'contact@monopsolution.fr','order_conf','[Bevedere] Confirmation de commande',1,'2025-03-11 13:42:28'),(1133,'contact@monopsolution.fr','payment','[Bevedere] Paiement accepté',1,'2025-03-11 13:44:32'),(1134,'contact@monopsolution.fr','order_conf','[Bevedere] Confirmation de commande',1,'2025-03-11 13:44:32'),(1135,'contact@monopsolution.fr','payment','[Bevedere] Paiement accepté',1,'2025-03-11 13:46:50'),(1136,'contact@monopsolution.fr','order_conf','[Bevedere] Confirmation de commande',1,'2025-03-11 13:46:50'),(1137,'contact@monopsolution.fr','payment','[Bevedere] Paiement accepté',1,'2025-03-11 13:48:26'),(1138,'contact@monopsolution.fr','order_conf','[Bevedere] Confirmation de commande',1,'2025-03-11 13:48:26'),(1139,'contact@monopsolution.fr','payment','[Bevedere] Paiement accepté',1,'2025-03-11 14:46:59'),(1140,'contact@monopsolution.fr','order_conf','[Bevedere] Confirmation de commande',1,'2025-03-11 14:46:59'),(1141,'contact@monopsolution.fr','payment','[Bevedere] Paiement accepté',1,'2025-03-11 14:47:15'),(1142,'contact@monopsolution.fr','order_conf','[Bevedere] Confirmation de commande',1,'2025-03-11 14:47:15'),(1143,'contact@monopsolution.fr','payment','[Bevedere] Paiement accepté',1,'2025-03-11 15:30:08'),(1144,'contact@monopsolution.fr','order_conf','[Bevedere] Confirmation de commande',1,'2025-03-11 15:30:09'),(1145,'contact@monopsolution.fr','payment','[Bevedere] Paiement accepté',1,'2025-03-11 15:37:37'),(1146,'contact@monopsolution.fr','order_conf','[Bevedere] Confirmation de commande',1,'2025-03-11 15:37:37'),(1147,'contact@monopsolution.fr','payment','[Bevedere] Paiement accepté',1,'2025-03-11 15:38:40'),(1148,'contact@monopsolution.fr','order_conf','[Bevedere] Confirmation de commande',1,'2025-03-11 15:38:41'),(1149,'contact@monopsolution.fr','payment','[Bevedere] Paiement accepté',1,'2025-03-11 16:17:05'),(1150,'contact@monopsolution.fr','order_conf','[Bevedere] Confirmation de commande',1,'2025-03-11 16:17:36'),(1151,'contact@monopsolution.fr','payment','[Bevedere] Paiement accepté',1,'2025-03-11 16:17:46'),(1152,'contact@monopsolution.fr','order_conf','[Bevedere] Confirmation de commande',1,'2025-03-11 16:17:46'),(1153,'contact@monopsolution.fr','payment','[Bevedere] Paiement accepté',1,'2025-03-11 16:29:39'),(1154,'contact@monopsolution.fr','order_conf','[Bevedere] Confirmation de commande',1,'2025-03-11 16:29:39'),(1155,'contact@monopsolution.fr','payment','[Bevedere] Paiement accepté',1,'2025-03-11 16:29:54'),(1156,'contact@monopsolution.fr','order_conf','[Bevedere] Confirmation de commande',1,'2025-03-11 16:29:54'),(1157,'contact@monopsolution.fr','payment','[Bevedere] Paiement accepté',1,'2025-03-11 20:22:09'),(1158,'contact@monopsolution.fr','order_conf','[Bevedere] Confirmation de commande',1,'2025-03-11 20:22:10');

--
-- Table structure for table `ps_manufacturer`
--

CREATE TABLE `ps_manufacturer` (
  `id_manufacturer` int unsigned NOT NULL AUTO_INCREMENT,
  `name` varchar(64) CHARACTER SET utf8mb4 COLLATE utf8mb4_general_ci NOT NULL,
  `date_add` datetime NOT NULL,
  `date_upd` datetime NOT NULL,
  `active` tinyint(1) NOT NULL DEFAULT '0',
  PRIMARY KEY (`id_manufacturer`)
) ENGINE=InnoDB AUTO_INCREMENT=113 DEFAULT CHARSET=utf8mb4 COLLATE=utf8mb4_general_ci;

--
-- Dumping data for table `ps_manufacturer`
--

INSERT INTO `ps_manufacturer` VALUES (1,'Studio Design','2021-02-01 21:47:16','2021-03-10 22:43:17',1),(2,'Graphic Corner','2021-02-01 21:47:16','2021-03-10 22:43:17',1),(3,'Apple','2021-03-10 22:43:16','2021-03-11 15:55:55',1),(4,'Belkin','2021-03-10 22:43:17','2021-03-11 15:58:48',1),(5,'Mobility Lab','2021-03-10 22:43:17','2021-03-10 22:43:17',1),(6,'TNB','2021-03-10 22:43:17','2021-03-10 22:43:18',1),(7,'Canon','2021-03-10 22:43:17','2021-03-11 16:01:56',1),(8,'PowerBank','2021-03-10 22:43:17','2021-03-10 22:43:17',1),(9,'Logitech','2021-03-10 22:43:17','2021-03-11 16:05:22',1),(10,'Verbatim','2021-03-10 22:43:17','2021-03-10 22:43:18',1),(11,'Sandisk','2021-03-10 22:43:17','2021-03-11 16:15:53',1),(12,'PNY','2021-03-10 22:43:17','2021-03-10 22:43:17',1),(13,'MARQUE NATIONALE','2021-03-10 22:43:17','2021-03-10 22:43:17',1),(14,'Micro Application','2021-03-10 22:43:17','2021-03-11 16:06:09',1),(15,'Monoprix','2021-03-10 22:43:17','2021-03-10 22:43:17',1),(16,'Muse','2021-03-10 22:43:17','2021-03-10 22:43:17',1),(17,'Retro game','2021-03-10 22:43:17','2021-03-10 22:43:17',1),(18,'Ryght','2021-03-10 22:43:17','2021-03-10 22:43:17',1),(19,'Trust','2021-03-10 22:43:17','2021-03-10 22:43:18',1),(20,'Thomson','2021-03-10 22:43:18','2021-03-10 22:43:18',1),(21,'HP','2021-03-10 22:47:31','2021-03-11 15:56:16',1),(22,'JBL','2021-03-11 15:54:38','2021-03-11 15:54:38',1),(23,'Sony','2021-03-11 16:06:45','2021-03-11 16:06:45',1),(24,'Hama','2021-03-11 16:07:00','2021-03-11 16:07:23',1),(25,'JVC','2021-03-11 16:07:51','2021-03-11 16:07:51',1),(26,'Muvit','2021-03-11 16:11:44','2021-03-11 16:11:44',1),(27,'Epson','2021-03-13 12:24:22','2021-03-13 12:25:26',1),(28,'Kikkerland','2021-03-15 16:41:34','2021-03-15 16:41:34',1),(29,'Yello Koko','2021-03-15 16:45:21','2021-03-15 16:46:45',1),(30,'Sennheiser','2021-03-24 12:35:43','2021-03-24 12:35:43',1),(31,'GOOGLE','2021-03-24 12:39:48','2021-03-24 12:39:48',1),(32,'Bluestork','2021-03-24 12:57:21','2021-03-24 12:57:21',1),(33,'SKROSS','2021-03-24 13:21:17','2021-03-24 13:21:17',1),(34,'TP-Link','2021-03-24 13:24:04','2021-03-24 13:24:04',1),(35,'NETGEAR','2021-03-24 13:40:53','2021-03-24 13:40:53',1),(36,'KODAK','2021-03-25 11:48:45','2021-03-25 11:48:45',1),(37,'MGA','2021-03-29 10:59:01','2021-03-29 10:59:01',1),(38,'Baby Born','2021-03-29 11:03:09','2021-03-29 11:03:09',1),(39,'Corolle','2021-03-29 11:10:50','2021-03-29 11:10:50',1),(40,'Polly Pocket','2021-03-29 11:19:49','2021-03-29 11:19:49',1),(41,'Mattel','2021-03-29 11:23:53','2021-03-29 11:23:53',1),(42,'Mattel','2021-03-29 11:44:00','2021-03-29 11:44:00',1),(43,'Moose Toys','2021-03-29 12:37:17','2021-03-29 12:38:35',1),(44,'Hasbro','2021-03-29 12:44:02','2021-03-29 12:44:02',1),(45,'Spin Master','2021-03-29 13:06:36','2021-03-29 13:06:36',1),(46,'L.O.L Surprises','2021-03-29 13:12:49','2021-03-29 13:12:49',1),(47,'Silverlit','2021-03-29 13:18:13','2021-03-29 13:18:13',1),(48,'Taldec','2021-03-29 13:37:00','2021-03-29 13:37:00',1),(49,'Bandai','2021-03-29 13:41:00','2021-03-29 13:41:00',1),(50,'NERF','2021-03-29 14:43:12','2021-03-29 14:43:12',1),(51,'FERRY','2021-03-29 14:58:57','2021-03-29 14:58:57',1),(52,'Dc comics','2021-03-29 15:32:28','2021-03-29 15:32:28',1),(53,'Asmodee','2021-04-06 16:57:25','2021-04-06 16:57:25',1),(55,'Bburago','2021-04-08 12:05:39','2021-04-08 12:05:39',1),(56,'Hot wheels','2021-04-08 12:21:43','2021-04-08 12:21:43',1),(57,'Exost','2021-04-08 12:37:10','2021-04-08 12:37:10',1),(58,'Vtech','2021-04-08 14:09:05','2021-04-08 14:09:05',1),(59,'Maisto','2021-04-08 14:29:13','2021-04-08 14:29:13',1),(60,'ZURU','2021-04-08 15:17:05','2021-04-08 15:17:05',1),(61,'Pokemon','2021-04-08 15:28:04','2021-04-08 15:28:04',1),(62,'ION','2022-09-14 09:33:18','2022-09-14 09:33:18',1),(63,'Philips','2023-03-23 09:35:01','2023-03-23 09:35:01',1),(64,'Babyliss','2023-03-23 09:35:09','2023-03-23 09:35:09',1),(65,'Bigben','2023-03-23 11:27:24','2023-03-23 11:27:24',1),(66,'Lexon','2023-03-23 11:45:03','2023-03-23 11:45:03',1),(67,'franck provost','2023-03-23 14:20:05','2023-03-23 14:20:05',1),(68,'BRAUN','2023-03-24 11:57:19','2023-03-24 11:57:19',1),(69,'MPMAN','2023-10-31 14:29:01','2023-10-31 14:29:01',1),(70,'XIAOMI','2023-11-02 14:29:48','2023-11-02 14:29:48',1),(71,'DURACELL','2023-11-02 14:37:53','2023-11-02 14:37:53',1),(72,'AGFA','2023-11-02 14:54:07','2023-11-02 14:54:07',1),(73,'RYGHT','2023-11-02 14:59:41','2023-11-02 14:59:41',1),(74,'SYMA','2023-11-02 16:48:32','2023-11-02 16:48:32',1),(75,'CRYSTALFIT','2023-11-02 16:57:38','2023-11-02 16:57:38',1),(76,'CIBOX','2023-11-03 09:22:06','2023-11-03 09:22:06',1),(77,'ISIUM','2023-11-03 15:33:28','2023-11-03 15:33:28',1),(78,'ISIUM','2023-11-03 15:33:30','2023-11-03 15:33:30',1),(79,'BOIRON','2023-11-16 13:13:30','2023-11-16 13:13:30',1),(80,'DOLIPRANE','2023-11-16 13:27:38','2023-11-16 13:27:38',1),(81,'DOLIPRANE','2023-11-16 13:29:48','2023-11-16 13:29:48',1),(82,'SMECTA','2023-11-16 14:59:07','2023-11-16 14:59:07',1),(83,'NICOPATCH','2023-11-16 15:00:50','2023-11-16 15:00:50',1),(84,'DAFALGAN','2023-11-16 15:02:14','2023-11-16 15:02:14',1),(85,'APAISYL','2023-11-16 15:03:25','2023-11-16 15:03:25',1),(86,'FERVEX','2023-11-16 15:04:22','2023-11-16 15:04:22',1),(87,'MUCOMYST','2023-11-16 15:06:14','2023-11-16 15:06:14',1),(88,'NICOTINELL','2023-11-16 15:07:13','2023-11-16 15:07:13',1),(89,'NICOPASS','2023-11-16 15:08:08','2023-11-16 15:08:08',1),(90,'MARQUE CONSEIL','2023-11-16 15:17:37','2023-11-16 15:17:37',1),(91,'DAFALGAN CAPS','2023-11-16 15:23:28','2023-11-16 15:23:28',1),(92,'MICROLAX','2023-11-16 16:24:29','2023-11-16 16:24:29',1),(93,'IMODIUM','2023-11-16 16:36:38','2023-11-16 16:36:38',1),(94,'DONORMYL','2023-11-16 16:40:19','2023-11-16 16:40:19',1),(95,'NUROFEN','2023-11-16 16:43:44','2023-11-16 16:43:44',1),(96,'NICORETTE','2023-11-16 16:50:11','2023-11-16 16:50:11',1),(97,'TOPLEXIL','2023-11-16 16:55:21','2023-11-16 16:55:21',1),(98,'CETIRIZINE','2023-11-17 09:48:17','2023-11-17 09:48:17',1),(99,'GAVISCON','2023-11-17 09:50:28','2023-11-17 09:51:47',1),(100,'NIQUITIN','2023-11-17 09:54:39','2023-11-17 09:54:39',1),(101,'DULCOLAX','2023-11-17 09:58:56','2023-11-17 09:58:56',1),(102,'DULCOLAX','2023-11-17 09:59:15','2023-11-17 09:59:15',1),(103,'INSECT ECRAN','2023-11-17 10:08:22','2023-11-17 10:08:22',1),(104,'UPSA','2023-11-17 10:10:32','2023-11-17 10:10:32',1),(105,'THEALOSE','2023-11-17 10:15:33','2023-11-17 10:15:33',1),(106,'THERALICA','2023-11-17 10:19:03','2023-11-17 10:19:03',1),(107,'MAGNESIUM MARIN','2023-11-17 10:21:01','2023-11-17 10:21:01',1),(108,'ZINC 15G','2023-11-17 10:23:12','2023-11-17 10:23:12',1),(109,'BABYLISS','2023-11-28 09:38:56','2023-11-28 09:38:56',1),(110,'Franck Provost','2023-11-28 10:00:09','2023-11-28 10:00:09',1),(111,'Franck Provost','2023-11-28 10:00:10','2023-11-28 10:00:10',1),(112,'REGMINTON','2023-11-28 10:00:37','2023-11-28 10:00:37',1);

--
-- Table structure for table `ps_manufacturer_lang`
--

CREATE TABLE `ps_manufacturer_lang` (
  `id_manufacturer` int unsigned NOT NULL,
  `id_lang` int unsigned NOT NULL,
  `description` text CHARACTER SET utf8mb4 COLLATE utf8mb4_general_ci,
  `short_description` text CHARACTER SET utf8mb4 COLLATE utf8mb4_general_ci,
  `meta_title` varchar(255) CHARACTER SET utf8mb4 COLLATE utf8mb4_general_ci DEFAULT NULL,
  `meta_keywords` varchar(255) CHARACTER SET utf8mb4 COLLATE utf8mb4_general_ci DEFAULT NULL,
  `meta_description` varchar(512) CHARACTER SET utf8mb4 COLLATE utf8mb4_general_ci DEFAULT NULL,
  PRIMARY KEY (`id_manufacturer`,`id_lang`)
) ENGINE=InnoDB DEFAULT CHARSET=utf8mb4 COLLATE=utf8mb4_general_ci;

--
-- Dumping data for table `ps_manufacturer_lang`
--

INSERT INTO `ps_manufacturer_lang` VALUES (1,1,'<p><span style=\"font-size:10pt;font-style:normal;\">Studio Design propose une gamme de produits variée : prêt-à-porter, objets de décoration, accessoires de maison... Depuis sa création en 2012, la marque apporte des idées et des tendances nouvelles à travers ses collections. </span></p>','','','',''),(2,1,'<p><span style=\"font-size:10pt;font-style:normal;\">Graphic Corner propose depuis 2010 un large choix d\'affiches et de posters disponibles en version papier et sur de nombreux supports. </span></p>','','','',''),(3,1,'','','','',''),(4,1,'','','','',''),(5,1,'','','','',''),(6,1,'','','','',''),(7,1,'','','','',''),(8,1,'','','','',''),(9,1,'','','','',''),(10,1,'','','','',''),(11,1,'','','','',''),(12,1,'','','','',''),(13,1,'','','','',''),(14,1,'','','','',''),(15,1,'','','','',''),(16,1,'','','','',''),(17,1,'','','','',''),(18,1,'','','','',''),(19,1,'','','','',''),(20,1,'','','','',''),(21,1,'','','','',''),(22,1,'','','','',''),(23,1,'','','','',''),(24,1,'','','','',''),(25,1,'','','','',''),(26,1,'','','','',''),(27,1,'','','','',''),(28,1,'','','','',''),(29,1,'','','','',''),(30,1,'','','','',''),(31,1,'','','','',''),(32,1,'','','','',''),(33,1,'','','','',''),(34,1,'','','','',''),(35,1,'','','','',''),(36,1,'','','','',''),(37,1,'','','','',''),(38,1,'','','','',''),(39,1,'','','','',''),(40,1,'','','','',''),(41,1,'','','','',''),(42,1,'','','','',''),(43,1,'','','','',''),(44,1,'','','','',''),(45,1,'','','','',''),(46,1,'','','','',''),(47,1,'','','','',''),(48,1,'','','','',''),(49,1,'','','','',''),(50,1,'','','','',''),(51,1,'','','','',''),(52,1,'','','','',''),(53,1,'','','','',''),(55,1,'','','','',''),(56,1,'','','','',''),(57,1,'','','','',''),(58,1,'','','','',''),(59,1,'','','','',''),(60,1,'','','','',''),(61,1,'','','','',''),(62,1,'','','','',''),(63,1,'','','','',''),(64,1,'','','','',''),(65,1,'','','','',''),(66,1,'','','','',''),(67,1,'','','','',''),(68,1,'','','','',''),(69,1,'','','','',''),(70,1,'','','','',''),(71,1,'','','','',''),(72,1,'','','','',''),(73,1,'','','','',''),(74,1,'','','','',''),(75,1,'','','','',''),(76,1,'','','','',''),(77,1,'','','','',''),(78,1,'','','','',''),(79,1,'','','','',''),(80,1,'','','','',''),(81,1,'','','','',''),(82,1,'','','','',''),(83,1,'','','','',''),(84,1,'','','','',''),(85,1,'','','','',''),(86,1,'','','','',''),(87,1,'','','','',''),(88,1,'','','','',''),(89,1,'','','','',''),(90,1,'','','','',''),(91,1,'','','','',''),(92,1,'','','','',''),(93,1,'','','','',''),(94,1,'','','','',''),(95,1,'','','','',''),(96,1,'','','','',''),(97,1,'','','','',''),(98,1,'','','','',''),(99,1,'','','','',''),(100,1,'','','','',''),(101,1,'','','','',''),(102,1,'','','','',''),(103,1,'','','','',''),(104,1,'','','','',''),(105,1,'','','','',''),(106,1,'','','','',''),(107,1,'','','','',''),(108,1,'','','','',''),(109,1,'','','','',''),(110,1,'','','','',''),(111,1,'','','','',''),(112,1,'','','','','');

--
-- Table structure for table `ps_manufacturer_shop`
--

CREATE TABLE `ps_manufacturer_shop` (
  `id_manufacturer` int unsigned NOT NULL,
  `id_shop` int unsigned NOT NULL,
  PRIMARY KEY (`id_manufacturer`,`id_shop`),
  KEY `id_shop` (`id_shop`)
) ENGINE=InnoDB DEFAULT CHARSET=utf8mb4 COLLATE=utf8mb4_general_ci;

--
-- Dumping data for table `ps_manufacturer_shop`
--

INSERT INTO `ps_manufacturer_shop` VALUES (1,1),(2,1),(3,1),(4,1),(5,1),(6,1),(7,1),(8,1),(9,1),(10,1),(11,1),(12,1),(13,1),(14,1),(15,1),(16,1),(17,1),(18,1),(19,1),(20,1),(21,1),(22,1),(23,1),(24,1),(25,1),(26,1),(27,1),(28,1),(29,1),(30,1),(31,1),(32,1),(33,1),(34,1),(35,1),(36,1),(37,1),(38,1),(39,1),(40,1),(41,1),(42,1),(43,1),(44,1),(45,1),(46,1),(47,1),(48,1),(49,1),(50,1),(51,1),(52,1),(53,1),(55,1),(56,1),(57,1),(58,1),(59,1),(60,1),(61,1),(62,1),(63,1),(64,1),(65,1),(66,1),(67,1),(68,1),(69,1),(70,1),(71,1),(72,1),(73,1),(74,1),(75,1),(76,1),(77,1),(78,1),(79,1),(80,1),(81,1),(82,1),(83,1),(84,1),(85,1),(86,1),(87,1),(88,1),(89,1),(90,1),(91,1),(92,1),(93,1),(94,1),(95,1),(96,1),(97,1),(98,1),(99,1),(100,1),(101,1),(102,1),(103,1),(104,1),(105,1),(106,1),(107,1),(108,1),(109,1),(110,1),(111,1),(112,1);

--
-- Table structure for table `ps_memcached_servers`
--

CREATE TABLE `ps_memcached_servers` (
  `id_memcached_server` int unsigned NOT NULL AUTO_INCREMENT,
  `ip` varchar(254) CHARACTER SET utf8mb4 COLLATE utf8mb4_general_ci NOT NULL,
  `port` int unsigned NOT NULL,
  `weight` int unsigned NOT NULL,
  PRIMARY KEY (`id_memcached_server`)
) ENGINE=InnoDB DEFAULT CHARSET=utf8mb4 COLLATE=utf8mb4_general_ci;

--
-- Dumping data for table `ps_memcached_servers`
--


--
-- Table structure for table `ps_message`
--

CREATE TABLE `ps_message` (
  `id_message` int unsigned NOT NULL AUTO_INCREMENT,
  `id_cart` int unsigned DEFAULT NULL,
  `id_customer` int unsigned NOT NULL,
  `id_employee` int unsigned DEFAULT NULL,
  `id_order` int unsigned NOT NULL,
  `message` text CHARACTER SET utf8mb4 COLLATE utf8mb4_general_ci NOT NULL,
  `private` tinyint unsigned NOT NULL DEFAULT '1',
  `date_add` datetime NOT NULL,
  PRIMARY KEY (`id_message`),
  KEY `message_order` (`id_order`),
  KEY `id_cart` (`id_cart`),
  KEY `id_customer` (`id_customer`),
  KEY `id_employee` (`id_employee`)
) ENGINE=InnoDB AUTO_INCREMENT=580 DEFAULT CHARSET=utf8mb4 COLLATE=utf8mb4_general_ci;

--
-- Dumping data for table `ps_message`
--

INSERT INTO `ps_message` VALUES (1,335,4,0,6,'One Click Order - Test order',1,'2023-02-15 17:15:40'),(2,336,4,0,7,'One Click Order - Test order',1,'2023-02-27 06:39:07'),(3,338,4,0,8,'One Click Order - Test order',1,'2023-02-27 06:42:28'),(4,339,4,0,9,'One Click Order - Test order',1,'2023-02-27 06:43:13'),(5,340,4,0,10,'One Click Order - Test order',1,'2023-02-27 06:44:29'),(6,341,4,0,11,'One Click Order - Test order',1,'2023-02-27 06:52:49'),(7,342,4,0,12,'One Click Order - Test order',1,'2023-02-27 12:19:32'),(8,343,4,0,13,'One Click Order - Test order',1,'2023-03-04 10:37:29'),(9,344,4,0,14,'One Click Order - Test order',1,'2023-03-07 12:56:29'),(10,345,4,0,15,'One Click Order - Test order',1,'2023-03-07 13:01:49'),(11,346,4,0,16,'One Click Order - Test order',1,'2023-03-07 13:03:02'),(12,348,4,0,17,'One Click Order - Test order',1,'2023-03-07 13:04:35'),(13,349,4,0,18,'One Click Order - Test order',1,'2023-03-07 13:11:56'),(14,350,4,0,19,'One Click Order - Test order',1,'2023-03-07 16:01:40'),(15,351,4,0,20,'One Click Order - Test order',1,'2023-03-07 16:16:54'),(16,352,4,0,21,'One Click Order - Test order',1,'2023-03-08 09:11:06'),(17,353,4,0,22,'One Click Order - Test order',1,'2023-03-08 09:32:29'),(18,354,4,0,23,'One Click Order - Test order',1,'2023-03-08 12:26:49'),(19,355,4,0,24,'One Click Order - Test order',1,'2023-03-08 12:32:11'),(20,356,4,0,25,'One Click Order - Test order',1,'2023-03-08 12:43:44'),(21,357,4,0,26,'One Click Order - Test order',1,'2023-03-08 12:49:57'),(22,358,4,0,27,'One Click Order - Test order',1,'2023-03-08 13:01:52'),(23,359,4,0,28,'One Click Order - Test order',1,'2023-03-08 13:17:36'),(24,360,4,0,29,'One Click Order - Test order',1,'2023-03-08 13:37:43'),(25,361,4,0,30,'One Click Order - Test order',1,'2023-03-09 09:19:20'),(26,362,4,0,31,'One Click Order - Test order',1,'2023-03-10 20:16:17'),(27,363,4,0,32,'One Click Order - Test order',1,'2023-03-11 17:08:34'),(28,364,4,0,33,'One Click Order - Test order',1,'2023-03-12 16:59:12'),(29,365,4,0,34,'One Click Order - Test order',1,'2023-03-13 15:50:51'),(30,366,4,0,35,'One Click Order - Test order',1,'2023-03-13 15:51:48'),(31,367,4,0,36,'One Click Order - Test order',1,'2023-03-13 16:48:10'),(32,368,4,0,37,'One Click Order - Test order',1,'2023-03-15 19:40:48'),(33,369,4,0,38,'One Click Order - Test order',1,'2023-03-16 09:56:54'),(34,370,4,0,39,'One Click Order - Test order',1,'2023-03-16 13:45:21'),(35,371,4,0,40,'One Click Order - Test order',1,'2023-03-16 14:02:23'),(36,372,4,0,41,'One Click Order - Test order',1,'2023-03-18 20:16:34'),(37,373,4,0,42,'One Click Order - Test order',1,'2023-03-19 10:49:46'),(38,374,4,0,43,'One Click Order - Test order',1,'2023-03-19 10:50:33'),(39,375,4,0,44,'One Click Order - Test order',1,'2023-03-19 12:51:58'),(40,376,4,0,45,'One Click Order - Test order',1,'2023-03-20 15:01:22'),(41,377,4,0,46,'One Click Order - Test order',1,'2023-03-21 14:01:41'),(42,379,4,0,47,'One Click Order - Test order',1,'2023-03-21 16:06:10'),(43,380,4,0,48,'One Click Order - Test order',1,'2023-03-21 16:50:45'),(44,381,4,0,49,'One Click Order - Test order',1,'2023-03-21 19:41:20'),(45,382,4,0,50,'One Click Order - Test order',1,'2023-03-23 11:54:57'),(46,383,4,0,51,'One Click Order - Test order',1,'2023-03-23 11:55:51'),(47,384,4,0,52,'One Click Order - Test order',1,'2023-03-23 14:33:18'),(48,385,4,0,53,'One Click Order - Test order',1,'2023-03-23 14:57:27'),(49,386,4,0,54,'One Click Order - Test order',1,'2023-03-23 17:51:22'),(50,387,4,0,55,'One Click Order - Test order',1,'2023-03-24 13:04:18'),(51,388,4,0,56,'One Click Order - Test order',1,'2023-03-24 15:14:34'),(52,389,4,0,57,'One Click Order - Test order',1,'2023-03-24 19:34:19'),(53,391,4,0,58,'One Click Order - Test order',1,'2023-03-24 19:35:14'),(54,392,4,0,59,'One Click Order - Test order',1,'2023-03-25 10:14:56'),(55,393,4,0,60,'One Click Order - Test order',1,'2023-03-25 10:32:49'),(56,394,4,0,61,'One Click Order - Test order',1,'2023-03-25 11:03:27'),(57,395,4,0,62,'One Click Order - Test order',1,'2023-03-25 11:44:45'),(58,396,4,0,63,'One Click Order - Test order',1,'2023-03-25 12:20:16'),(59,397,4,0,64,'One Click Order - Test order',1,'2023-03-25 13:16:36'),(60,398,4,0,65,'One Click Order - Test order',1,'2023-03-26 16:44:41'),(61,399,4,0,66,'One Click Order - Test order',1,'2023-03-27 11:02:33'),(62,400,4,0,67,'One Click Order - Test order',1,'2023-03-27 13:48:38'),(63,401,4,0,68,'One Click Order - Test order',1,'2023-03-27 18:32:11'),(64,402,4,0,69,'One Click Order - Test order',1,'2023-03-28 11:55:00'),(65,403,4,0,70,'One Click Order - Test order',1,'2023-03-28 18:53:39'),(66,404,4,0,71,'One Click Order - Test order',1,'2023-03-29 14:22:33'),(67,405,4,0,72,'One Click Order - Test order',1,'2023-03-29 16:09:51'),(68,406,4,0,73,'One Click Order - Test order',1,'2023-03-30 11:33:29'),(69,407,4,0,74,'One Click Order - Test order',1,'2023-03-30 11:52:57'),(70,408,4,0,75,'One Click Order - Test order',1,'2023-03-30 13:22:34'),(71,409,4,0,76,'One Click Order - Test order',1,'2023-03-30 17:40:53'),(72,410,4,0,77,'One Click Order - Test order',1,'2023-03-30 18:15:22'),(73,411,4,0,78,'One Click Order - Test order',1,'2023-03-30 18:35:31'),(74,412,4,0,79,'One Click Order - Test order',1,'2023-03-31 19:47:30'),(75,413,4,0,80,'One Click Order - Test order',1,'2023-03-31 19:55:24'),(76,414,4,0,81,'One Click Order - Test order',1,'2023-04-01 11:07:30'),(77,415,4,0,82,'One Click Order - Test order',1,'2023-04-01 11:12:35'),(78,416,4,0,83,'One Click Order - Test order',1,'2023-04-01 11:46:51'),(79,417,4,0,84,'One Click Order - Test order',1,'2023-04-01 17:22:27'),(80,418,4,0,85,'One Click Order - Test order',1,'2023-04-02 12:47:11'),(81,419,4,0,86,'One Click Order - Test order',1,'2023-04-02 13:52:02'),(82,420,4,0,87,'One Click Order - Test order',1,'2023-04-02 18:14:38'),(83,421,4,0,88,'One Click Order - Test order',1,'2023-04-04 14:06:55'),(84,422,4,0,89,'One Click Order - Test order',1,'2023-04-05 12:02:13'),(85,423,4,0,90,'One Click Order - Test order',1,'2023-04-05 12:30:02'),(86,424,4,0,91,'One Click Order - Test order',1,'2023-04-05 12:37:01'),(87,425,4,0,92,'One Click Order - Test order',1,'2023-04-05 14:10:58'),(88,426,4,0,93,'One Click Order - Test order',1,'2023-04-05 14:38:27'),(89,427,4,0,94,'One Click Order - Test order',1,'2023-04-05 16:20:43'),(90,428,4,0,95,'One Click Order - Test order',1,'2023-04-05 17:43:32'),(91,429,4,0,96,'One Click Order - Test order',1,'2023-04-05 18:18:38'),(92,430,4,0,97,'One Click Order - Test order',1,'2023-04-06 12:00:13'),(93,431,4,0,98,'One Click Order - Test order',1,'2023-04-06 13:00:59'),(94,432,4,0,99,'One Click Order - Test order',1,'2023-04-06 13:03:59'),(95,433,4,0,100,'One Click Order - Test order',1,'2023-04-06 13:04:59'),(96,434,4,0,101,'One Click Order - Test order',1,'2023-04-06 18:45:58'),(97,435,4,0,102,'One Click Order - Test order',1,'2023-04-08 09:41:22'),(98,436,4,0,103,'One Click Order - Test order',1,'2023-04-08 11:50:06'),(99,437,4,0,104,'One Click Order - Test order',1,'2023-04-09 13:32:30'),(100,438,4,0,105,'One Click Order - Test order',1,'2023-04-10 11:47:35'),(101,439,4,0,106,'One Click Order - Test order',1,'2023-04-11 10:53:07'),(102,440,4,0,107,'One Click Order - Test order',1,'2023-04-11 17:01:24'),(103,441,4,0,108,'One Click Order - Test order',1,'2023-04-11 18:50:14'),(104,442,4,0,109,'One Click Order - Test order',1,'2023-04-12 14:29:22'),(105,443,4,0,110,'One Click Order - Test order',1,'2023-04-13 08:45:23'),(106,444,4,0,111,'One Click Order - Test order',1,'2023-04-13 20:46:41'),(107,445,4,0,112,'One Click Order - Test order',1,'2023-04-14 09:39:43'),(108,446,4,0,113,'One Click Order - Test order',1,'2023-04-14 10:11:45'),(109,447,4,0,114,'One Click Order - Test order',1,'2023-04-14 12:24:02'),(110,448,4,0,115,'One Click Order - Test order',1,'2023-04-14 12:34:27'),(111,449,4,0,116,'One Click Order - Test order',1,'2023-04-14 14:16:27'),(112,450,4,0,117,'One Click Order - Test order',1,'2023-04-15 09:12:38'),(113,451,4,0,118,'One Click Order - Test order',1,'2023-04-15 13:06:26'),(114,452,4,0,119,'One Click Order - Test order',1,'2023-04-15 17:55:04'),(115,453,4,0,120,'One Click Order - Test order',1,'2023-04-15 19:38:25'),(116,454,4,0,121,'One Click Order - Test order',1,'2023-04-17 15:55:32'),(117,455,4,0,122,'One Click Order - Test order',1,'2023-04-17 16:29:32'),(118,456,4,0,123,'One Click Order - Test order',1,'2023-04-17 17:09:28'),(119,457,4,0,124,'One Click Order - Test order',1,'2023-04-18 09:40:43'),(120,458,4,0,125,'One Click Order - Test order',1,'2023-04-18 11:56:12'),(121,459,4,0,126,'One Click Order - Test order',1,'2023-04-18 14:09:59'),(122,460,4,0,127,'One Click Order - Test order',1,'2023-04-18 14:10:51'),(123,461,4,0,128,'One Click Order - Test order',1,'2023-04-18 16:25:20'),(124,462,4,0,129,'One Click Order - Test order',1,'2023-04-18 16:26:28'),(125,463,4,0,130,'One Click Order - Test order',1,'2023-04-18 17:55:42'),(126,464,4,0,131,'One Click Order - Test order',1,'2023-04-18 18:13:05'),(127,465,4,0,132,'One Click Order - Test order',1,'2023-04-19 19:30:29'),(128,466,4,0,133,'One Click Order - Test order',1,'2023-04-19 20:19:37'),(129,467,4,0,134,'One Click Order - Test order',1,'2023-04-20 10:02:07'),(130,468,4,0,135,'One Click Order - Test order',1,'2023-04-20 11:32:47'),(131,469,4,0,136,'One Click Order - Test order',1,'2023-04-20 13:56:32'),(132,470,4,0,137,'One Click Order - Test order',1,'2023-04-20 13:57:08'),(133,471,4,0,138,'One Click Order - Test order',1,'2023-04-20 18:50:26'),(134,472,4,0,139,'One Click Order - Test order',1,'2023-04-21 10:08:55'),(135,473,4,0,140,'One Click Order - Test order',1,'2023-04-21 14:31:50'),(136,474,4,0,141,'One Click Order - Test order',1,'2023-04-21 19:22:19'),(137,478,4,0,142,'One Click Order - Test order',1,'2023-04-21 19:24:57'),(138,480,4,0,143,'One Click Order - Test order',1,'2023-04-22 14:03:00'),(139,481,4,0,144,'One Click Order - Test order',1,'2023-04-22 14:06:39'),(140,482,4,0,145,'One Click Order - Test order',1,'2023-04-22 17:44:33'),(141,483,4,0,146,'One Click Order - Test order',1,'2023-04-23 17:07:45'),(142,484,4,0,147,'One Click Order - Test order',1,'2023-04-24 20:24:46'),(143,485,4,0,148,'One Click Order - Test order',1,'2023-04-25 09:05:05'),(144,486,4,0,149,'One Click Order - Test order',1,'2023-04-25 09:48:42'),(145,487,4,0,150,'One Click Order - Test order',1,'2023-04-25 16:13:30'),(146,488,4,0,151,'One Click Order - Test order',1,'2023-04-25 18:43:00'),(147,489,4,0,152,'One Click Order - Test order',1,'2023-04-25 21:06:57'),(148,490,4,0,153,'One Click Order - Test order',1,'2023-04-26 12:01:05'),(149,491,4,0,154,'One Click Order - Test order',1,'2023-04-26 12:01:56'),(150,492,4,0,155,'One Click Order - Test order',1,'2023-04-26 12:06:13'),(151,493,4,0,156,'One Click Order - Test order',1,'2023-04-26 12:42:56'),(152,494,4,0,157,'One Click Order - Test order',1,'2023-04-26 17:44:50'),(153,495,4,0,158,'One Click Order - Test order',1,'2023-04-27 09:25:39'),(154,496,4,0,159,'One Click Order - Test order',1,'2023-04-27 10:26:16'),(155,497,4,0,160,'One Click Order - Test order',1,'2023-04-27 17:24:44'),(156,498,4,0,161,'One Click Order - Test order',1,'2023-04-27 19:50:28'),(157,499,4,0,162,'One Click Order - Test order',1,'2023-04-28 13:38:11'),(158,500,4,0,163,'One Click Order - Test order',1,'2023-04-28 14:50:46'),(159,501,4,0,164,'One Click Order - Test order',1,'2023-04-28 16:58:33'),(160,502,4,0,165,'One Click Order - Test order',1,'2023-04-29 17:14:51'),(161,503,4,0,166,'One Click Order - Test order',1,'2023-04-29 18:47:13'),(162,504,4,0,167,'One Click Order - Test order',1,'2023-04-29 18:48:04'),(163,505,4,0,168,'One Click Order - Test order',1,'2023-04-29 20:38:29'),(164,506,4,0,169,'One Click Order - Test order',1,'2023-05-01 12:07:31'),(165,507,4,0,170,'One Click Order - Test order',1,'2023-05-01 12:16:56'),(166,508,4,0,171,'One Click Order - Test order',1,'2023-05-02 09:05:23'),(167,509,4,0,172,'One Click Order - Test order',1,'2023-05-02 12:23:44'),(168,510,4,0,173,'One Click Order - Test order',1,'2023-05-02 13:43:07'),(169,511,4,0,174,'One Click Order - Test order',1,'2023-05-02 13:44:34'),(170,512,4,0,175,'One Click Order - Test order',1,'2023-05-02 16:41:34'),(171,513,4,0,176,'One Click Order - Test order',1,'2023-05-02 17:47:26'),(172,514,4,0,177,'One Click Order - Test order',1,'2023-05-02 20:31:14'),(173,515,4,0,178,'One Click Order - Test order',1,'2023-05-03 11:36:41'),(174,516,4,0,179,'One Click Order - Test order',1,'2023-05-03 12:30:09'),(175,517,4,0,180,'One Click Order - Test order',1,'2023-05-03 13:17:21'),(176,518,4,0,181,'One Click Order - Test order',1,'2023-05-03 17:38:14'),(177,519,4,0,182,'One Click Order - Test order',1,'2023-05-03 19:24:29'),(178,520,4,0,183,'One Click Order - Test order',1,'2023-05-04 13:24:33'),(179,521,4,0,184,'One Click Order - Test order',1,'2023-05-04 16:30:04'),(180,522,4,0,185,'One Click Order - Test order',1,'2023-05-04 16:38:03'),(181,523,4,0,186,'One Click Order - Test order',1,'2023-05-04 18:32:34'),(182,524,4,0,187,'One Click Order - Test order',1,'2023-05-04 18:34:00'),(183,525,4,0,188,'One Click Order - Test order',1,'2023-05-05 13:05:49'),(184,526,4,0,189,'One Click Order - Test order',1,'2023-05-05 14:07:20'),(185,527,4,0,190,'One Click Order - Test order',1,'2023-05-05 18:45:46'),(186,528,4,0,191,'One Click Order - Test order',1,'2023-05-05 21:40:17'),(187,529,4,0,192,'One Click Order - Test order',1,'2023-05-06 19:02:21'),(188,530,4,0,193,'One Click Order - Test order',1,'2023-05-07 09:19:11'),(189,531,4,0,194,'One Click Order - Test order',1,'2023-05-07 10:50:08'),(190,532,4,0,195,'One Click Order - Test order',1,'2023-05-07 14:14:07'),(191,533,4,0,196,'One Click Order - Test order',1,'2023-05-07 14:47:31'),(192,534,4,0,197,'One Click Order - Test order',1,'2023-05-08 11:02:25'),(193,535,4,0,198,'One Click Order - Test order',1,'2023-05-08 13:28:02'),(194,536,4,0,199,'One Click Order - Test order',1,'2023-05-08 16:24:19'),(195,537,4,0,200,'One Click Order - Test order',1,'2023-05-08 16:55:04'),(196,538,4,0,201,'One Click Order - Test order',1,'2023-05-09 08:31:08'),(197,539,4,0,202,'One Click Order - Test order',1,'2023-05-09 08:32:33'),(198,540,4,0,203,'One Click Order - Test order',1,'2023-05-09 10:39:54'),(199,541,4,0,204,'One Click Order - Test order',1,'2023-05-09 15:12:16'),(200,542,4,0,205,'One Click Order - Test order',1,'2023-05-09 19:40:50'),(201,543,4,0,206,'One Click Order - Test order',1,'2023-05-10 15:00:37'),(202,544,4,0,207,'One Click Order - Test order',1,'2023-05-11 19:29:18'),(203,545,4,0,208,'One Click Order - Test order',1,'2023-05-12 14:02:09'),(204,546,4,0,209,'One Click Order - Test order',1,'2023-05-12 15:30:32'),(205,547,4,0,210,'One Click Order - Test order',1,'2023-05-12 15:57:53'),(206,548,4,0,211,'One Click Order - Test order',1,'2023-05-12 15:59:09'),(207,549,4,0,212,'One Click Order - Test order',1,'2023-05-12 17:56:43'),(208,550,4,0,213,'One Click Order - Test order',1,'2023-05-12 17:58:05'),(209,551,4,0,214,'One Click Order - Test order',1,'2023-05-12 19:48:55'),(210,552,4,0,215,'One Click Order - Test order',1,'2023-05-12 20:26:36'),(211,553,4,0,216,'One Click Order - Test order',1,'2023-05-13 11:30:48'),(212,554,4,0,217,'One Click Order - Test order',1,'2023-05-13 14:50:56'),(213,555,4,0,218,'One Click Order - Test order',1,'2023-05-13 15:43:45'),(214,556,4,0,219,'One Click Order - Test order',1,'2023-05-13 15:49:49'),(215,557,4,0,220,'One Click Order - Test order',1,'2023-05-13 16:49:28'),(216,558,4,0,221,'One Click Order - Test order',1,'2023-05-13 21:17:36'),(217,559,4,0,222,'One Click Order - Test order',1,'2023-05-14 09:20:30'),(218,560,4,0,223,'One Click Order - Test order',1,'2023-05-15 09:30:22'),(219,561,4,0,224,'One Click Order - Test order',1,'2023-05-15 09:30:58'),(220,562,4,0,225,'One Click Order - Test order',1,'2023-05-15 09:34:12'),(221,563,4,0,226,'One Click Order - Test order',1,'2023-05-15 09:38:18'),(222,564,4,0,227,'One Click Order - Test order',1,'2023-05-15 11:31:07'),(223,565,4,0,228,'One Click Order - Test order',1,'2023-05-15 11:37:06'),(224,566,4,0,229,'One Click Order - Test order',1,'2023-05-15 13:34:50'),(225,567,4,0,230,'One Click Order - Test order',1,'2023-05-15 14:58:01'),(226,568,4,0,231,'One Click Order - Test order',1,'2023-05-15 18:11:36'),(227,569,4,0,232,'One Click Order - Test order',1,'2023-05-17 11:19:12'),(228,570,4,0,233,'One Click Order - Test order',1,'2023-05-17 15:15:02'),(229,571,4,0,234,'One Click Order - Test order',1,'2023-05-18 10:08:05'),(230,572,4,0,235,'One Click Order - Test order',1,'2023-05-18 10:09:27'),(231,573,4,0,236,'One Click Order - Test order',1,'2023-05-18 10:11:16'),(232,574,4,0,237,'One Click Order - Test order',1,'2023-05-18 16:08:04'),(233,575,4,0,238,'One Click Order - Test order',1,'2023-05-19 12:00:27'),(234,576,4,0,239,'One Click Order - Test order',1,'2023-05-19 12:18:19'),(235,577,4,0,240,'One Click Order - Test order',1,'2023-05-19 14:11:21'),(236,578,4,0,241,'One Click Order - Test order',1,'2023-05-19 14:42:53'),(237,579,4,0,242,'One Click Order - Test order',1,'2023-05-19 14:44:10'),(238,581,4,0,243,'One Click Order - Test order',1,'2023-05-19 15:13:20'),(239,582,4,0,244,'One Click Order - Test order',1,'2023-05-20 19:56:11'),(240,583,4,0,245,'One Click Order - Test order',1,'2023-05-21 10:34:59'),(241,584,4,0,246,'One Click Order - Test order',1,'2023-05-21 11:37:57'),(242,585,4,0,247,'One Click Order - Test order',1,'2023-05-21 13:49:27'),(243,586,4,0,248,'One Click Order - Test order',1,'2023-05-22 10:50:18'),(244,587,4,0,249,'One Click Order - Test order',1,'2023-05-22 10:58:48'),(245,588,4,0,250,'One Click Order - Test order',1,'2023-05-22 13:08:31'),(246,589,4,0,251,'One Click Order - Test order',1,'2023-05-22 13:13:43'),(247,590,4,0,252,'One Click Order - Test order',1,'2023-05-22 16:16:29'),(248,591,4,0,253,'One Click Order - Test order',1,'2023-05-22 19:42:09'),(249,592,4,0,254,'One Click Order - Test order',1,'2023-05-23 13:59:22'),(250,593,4,0,255,'One Click Order - Test order',1,'2023-05-23 15:55:32'),(251,594,4,0,256,'One Click Order - Test order',1,'2023-05-23 16:00:57'),(252,595,4,0,257,'One Click Order - Test order',1,'2023-05-23 16:15:43'),(253,597,4,0,258,'One Click Order - Test order',1,'2023-05-24 18:19:23'),(254,598,4,0,259,'One Click Order - Test order',1,'2023-05-25 14:36:15'),(255,599,4,0,260,'One Click Order - Test order',1,'2023-05-25 17:46:45'),(256,600,4,0,261,'One Click Order - Test order',1,'2023-05-25 18:10:51'),(257,601,4,0,262,'One Click Order - Test order',1,'2023-05-25 18:16:11'),(258,602,4,0,263,'One Click Order - Test order',1,'2023-05-25 18:28:17'),(259,603,4,0,264,'One Click Order - Test order',1,'2023-05-25 19:10:05'),(260,604,4,0,265,'One Click Order - Test order',1,'2023-05-26 15:53:37'),(261,605,4,0,266,'One Click Order - Test order',1,'2023-05-26 17:03:02'),(262,606,4,0,267,'One Click Order - Test order',1,'2023-05-26 20:19:58'),(263,607,4,0,268,'One Click Order - Test order',1,'2023-05-27 11:30:34'),(264,608,4,0,269,'One Click Order - Test order',1,'2023-05-27 11:31:44'),(265,609,4,0,270,'One Click Order - Test order',1,'2023-05-27 17:26:26'),(266,610,4,0,271,'One Click Order - Test order',1,'2023-05-27 17:34:14'),(267,611,4,0,272,'One Click Order - Test order',1,'2023-05-29 12:16:03'),(268,612,4,0,273,'One Click Order - Test order',1,'2023-05-29 15:06:13'),(269,613,4,0,274,'One Click Order - Test order',1,'2023-05-29 19:39:21'),(270,614,4,0,275,'One Click Order - Test order',1,'2023-05-30 15:59:04'),(271,615,4,0,276,'One Click Order - Test order',1,'2023-05-30 17:59:09'),(272,616,4,0,277,'One Click Order - Test order',1,'2023-05-31 12:47:26'),(273,617,4,0,278,'One Click Order - Test order',1,'2023-05-31 14:33:22'),(274,618,4,0,279,'One Click Order - Test order',1,'2023-05-31 14:35:33'),(275,619,4,0,280,'One Click Order - Test order',1,'2023-05-31 14:45:17'),(276,620,4,0,281,'One Click Order - Test order',1,'2023-05-31 14:46:01'),(277,621,4,0,282,'One Click Order - Test order',1,'2023-05-31 14:48:06'),(278,622,4,0,283,'One Click Order - Test order',1,'2023-05-31 14:50:28'),(279,623,4,0,284,'One Click Order - Test order',1,'2023-05-31 14:55:31'),(280,624,4,0,285,'One Click Order - Test order',1,'2023-05-31 14:58:09'),(281,625,4,0,286,'One Click Order - Test order',1,'2023-05-31 14:59:57'),(282,626,4,0,287,'One Click Order - Test order',1,'2023-05-31 15:02:03'),(283,627,4,0,288,'One Click Order - Test order',1,'2023-05-31 15:05:08'),(284,628,4,0,289,'One Click Order - Test order',1,'2023-05-31 15:06:36'),(285,629,4,0,290,'One Click Order - Test order',1,'2023-05-31 15:08:04'),(286,630,4,0,291,'One Click Order - Test order',1,'2023-05-31 18:04:26'),(287,631,4,0,292,'One Click Order - Test order',1,'2023-05-31 18:05:20'),(288,632,4,0,293,'One Click Order - Test order',1,'2023-05-31 18:06:23'),(289,633,4,0,294,'One Click Order - Test order',1,'2023-06-01 11:26:07'),(290,634,4,0,295,'One Click Order - Test order',1,'2023-06-01 19:19:10'),(291,635,4,0,296,'One Click Order - Test order',1,'2023-06-01 21:34:48'),(292,636,4,0,297,'One Click Order - Test order',1,'2023-06-02 11:51:52'),(293,637,4,0,298,'One Click Order - Test order',1,'2023-06-02 19:58:58'),(294,638,4,0,299,'One Click Order - Test order',1,'2023-06-02 20:00:18'),(295,639,4,0,300,'One Click Order - Test order',1,'2023-06-05 11:36:58'),(296,640,4,0,301,'One Click Order - Test order',1,'2023-06-05 12:09:42'),(297,641,4,0,302,'One Click Order - Test order',1,'2023-06-05 12:10:26'),(298,642,4,0,303,'One Click Order - Test order',1,'2023-06-05 12:58:01'),(299,643,4,0,304,'One Click Order - Test order',1,'2023-06-05 13:10:56'),(300,644,4,0,305,'One Click Order - Test order',1,'2023-06-05 14:00:14'),(301,645,4,0,306,'One Click Order - Test order',1,'2023-06-06 10:56:08'),(302,646,4,0,307,'One Click Order - Test order',1,'2023-06-06 10:57:41'),(303,647,4,0,308,'One Click Order - Test order',1,'2023-06-06 12:39:48'),(304,648,4,0,309,'One Click Order - Test order',1,'2023-06-06 14:30:56'),(305,649,4,0,310,'One Click Order - Test order',1,'2023-06-06 15:52:39'),(306,650,4,0,311,'One Click Order - Test order',1,'2023-06-06 17:41:28'),(307,651,4,0,312,'One Click Order - Test order',1,'2023-06-06 18:14:14'),(308,652,4,0,313,'One Click Order - Test order',1,'2023-06-06 20:21:37'),(309,653,4,0,314,'One Click Order - Test order',1,'2023-06-06 21:42:42'),(310,654,4,0,315,'One Click Order - Test order',1,'2023-06-07 09:13:35'),(311,655,4,0,316,'One Click Order - Test order',1,'2023-06-07 12:47:32'),(312,656,4,0,317,'One Click Order - Test order',1,'2023-06-07 14:24:35'),(313,657,4,0,318,'One Click Order - Test order',1,'2023-06-07 17:56:07'),(314,660,4,0,319,'One Click Order - Test order',1,'2023-06-07 19:15:21'),(315,661,4,0,320,'One Click Order - Test order',1,'2023-06-08 08:33:03'),(316,662,4,0,321,'One Click Order - Test order',1,'2023-06-08 12:02:30'),(317,663,4,0,322,'One Click Order - Test order',1,'2023-06-08 16:07:35'),(318,664,4,0,323,'One Click Order - Test order',1,'2023-06-08 16:09:09'),(319,665,4,0,324,'One Click Order - Test order',1,'2023-06-08 19:25:57'),(320,666,4,0,325,'One Click Order - Test order',1,'2023-06-08 20:49:37'),(321,667,4,0,326,'One Click Order - Test order',1,'2023-06-09 11:40:20'),(322,668,4,0,327,'One Click Order - Test order',1,'2023-06-09 16:18:43'),(323,669,4,0,328,'One Click Order - Test order',1,'2023-06-09 16:19:36'),(324,670,4,0,329,'One Click Order - Test order',1,'2023-06-09 16:22:17'),(325,671,4,0,330,'One Click Order - Test order',1,'2023-06-09 19:16:28'),(326,672,4,0,331,'One Click Order - Test order',1,'2023-06-10 16:17:55'),(327,673,4,0,332,'One Click Order - Test order',1,'2023-06-10 16:38:48'),(328,674,4,0,333,'One Click Order - Test order',1,'2023-06-10 18:43:58'),(329,675,4,0,334,'One Click Order - Test order',1,'2023-06-11 15:18:44'),(330,676,4,0,335,'One Click Order - Test order',1,'2023-06-11 15:19:43'),(331,677,4,0,336,'One Click Order - Test order',1,'2023-06-11 17:55:05'),(332,678,4,0,337,'One Click Order - Test order',1,'2023-06-11 17:56:50'),(333,679,4,0,338,'One Click Order - Test order',1,'2023-06-12 13:06:35'),(334,680,4,0,339,'One Click Order - Test order',1,'2023-06-12 15:13:06'),(335,681,4,0,340,'One Click Order - Test order',1,'2023-06-12 15:32:55'),(336,682,4,0,341,'One Click Order - Test order',1,'2023-06-12 15:33:39'),(337,683,4,0,342,'One Click Order - Test order',1,'2023-06-12 16:13:06'),(338,684,4,0,343,'One Click Order - Test order',1,'2023-06-12 18:44:18'),(339,685,4,0,344,'One Click Order - Test order',1,'2023-06-14 08:17:02'),(340,686,4,0,345,'One Click Order - Test order',1,'2023-06-14 10:57:41'),(341,687,4,0,346,'One Click Order - Test order',1,'2023-06-14 12:43:49'),(342,688,4,0,347,'One Click Order - Test order',1,'2023-06-15 11:41:58'),(343,689,4,0,348,'One Click Order - Test order',1,'2023-06-15 12:06:52'),(344,690,4,0,349,'One Click Order - Test order',1,'2023-06-15 15:55:32'),(345,691,4,0,350,'One Click Order - Test order',1,'2023-06-15 18:13:00'),(346,692,4,0,351,'One Click Order - Test order',1,'2023-06-15 18:37:30'),(347,693,4,0,352,'One Click Order - Test order',1,'2023-06-16 10:20:09'),(348,694,4,0,353,'One Click Order - Test order',1,'2023-06-16 12:04:02'),(349,695,4,0,354,'One Click Order - Test order',1,'2023-06-16 15:59:18'),(350,696,4,0,355,'One Click Order - Test order',1,'2023-06-17 16:17:15'),(351,697,4,0,356,'One Click Order - Test order',1,'2023-06-19 08:04:48'),(352,698,4,0,357,'One Click Order - Test order',1,'2023-06-19 15:23:53'),(353,699,4,0,358,'One Click Order - Test order',1,'2023-06-19 20:00:58'),(354,700,4,0,359,'One Click Order - Test order',1,'2023-06-19 20:43:24'),(355,701,4,0,360,'One Click Order - Test order',1,'2023-06-20 19:37:52'),(356,702,4,0,361,'One Click Order - Test order',1,'2023-06-22 10:34:07'),(357,703,4,0,362,'One Click Order - Test order',1,'2023-06-22 10:36:30'),(358,704,4,0,363,'One Click Order - Test order',1,'2023-06-22 13:11:44'),(359,705,4,0,364,'One Click Order - Test order',1,'2023-06-22 14:01:59'),(360,706,4,0,365,'One Click Order - Test order',1,'2023-06-22 14:41:37'),(361,707,4,0,366,'One Click Order - Test order',1,'2023-06-22 15:42:54'),(362,708,4,0,367,'One Click Order - Test order',1,'2023-06-22 17:20:06'),(363,709,4,0,368,'One Click Order - Test order',1,'2023-06-22 19:06:15'),(364,710,4,0,369,'One Click Order - Test order',1,'2023-06-22 20:36:32'),(365,711,4,0,370,'One Click Order - Test order',1,'2023-06-22 21:21:32'),(366,712,4,0,371,'One Click Order - Test order',1,'2023-06-23 08:25:08'),(367,713,4,0,372,'One Click Order - Test order',1,'2023-06-23 14:09:31'),(368,714,4,0,373,'One Click Order - Test order',1,'2023-06-23 18:06:47'),(369,715,4,0,374,'One Click Order - Test order',1,'2023-06-24 11:44:57'),(370,716,4,0,375,'One Click Order - Test order',1,'2023-06-24 15:19:31'),(371,717,4,0,376,'One Click Order - Test order',1,'2023-06-24 16:52:30'),(372,718,4,0,377,'One Click Order - Test order',1,'2023-06-24 17:24:15'),(373,719,4,0,378,'One Click Order - Test order',1,'2023-06-25 18:56:09'),(374,720,4,0,379,'One Click Order - Test order',1,'2023-06-26 10:02:31'),(375,721,4,0,380,'One Click Order - Test order',1,'2023-06-26 10:03:15'),(376,722,4,0,381,'One Click Order - Test order',1,'2023-06-26 10:13:20'),(377,723,4,0,382,'One Click Order - Test order',1,'2023-06-26 15:43:53'),(378,724,4,0,383,'One Click Order - Test order',1,'2023-06-26 19:00:39'),(379,725,4,0,384,'One Click Order - Test order',1,'2023-06-26 21:26:18'),(380,726,4,0,385,'One Click Order - Test order',1,'2023-06-27 13:01:03'),(381,727,4,0,386,'One Click Order - Test order',1,'2023-06-27 17:21:18'),(382,728,4,0,387,'One Click Order - Test order',1,'2023-06-28 12:30:24'),(383,729,4,0,388,'One Click Order - Test order',1,'2023-06-28 17:31:50'),(384,730,4,0,389,'One Click Order - Test order',1,'2023-06-28 18:40:13'),(385,731,4,0,390,'One Click Order - Test order',1,'2023-06-28 19:43:35'),(386,732,4,0,391,'One Click Order - Test order',1,'2023-06-29 08:19:24'),(387,733,4,0,392,'One Click Order - Test order',1,'2023-06-29 18:24:17'),(388,734,4,0,393,'One Click Order - Test order',1,'2023-06-30 08:26:38'),(389,735,4,0,394,'One Click Order - Test order',1,'2023-06-30 12:49:49'),(390,736,4,0,395,'One Click Order - Test order',1,'2023-06-30 13:23:40'),(391,737,4,0,396,'One Click Order - Test order',1,'2023-06-30 18:55:25'),(392,738,4,0,397,'One Click Order - Test order',1,'2023-06-30 19:34:37'),(393,739,4,0,398,'One Click Order - Test order',1,'2023-06-30 19:44:13'),(394,740,4,0,399,'One Click Order - Test order',1,'2023-07-01 12:52:17'),(395,741,4,0,400,'One Click Order - Test order',1,'2023-07-01 18:32:25'),(396,742,4,0,401,'One Click Order - Test order',1,'2023-07-01 19:13:26'),(397,743,4,0,402,'One Click Order - Test order',1,'2023-07-02 19:12:37'),(398,744,4,0,403,'One Click Order - Test order',1,'2023-07-03 09:50:57'),(399,745,4,0,404,'One Click Order - Test order',1,'2023-07-03 09:51:52'),(400,746,4,0,405,'One Click Order - Test order',1,'2023-07-03 11:23:57'),(401,747,4,0,406,'One Click Order - Test order',1,'2023-07-03 18:23:31'),(402,748,4,0,407,'One Click Order - Test order',1,'2023-07-03 18:24:12'),(403,749,4,0,408,'One Click Order - Test order',1,'2023-07-03 18:44:26'),(404,750,4,0,409,'One Click Order - Test order',1,'2023-07-03 18:45:08'),(405,751,4,0,410,'One Click Order - Test order',1,'2023-07-03 20:03:26'),(406,752,4,0,411,'One Click Order - Test order',1,'2023-07-03 20:12:44'),(407,753,4,0,412,'One Click Order - Test order',1,'2023-07-04 10:08:19'),(408,754,4,0,413,'One Click Order - Test order',1,'2023-07-04 11:25:15'),(409,755,4,0,414,'One Click Order - Test order',1,'2023-07-04 11:56:57'),(410,756,4,0,415,'One Click Order - Test order',1,'2023-07-04 11:57:41'),(411,757,4,0,416,'One Click Order - Test order',1,'2023-07-04 12:11:11'),(412,758,4,0,417,'One Click Order - Test order',1,'2023-07-04 15:35:13'),(413,759,4,0,418,'One Click Order - Test order',1,'2023-07-04 20:47:13'),(414,760,4,0,419,'One Click Order - Test order',1,'2023-07-05 12:49:13'),(415,761,4,0,420,'One Click Order - Test order',1,'2023-07-05 12:57:35'),(416,762,4,0,421,'One Click Order - Test order',1,'2023-07-05 14:46:50'),(417,763,4,0,422,'One Click Order - Test order',1,'2023-07-05 18:20:39'),(418,764,4,0,423,'One Click Order - Test order',1,'2023-07-05 18:34:01'),(419,765,4,0,424,'One Click Order - Test order',1,'2023-07-05 18:34:46'),(420,766,4,0,425,'One Click Order - Test order',1,'2023-07-06 14:29:04'),(421,767,4,0,426,'One Click Order - Test order',1,'2023-07-07 08:42:45'),(422,768,4,0,427,'One Click Order - Test order',1,'2023-07-07 09:02:55'),(423,769,4,0,428,'One Click Order - Test order',1,'2023-07-07 09:03:41'),(424,770,4,0,429,'One Click Order - Test order',1,'2023-07-07 12:33:28'),(425,771,4,0,430,'One Click Order - Test order',1,'2023-07-07 18:54:09'),(426,772,4,0,431,'One Click Order - Test order',1,'2023-07-07 20:08:04'),(427,773,4,0,432,'One Click Order - Test order',1,'2023-07-07 20:08:48'),(428,774,4,0,433,'One Click Order - Test order',1,'2023-07-08 11:23:05'),(429,775,4,0,434,'One Click Order - Test order',1,'2023-07-08 11:24:05'),(430,776,4,0,435,'One Click Order - Test order',1,'2023-07-08 14:41:29'),(431,777,4,0,436,'One Click Order - Test order',1,'2023-07-08 16:28:06'),(432,778,4,0,437,'One Click Order - Test order',1,'2023-07-08 18:28:54'),(433,779,4,0,438,'One Click Order - Test order',1,'2023-07-08 21:16:37'),(434,780,4,0,439,'One Click Order - Test order',1,'2023-07-08 21:17:27'),(435,781,4,0,440,'One Click Order - Test order',1,'2023-07-08 21:29:04'),(436,782,4,0,441,'One Click Order - Test order',1,'2023-07-09 17:59:34'),(437,783,4,0,442,'One Click Order - Test order',1,'2023-07-09 18:00:37'),(438,785,4,0,443,'One Click Order - Test order',1,'2023-11-02 23:12:45'),(439,786,4,0,444,'One Click Order - Test order',1,'2023-11-21 12:23:34'),(440,788,4,0,445,'One Click Order - Test order',1,'2023-12-13 18:47:12'),(441,789,4,0,446,'One Click Order - Test order',1,'2023-12-13 18:54:02'),(442,790,4,0,447,'One Click Order - Test order',1,'2023-12-15 21:59:30'),(443,791,4,0,448,'One Click Order - Test order',1,'2023-12-16 11:25:20'),(444,792,4,0,449,'One Click Order - Test order',1,'2023-12-16 15:14:12'),(445,793,4,0,450,'One Click Order - Test order',1,'2023-12-16 19:08:41'),(446,794,4,0,451,'One Click Order - Test order',1,'2023-12-17 15:42:24'),(447,797,4,0,452,'One Click Order - Test order',1,'2024-01-06 19:10:53'),(448,800,4,0,453,'One Click Order - Test order',1,'2024-01-07 13:58:23'),(449,801,4,0,454,'One Click Order - Test order',1,'2024-01-07 14:20:52'),(450,802,4,0,455,'One Click Order - Test order',1,'2024-01-08 13:38:25'),(451,803,4,0,456,'One Click Order - Test order',1,'2024-01-08 19:41:22'),(452,804,4,0,457,'One Click Order - Test order',1,'2024-01-10 16:55:55'),(453,805,4,0,458,'One Click Order - Test order',1,'2024-01-11 16:21:58'),(454,806,4,0,459,'One Click Order - Test order',1,'2024-01-13 15:33:29'),(455,807,4,0,460,'One Click Order - Test order',1,'2024-01-14 15:01:57'),(456,808,4,0,461,'One Click Order - Test order',1,'2024-01-14 16:56:43'),(457,809,4,0,462,'One Click Order - Test order',1,'2024-01-16 13:07:11'),(458,810,4,0,463,'One Click Order - Test order',1,'2024-01-16 13:19:34'),(459,811,4,0,464,'One Click Order - Test order',1,'2024-01-16 15:32:41'),(460,812,4,0,465,'One Click Order - Test order',1,'2024-01-17 13:58:06'),(461,813,4,0,466,'One Click Order - Test order',1,'2024-01-17 13:59:52'),(462,814,4,0,467,'One Click Order - Test order',1,'2024-01-19 19:00:45'),(463,815,4,0,468,'One Click Order - Test order',1,'2024-01-20 15:51:39'),(464,816,4,0,469,'One Click Order - Test order',1,'2024-01-21 16:12:42'),(465,817,4,0,470,'One Click Order - Test order',1,'2024-01-21 17:29:02'),(466,818,4,0,471,'One Click Order - Test order',1,'2024-01-21 17:33:08'),(467,819,4,0,472,'One Click Order - Test order',1,'2024-01-23 18:07:49'),(468,820,4,0,473,'One Click Order - Test order',1,'2024-01-24 18:28:45'),(469,821,4,0,474,'One Click Order - Test order',1,'2024-01-24 18:58:51'),(470,822,4,0,475,'One Click Order - Test order',1,'2024-01-25 10:43:40'),(471,823,4,0,476,'One Click Order - Test order',1,'2024-01-27 18:57:27'),(472,824,4,0,477,'One Click Order - Test order',1,'2024-01-28 12:20:56'),(473,825,4,0,478,'One Click Order - Test order',1,'2024-01-28 12:21:44'),(474,826,4,0,479,'One Click Order - Test order',1,'2024-01-28 17:46:35'),(475,827,4,0,480,'One Click Order - Test order',1,'2024-01-29 17:50:21'),(476,828,4,0,481,'One Click Order - Test order',1,'2024-01-30 13:30:31'),(477,829,4,0,482,'One Click Order - Test order',1,'2024-01-30 15:30:09'),(478,830,4,0,483,'One Click Order - Test order',1,'2024-01-30 18:14:34'),(479,831,4,0,484,'One Click Order - Test order',1,'2024-02-05 09:27:53'),(480,832,4,0,485,'One Click Order - Test order',1,'2024-02-06 11:23:45'),(481,833,4,0,486,'One Click Order - Test order',1,'2024-02-08 13:47:06'),(482,834,4,0,487,'One Click Order - Test order',1,'2024-02-10 17:21:18'),(483,835,4,0,488,'One Click Order - Test order',1,'2024-02-12 16:47:36'),(484,836,4,0,489,'One Click Order - Test order',1,'2024-02-12 16:48:29'),(485,837,4,0,490,'One Click Order - Test order',1,'2024-02-13 12:36:20'),(486,838,4,0,491,'One Click Order - Test order',1,'2024-02-13 13:07:54'),(487,839,4,0,492,'One Click Order - Test order',1,'2024-02-15 16:34:04'),(488,840,4,0,493,'One Click Order - Test order',1,'2024-02-15 16:35:54'),(489,841,4,0,494,'One Click Order - Test order',1,'2024-02-19 16:49:30'),(490,842,4,0,495,'One Click Order - Test order',1,'2024-02-20 12:51:28'),(491,843,4,0,496,'One Click Order - Test order',1,'2024-02-20 17:21:46'),(492,844,4,0,497,'One Click Order - Test order',1,'2024-02-20 17:22:16'),(493,845,4,0,498,'One Click Order - Test order',1,'2024-02-20 17:22:41'),(494,846,4,0,499,'One Click Order - Test order',1,'2024-02-20 17:53:12'),(495,847,4,0,500,'One Click Order - Test order',1,'2024-02-20 17:53:50'),(496,848,4,0,501,'One Click Order - Test order',1,'2024-02-25 11:40:07'),(497,849,4,0,502,'One Click Order - Test order',1,'2024-02-26 16:10:55'),(498,850,4,0,503,'One Click Order - Test order',1,'2024-02-29 14:08:27'),(499,851,4,0,504,'One Click Order - Test order',1,'2024-03-02 13:33:45'),(500,852,4,0,505,'One Click Order - Test order',1,'2024-03-03 14:04:45'),(501,853,4,0,506,'One Click Order - Test order',1,'2024-03-05 13:15:34'),(502,854,4,0,507,'One Click Order - Test order',1,'2024-03-05 13:16:18'),(503,856,4,0,508,'One Click Order - Test order',1,'2024-03-06 12:30:57'),(504,857,4,0,509,'One Click Order - Test order',1,'2024-03-06 17:17:03'),(505,858,4,0,510,'One Click Order - Test order',1,'2024-03-07 12:33:26'),(506,859,4,0,511,'One Click Order - Test order',1,'2024-03-08 10:02:10'),(507,860,4,0,512,'One Click Order - Test order',1,'2024-03-09 11:44:13'),(508,862,4,0,513,'One Click Order - Test order',1,'2024-03-09 12:15:17'),(509,863,4,0,514,'One Click Order - Test order',1,'2024-03-09 15:15:01'),(510,864,4,0,515,'One Click Order - Test order',1,'2024-03-10 13:19:50'),(511,865,4,0,516,'One Click Order - Test order',1,'2024-03-10 14:26:46'),(512,866,4,0,517,'One Click Order - Test order',1,'2024-03-11 11:00:35'),(513,867,4,0,518,'One Click Order - Test order',1,'2024-03-12 16:33:02'),(514,868,4,0,519,'One Click Order - Test order',1,'2024-03-12 18:26:32'),(515,869,4,0,520,'One Click Order - Test order',1,'2024-03-16 11:38:22'),(516,870,4,0,521,'One Click Order - Test order',1,'2024-03-16 18:09:37'),(517,871,4,0,522,'One Click Order - Test order',1,'2024-03-17 14:51:54'),(518,872,4,0,523,'One Click Order - Test order',1,'2024-03-17 15:45:27'),(519,873,4,0,524,'One Click Order - Test order',1,'2024-03-17 15:46:11'),(520,874,4,0,525,'One Click Order - Test order',1,'2024-03-18 12:06:41'),(521,875,4,0,526,'One Click Order - Test order',1,'2024-03-18 12:07:26'),(522,876,4,0,527,'One Click Order - Test order',1,'2024-03-21 09:20:44'),(523,877,4,0,528,'One Click Order - Test order',1,'2024-03-26 16:18:18'),(524,878,4,0,529,'One Click Order - Test order',1,'2024-03-28 13:53:55'),(525,879,4,0,530,'One Click Order - Test order',1,'2024-03-28 13:54:35'),(526,880,4,0,531,'One Click Order - Test order',1,'2024-03-28 19:14:57'),(527,882,4,0,532,'One Click Order - Test order',1,'2024-12-16 14:15:19'),(528,883,4,0,533,'One Click Order - Test order',1,'2024-12-16 14:16:01'),(529,884,4,0,534,'One Click Order - Test order',1,'2024-12-16 14:16:39'),(530,885,4,0,535,'One Click Order - Test order',1,'2024-12-16 14:18:55'),(531,886,4,0,536,'One Click Order - Test order',1,'2024-12-16 14:24:11'),(532,887,4,0,537,'One Click Order - Test order',1,'2024-12-16 14:26:07'),(533,881,4,0,538,'One Click Order - Test order',1,'2024-12-16 14:38:00'),(534,889,4,0,539,'One Click Order - Test order',1,'2024-12-19 10:58:22'),(535,891,4,0,540,'One Click Order - Test order',1,'2024-12-19 10:59:53'),(536,888,4,0,541,'One Click Order - Test order',1,'2024-12-19 11:04:53'),(537,893,4,0,542,'One Click Order - Test order',1,'2024-12-19 11:06:22'),(538,892,4,0,543,'One Click Order - Test order',1,'2024-12-19 11:07:10'),(539,894,4,0,544,'One Click Order - Test order',1,'2024-12-19 15:06:22'),(540,897,4,0,545,'One Click Order - Test order',1,'2025-02-19 14:25:16'),(541,898,4,0,546,'One Click Order - Test order',1,'2025-02-19 14:25:51'),(542,899,4,0,547,'One Click Order - Test order',1,'2025-02-28 17:00:22'),(543,900,4,0,548,'One Click Order - Test order',1,'2025-02-28 17:01:09'),(544,901,4,0,549,'One Click Order - Test order',1,'2025-02-28 17:02:17'),(545,902,4,0,550,'One Click Order - Test order',1,'2025-02-28 17:06:04'),(546,903,4,0,551,'One Click Order - Test order',1,'2025-02-28 17:07:31'),(547,904,4,0,552,'One Click Order - Test order',1,'2025-03-03 13:09:27'),(548,905,4,0,553,'One Click Order - Test order',1,'2025-03-03 13:12:56'),(549,906,4,0,554,'One Click Order - Test order',1,'2025-03-03 16:24:31'),(550,907,4,0,555,'One Click Order - Test order',1,'2025-03-10 16:42:26'),(551,909,4,0,556,'One Click Order - Test order',1,'2025-03-10 16:50:25'),(552,910,4,0,557,'One Click Order - Test order',1,'2025-03-10 16:50:39'),(553,911,4,0,558,'One Click Order - Test order',1,'2025-03-10 16:51:16'),(554,912,4,0,559,'One Click Order - Test order',1,'2025-03-10 16:53:15'),(555,913,4,0,560,'One Click Order - Test order',1,'2025-03-10 16:53:30'),(556,914,4,0,561,'One Click Order - Test order',1,'2025-03-10 16:57:30'),(557,915,4,0,562,'One Click Order - Test order',1,'2025-03-10 16:57:47'),(558,916,4,0,563,'One Click Order - Test order',1,'2025-03-10 16:59:03'),(559,917,4,0,564,'One Click Order - Test order',1,'2025-03-10 16:59:23'),(560,908,4,0,565,'One Click Order - Test order',1,'2025-03-10 16:59:57'),(561,918,4,0,566,'One Click Order - Test order',1,'2025-03-10 17:00:23'),(562,919,4,0,567,'One Click Order - Test order',1,'2025-03-10 17:04:34'),(563,920,4,0,568,'One Click Order - Test order',1,'2025-03-10 17:06:50'),(564,921,4,0,569,'One Click Order - Test order',1,'2025-03-10 17:07:30'),(565,922,4,0,570,'One Click Order - Test order',1,'2025-03-11 09:02:33'),(566,923,4,0,571,'One Click Order - Test order',1,'2025-03-11 14:42:27'),(567,924,4,0,572,'One Click Order - Test order',1,'2025-03-11 14:44:32'),(568,925,4,0,573,'One Click Order - Test order',1,'2025-03-11 14:46:50'),(569,926,4,0,574,'One Click Order - Test order',1,'2025-03-11 14:48:25'),(570,927,4,0,575,'One Click Order - Test order',1,'2025-03-11 15:46:58'),(571,928,4,0,576,'One Click Order - Test order',1,'2025-03-11 15:47:15'),(572,929,4,0,577,'One Click Order - Test order',1,'2025-03-11 16:30:08'),(573,930,4,0,578,'One Click Order - Test order',1,'2025-03-11 16:37:37'),(574,931,4,0,579,'One Click Order - Test order',1,'2025-03-11 16:38:40'),(575,932,4,0,580,'One Click Order - Test order',1,'2025-03-11 17:17:04'),(576,933,4,0,581,'One Click Order - Test order',1,'2025-03-11 17:17:46'),(577,934,4,0,582,'One Click Order - Test order',1,'2025-03-11 17:29:38'),(578,935,4,0,583,'One Click Order - Test order',1,'2025-03-11 17:29:53'),(579,936,4,0,584,'One Click Order - Test order',1,'2025-03-11 21:22:09');

--
-- Table structure for table `ps_message_readed`
--

CREATE TABLE `ps_message_readed` (
  `id_message` int unsigned NOT NULL,
  `id_employee` int unsigned NOT NULL,
  `date_add` datetime NOT NULL,
  PRIMARY KEY (`id_message`,`id_employee`)
) ENGINE=InnoDB DEFAULT CHARSET=utf8mb4 COLLATE=utf8mb4_general_ci;

--
-- Dumping data for table `ps_message_readed`
--


--
-- Table structure for table `ps_meta`
--

CREATE TABLE `ps_meta` (
  `id_meta` int unsigned NOT NULL AUTO_INCREMENT,
  `page` varchar(64) CHARACTER SET utf8mb4 COLLATE utf8mb4_general_ci NOT NULL,
  `configurable` tinyint unsigned NOT NULL DEFAULT '1',
  PRIMARY KEY (`id_meta`),
  UNIQUE KEY `page` (`page`)
) ENGINE=InnoDB AUTO_INCREMENT=44 DEFAULT CHARSET=utf8mb4 COLLATE=utf8mb4_general_ci;

--
-- Dumping data for table `ps_meta`
--

INSERT INTO `ps_meta` VALUES (1,'pagenotfound',1),(2,'best-sales',1),(3,'contact',1),(4,'index',1),(5,'manufacturer',1),(6,'new-products',1),(7,'password',1),(8,'prices-drop',1),(9,'sitemap',1),(10,'supplier',1),(11,'address',1),(12,'addresses',1),(13,'authentication',1),(14,'cart',1),(15,'discount',1),(16,'history',1),(17,'identity',1),(18,'my-account',1),(19,'order-follow',1),(20,'order-slip',1),(21,'order',1),(22,'search',1),(23,'stores',1),(24,'guest-tracking',1),(25,'order-confirmation',1),(26,'product',1),(27,'category',1),(28,'cms',1),(29,'module-cheque-payment',1),(30,'module-cheque-validation',1),(31,'module-bankwire-validation',1),(32,'module-bankwire-payment',1),(33,'module-cashondelivery-validation',1),(34,'module-ps_checkpayment-payment',1),(35,'module-ps_checkpayment-validation',1),(36,'module-ps_emailsubscription-verification',1),(37,'module-ps_emailsubscription-subscription',1),(38,'module-ps_shoppingcart-ajax',1),(39,'module-ps_wirepayment-payment',1),(40,'module-ps_wirepayment-validation',1),(41,'module-pm_oneclickorder-ajax',1),(42,'module-pm_oneclickorder-card',1),(43,'module-pm_oneclickorder-main',1);

--
-- Table structure for table `ps_meta_lang`
--

CREATE TABLE `ps_meta_lang` (
  `id_meta` int unsigned NOT NULL,
  `id_shop` int unsigned NOT NULL DEFAULT '1',
  `id_lang` int unsigned NOT NULL,
  `title` varchar(128) CHARACTER SET utf8mb4 COLLATE utf8mb4_general_ci DEFAULT NULL,
  `description` varchar(255) CHARACTER SET utf8mb4 COLLATE utf8mb4_general_ci DEFAULT NULL,
  `keywords` varchar(255) CHARACTER SET utf8mb4 COLLATE utf8mb4_general_ci DEFAULT NULL,
  `url_rewrite` varchar(254) CHARACTER SET utf8mb4 COLLATE utf8mb4_general_ci NOT NULL,
  PRIMARY KEY (`id_meta`,`id_shop`,`id_lang`),
  KEY `id_shop` (`id_shop`),
  KEY `id_lang` (`id_lang`)
) ENGINE=InnoDB DEFAULT CHARSET=utf8mb4 COLLATE=utf8mb4_general_ci;

--
-- Dumping data for table `ps_meta_lang`
--

INSERT INTO `ps_meta_lang` VALUES (1,1,1,'Erreur 404','Impossible de trouver la page','','page-introuvable'),(2,1,1,'Meilleures ventes','Nos meilleures ventes','','meilleures-ventes'),(3,1,1,'Contactez-nous','Utiliser le formulaire pour nous contacter','','nous-contacter'),(4,1,1,'','Boutique propulsée par PrestaShop','',''),(5,1,1,'Brands','Brands list','','brands'),(6,1,1,'Nouveaux produits','Nos nouveaux produits','','nouveaux-produits'),(7,1,1,'Mot de passe oublié','Entrez l\'adresse e-mail que vous utilisez pour vous connecter afin de recevoir un e-mail avec un nouveau mot de passe','','recuperation-mot-de-passe'),(8,1,1,'Promotions','Our special products','','promotions'),(9,1,1,'Plan du site','Vous êtes perdu ? Trouvez ce que vous cherchez','','plan-du-site'),(10,1,1,'Fournisseurs','Liste des fournisseurs','','fournisseur'),(11,1,1,'Adresse','','','adresse'),(12,1,1,'Adresses','','','adresses'),(13,1,1,'Identifiant','','','connexion'),(14,1,1,'Panier','','','panier'),(15,1,1,'Remise','','','reduction'),(16,1,1,'Historique de vos commandes','','','historique-commandes'),(17,1,1,'Identité','','','identite'),(18,1,1,'Mon compte','','','mon-compte'),(19,1,1,'Suivi de commande','','','suivi-commande'),(20,1,1,'Avoir','','','avoirs'),(21,1,1,'Commande','','','commande'),(22,1,1,'Rechercher','','','recherche'),(23,1,1,'Magasins','','','magasins'),(24,1,1,'Suivi de commande invité','','','suivi-commande-invite'),(25,1,1,'Confirmation de commande','','','confirmation-commande'),(26,1,1,'','','',''),(27,1,1,'','','',''),(28,1,1,'','','',''),(29,1,1,'','','',''),(30,1,1,'','','',''),(31,1,1,'','','',''),(32,1,1,'','','',''),(33,1,1,'','','',''),(34,1,1,'','','',''),(35,1,1,'','','',''),(36,1,1,'','','',''),(37,1,1,'','','',''),(38,1,1,'','','',''),(39,1,1,'','','',''),(40,1,1,'','','',''),(41,1,1,'','','',''),(42,1,1,'','','',''),(43,1,1,'','','','');

--
-- Table structure for table `ps_migrationpro_configuration`
--

CREATE TABLE `ps_migrationpro_configuration` (
  `id` int NOT NULL AUTO_INCREMENT,
  `name` varchar(128) NOT NULL,
  `value` varchar(128) NOT NULL,
  PRIMARY KEY (`id`),
  UNIQUE KEY `name` (`name`)
) ENGINE=InnoDB AUTO_INCREMENT=1855 DEFAULT CHARSET=utf8mb3;

--
-- Dumping data for table `ps_migrationpro_configuration`
--

INSERT INTO `ps_migrationpro_configuration` VALUES (1,'migrationpro_module_path','/home/monopfr/www/belvedere/modules/migrationpro/'),(2,'migrationpro_token_is_generated','0'),(5,'migrationpro_new_version','1'),(9,'migrationpro_token','0c54a24277f7b93b959f9b0ff6913dac'),(1233,'latest_migrated_customer_id','6'),(1241,'migrationpro_url','https://monop1.fr/fontenay/'),(1242,'migrationpro_cms','prestashop'),(1243,'migrationpro_image_category','/img/c/'),(1244,'migrationpro_image_carrier','/img/s/'),(1245,'migrationpro_image_product','/img/p/'),(1246,'migrationpro_image_manufacturer','/img/m/'),(1247,'migrationpro_image_supplier','/img/su/'),(1248,'migrationpro_image_employee','/img/e/'),(1249,'migrationpro_table_prefix','ps_'),(1250,'migrationpro_version','1.7.6.8'),(1251,'migrationpro_charset','utf8'),(1252,'migrationpro_blowfish_key',''),(1253,'migrationpro_cookie_key','xMrR5hDu2WS4aTy4mvvmq0HUUzcxx2o5wU1NRaKPfm43qijWf9NnsZGR'),(1254,'migrationpro_source_root_cat','1'),(1255,'migrationpro_source_home_cat','2'),(1256,'migrationpro_source_default_lang','1'),(1257,'migrationpro_source_max_cat','26'),(1258,'migrationpro_mapping_time','0'),(1261,'migrationpro_ps_validation_errors','0'),(1262,'migrationpro_clear_data','1'),(1263,'migrationpro_migrate_recent_data','0'),(1264,'migrationpro_forceIds','1'),(1265,'migrationpro_query_row_count','50'),(1268,'migrationpro_medium_time_coefficient','0.02'),(1301,'migrationpro_last_migrated_cat_id','26'),(1302,'migrationpro_last_migrated_parent_id','2'),(1761,'migrationpro_slow_time_coefficient','0.16'),(1770,'latest_migrated_product_id','489'),(1852,'migrationpro_fast_time_coefficient','0.06'),(1853,'migrationpro_pause',''),(1854,'migrationpro_step_status','4');

--
-- Table structure for table `ps_migrationpro_error_logs`
--

CREATE TABLE `ps_migrationpro_error_logs` (
  `id` int NOT NULL AUTO_INCREMENT,
  `log_text` varchar(855) NOT NULL,
  `entity_type` varchar(255) NOT NULL,
  `log_date_add` datetime NOT NULL,
  PRIMARY KEY (`id`)
) ENGINE=InnoDB DEFAULT CHARSET=utf8mb3;

--
-- Dumping data for table `ps_migrationpro_error_logs`
--


--
-- Table structure for table `ps_migrationpro_migrated_data`
--

CREATE TABLE `ps_migrationpro_migrated_data` (
  `id_data` int NOT NULL AUTO_INCREMENT,
  `entity_type` varchar(100) NOT NULL,
  `source_id` int NOT NULL,
  `local_id` int NOT NULL,
  PRIMARY KEY (`id_data`),
  UNIQUE KEY `entity_type_source_id` (`entity_type`,`source_id`)
) ENGINE=InnoDB AUTO_INCREMENT=7922 DEFAULT CHARSET=utf8mb3;

--
-- Dumping data for table `ps_migrationpro_migrated_data`
--

INSERT INTO `ps_migrationpro_migrated_data` VALUES (1,'co',1,1),(2,'co',2,2),(3,'co',3,3),(4,'co',6,6),(5,'co',7,7),(6,'co',8,8),(7,'co',9,9),(8,'co',10,10),(9,'co',12,12),(10,'co',13,13),(11,'co',14,14),(12,'co',15,15),(13,'co',16,16),(14,'co',18,18),(15,'co',20,20),(16,'co',26,26),(17,'co',36,36),(18,'co',37,37),(19,'co',76,76),(20,'co',86,86),(21,'co',125,125),(22,'co',131,131),(23,'co',139,139),(24,'co',143,143),(25,'co',193,193),(26,'co',236,236),(27,'co',17,17),(28,'co',74,74),(29,'t',1,1),(30,'t',2,2),(31,'t',3,3),(32,'t',4,4),(33,'t',5,5),(34,'t',6,6),(35,'t',7,7),(36,'t',8,8),(37,'t',9,9),(38,'t',10,10),(39,'t',11,11),(40,'t',12,12),(41,'t',13,13),(42,'t',14,14),(43,'t',15,15),(44,'t',16,16),(45,'t',17,17),(46,'t',18,18),(47,'t',19,19),(48,'t',20,20),(49,'t',21,21),(50,'t',22,22),(51,'t',23,23),(52,'t',24,24),(53,'t',25,25),(54,'t',26,26),(55,'t',27,27),(56,'t',28,28),(57,'t',29,29),(58,'t',30,30),(59,'t',31,31),(60,'tr',2,2),(61,'tr',6,6),(62,'tr',10,10),(63,'tr',14,14),(64,'tr',18,18),(65,'tr',22,22),(66,'tr',26,26),(67,'tr',3,3),(68,'tr',7,7),(69,'tr',11,11),(70,'tr',15,15),(71,'tr',19,19),(72,'tr',23,23),(73,'tr',4,4),(74,'tr',8,8),(75,'tr',12,12),(76,'tr',16,16),(77,'tr',20,20),(78,'tr',24,24),(79,'tr',1,1),(80,'tr',5,5),(81,'tr',9,9),(82,'tr',13,13),(83,'tr',17,17),(84,'tr',21,21),(85,'tr',25,25),(86,'trg',1,1),(87,'tr',50,50),(88,'tr',30,30),(89,'tr',34,34),(90,'tr',38,38),(91,'tr',42,42),(92,'tr',46,46),(93,'tr',51,51),(94,'tr',27,27),(95,'tr',31,31),(96,'tr',35,35),(97,'tr',39,39),(98,'tr',43,43),(99,'tr',47,47),(100,'tr',52,52),(101,'tr',28,28),(102,'tr',32,32),(103,'tr',36,36),(104,'tr',40,40),(105,'tr',44,44),(106,'tr',48,48),(107,'tr',29,29),(108,'tr',33,33),(109,'tr',37,37),(110,'tr',41,41),(111,'tr',45,45),(112,'tr',49,49),(113,'trg',2,2),(114,'tr',54,54),(115,'tr',58,58),(116,'tr',62,62),(117,'tr',66,66),(118,'tr',70,70),(119,'tr',74,74),(120,'tr',78,78),(121,'tr',55,55),(122,'tr',59,59),(123,'tr',63,63),(124,'tr',67,67),(125,'tr',71,71),(126,'tr',75,75),(127,'tr',56,56),(128,'tr',60,60),(129,'tr',64,64),(130,'tr',68,68),(131,'tr',72,72),(132,'tr',76,76),(133,'tr',53,53),(134,'tr',57,57),(135,'tr',61,61),(136,'tr',65,65),(137,'tr',69,69),(138,'tr',73,73),(139,'tr',77,77),(140,'trg',3,3),(141,'tr',82,82),(142,'tr',86,86),(143,'tr',90,90),(144,'tr',94,94),(145,'tr',98,98),(146,'tr',102,102),(147,'tr',79,79),(148,'tr',83,83),(149,'tr',87,87),(150,'tr',91,91),(151,'tr',95,95),(152,'tr',99,99),(153,'tr',103,103),(154,'tr',80,80),(155,'tr',84,84),(156,'tr',88,88),(157,'tr',92,92),(158,'tr',96,96),(159,'tr',100,100),(160,'tr',104,104),(161,'tr',81,81),(162,'tr',85,85),(163,'tr',89,89),(164,'tr',93,93),(165,'tr',97,97),(166,'tr',101,101),(167,'trg',4,4),(168,'tr',106,106),(169,'tr',110,110),(170,'tr',114,114),(171,'tr',118,118),(172,'tr',122,122),(173,'tr',126,126),(174,'tr',130,130),(175,'tr',107,107),(176,'tr',111,111),(177,'tr',115,115),(178,'tr',119,119),(179,'tr',123,123),(180,'tr',127,127),(181,'tr',131,131),(182,'tr',108,108),(183,'tr',112,112),(184,'tr',116,116),(185,'tr',120,120),(186,'tr',124,124),(187,'tr',128,128),(188,'tr',132,132),(189,'tr',105,105),(190,'tr',109,109),(191,'tr',113,113),(192,'tr',117,117),(193,'tr',121,121),(194,'tr',125,125),(195,'tr',129,129),(196,'trg',5,5),(197,'m',1,1),(198,'m',2,2),(199,'m',3,3),(200,'m',4,4),(201,'m',5,5),(202,'m',6,6),(203,'m',7,7),(204,'m',8,8),(205,'m',9,9),(206,'m',10,10),(207,'m',11,11),(208,'m',12,12),(209,'m',13,13),(210,'m',14,14),(211,'m',15,15),(212,'m',16,16),(213,'m',17,17),(214,'m',18,18),(215,'m',19,19),(216,'m',20,20),(217,'m',21,21),(218,'m',22,22),(219,'m',23,23),(220,'m',24,24),(221,'m',25,25),(222,'m',26,26),(223,'m',27,27),(224,'m',28,28),(225,'m',29,29),(226,'m',30,30),(227,'m',31,31),(228,'m',32,32),(229,'m',33,33),(230,'m',34,34),(231,'m',35,35),(232,'m',36,36),(233,'m',37,37),(234,'m',38,38),(235,'m',39,39),(236,'m',40,40),(237,'m',41,41),(238,'m',42,42),(239,'m',43,43),(240,'m',44,44),(241,'m',45,45),(242,'m',46,46),(243,'m',47,47),(244,'m',48,48),(245,'m',49,49),(246,'m',50,50),(247,'m',51,51),(248,'m',52,52),(249,'m',53,53),(250,'m',55,55),(251,'m',56,56),(252,'m',57,57),(253,'m',58,58),(254,'m',59,59),(255,'m',60,60),(256,'m',61,61),(257,'m',62,62),(258,'c',10,10),(259,'c',11,11),(260,'c',12,12),(261,'c',13,13),(262,'c',14,14),(263,'c',15,15),(264,'c',16,16),(265,'c',17,17),(266,'c',18,18),(267,'c',19,19),(268,'c',20,20),(269,'c',21,21),(270,'c',22,22),(271,'c',23,23),(272,'c',24,24),(273,'c',25,25),(274,'c',26,26),(275,'zn',1,1),(276,'zn',2,2),(277,'zn',3,3),(278,'zn',4,4),(279,'zn',5,5),(280,'zn',6,6),(281,'zn',7,7),(282,'zn',8,8),(283,'zn',9,9),(284,'zn',10,10),(285,'zn',11,11),(286,'zn',12,12),(287,'zn',13,13),(288,'zn',14,14),(289,'zn',15,15),(290,'zn',16,16),(291,'rn',1,1),(292,'rw',1,1),(293,'dlv',1,1),(294,'dlv',2,2),(295,'dlv',3,3),(296,'dlv',4,4),(297,'crr',2,2),(298,'rn',2,2),(299,'rw',2,2),(300,'crr',4,4),(301,'e',3,2),(302,'e',4,3),(303,'e',8,4),(304,'e',9,5),(305,'f',5,5),(306,'f',6,6),(307,'f',18,18),(308,'f',8,8),(309,'f',9,9),(310,'f',10,10),(311,'f',11,11),(312,'fv',2,2),(313,'fv',4,4),(314,'fv',16,16),(315,'fv',6,6),(316,'fv',7,7),(317,'fv',8,8),(318,'fv',9,9),(319,'tag',1404,1404),(320,'tag',1406,1406),(321,'tag',1423,1423),(322,'tag',1424,1424),(323,'tag',1425,1425),(324,'tag',2330,2330),(325,'tag',1426,1426),(326,'tag',1105,1105),(327,'tag',2339,2339),(328,'tag',2340,2340),(329,'tag',2341,2341),(330,'tag',2336,2336),(331,'tag',2337,2337),(332,'tag',2338,2338),(333,'tag',1508,1508),(334,'tag',2405,2405),(335,'tag',2406,2406),(336,'tag',2407,2407),(337,'tag',2408,2408),(338,'tag',1095,1095),(339,'tag',1483,1483),(340,'tag',1619,1619),(341,'tag',1620,1620),(342,'tag',2400,2400),(343,'tag',2401,2401),(344,'tag',2402,2402),(345,'tag',1096,1096),(346,'tag',1239,1239),(347,'tag',2387,2387),(348,'tag',1464,1464),(349,'tag',2379,2379),(350,'tag',1467,1467),(351,'tag',1469,1469),(352,'tag',2384,2384),(353,'tag',1480,1480),(354,'tag',1481,1481),(355,'tag',1056,1056),(356,'tag',1106,1106),(357,'tag',1138,1138),(358,'tag',1143,1143),(359,'tag',1494,1494),(360,'tag',2450,2450),(361,'tag',1001,1001),(362,'tag',1673,1673),(363,'tag',3132,3132),(364,'tag',1676,1676),(365,'tag',1683,1683),(366,'tag',3158,3158),(367,'tag',3159,3159),(368,'tag',7,7),(369,'tag',8,8),(370,'tag',9,9),(371,'tag',10,10),(372,'tag',11,11),(373,'tag',3586,3586),(374,'tag',17,17),(375,'tag',3426,3426),(376,'tag',22,22),(377,'tag',27,27),(378,'tag',28,28),(379,'tag',3025,3025),(380,'tag',31,31),(381,'tag',3432,3432),(382,'tag',3104,3104),(383,'tag',3105,3105),(384,'tag',1431,1431),(385,'tag',1432,1432),(386,'tag',1899,1899),(387,'tag',1900,1900),(388,'tag',49,49),(389,'tag',588,588),(390,'tag',589,589),(391,'tag',54,54),(392,'tag',55,55),(393,'tag',1179,1179),(394,'tag',2381,2381),(395,'tag',999,999),(396,'tag',2355,2355),(397,'tag',590,590),(398,'tag',591,591),(399,'tag',1493,1493),(400,'tag',1384,1384),(401,'tag',2426,2426),(402,'tag',3170,3170),(403,'tag',3129,3129),(404,'tag',3130,3130),(405,'tag',1139,1139),(406,'tag',3160,3160),(407,'tag',3161,3161),(408,'tag',3162,3162),(409,'tag',3163,3163),(410,'tag',1901,1901),(411,'tag',1123,1123),(412,'tag',1497,1497),(413,'tag',3181,3181),(414,'tag',1107,1107),(415,'tag',1182,1182),(416,'tag',2364,2364),(417,'tag',2365,2365),(418,'tag',1505,1505),(419,'tag',3157,3157),(420,'tag',1122,1122),(421,'tag',1507,1507),(422,'tag',3113,3113),(423,'tag',3114,3114),(424,'tag',1450,1450),(425,'tag',1514,1514),(426,'tag',1515,1515),(427,'tag',2377,2377),(428,'tag',2378,2378),(429,'tag',1113,1113),(430,'tag',3119,3119),(431,'i',298,298),(432,'i',24,24),(433,'p',20,20),(434,'i',25,25),(435,'p',21,21),(436,'i',26,26),(437,'p',22,22),(438,'i',299,299),(439,'i',27,27),(440,'p',23,23),(441,'i',400,400),(442,'i',401,401),(443,'i',28,28),(444,'p',24,24),(445,'i',402,402),(446,'i',403,403),(447,'i',404,404),(448,'i',29,29),(449,'p',25,25),(450,'i',405,405),(451,'i',406,406),(452,'i',407,407),(453,'i',30,30),(454,'p',26,26),(455,'i',408,408),(456,'i',409,409),(457,'i',410,410),(458,'i',31,31),(459,'p',27,27),(460,'i',32,32),(461,'p',28,28),(462,'i',33,33),(463,'p',29,29),(464,'i',411,411),(465,'i',34,34),(466,'p',30,30),(467,'i',35,35),(468,'p',31,31),(469,'i',412,412),(470,'i',413,413),(471,'i',36,36),(472,'p',32,32),(473,'i',414,414),(474,'i',415,415),(475,'i',37,37),(476,'p',33,33),(477,'i',38,38),(478,'p',34,34),(479,'i',416,416),(480,'i',417,417),(481,'i',418,418),(482,'i',39,39),(483,'p',35,35),(484,'i',462,462),(485,'i',463,463),(486,'i',464,464),(487,'i',40,40),(488,'p',36,36),(489,'i',41,41),(490,'p',37,37),(491,'i',42,42),(492,'p',38,38),(493,'i',43,43),(494,'p',39,39),(495,'i',44,44),(496,'p',40,40),(497,'i',45,45),(498,'p',41,41),(499,'i',46,46),(500,'p',42,42),(501,'i',47,47),(502,'p',43,43),(503,'i',49,49),(504,'p',45,45),(505,'i',420,420),(506,'i',50,50),(507,'p',46,46),(508,'i',421,421),(509,'i',422,422),(510,'i',51,51),(511,'p',47,47),(512,'i',52,52),(513,'p',48,48),(514,'i',53,53),(515,'p',49,49),(516,'i',54,54),(517,'p',50,50),(518,'i',423,423),(519,'i',424,424),(520,'i',425,425),(521,'i',55,55),(522,'p',51,51),(523,'i',426,426),(524,'i',56,56),(525,'p',52,52),(526,'i',57,57),(527,'p',53,53),(528,'i',58,58),(529,'p',54,54),(530,'i',427,427),(531,'i',59,59),(532,'p',55,55),(533,'i',428,428),(534,'i',429,429),(535,'i',60,60),(536,'p',56,56),(537,'i',430,430),(538,'i',431,431),(539,'i',61,61),(540,'p',57,57),(541,'i',62,62),(542,'p',58,58),(543,'i',432,432),(544,'i',63,63),(545,'p',59,59),(546,'i',540,540),(547,'i',539,539),(548,'p',60,60),(549,'i',436,436),(550,'i',65,65),(551,'p',61,61),(552,'i',66,66),(553,'p',62,62),(554,'i',67,67),(555,'p',63,63),(556,'i',437,437),(557,'i',438,438),(558,'i',68,68),(559,'p',64,64),(560,'i',69,69),(561,'p',65,65),(562,'i',439,439),(563,'i',440,440),(564,'i',70,70),(565,'p',66,66),(566,'i',71,71),(567,'p',67,67),(568,'i',441,441),(569,'i',72,72),(570,'p',68,68),(571,'i',442,442),(572,'i',73,73),(573,'p',69,69),(574,'i',443,443),(575,'i',74,74),(576,'p',70,70),(577,'f',7,7),(578,'fv',5,5),(579,'tag',1518,1518),(580,'tag',3146,3146),(581,'tag',2391,2391),(582,'tag',3115,3115),(583,'tag',3116,3116),(584,'tag',1559,1559),(585,'tag',3197,3197),(586,'tag',2385,2385),(587,'tag',2386,2386),(588,'tag',1565,1565),(589,'tag',2412,2412),(590,'tag',2413,2413),(591,'tag',1568,1568),(592,'tag',1098,1098),(593,'tag',3093,3093),(594,'tag',3094,3094),(595,'tag',2380,2380),(596,'tag',3096,3096),(597,'tag',3205,3205),(598,'tag',3206,3206),(599,'tag',2393,2393),(600,'tag',2418,2418),(601,'tag',3142,3142),(602,'tag',1207,1207),(603,'tag',3198,3198),(604,'tag',2347,2347),(605,'tag',2349,2349),(606,'tag',3154,3154),(607,'tag',1094,1094),(608,'tag',3117,3117),(609,'tag',3118,3118),(610,'tag',3285,3285),(611,'tag',3097,3097),(612,'tag',3098,3098),(613,'tag',3099,3099),(614,'tag',3100,3100),(615,'tag',1144,1144),(616,'tag',1591,1591),(617,'tag',3171,3171),(618,'tag',2410,2410),(619,'tag',2411,2411),(620,'tag',3126,3126),(621,'tag',1640,1640),(622,'tag',2427,2427),(623,'tag',2428,2428),(624,'tag',2429,2429),(625,'tag',2430,2430),(626,'tag',2431,2431),(627,'tag',1644,1644),(628,'tag',1645,1645),(629,'tag',2357,2357),(630,'tag',2354,2354),(631,'tag',2399,2399),(632,'i',75,75),(633,'p',71,71),(634,'i',444,444),(635,'i',445,445),(636,'i',76,76),(637,'p',72,72),(638,'i',446,446),(639,'i',77,77),(640,'p',73,73),(641,'i',447,447),(642,'i',78,78),(643,'p',74,74),(644,'i',79,79),(645,'p',75,75),(646,'i',448,448),(647,'i',449,449),(648,'i',81,81),(649,'p',77,77),(650,'i',82,82),(651,'p',78,78),(652,'i',83,83),(653,'p',79,79),(654,'i',465,465),(655,'i',84,84),(656,'p',80,80),(657,'i',85,85),(658,'p',81,81),(659,'i',466,466),(660,'i',467,467),(661,'i',86,86),(662,'p',82,82),(663,'i',87,87),(664,'p',83,83),(665,'i',88,88),(666,'p',84,84),(667,'i',468,468),(668,'i',469,469),(669,'i',89,89),(670,'p',85,85),(671,'i',90,90),(672,'p',86,86),(673,'i',91,91),(674,'p',87,87),(675,'i',470,470),(676,'i',471,471),(677,'i',92,92),(678,'p',88,88),(679,'i',93,93),(680,'p',89,89),(681,'i',94,94),(682,'p',90,90),(683,'i',472,472),(684,'i',473,473),(685,'i',95,95),(686,'p',91,91),(687,'i',474,474),(688,'i',96,96),(689,'p',92,92),(690,'i',480,480),(691,'i',481,481),(692,'i',482,482),(693,'i',97,97),(694,'p',93,93),(695,'i',475,475),(696,'i',98,98),(697,'p',94,94),(698,'i',397,397),(699,'i',398,398),(700,'i',399,399),(701,'i',99,99),(702,'p',95,95),(703,'i',394,394),(704,'i',395,395),(705,'i',396,396),(706,'i',100,100),(707,'p',96,96),(708,'i',392,392),(709,'i',393,393),(710,'i',101,101),(711,'p',97,97),(712,'i',389,389),(713,'i',390,390),(714,'i',391,391),(715,'i',102,102),(716,'p',98,98),(717,'i',388,388),(718,'i',103,103),(719,'p',99,99),(720,'i',386,386),(721,'i',387,387),(722,'i',104,104),(723,'p',100,100),(724,'i',384,384),(725,'i',385,385),(726,'i',105,105),(727,'p',101,101),(728,'i',383,383),(729,'i',106,106),(730,'p',102,102),(731,'i',380,380),(732,'i',381,381),(733,'i',382,382),(734,'i',107,107),(735,'p',103,103),(736,'i',379,379),(737,'i',108,108),(738,'p',104,104),(739,'i',378,378),(740,'i',109,109),(741,'p',105,105),(742,'i',377,377),(743,'i',110,110),(744,'p',106,106),(745,'i',376,376),(746,'i',111,111),(747,'p',107,107),(748,'i',372,372),(749,'i',373,373),(750,'i',374,374),(751,'i',375,375),(752,'i',112,112),(753,'p',108,108),(754,'i',370,370),(755,'i',371,371),(756,'i',113,113),(757,'p',109,109),(758,'i',114,114),(759,'p',110,110),(760,'i',115,115),(761,'p',111,111),(762,'i',116,116),(763,'p',112,112),(764,'i',369,369),(765,'i',117,117),(766,'p',113,113),(767,'i',367,367),(768,'i',368,368),(769,'i',118,118),(770,'p',114,114),(771,'i',364,364),(772,'i',365,365),(773,'i',366,366),(774,'i',119,119),(775,'p',115,115),(776,'i',362,362),(777,'i',363,363),(778,'i',120,120),(779,'p',116,116),(780,'i',478,478),(781,'i',479,479),(782,'i',121,121),(783,'p',117,117),(784,'i',122,122),(785,'p',118,118),(786,'i',123,123),(787,'p',119,119),(788,'i',476,476),(789,'i',477,477),(790,'i',124,124),(791,'p',120,120),(792,'i',125,125),(793,'p',121,121),(794,'f',4,4),(795,'f',17,17),(796,'fv',1,1),(797,'fv',15,15),(798,'tag',1777,1777),(799,'tag',1778,1778),(800,'tag',2489,2489),(801,'tag',2488,2488),(802,'tag',1331,1331),(803,'tag',2565,2565),(804,'tag',2566,2566),(805,'tag',2567,2567),(806,'tag',2568,2568),(807,'tag',2490,2490),(808,'tag',2491,2491),(809,'tag',2492,2492),(810,'tag',1440,1440),(811,'tag',1706,1706),(812,'tag',1334,1334),(813,'tag',2588,2588),(814,'tag',2589,2589),(815,'tag',1793,1793),(816,'tag',3131,3131),(817,'tag',1806,1806),(818,'tag',3127,3127),(819,'tag',3128,3128),(820,'tag',1648,1648),(821,'tag',1649,1649),(822,'tag',1650,1650),(823,'tag',2448,2448),(824,'tag',2440,2440),(825,'tag',2441,2441),(826,'tag',1655,1655),(827,'tag',1657,1657),(828,'tag',2432,2432),(829,'tag',2433,2433),(830,'tag',2445,2445),(831,'tag',2446,2446),(832,'tag',2447,2447),(833,'tag',2438,2438),(834,'tag',2439,2439),(835,'tag',1666,1666),(836,'tag',2436,2436),(837,'tag',2617,2617),(838,'tag',3602,3602),(839,'tag',3603,3603),(840,'tag',3351,3351),(841,'tag',70,70),(842,'tag',3478,3478),(843,'tag',3479,3479),(844,'tag',75,75),(845,'tag',76,76),(846,'tag',77,77),(847,'tag',78,78),(848,'tag',3087,3087),(849,'tag',3088,3088),(850,'tag',3089,3089),(851,'tag',3262,3262),(852,'tag',3263,3263),(853,'tag',89,89),(854,'tag',3462,3462),(855,'tag',3350,3350),(856,'tag',842,842),(857,'tag',843,843),(858,'tag',844,844),(859,'tag',100,100),(860,'tag',2878,2878),(861,'tag',3037,3037),(862,'tag',3038,3038),(863,'tag',3039,3039),(864,'tag',107,107),(865,'tag',109,109),(866,'tag',3420,3420),(867,'tag',111,111),(868,'tag',3431,3431),(869,'tag',115,115),(870,'tag',117,117),(871,'tag',3430,3430),(872,'tag',123,123),(873,'tag',3517,3517),(874,'tag',137,137),(875,'tag',138,138),(876,'tag',3468,3468),(877,'tag',3469,3469),(878,'tag',3470,3470),(879,'tag',179,179),(880,'tag',3421,3421),(881,'tag',3422,3422),(882,'tag',2996,2996),(883,'tag',2997,2997),(884,'tag',2998,2998),(885,'tag',3471,3471),(886,'tag',3472,3472),(887,'tag',3473,3473),(888,'tag',203,203),(889,'tag',2876,2876),(890,'tag',2877,2877),(891,'i',453,453),(892,'i',126,126),(893,'p',122,122),(894,'i',454,454),(895,'i',455,455),(896,'i',127,127),(897,'p',123,123),(898,'i',344,344),(899,'i',450,450),(900,'i',128,128),(901,'p',124,124),(902,'i',456,456),(903,'i',129,129),(904,'p',125,125),(905,'i',457,457),(906,'i',130,130),(907,'p',126,126),(908,'i',131,131),(909,'p',127,127),(910,'i',333,333),(911,'i',132,132),(912,'p',128,128),(913,'i',451,451),(914,'i',452,452),(915,'i',133,133),(916,'p',129,129),(917,'i',355,355),(918,'i',134,134),(919,'p',130,130),(920,'i',353,353),(921,'i',135,135),(922,'p',131,131),(923,'i',351,351),(924,'i',136,136),(925,'p',132,132),(926,'i',347,347),(927,'i',348,348),(928,'i',137,137),(929,'p',133,133),(930,'i',138,138),(931,'p',134,134),(932,'i',139,139),(933,'p',135,135),(934,'i',140,140),(935,'p',136,136),(936,'i',141,141),(937,'p',137,137),(938,'i',142,142),(939,'p',138,138),(940,'i',143,143),(941,'p',139,139),(942,'i',144,144),(943,'p',140,140),(944,'i',145,145),(945,'p',141,141),(946,'i',146,146),(947,'p',142,142),(948,'i',147,147),(949,'p',143,143),(950,'i',148,148),(951,'p',144,144),(952,'i',149,149),(953,'p',145,145),(954,'i',1035,1035),(955,'p',146,146),(956,'i',151,151),(957,'p',147,147),(958,'i',152,152),(959,'p',148,148),(960,'i',153,153),(961,'p',149,149),(962,'i',154,154),(963,'p',150,150),(964,'i',155,155),(965,'p',151,151),(966,'i',156,156),(967,'p',152,152),(968,'i',157,157),(969,'p',153,153),(970,'i',158,158),(971,'p',154,154),(972,'i',159,159),(973,'p',155,155),(974,'i',160,160),(975,'p',156,156),(976,'i',161,161),(977,'p',157,157),(978,'i',162,162),(979,'p',158,158),(980,'i',163,163),(981,'p',159,159),(982,'i',164,164),(983,'p',160,160),(984,'i',165,165),(985,'p',161,161),(986,'i',166,166),(987,'p',162,162),(988,'i',167,167),(989,'p',163,163),(990,'i',168,168),(991,'p',164,164),(992,'i',169,169),(993,'p',165,165),(994,'i',170,170),(995,'p',166,166),(996,'i',171,171),(997,'p',167,167),(998,'i',172,172),(999,'p',168,168),(1000,'i',173,173),(1001,'p',169,169),(1002,'i',174,174),(1003,'p',170,170),(1004,'i',175,175),(1005,'p',171,171),(1006,'tag',3208,3208),(1007,'tag',3209,3209),(1008,'tag',3463,3463),(1009,'tag',3464,3464),(1010,'tag',124,124),(1011,'tag',236,236),(1012,'tag',3292,3292),(1013,'tag',3293,3293),(1014,'tag',3294,3294),(1015,'tag',256,256),(1016,'tag',3520,3520),(1017,'tag',3521,3521),(1018,'tag',694,694),(1019,'tag',281,281),(1020,'tag',3019,3019),(1021,'tag',3020,3020),(1022,'tag',3021,3021),(1023,'tag',292,292),(1024,'tag',311,311),(1025,'tag',313,313),(1026,'tag',3594,3594),(1027,'tag',3029,3029),(1028,'tag',3030,3030),(1029,'tag',3441,3441),(1030,'tag',3442,3442),(1031,'tag',3443,3443),(1032,'tag',3315,3315),(1033,'tag',3316,3316),(1034,'tag',3017,3017),(1035,'tag',3018,3018),(1036,'tag',3028,3028),(1037,'tag',3008,3008),(1038,'tag',3009,3009),(1039,'tag',919,919),(1040,'tag',3299,3299),(1041,'tag',3434,3434),(1042,'tag',3435,3435),(1043,'tag',935,935),(1044,'tag',936,936),(1045,'tag',937,937),(1046,'tag',3512,3512),(1047,'tag',3513,3513),(1048,'tag',3514,3514),(1049,'tag',3515,3515),(1050,'tag',3516,3516),(1051,'tag',3065,3065),(1052,'tag',3066,3066),(1053,'tag',3067,3067),(1054,'tag',3085,3085),(1055,'tag',3086,3086),(1056,'tag',158,158),(1057,'tag',3451,3451),(1058,'tag',3452,3452),(1059,'tag',3081,3081),(1060,'tag',3082,3082),(1061,'tag',206,206),(1062,'tag',207,207),(1063,'tag',3074,3074),(1064,'tag',3075,3075),(1065,'tag',3455,3455),(1066,'tag',3456,3456),(1067,'tag',3072,3072),(1068,'tag',3073,3073),(1069,'tag',345,345),(1070,'tag',3076,3076),(1071,'tag',3077,3077),(1072,'tag',3078,3078),(1073,'tag',3069,3069),(1074,'tag',3070,3070),(1075,'tag',3071,3071),(1076,'tag',3079,3079),(1077,'tag',3080,3080),(1078,'tag',3272,3272),(1079,'tag',3273,3273),(1080,'tag',397,397),(1081,'tag',3270,3270),(1082,'tag',3271,3271),(1083,'tag',3083,3083),(1084,'tag',3084,3084),(1085,'tag',3460,3460),(1086,'tag',3461,3461),(1087,'tag',3042,3042),(1088,'tag',3043,3043),(1089,'tag',250,250),(1090,'tag',3050,3050),(1091,'tag',3051,3051),(1092,'tag',3052,3052),(1093,'tag',475,475),(1094,'tag',3063,3063),(1095,'tag',3064,3064),(1096,'tag',3090,3090),(1097,'tag',3091,3091),(1098,'tag',495,495),(1099,'tag',496,496),(1100,'tag',509,509),(1101,'tag',510,510),(1102,'tag',511,511),(1103,'tag',3044,3044),(1104,'tag',3045,3045),(1105,'tag',3457,3457),(1106,'tag',3458,3458),(1107,'tag',3459,3459),(1108,'tag',3587,3587),(1109,'tag',3562,3562),(1110,'tag',3563,3563),(1111,'tag',3359,3359),(1112,'tag',3360,3360),(1113,'tag',3361,3361),(1114,'tag',3576,3576),(1115,'tag',3577,3577),(1116,'tag',3578,3578),(1117,'tag',3579,3579),(1118,'tag',3580,3580),(1119,'tag',3581,3581),(1120,'tag',3582,3582),(1121,'tag',3583,3583),(1122,'tag',3584,3584),(1123,'tag',218,218),(1124,'tag',221,221),(1125,'tag',467,467),(1126,'tag',2906,2906),(1127,'tag',2907,2907),(1128,'tag',2908,2908),(1129,'tag',2909,2909),(1130,'tag',2910,2910),(1131,'tag',2923,2923),(1132,'tag',2924,2924),(1133,'tag',2925,2925),(1134,'tag',3475,3475),(1135,'i',176,176),(1136,'p',172,172),(1137,'i',177,177),(1138,'p',173,173),(1139,'i',178,178),(1140,'p',174,174),(1141,'i',179,179),(1142,'p',175,175),(1143,'i',180,180),(1144,'p',176,176),(1145,'i',181,181),(1146,'p',177,177),(1147,'i',182,182),(1148,'p',178,178),(1149,'i',183,183),(1150,'p',179,179),(1151,'i',184,184),(1152,'p',180,180),(1153,'i',185,185),(1154,'p',181,181),(1155,'i',186,186),(1156,'p',182,182),(1157,'i',187,187),(1158,'p',183,183),(1159,'i',188,188),(1160,'p',184,184),(1161,'i',189,189),(1162,'p',185,185),(1163,'i',190,190),(1164,'p',186,186),(1165,'i',191,191),(1166,'p',187,187),(1167,'i',192,192),(1168,'p',188,188),(1169,'i',193,193),(1170,'p',189,189),(1171,'i',194,194),(1172,'p',190,190),(1173,'i',195,195),(1174,'p',191,191),(1175,'i',196,196),(1176,'p',192,192),(1177,'i',197,197),(1178,'p',193,193),(1179,'i',198,198),(1180,'p',194,194),(1181,'i',199,199),(1182,'p',195,195),(1183,'i',200,200),(1184,'p',196,196),(1185,'i',201,201),(1186,'p',197,197),(1187,'i',202,202),(1188,'p',198,198),(1189,'i',203,203),(1190,'p',199,199),(1191,'i',204,204),(1192,'p',200,200),(1193,'i',205,205),(1194,'p',201,201),(1195,'i',206,206),(1196,'p',202,202),(1197,'i',207,207),(1198,'p',203,203),(1199,'i',208,208),(1200,'p',204,204),(1201,'i',209,209),(1202,'p',205,205),(1203,'i',210,210),(1204,'p',206,206),(1205,'i',211,211),(1206,'p',207,207),(1207,'i',212,212),(1208,'p',208,208),(1209,'i',213,213),(1210,'p',209,209),(1211,'i',214,214),(1212,'p',210,210),(1213,'i',215,215),(1214,'p',211,211),(1215,'i',216,216),(1216,'p',212,212),(1217,'i',217,217),(1218,'p',213,213),(1219,'i',218,218),(1220,'p',214,214),(1221,'i',219,219),(1222,'p',215,215),(1223,'i',220,220),(1224,'p',216,216),(1225,'i',221,221),(1226,'p',217,217),(1227,'i',222,222),(1228,'p',218,218),(1229,'i',223,223),(1230,'p',219,219),(1231,'i',224,224),(1232,'p',220,220),(1233,'i',225,225),(1234,'p',221,221),(1235,'f',13,13),(1236,'f',14,14),(1237,'f',15,15),(1238,'f',16,16),(1239,'fv',11,11),(1240,'fv',12,12),(1241,'fv',13,13),(1242,'fv',14,14),(1243,'tag',2987,2987),(1244,'tag',2988,2988),(1245,'tag',2989,2989),(1246,'tag',2990,2990),(1247,'tag',2991,2991),(1248,'tag',210,210),(1249,'tag',3401,3401),(1250,'tag',3402,3402),(1251,'tag',3403,3403),(1252,'tag',3404,3404),(1253,'tag',3393,3393),(1254,'tag',3394,3394),(1255,'tag',3395,3395),(1256,'tag',3396,3396),(1257,'tag',3568,3568),(1258,'tag',3569,3569),(1259,'tag',3570,3570),(1260,'tag',3571,3571),(1261,'tag',3496,3496),(1262,'tag',3497,3497),(1263,'tag',3498,3498),(1264,'tag',3499,3499),(1265,'tag',3374,3374),(1266,'tag',3375,3375),(1267,'tag',3376,3376),(1268,'tag',3377,3377),(1269,'tag',3367,3367),(1270,'tag',3368,3368),(1271,'tag',3369,3369),(1272,'tag',320,320),(1273,'tag',3380,3380),(1274,'tag',3381,3381),(1275,'tag',3382,3382),(1276,'tag',3383,3383),(1277,'tag',3220,3220),(1278,'tag',3221,3221),(1279,'tag',3222,3222),(1280,'tag',3414,3414),(1281,'tag',3415,3415),(1282,'tag',2911,2911),(1283,'tag',2912,2912),(1284,'tag',2913,2913),(1285,'tag',2914,2914),(1286,'tag',3405,3405),(1287,'tag',3406,3406),(1288,'tag',3407,3407),(1289,'tag',3408,3408),(1290,'tag',3409,3409),(1291,'tag',286,286),(1292,'tag',287,287),(1293,'tag',288,288),(1294,'tag',289,289),(1295,'tag',302,302),(1296,'tag',303,303),(1297,'tag',3378,3378),(1298,'tag',3379,3379),(1299,'tag',2974,2974),(1300,'tag',2975,2975),(1301,'tag',3342,3342),(1302,'tag',3343,3343),(1303,'tag',3344,3344),(1304,'tag',3345,3345),(1305,'tag',3491,3491),(1306,'tag',3492,3492),(1307,'tag',3493,3493),(1308,'tag',3494,3494),(1309,'tag',3495,3495),(1310,'tag',3448,3448),(1311,'tag',3449,3449),(1312,'tag',3450,3450),(1313,'tag',697,697),(1314,'tag',698,698),(1315,'tag',448,448),(1316,'tag',449,449),(1317,'tag',3482,3482),(1318,'tag',3483,3483),(1319,'tag',3574,3574),(1320,'tag',3575,3575),(1321,'tag',1451,1451),(1322,'tag',1452,1452),(1323,'tag',1453,1453),(1324,'tag',3188,3188),(1325,'tag',3189,3189),(1326,'tag',3190,3190),(1327,'tag',3191,3191),(1328,'tag',3192,3192),(1329,'tag',3193,3193),(1330,'tag',3194,3194),(1331,'tag',1709,1709),(1332,'tag',1710,1710),(1333,'tag',1477,1477),(1334,'tag',3588,3588),(1335,'tag',2761,2761),(1336,'tag',3590,3590),(1337,'tag',3601,3601),(1338,'tag',3169,3169),(1339,'tag',1383,1383),(1340,'tag',1688,1688),(1341,'tag',3178,3178),(1342,'tag',3179,3179),(1343,'tag',3180,3180),(1344,'tag',2558,2558),(1345,'tag',3199,3199),(1346,'tag',3200,3200),(1347,'tag',3201,3201),(1348,'tag',3202,3202),(1349,'tag',1679,1679),(1350,'tag',3144,3144),(1351,'tag',2478,2478),(1352,'tag',1285,1285),(1353,'tag',1286,1286),(1354,'tag',2581,2581),(1355,'tag',2582,2582),(1356,'tag',3266,3266),(1357,'i',226,226),(1358,'p',222,222),(1359,'i',227,227),(1360,'p',223,223),(1361,'i',228,228),(1362,'p',224,224),(1363,'i',229,229),(1364,'p',225,225),(1365,'i',230,230),(1366,'p',226,226),(1367,'i',231,231),(1368,'p',227,227),(1369,'i',232,232),(1370,'p',228,228),(1371,'i',233,233),(1372,'p',229,229),(1373,'i',234,234),(1374,'p',230,230),(1375,'i',235,235),(1376,'p',231,231),(1377,'i',236,236),(1378,'p',232,232),(1379,'i',237,237),(1380,'p',233,233),(1381,'i',238,238),(1382,'p',234,234),(1383,'i',239,239),(1384,'p',235,235),(1385,'i',240,240),(1386,'p',236,236),(1387,'i',241,241),(1388,'p',237,237),(1389,'i',242,242),(1390,'p',238,238),(1391,'i',243,243),(1392,'p',239,239),(1393,'i',244,244),(1394,'p',240,240),(1395,'i',245,245),(1396,'p',241,241),(1397,'i',246,246),(1398,'p',242,242),(1399,'i',247,247),(1400,'p',243,243),(1401,'i',248,248),(1402,'p',244,244),(1403,'i',249,249),(1404,'p',245,245),(1405,'i',361,361),(1406,'i',250,250),(1407,'p',246,246),(1408,'i',360,360),(1409,'i',251,251),(1410,'p',247,247),(1411,'i',359,359),(1412,'i',252,252),(1413,'p',248,248),(1414,'i',358,358),(1415,'i',253,253),(1416,'p',249,249),(1417,'i',357,357),(1418,'i',254,254),(1419,'p',250,250),(1420,'i',356,356),(1421,'i',255,255),(1422,'p',251,251),(1423,'i',352,352),(1424,'i',256,256),(1425,'p',252,252),(1426,'i',350,350),(1427,'i',257,257),(1428,'p',253,253),(1429,'i',349,349),(1430,'i',258,258),(1431,'p',254,254),(1432,'i',346,346),(1433,'i',259,259),(1434,'p',255,255),(1435,'i',345,345),(1436,'i',260,260),(1437,'p',256,256),(1438,'i',343,343),(1439,'i',261,261),(1440,'p',257,257),(1441,'i',342,342),(1442,'i',262,262),(1443,'p',258,258),(1444,'i',339,339),(1445,'i',340,340),(1446,'i',341,341),(1447,'i',263,263),(1448,'p',259,259),(1449,'i',336,336),(1450,'i',337,337),(1451,'i',338,338),(1452,'i',264,264),(1453,'p',260,260),(1454,'i',334,334),(1455,'i',335,335),(1456,'i',265,265),(1457,'p',261,261),(1458,'i',266,266),(1459,'p',262,262),(1460,'i',332,332),(1461,'i',267,267),(1462,'p',263,263),(1463,'i',331,331),(1464,'i',268,268),(1465,'p',264,264),(1466,'i',330,330),(1467,'i',269,269),(1468,'p',265,265),(1469,'i',329,329),(1470,'i',270,270),(1471,'p',266,266),(1472,'i',327,327),(1473,'i',328,328),(1474,'i',271,271),(1475,'p',267,267),(1476,'i',326,326),(1477,'i',272,272),(1478,'p',268,268),(1479,'i',325,325),(1480,'i',828,828),(1481,'p',269,269),(1482,'i',827,827),(1483,'p',270,270),(1484,'i',323,323),(1485,'i',324,324),(1486,'i',275,275),(1487,'p',271,271),(1488,'tag',1612,1612),(1489,'tag',2505,2505),(1490,'tag',2506,2506),(1491,'tag',2507,2507),(1492,'tag',3139,3139),(1493,'tag',3140,3140),(1494,'tag',3147,3147),(1495,'tag',1326,1326),(1496,'tag',1884,1884),(1497,'tag',2480,2480),(1498,'tag',1146,1146),(1499,'tag',3549,3549),(1500,'tag',3145,3145),(1501,'tag',1028,1028),(1502,'tag',1902,1902),(1503,'tag',3141,3141),(1504,'tag',2466,2466),(1505,'tag',3551,3551),(1506,'tag',2464,2464),(1507,'tag',1611,1611),(1508,'tag',3175,3175),(1509,'tag',3138,3138),(1510,'tag',3092,3092),(1511,'tag',3137,3137),(1512,'tag',3560,3560),(1513,'tag',3561,3561),(1514,'tag',3546,3546),(1515,'tag',3547,3547),(1516,'tag',3555,3555),(1517,'tag',3556,3556),(1518,'tag',3557,3557),(1519,'tag',2419,2419),(1520,'tag',2372,2372),(1521,'tag',2370,2370),(1522,'tag',3149,3149),(1523,'tag',2375,2375),(1524,'tag',3506,3506),(1525,'tag',3133,3133),(1526,'tag',3134,3134),(1527,'tag',3135,3135),(1528,'tag',2366,2366),(1529,'tag',2352,2352),(1530,'tag',1238,1238),(1531,'tag',1240,1240),(1532,'tag',3288,3288),(1533,'tag',1253,1253),(1534,'tag',2359,2359),(1535,'tag',2501,2501),(1536,'tag',2358,2358),(1537,'tag',3120,3120),(1538,'tag',3121,3121),(1539,'tag',3122,3122),(1540,'tag',2583,2583),(1541,'tag',2369,2369),(1542,'tag',2587,2587),(1543,'tag',1291,1291),(1544,'tag',3106,3106),(1545,'tag',3107,3107),(1546,'tag',3108,3108),(1547,'tag',3548,3548),(1548,'i',322,322),(1549,'i',276,276),(1550,'p',272,272),(1551,'i',321,321),(1552,'i',277,277),(1553,'p',273,273),(1554,'i',319,319),(1555,'i',320,320),(1556,'i',278,278),(1557,'p',274,274),(1558,'i',318,318),(1559,'i',279,279),(1560,'p',275,275),(1561,'i',280,280),(1562,'p',276,276),(1563,'i',316,316),(1564,'i',317,317),(1565,'i',281,281),(1566,'p',277,277),(1567,'i',314,314),(1568,'i',315,315),(1569,'i',282,282),(1570,'p',278,278),(1571,'i',313,313),(1572,'i',283,283),(1573,'p',279,279),(1574,'i',311,311),(1575,'i',312,312),(1576,'i',284,284),(1577,'p',280,280),(1578,'i',310,310),(1579,'i',285,285),(1580,'p',281,281),(1581,'i',309,309),(1582,'i',286,286),(1583,'p',282,282),(1584,'i',308,308),(1585,'i',287,287),(1586,'p',283,283),(1587,'i',307,307),(1588,'i',288,288),(1589,'p',284,284),(1590,'i',306,306),(1591,'i',289,289),(1592,'p',285,285),(1593,'i',305,305),(1594,'i',826,826),(1595,'p',286,286),(1596,'i',304,304),(1597,'i',291,291),(1598,'p',287,287),(1599,'i',303,303),(1600,'i',292,292),(1601,'p',288,288),(1602,'i',302,302),(1603,'i',293,293),(1604,'p',289,289),(1605,'i',301,301),(1606,'i',294,294),(1607,'p',290,290),(1608,'i',300,300),(1609,'i',295,295),(1610,'p',291,291),(1611,'i',458,458),(1612,'i',459,459),(1613,'i',296,296),(1614,'p',292,292),(1615,'i',460,460),(1616,'i',461,461),(1617,'i',297,297),(1618,'p',293,293),(1619,'i',484,484),(1620,'i',485,485),(1621,'i',483,483),(1622,'p',295,295),(1623,'i',487,487),(1624,'i',486,486),(1625,'p',296,296),(1626,'i',488,488),(1627,'i',489,489),(1628,'i',490,490),(1629,'p',297,297),(1630,'i',492,492),(1631,'i',493,493),(1632,'i',491,491),(1633,'p',298,298),(1634,'i',494,494),(1635,'i',495,495),(1636,'p',299,299),(1637,'i',497,497),(1638,'i',498,498),(1639,'i',496,496),(1640,'p',300,300),(1641,'i',503,503),(1642,'i',505,505),(1643,'i',506,506),(1644,'i',507,507),(1645,'i',504,504),(1646,'p',302,302),(1647,'i',510,510),(1648,'p',303,303),(1649,'i',513,513),(1650,'i',514,514),(1651,'i',512,512),(1652,'p',304,304),(1653,'i',519,519),(1654,'i',518,518),(1655,'p',305,305),(1656,'i',524,524),(1657,'p',307,307),(1658,'i',527,527),(1659,'i',526,526),(1660,'p',308,308),(1661,'i',530,530),(1662,'i',531,531),(1663,'i',532,532),(1664,'p',309,309),(1665,'i',984,984),(1666,'i',985,985),(1667,'i',983,983),(1668,'p',311,311),(1669,'i',546,546),(1670,'p',312,312),(1671,'i',548,548),(1672,'i',549,549),(1673,'i',550,550),(1674,'i',547,547),(1675,'p',313,313),(1676,'i',552,552),(1677,'i',553,553),(1678,'i',554,554),(1679,'i',551,551),(1680,'p',314,314),(1681,'i',558,558),(1682,'i',559,559),(1683,'i',557,557),(1684,'p',315,315),(1685,'i',563,563),(1686,'i',564,564),(1687,'i',565,565),(1688,'i',562,562),(1689,'p',316,316),(1690,'i',570,570),(1691,'i',571,571),(1692,'i',830,830),(1693,'p',317,317),(1694,'i',581,581),(1695,'i',582,582),(1696,'i',580,580),(1697,'p',318,318),(1698,'i',577,577),(1699,'i',578,578),(1700,'i',579,579),(1701,'i',576,576),(1702,'p',319,319),(1703,'i',589,589),(1704,'i',590,590),(1705,'i',583,583),(1706,'p',320,320),(1707,'i',587,587),(1708,'i',588,588),(1709,'i',586,586),(1710,'p',321,321),(1711,'i',595,595),(1712,'i',594,594),(1713,'p',322,322),(1714,'i',597,597),(1715,'p',323,323),(1716,'i',599,599),(1717,'i',600,600),(1718,'i',601,601),(1719,'i',602,602),(1720,'i',598,598),(1721,'p',324,324),(1722,'i',606,606),(1723,'i',608,608),(1724,'i',609,609),(1725,'i',607,607),(1726,'p',325,325),(1727,'tag',3109,3109),(1728,'tag',3110,3110),(1729,'tag',3195,3195),(1730,'tag',3196,3196),(1731,'tag',2539,2539),(1732,'tag',2540,2540),(1733,'tag',2541,2541),(1734,'tag',2542,2542),(1735,'tag',2543,2543),(1736,'tag',2544,2544),(1737,'tag',3416,3416),(1738,'tag',3417,3417),(1739,'tag',2572,2572),(1740,'tag',2573,2573),(1741,'tag',1380,1380),(1742,'tag',2786,2786),(1743,'tag',3151,3151),(1744,'tag',3152,3152),(1745,'tag',2789,2789),(1746,'tag',2790,2790),(1747,'tag',3418,3418),(1748,'tag',3419,3419),(1749,'tag',1420,1420),(1750,'tag',2423,2423),(1751,'tag',2424,2424),(1752,'tag',2425,2425),(1753,'tag',2521,2521),(1754,'tag',2523,2523),(1755,'tag',3166,3166),(1756,'tag',2524,2524),(1757,'tag',3589,3589),(1758,'tag',2560,2560),(1759,'tag',2561,2561),(1760,'tag',3267,3267),(1761,'tag',1958,1958),(1762,'tag',1959,1959),(1763,'tag',1960,1960),(1764,'tag',1961,1961),(1765,'tag',1962,1962),(1766,'tag',1972,1972),(1767,'tag',1973,1973),(1768,'tag',1974,1974),(1769,'tag',1983,1983),(1770,'tag',1984,1984),(1771,'tag',1999,1999),(1772,'tag',2001,2001),(1773,'tag',2002,2002),(1774,'tag',2610,2610),(1775,'tag',2600,2600),(1776,'tag',2601,2601),(1777,'tag',2602,2602),(1778,'tag',2599,2599),(1779,'tag',2607,2607),(1780,'tag',2608,2608),(1781,'tag',2609,2609),(1782,'tag',2117,2117),(1783,'tag',2597,2597),(1784,'tag',2594,2594),(1785,'tag',2595,2595),(1786,'tag',2596,2596),(1787,'tag',2591,2591),(1788,'tag',2592,2592),(1789,'tag',2593,2593),(1790,'tag',2605,2605),(1791,'tag',2276,2276),(1792,'tag',2277,2277),(1793,'tag',2590,2590),(1794,'tag',2606,2606),(1795,'tag',2285,2285),(1796,'tag',2286,2286),(1797,'tag',2287,2287),(1798,'tag',2611,2611),(1799,'tag',2300,2300),(1800,'tag',2301,2301),(1801,'tag',2612,2612),(1802,'tag',2613,2613),(1803,'tag',2598,2598),(1804,'tag',2614,2614),(1805,'tag',2615,2615),(1806,'tag',2603,2603),(1807,'tag',2604,2604),(1808,'tag',3203,3203),(1809,'tag',3204,3204),(1810,'i',617,617),(1811,'i',618,618),(1812,'i',616,616),(1813,'p',326,326),(1814,'i',625,625),(1815,'i',627,627),(1816,'i',629,629),(1817,'i',630,630),(1818,'i',631,631),(1819,'i',825,825),(1820,'p',327,327),(1821,'i',621,621),(1822,'p',328,328),(1823,'i',628,628),(1824,'i',626,626),(1825,'p',329,329),(1826,'i',633,633),(1827,'i',632,632),(1828,'p',330,330),(1829,'i',639,639),(1830,'p',331,331),(1831,'i',641,641),(1832,'i',642,642),(1833,'i',640,640),(1834,'p',333,333),(1835,'i',644,644),(1836,'i',643,643),(1837,'p',334,334),(1838,'i',652,652),(1839,'p',336,336),(1840,'i',656,656),(1841,'p',337,337),(1842,'i',660,660),(1843,'i',661,661),(1844,'i',659,659),(1845,'p',338,338),(1846,'i',663,663),(1847,'i',664,664),(1848,'i',662,662),(1849,'p',339,339),(1850,'i',665,665),(1851,'p',340,340),(1852,'i',666,666),(1853,'p',341,341),(1854,'i',670,670),(1855,'i',671,671),(1856,'i',669,669),(1857,'p',342,342),(1858,'i',674,674),(1859,'i',829,829),(1860,'p',344,344),(1861,'i',675,675),(1862,'p',345,345),(1863,'i',680,680),(1864,'i',681,681),(1865,'i',682,682),(1866,'i',683,683),(1867,'p',346,346),(1868,'i',690,690),(1869,'i',691,691),(1870,'i',688,688),(1871,'p',347,347),(1872,'i',696,696),(1873,'i',697,697),(1874,'i',699,699),(1875,'i',695,695),(1876,'p',348,348),(1877,'i',705,705),(1878,'i',704,704),(1879,'p',349,349),(1880,'i',708,708),(1881,'i',709,709),(1882,'i',710,710),(1883,'i',712,712),(1884,'i',711,711),(1885,'p',350,350),(1886,'i',718,718),(1887,'p',351,351),(1888,'i',719,719),(1889,'i',720,720),(1890,'i',722,722),(1891,'i',723,723),(1892,'i',721,721),(1893,'p',352,352),(1894,'i',725,725),(1895,'i',727,727),(1896,'i',726,726),(1897,'p',353,353),(1898,'i',732,732),(1899,'i',731,731),(1900,'p',354,354),(1901,'i',736,736),(1902,'i',737,737),(1903,'i',738,738),(1904,'i',739,739),(1905,'i',740,740),(1906,'i',735,735),(1907,'p',355,355),(1908,'i',747,747),(1909,'i',748,748),(1910,'i',749,749),(1911,'i',750,750),(1912,'p',356,356),(1913,'i',756,756),(1914,'i',757,757),(1915,'i',755,755),(1916,'p',357,357),(1917,'i',762,762),(1918,'i',763,763),(1919,'i',761,761),(1920,'p',358,358),(1921,'i',769,769),(1922,'i',768,768),(1923,'p',359,359),(1924,'i',773,773),(1925,'i',772,772),(1926,'p',360,360),(1927,'i',780,780),(1928,'i',781,781),(1929,'i',782,782),(1930,'i',779,779),(1931,'p',361,361),(1932,'i',787,787),(1933,'p',362,362),(1934,'i',790,790),(1935,'i',789,789),(1936,'p',363,363),(1937,'i',798,798),(1938,'i',799,799),(1939,'i',800,800),(1940,'p',364,364),(1941,'i',805,805),(1942,'i',806,806),(1943,'i',804,804),(1944,'p',365,365),(1945,'i',811,811),(1946,'i',812,812),(1947,'i',813,813),(1948,'i',814,814),(1949,'p',366,366),(1950,'i',819,819),(1951,'i',820,820),(1952,'i',818,818),(1953,'p',367,367),(1954,'i',824,824),(1955,'p',368,368),(1956,'i',832,832),(1957,'i',833,833),(1958,'i',834,834),(1959,'i',831,831),(1960,'p',369,369),(1961,'i',836,836),(1962,'i',837,837),(1963,'i',838,838),(1964,'i',835,835),(1965,'p',370,370),(1966,'i',839,839),(1967,'i',840,840),(1968,'p',371,371),(1969,'i',841,841),(1970,'i',843,843),(1971,'i',842,842),(1972,'p',372,372),(1973,'i',845,845),(1974,'i',844,844),(1975,'p',373,373),(1976,'i',847,847),(1977,'i',848,848),(1978,'i',846,846),(1979,'p',375,375),(1980,'i',849,849),(1981,'p',376,376),(1982,'i',851,851),(1983,'i',850,850),(1984,'p',377,377),(1985,'i',852,852),(1986,'p',378,378),(1987,'i',864,864),(1988,'i',882,882),(1989,'p',380,380),(1990,'tag',3186,3186),(1991,'tag',3187,3187),(1992,'tag',2639,2639),(1993,'tag',2620,2620),(1994,'tag',3185,3185),(1995,'tag',2667,2667),(1996,'tag',3156,3156),(1997,'tag',2653,2653),(1998,'tag',3317,3317),(1999,'tag',2675,2675),(2000,'tag',3095,3095),(2001,'tag',3591,3591),(2002,'tag',3592,3592),(2003,'tag',3124,3124),(2004,'tag',3502,3502),(2005,'tag',3538,3538),(2006,'tag',3539,3539),(2007,'tag',3540,3540),(2008,'tag',3541,3541),(2009,'i',881,881),(2010,'i',865,865),(2011,'p',381,381),(2012,'i',867,867),(2013,'i',868,868),(2014,'i',869,869),(2015,'i',866,866),(2016,'p',382,382),(2017,'i',861,861),(2018,'i',862,862),(2019,'i',863,863),(2020,'i',860,860),(2021,'p',383,383),(2022,'i',875,875),(2023,'i',876,876),(2024,'i',874,874),(2025,'p',384,384),(2026,'i',893,893),(2027,'i',894,894),(2028,'i',895,895),(2029,'i',896,896),(2030,'i',892,892),(2031,'p',385,385),(2032,'i',902,902),(2033,'i',901,901),(2034,'p',386,386),(2035,'i',900,900),(2036,'p',387,387),(2037,'i',898,898),(2038,'i',899,899),(2039,'i',897,897),(2040,'p',388,388),(2041,'i',908,908),(2042,'i',909,909),(2043,'i',910,910),(2044,'i',905,905),(2045,'p',389,389),(2046,'i',912,912),(2047,'p',390,390),(2048,'i',915,915),(2049,'i',916,916),(2050,'i',914,914),(2051,'p',391,391),(2052,'i',913,913),(2053,'p',392,392),(2054,'i',923,923),(2055,'i',922,922),(2056,'p',393,393),(2057,'i',927,927),(2058,'i',926,926),(2059,'p',394,394),(2060,'i',930,930),(2061,'i',931,931),(2062,'i',929,929),(2063,'p',395,395),(2064,'i',933,933),(2065,'i',934,934),(2066,'i',932,932),(2067,'p',396,396),(2068,'i',937,937),(2069,'i',938,938),(2070,'i',936,936),(2071,'p',397,397),(2072,'i',945,945),(2073,'i',946,946),(2074,'i',944,944),(2075,'p',398,398),(2076,'i',948,948),(2077,'i',949,949),(2078,'i',950,950),(2079,'i',947,947),(2080,'p',399,399),(2081,'i',958,958),(2082,'i',957,957),(2083,'p',400,400),(2084,'i',964,964),(2085,'i',965,965),(2086,'i',966,966),(2087,'i',963,963),(2088,'p',401,401),(2089,'i',967,967),(2090,'p',402,402),(2091,'i',968,968),(2092,'i',969,969),(2093,'i',970,970),(2094,'p',403,403),(2095,'i',973,973),(2096,'p',404,404),(2097,'i',975,975),(2098,'p',405,405),(2099,'i',977,977),(2100,'p',406,406),(2101,'i',982,982),(2102,'i',981,981),(2103,'p',407,407),(2104,'i',988,988),(2105,'i',989,989),(2106,'i',990,990),(2107,'i',987,987),(2108,'p',408,408),(2109,'i',995,995),(2110,'i',996,996),(2111,'i',997,997),(2112,'i',994,994),(2113,'p',409,409),(2114,'i',998,998),(2115,'p',410,410),(2116,'i',1001,1001),(2117,'p',411,411),(2118,'i',1005,1005),(2119,'p',412,412),(2120,'i',1009,1009),(2121,'i',1010,1010),(2122,'i',1008,1008),(2123,'p',413,413),(2124,'i',1014,1014),(2125,'i',1013,1013),(2126,'p',414,414),(2127,'i',1017,1017),(2128,'p',415,415),(2129,'i',1018,1018),(2130,'p',416,416),(2131,'i',1021,1021),(2132,'i',1022,1022),(2133,'i',1020,1020),(2134,'p',417,417),(2135,'i',1027,1027),(2136,'i',1029,1029),(2137,'i',1030,1030),(2138,'i',1031,1031),(2139,'i',1028,1028),(2140,'p',418,418),(2141,'i',1034,1034),(2142,'p',419,419),(2143,'i',1038,1038),(2144,'i',1037,1037),(2145,'p',420,420),(2146,'i',1041,1041),(2147,'p',421,421),(2148,'i',1045,1045),(2149,'i',1046,1046),(2150,'i',1047,1047),(2151,'i',1044,1044),(2152,'p',422,422),(2153,'i',1049,1049),(2154,'i',1050,1050),(2155,'i',1051,1051),(2156,'i',1048,1048),(2157,'p',423,423),(2158,'i',1056,1056),(2159,'i',1057,1057),(2160,'i',1059,1059),(2161,'i',1058,1058),(2162,'p',424,424),(2163,'i',1066,1066),(2164,'i',1067,1067),(2165,'i',1068,1068),(2166,'i',1065,1065),(2167,'p',425,425),(2168,'i',1074,1074),(2169,'i',1075,1075),(2170,'i',1076,1076),(2171,'i',1073,1073),(2172,'p',426,426),(2173,'i',1079,1079),(2174,'i',1078,1078),(2175,'p',427,427),(2176,'i',1083,1083),(2177,'i',1082,1082),(2178,'p',428,428),(2179,'i',1128,1128),(2180,'p',429,429),(2181,'i',1133,1133),(2182,'p',430,430),(2183,'tag',3600,3600),(2184,'i',1090,1090),(2185,'p',431,431),(2186,'i',1091,1091),(2187,'p',432,432),(2188,'i',1092,1092),(2189,'p',433,433),(2190,'i',1127,1127),(2191,'p',434,434),(2192,'i',1096,1096),(2193,'i',1095,1095),(2194,'p',435,435),(2195,'i',1105,1105),(2196,'i',1106,1106),(2197,'i',1104,1104),(2198,'p',436,436),(2199,'i',1109,1109),(2200,'i',1111,1111),(2201,'i',1108,1108),(2202,'p',437,437),(2203,'i',1114,1114),(2204,'p',438,438),(2205,'i',1118,1118),(2206,'i',1119,1119),(2207,'i',1117,1117),(2208,'p',439,439),(2209,'i',1121,1121),(2210,'p',440,440),(2211,'i',1122,1122),(2212,'p',441,441),(2213,'i',1123,1123),(2214,'p',442,442),(2215,'i',1130,1130),(2216,'p',443,443),(2217,'i',1124,1124),(2218,'p',444,444),(2219,'i',1134,1134),(2220,'p',445,445),(2221,'i',1120,1120),(2222,'p',446,446),(2223,'i',1116,1116),(2224,'p',447,447),(2225,'i',1115,1115),(2226,'p',448,448),(2227,'i',1113,1113),(2228,'p',449,449),(2229,'i',1112,1112),(2230,'p',450,450),(2231,'i',1110,1110),(2232,'p',451,451),(2233,'i',1129,1129),(2234,'p',452,452),(2235,'i',1102,1102),(2236,'p',453,453),(2237,'i',1132,1132),(2238,'p',454,454),(2239,'i',1131,1131),(2240,'p',455,455),(2241,'i',1136,1136),(2242,'i',1135,1135),(2243,'p',456,456),(2244,'i',1138,1138),(2245,'i',1139,1139),(2246,'i',1140,1140),(2247,'p',457,457),(2248,'i',1141,1141),(2249,'p',458,458),(2250,'i',1144,1144),(2251,'p',459,459),(2252,'i',1146,1146),(2253,'i',1147,1147),(2254,'i',1145,1145),(2255,'p',460,460),(2256,'i',1148,1148),(2257,'p',461,461),(2258,'i',1151,1151),(2259,'i',1152,1152),(2260,'p',462,462),(2261,'i',1154,1154),(2262,'i',1153,1153),(2263,'p',463,463),(2264,'i',1156,1156),(2265,'i',1157,1157),(2266,'i',1158,1158),(2267,'p',464,464),(2268,'i',1160,1160),(2269,'i',1161,1161),(2270,'i',1159,1159),(2271,'p',465,465),(2272,'i',1162,1162),(2273,'p',466,466),(2274,'p',467,467),(2275,'i',1164,1164),(2276,'i',1163,1163),(2277,'p',468,468),(2278,'i',1166,1166),(2279,'i',1165,1165),(2280,'p',469,469),(2281,'i',1167,1167),(2282,'p',470,470),(2283,'i',1168,1168),(2284,'p',471,471),(2285,'i',1172,1172),(2286,'i',1173,1173),(2287,'i',1171,1171),(2288,'p',472,472),(2289,'i',1175,1175),(2290,'i',1176,1176),(2291,'i',1174,1174),(2292,'p',473,473),(2293,'i',1177,1177),(2294,'i',1179,1179),(2295,'i',1178,1178),(2296,'p',474,474),(2297,'i',1181,1181),(2298,'p',475,475),(2299,'i',1183,1183),(2300,'i',1182,1182),(2301,'p',476,476),(2302,'i',1185,1185),(2303,'i',1186,1186),(2304,'i',1184,1184),(2305,'p',477,477),(2306,'i',1188,1188),(2307,'i',1189,1189),(2308,'i',1187,1187),(2309,'p',478,478),(2310,'i',1191,1191),(2311,'i',1192,1192),(2312,'i',1190,1190),(2313,'p',479,479),(2314,'i',1194,1194),(2315,'i',1193,1193),(2316,'p',480,480),(2317,'i',1196,1196),(2318,'i',1197,1197),(2319,'i',1195,1195),(2320,'p',481,481),(2321,'p',482,482),(2322,'p',483,483),(2323,'i',1209,1209),(2324,'i',1210,1210),(2325,'i',1208,1208),(2326,'p',484,484),(2327,'i',1207,1207),(2328,'i',1206,1206),(2329,'p',485,485),(2330,'i',1202,1202),(2331,'i',1203,1203),(2332,'i',1204,1204),(2333,'i',1205,1205),(2334,'i',1201,1201),(2335,'p',486,486),(2336,'i',1199,1199),(2337,'i',1200,1200),(2338,'i',1198,1198),(2339,'p',487,487),(2340,'i',1214,1214),(2341,'i',1215,1215),(2342,'i',1213,1213),(2343,'p',488,488),(2344,'i',1212,1212),(2345,'i',1211,1211),(2346,'p',489,489),(2347,'cus',4,4),(2348,'adr',8,8),(2349,'adr',11,11),(2350,'cus',5,5),(2351,'adr',12,12),(2352,'cus',6,6),(2353,'adr',13,13),(2354,'car',135,135),(2355,'car',136,136),(2356,'car',137,137),(2357,'car',138,138),(2358,'car',139,139),(2359,'car',140,140),(2360,'car',141,141),(2361,'car',142,142),(2362,'car',144,144),(2363,'car',145,145),(2364,'car',146,146),(2365,'car',147,147),(2366,'car',148,148),(2367,'car',149,149),(2368,'car',150,150),(2369,'car',151,151),(2370,'car',152,152),(2371,'car',153,153),(2372,'car',154,154),(2373,'car',155,155),(2374,'car',156,156),(2375,'car',157,157),(2376,'car',158,158),(2377,'car',159,159),(2378,'car',160,160),(2379,'car',161,161),(2380,'car',162,162),(2381,'car',163,163),(2382,'car',164,164),(2383,'car',165,165),(2384,'car',166,166),(2385,'car',167,167),(2386,'car',168,168),(2387,'car',169,169),(2388,'car',170,170),(2389,'car',171,171),(2390,'car',172,172),(2391,'car',173,173),(2392,'car',174,174),(2393,'car',175,175),(2394,'car',176,176),(2395,'car',177,177),(2396,'car',178,178),(2397,'car',179,179),(2398,'car',180,180),(2399,'car',181,181),(2400,'car',182,182),(2401,'car',183,183),(2402,'car',184,184),(2403,'car',185,185),(2404,'car',186,186),(2405,'car',187,187),(2406,'car',188,188),(2407,'car',189,189),(2408,'car',190,190),(2409,'car',191,191),(2410,'car',199,199),(2411,'car',200,200),(2412,'car',201,201),(2413,'car',202,202),(2414,'car',218,218),(2415,'car',219,219),(2416,'car',220,220),(2417,'car',221,221),(2418,'car',222,222),(2419,'car',223,223),(2420,'car',224,224),(2421,'car',225,225),(2422,'car',226,226),(2423,'car',227,227),(2424,'car',228,228),(2425,'car',229,229),(2426,'car',230,230),(2427,'car',231,231),(2428,'car',232,232),(2429,'car',233,233),(2430,'car',234,234),(2431,'car',235,235),(2432,'car',236,236),(2433,'car',237,237),(2434,'car',238,238),(2435,'car',239,239),(2436,'car',240,240),(2437,'car',241,241),(2438,'car',242,242),(2439,'car',243,243),(2440,'car',244,244),(2441,'car',245,245),(2442,'car',246,246),(2443,'car',247,247),(2444,'car',248,248),(2445,'car',249,249),(2446,'car',250,250),(2447,'car',251,251),(2448,'car',252,252),(2449,'car',253,253),(2450,'car',254,254),(2451,'car',255,255),(2452,'car',256,256),(2453,'car',257,257),(2454,'car',258,258),(2455,'car',259,259),(2456,'car',260,260),(2457,'car',261,261),(2458,'car',262,262),(2459,'car',263,263),(2460,'car',264,264),(2461,'car',265,265),(2462,'car',266,266),(2463,'car',267,267),(2464,'car',268,268),(2465,'car',269,269),(2466,'car',270,270),(2467,'car',271,271),(2468,'car',272,272),(2469,'car',273,273),(2470,'car',274,274),(2471,'car',275,275),(2472,'car',276,276),(2473,'car',277,277),(2474,'car',278,278),(2475,'car',279,279),(2476,'car',280,280),(2477,'car',281,281),(2478,'car',282,282),(2479,'car',283,283),(2480,'car',284,284),(2481,'car',285,285),(2482,'car',286,286),(2483,'car',287,287),(2484,'car',288,288),(2485,'car',289,289),(2486,'car',290,290),(2487,'car',291,291),(2488,'car',292,292),(2489,'car',293,293),(2490,'car',294,294),(2491,'car',295,295),(2492,'car',296,296),(2493,'car',297,297),(2494,'car',298,298),(2495,'car',299,299),(2496,'car',300,300),(2497,'car',301,301),(2498,'car',302,302),(2499,'car',303,303),(2500,'car',304,304),(2501,'car',305,305),(2502,'car',306,306),(2503,'car',307,307),(2504,'car',308,308),(2505,'car',309,309),(2506,'car',310,310),(2507,'car',311,311),(2508,'car',312,312),(2509,'car',313,313),(2510,'car',314,314),(2511,'car',315,315),(2512,'car',316,316),(2513,'car',317,317),(2514,'car',318,318),(2515,'car',319,319),(2516,'car',320,320),(2517,'car',321,321),(2518,'car',322,322),(2519,'car',323,323),(2520,'car',324,324),(2521,'car',325,325),(2522,'car',326,326),(2523,'car',327,327),(2524,'car',328,328),(2525,'car',329,329),(2526,'car',330,330),(2527,'car',331,331),(2528,'car',332,332),(2529,'car',333,333),(2530,'car',334,334),(2531,'car',335,335),(2532,'car',336,336),(2533,'car',337,337),(2534,'car',338,338),(2535,'car',339,339),(2536,'car',340,340),(2537,'car',341,341),(2538,'car',342,342),(2539,'car',343,343),(2540,'car',344,344),(2541,'car',345,345),(2542,'car',346,346),(2543,'car',347,347),(2544,'car',348,348),(2545,'car',349,349),(2546,'car',350,350),(2547,'car',351,351),(2548,'car',352,352),(2549,'car',353,353),(2550,'car',354,354),(2551,'car',355,355),(2552,'car',356,356),(2553,'car',357,357),(2554,'car',358,358),(2555,'car',359,359),(2556,'car',360,360),(2557,'car',361,361),(2558,'car',362,362),(2559,'car',363,363),(2560,'car',364,364),(2561,'car',365,365),(2562,'car',366,366),(2563,'car',367,367),(2564,'car',368,368),(2565,'car',369,369),(2566,'car',370,370),(2567,'car',371,371),(2568,'car',372,372),(2569,'car',373,373),(2570,'car',374,374),(2571,'car',375,375),(2572,'car',376,376),(2573,'car',377,377),(2574,'car',378,378),(2575,'car',379,379),(2576,'car',380,380),(2577,'car',381,381),(2578,'car',382,382),(2579,'car',383,383),(2580,'car',384,384),(2581,'car',385,385),(2582,'car',386,386),(2583,'car',387,387),(2584,'car',388,388),(2585,'car',389,389),(2586,'car',390,390),(2587,'car',391,391),(2588,'car',392,392),(2589,'car',393,393),(2590,'car',394,394),(2591,'car',395,395),(2592,'car',396,396),(2593,'car',397,397),(2594,'car',398,398),(2595,'car',399,399),(2596,'car',400,400),(2597,'car',401,401),(2598,'car',402,402),(2599,'car',403,403),(2600,'car',404,404),(2601,'car',405,405),(2602,'car',406,406),(2603,'car',407,407),(2604,'car',408,408),(2605,'car',409,409),(2606,'car',410,410),(2607,'car',411,411),(2608,'car',412,412),(2609,'car',413,413),(2610,'car',414,414),(2611,'car',415,415),(2612,'car',416,416),(2613,'car',417,417),(2614,'car',418,418),(2615,'car',419,419),(2616,'car',420,420),(2617,'car',421,421),(2618,'car',422,422),(2619,'car',423,423),(2620,'car',424,424),(2621,'car',425,425),(2622,'car',426,426),(2623,'car',427,427),(2624,'car',428,428),(2625,'car',429,429),(2626,'car',430,430),(2627,'car',431,431),(2628,'car',432,432),(2629,'car',433,433),(2630,'car',434,434),(2631,'car',435,435),(2632,'car',436,436),(2633,'car',437,437),(2634,'car',438,438),(2635,'car',439,439),(2636,'car',440,440),(2637,'car',441,441),(2638,'car',442,442),(2639,'car',443,443),(2640,'car',444,444),(2641,'car',445,445),(2642,'car',446,446),(2643,'car',447,447),(2644,'car',448,448),(2645,'car',449,449),(2646,'car',450,450),(2647,'car',451,451),(2648,'car',452,452),(2649,'car',453,453),(2650,'car',454,454),(2651,'car',455,455),(2652,'car',456,456),(2653,'car',457,457),(2654,'car',458,458),(2655,'car',459,459),(2656,'car',460,460),(2657,'car',461,461),(2658,'car',462,462),(2659,'car',463,463),(2660,'car',464,464),(2661,'car',465,465),(2662,'car',466,466),(2663,'car',467,467),(2664,'car',468,468),(2665,'car',469,469),(2666,'car',470,470),(2667,'car',471,471),(2668,'car',472,472),(2669,'car',473,473),(2670,'car',474,474),(2671,'car',475,475),(2672,'car',476,476),(2673,'car',477,477),(2674,'car',478,478),(2675,'car',479,479),(2676,'car',480,480),(2677,'car',481,481),(2678,'car',482,482),(2679,'car',483,483),(2680,'car',484,484),(2681,'car',485,485),(2682,'car',486,486),(2683,'car',487,487),(2684,'car',488,488),(2685,'car',489,489),(2686,'car',490,490),(2687,'car',491,491),(2688,'car',492,492),(2689,'car',493,493),(2690,'car',494,494),(2691,'car',495,495),(2692,'car',496,496),(2693,'car',497,497),(2694,'car',498,498),(2695,'car',499,499),(2696,'car',500,500),(2697,'car',501,501),(2698,'car',502,502),(2699,'car',503,503),(2700,'car',504,504),(2701,'car',505,505),(2702,'car',506,506),(2703,'car',507,507),(2704,'car',508,508),(2705,'car',509,509),(2706,'car',510,510),(2707,'car',511,511),(2708,'car',512,512),(2709,'car',513,513),(2710,'car',514,514),(2711,'car',515,515),(2712,'car',516,516),(2713,'car',517,517),(2714,'car',518,518),(2715,'car',519,519),(2716,'car',520,520),(2717,'car',521,521),(2718,'car',522,522),(2719,'car',523,523),(2720,'car',524,524),(2721,'car',525,525),(2722,'car',526,526),(2723,'car',527,527),(2724,'car',528,528),(2725,'car',529,529),(2726,'car',530,530),(2727,'car',531,531),(2728,'car',532,532),(2729,'car',533,533),(2730,'car',534,534),(2731,'car',535,535),(2732,'car',536,536),(2733,'car',537,537),(2734,'car',538,538),(2735,'car',539,539),(2736,'car',540,540),(2737,'car',541,541),(2738,'car',542,542),(2739,'car',543,543),(2740,'car',544,544),(2741,'car',545,545),(2742,'car',546,546),(2743,'car',547,547),(2744,'car',548,548),(2745,'car',549,549),(2746,'car',550,550),(2747,'car',551,551),(2748,'car',552,552),(2749,'car',553,553),(2750,'car',554,554),(2751,'car',555,555),(2752,'car',556,556),(2753,'car',557,557),(2754,'car',558,558),(2755,'car',559,559),(2756,'car',560,560),(2757,'car',561,561),(2758,'car',562,562),(2759,'car',563,563),(2760,'car',564,564),(2761,'car',565,565),(2762,'car',566,566),(2763,'car',567,567),(2764,'car',568,568),(2765,'car',569,569),(2766,'car',570,570),(2767,'car',571,571),(2768,'car',572,572),(2769,'car',573,573),(2770,'car',574,574),(2771,'car',575,575),(2772,'car',576,576),(2773,'car',577,577),(2774,'car',578,578),(2775,'car',579,579),(2776,'car',580,580),(2777,'car',581,581),(2778,'car',582,582),(2779,'car',583,583),(2780,'car',584,584),(2781,'car',585,585),(2782,'car',586,586),(2783,'car',587,587),(2784,'car',588,588),(2785,'car',589,589),(2786,'car',590,590),(2787,'car',591,591),(2788,'car',592,592),(2789,'car',593,593),(2790,'car',594,594),(2791,'car',595,595),(2792,'car',596,596),(2793,'car',597,597),(2794,'car',598,598),(2795,'car',599,599),(2796,'car',600,600),(2797,'car',601,601),(2798,'car',602,602),(2799,'car',603,603),(2800,'car',604,604),(2801,'car',605,605),(2802,'car',606,606),(2803,'car',607,607),(2804,'car',608,608),(2805,'car',609,609),(2806,'car',610,610),(2807,'car',611,611),(2808,'car',612,612),(2809,'car',613,613),(2810,'car',614,614),(2811,'car',615,615),(2812,'car',616,616),(2813,'car',617,617),(2814,'car',618,618),(2815,'car',619,619),(2816,'car',620,620),(2817,'car',621,621),(2818,'car',622,622),(2819,'car',623,623),(2820,'car',624,624),(2821,'car',625,625),(2822,'car',626,626),(2823,'car',627,627),(2824,'car',628,628),(2825,'car',629,629),(2826,'car',630,630),(2827,'car',631,631),(2828,'car',632,632),(2829,'car',633,633),(2830,'car',634,634),(2831,'car',635,635),(2832,'car',636,636),(2833,'car',637,637),(2834,'car',638,638),(2835,'car',639,639),(2836,'car',640,640),(2837,'car',641,641),(2838,'car',642,642),(2839,'car',643,643),(2840,'car',644,644),(2841,'car',645,645),(2842,'car',646,646),(2843,'car',647,647),(2844,'car',648,648),(2845,'car',649,649),(2846,'car',650,650),(2847,'car',651,651),(2848,'car',652,652),(2849,'car',653,653),(2850,'car',654,654),(2851,'car',655,655),(2852,'car',656,656),(2853,'car',657,657),(2854,'car',658,658),(2855,'car',659,659),(2856,'car',660,660),(2857,'car',661,661),(2858,'car',662,662),(2859,'car',663,663),(2860,'car',664,664),(2861,'car',665,665),(2862,'car',666,666),(2863,'car',667,667),(2864,'car',668,668),(2865,'car',669,669),(2866,'car',670,670),(2867,'car',671,671),(2868,'car',672,672),(2869,'car',673,673),(2870,'car',674,674),(2871,'car',675,675),(2872,'car',676,676),(2873,'car',677,677),(2874,'car',678,678),(2875,'car',679,679),(2876,'car',680,680),(2877,'car',681,681),(2878,'car',682,682),(2879,'car',683,683),(2880,'car',684,684),(2881,'car',685,685),(2882,'car',686,686),(2883,'car',687,687),(2884,'car',688,688),(2885,'car',689,689),(2886,'car',690,690),(2887,'car',691,691),(2888,'car',692,692),(2889,'car',693,693),(2890,'car',694,694),(2891,'car',695,695),(2892,'car',696,696),(2893,'car',697,697),(2894,'car',698,698),(2895,'car',699,699),(2896,'car',700,700),(2897,'car',701,701),(2898,'car',702,702),(2899,'car',703,703),(2900,'car',704,704),(2901,'car',705,705),(2902,'car',706,706),(2903,'car',707,707),(2904,'car',708,708),(2905,'car',709,709),(2906,'car',710,710),(2907,'car',711,711),(2908,'car',712,712),(2909,'car',713,713),(2910,'car',714,714),(2911,'car',715,715),(2912,'car',716,716),(2913,'car',717,717),(2914,'car',718,718),(2915,'car',719,719),(2916,'car',720,720),(2917,'car',721,721),(2918,'car',722,722),(2919,'car',723,723),(2920,'car',724,724),(2921,'car',725,725),(2922,'car',726,726),(2923,'car',727,727),(2924,'car',728,728),(2925,'car',729,729),(2926,'car',730,730),(2927,'car',731,731),(2928,'car',732,732),(2929,'car',733,733),(2930,'car',734,734),(2931,'car',735,735),(2932,'car',736,736),(2933,'car',737,737),(2934,'car',738,738),(2935,'car',739,739),(2936,'car',740,740),(2937,'car',741,741),(2938,'car',742,742),(2939,'car',743,743),(2940,'car',744,744),(2941,'car',745,745),(2942,'car',746,746),(2943,'car',747,747),(2944,'car',748,748),(2945,'car',749,749),(2946,'car',750,750),(2947,'car',751,751),(2948,'car',752,752),(2949,'car',753,753),(2950,'car',754,754),(2951,'car',755,755),(2952,'car',756,756),(2953,'car',757,757),(2954,'car',758,758),(2955,'car',759,759),(2956,'car',760,760),(2957,'car',761,761),(2958,'car',762,762),(2959,'car',763,763),(2960,'car',764,764),(2961,'car',765,765),(2962,'car',766,766),(2963,'car',767,767),(2964,'car',768,768),(2965,'car',769,769),(2966,'car',770,770),(2967,'car',771,771),(2968,'car',772,772),(2969,'car',773,773),(2970,'car',774,774),(2971,'car',775,775),(2972,'car',776,776),(2973,'car',777,777),(2974,'car',778,778),(2975,'car',779,779),(2976,'car',780,780),(2977,'car',781,781),(2978,'car',782,782),(2979,'car',783,783),(2980,'car',784,784),(2981,'car',785,785),(2982,'car',786,786),(2983,'car',787,787),(2984,'car',788,788),(2985,'car',789,789),(2986,'car',790,790),(2987,'car',791,791),(2988,'car',792,792),(2989,'car',793,793),(2990,'car',794,794),(2991,'car',795,795),(2992,'car',796,796),(2993,'car',797,797),(2994,'car',798,798),(2995,'car',799,799),(2996,'car',800,800),(2997,'car',801,801),(2998,'car',802,802),(2999,'car',803,803),(3000,'car',804,804),(3001,'car',805,805),(3002,'car',806,806),(3003,'car',807,807),(3004,'car',808,808),(3005,'car',809,809),(3006,'car',810,810),(3007,'car',811,811),(3008,'car',812,812),(3009,'car',813,813),(3010,'car',814,814),(3011,'car',815,815),(3012,'car',816,816),(3013,'car',817,817),(3014,'car',818,818),(3015,'car',819,819),(3016,'car',820,820),(3017,'car',821,821),(3018,'car',822,822),(3019,'car',823,823),(3020,'car',824,824),(3021,'car',825,825),(3022,'car',826,826),(3023,'car',827,827),(3024,'car',828,828),(3025,'car',829,829),(3026,'car',830,830),(3027,'car',831,831),(3028,'car',832,832),(3029,'car',833,833),(3030,'car',834,834),(3031,'car',835,835),(3032,'car',836,836),(3033,'car',837,837),(3034,'car',838,838),(3035,'car',839,839),(3036,'car',840,840),(3037,'car',841,841),(3038,'car',842,842),(3039,'car',843,843),(3040,'car',844,844),(3041,'car',845,845),(3042,'car',846,846),(3043,'car',847,847),(3044,'car',848,848),(3045,'car',849,849),(3046,'car',850,850),(3047,'car',851,851),(3048,'car',852,852),(3049,'car',853,853),(3050,'car',854,854),(3051,'car',855,855),(3052,'car',856,856),(3053,'car',857,857),(3054,'car',858,858),(3055,'car',859,859),(3056,'car',860,860),(3057,'car',861,861),(3058,'car',862,862),(3059,'car',863,863),(3060,'car',864,864),(3061,'car',865,865),(3062,'car',866,866),(3063,'car',867,867),(3064,'car',868,868),(3065,'car',869,869),(3066,'car',870,870),(3067,'car',871,871),(3068,'car',872,872),(3069,'car',873,873),(3070,'car',874,874),(3071,'car',875,875),(3072,'car',876,876),(3073,'car',877,877),(3074,'car',878,878),(3075,'car',879,879),(3076,'car',880,880),(3077,'car',881,881),(3078,'car',882,882),(3079,'car',883,883),(3080,'car',884,884),(3081,'car',885,885),(3082,'car',886,886),(3083,'car',887,887),(3084,'car',888,888),(3085,'car',889,889),(3086,'car',890,890),(3087,'car',891,891),(3088,'car',892,892),(3089,'car',893,893),(3090,'car',894,894),(3091,'car',895,895),(3092,'car',896,896),(3093,'car',897,897),(3094,'car',898,898),(3095,'car',899,899),(3096,'car',900,900),(3097,'car',901,901),(3098,'car',902,902),(3099,'car',903,903),(3100,'car',904,904),(3101,'car',905,905),(3102,'car',906,906),(3103,'car',907,907),(3104,'car',908,908),(3105,'car',909,909),(3106,'car',910,910),(3107,'car',911,911),(3108,'car',912,912),(3109,'car',913,913),(3110,'car',914,914),(3111,'car',915,915),(3112,'car',916,916),(3113,'car',917,917),(3114,'car',918,918),(3115,'car',919,919),(3116,'car',920,920),(3117,'car',921,921),(3118,'car',922,922),(3119,'car',923,923),(3120,'car',924,924),(3121,'car',925,925),(3122,'car',926,926),(3123,'car',927,927),(3124,'car',928,928),(3125,'car',929,929),(3126,'car',930,930),(3127,'car',931,931),(3128,'car',932,932),(3129,'car',933,933),(3130,'car',934,934),(3131,'car',935,935),(3132,'car',936,936),(3133,'car',937,937),(3134,'car',938,938),(3135,'car',939,939),(3136,'car',940,940),(3137,'car',941,941),(3138,'car',942,942),(3139,'car',943,943),(3140,'car',944,944),(3141,'car',945,945),(3142,'car',946,946),(3143,'car',947,947),(3144,'car',948,948),(3145,'car',949,949),(3146,'car',950,950),(3147,'car',951,951),(3148,'car',952,952),(3149,'car',953,953),(3150,'car',954,954),(3151,'car',955,955),(3152,'car',956,956),(3153,'car',957,957),(3154,'car',958,958),(3155,'car',959,959),(3156,'car',960,960),(3157,'car',961,961),(3158,'car',962,962),(3159,'car',963,963),(3160,'car',964,964),(3161,'car',965,965),(3162,'car',966,966),(3163,'car',967,967),(3164,'car',968,968),(3165,'car',969,969),(3166,'car',970,970),(3167,'car',971,971),(3168,'car',972,972),(3169,'car',973,973),(3170,'car',974,974),(3171,'car',975,975),(3172,'car',976,976),(3173,'car',977,977),(3174,'car',978,978),(3175,'car',979,979),(3176,'car',980,980),(3177,'car',981,981),(3178,'car',982,982),(3179,'car',983,983),(3180,'car',984,984),(3181,'car',985,985),(3182,'car',986,986),(3183,'car',987,987),(3184,'car',988,988),(3185,'car',989,989),(3186,'car',990,990),(3187,'car',991,991),(3188,'car',992,992),(3189,'car',993,993),(3190,'car',994,994),(3191,'car',995,995),(3192,'car',996,996),(3193,'car',997,997),(3194,'car',998,998),(3195,'car',999,999),(3196,'car',1000,1000),(3197,'car',1001,1001),(3198,'car',1002,1002),(3199,'car',1003,1003),(3200,'car',1004,1004),(3201,'car',1005,1005),(3202,'car',1006,1006),(3203,'car',1007,1007),(3204,'car',1008,1008),(3205,'car',1009,1009),(3206,'car',1010,1010),(3207,'car',1011,1011),(3208,'car',1012,1012),(3209,'car',1013,1013),(3210,'car',1014,1014),(3211,'car',1015,1015),(3212,'car',1016,1016),(3213,'car',1017,1017),(3214,'car',1018,1018),(3215,'car',1019,1019),(3216,'car',1020,1020),(3217,'car',1021,1021),(3218,'car',1022,1022),(3219,'car',1023,1023),(3220,'car',1024,1024),(3221,'car',1025,1025),(3222,'car',1026,1026),(3223,'car',1027,1027),(3224,'car',1028,1028),(3225,'car',1029,1029),(3226,'car',1030,1030),(3227,'car',1031,1031),(3228,'car',1032,1032),(3229,'car',1033,1033),(3230,'car',1034,1034),(3231,'car',1035,1035),(3232,'car',1036,1036),(3233,'car',1037,1037),(3234,'car',1038,1038),(3235,'car',1039,1039),(3236,'car',1040,1040),(3237,'car',1041,1041),(3238,'car',1042,1042),(3239,'car',1043,1043),(3240,'car',1044,1044),(3241,'car',1045,1045),(3242,'car',1046,1046),(3243,'car',1047,1047),(3244,'car',1048,1048),(3245,'car',1049,1049),(3246,'car',1050,1050),(3247,'car',1051,1051),(3248,'car',1052,1052),(3249,'car',1053,1053),(3250,'car',1054,1054),(3251,'car',1055,1055),(3252,'car',1056,1056),(3253,'car',1057,1057),(3254,'car',1058,1058),(3255,'car',1059,1059),(3256,'car',1060,1060),(3257,'car',1061,1061),(3258,'car',1062,1062),(3259,'car',1063,1063),(3260,'car',1064,1064),(3261,'car',1065,1065),(3262,'car',1066,1066),(3263,'car',1067,1067),(3264,'car',1068,1068),(3265,'car',1069,1069),(3266,'car',1070,1070),(3267,'car',1071,1071),(3268,'car',1072,1072),(3269,'car',1073,1073),(3270,'car',1074,1074),(3271,'car',1075,1075),(3272,'car',1076,1076),(3273,'car',1077,1077),(3274,'car',1078,1078),(3275,'car',1079,1079),(3276,'car',1080,1080),(3277,'car',1081,1081),(3278,'car',1082,1082),(3279,'car',1083,1083),(3280,'car',1084,1084),(3281,'car',1085,1085),(3282,'car',1086,1086),(3283,'car',1087,1087),(3284,'car',1088,1088),(3285,'car',1089,1089),(3286,'car',1090,1090),(3287,'car',1091,1091),(3288,'car',1092,1092),(3289,'car',1093,1093),(3290,'car',1094,1094),(3291,'car',1095,1095),(3292,'car',1096,1096),(3293,'car',1097,1097),(3294,'car',1098,1098),(3295,'car',1099,1099),(3296,'car',1100,1100),(3297,'car',1101,1101),(3298,'car',1102,1102),(3299,'car',1103,1103),(3300,'car',1104,1104),(3301,'car',1105,1105),(3302,'car',1106,1106),(3303,'car',1107,1107),(3304,'car',1108,1108),(3305,'car',1109,1109),(3306,'car',1110,1110),(3307,'car',1111,1111),(3308,'car',1112,1112),(3309,'car',1113,1113),(3310,'car',1114,1114),(3311,'car',1115,1115),(3312,'car',1116,1116),(3313,'car',1117,1117),(3314,'car',1118,1118),(3315,'car',1119,1119),(3316,'car',1120,1120),(3317,'car',1121,1121),(3318,'car',1122,1122),(3319,'car',1123,1123),(3320,'car',1124,1124),(3321,'car',1125,1125),(3322,'car',1126,1126),(3323,'car',1127,1127),(3324,'car',1128,1128),(3325,'car',1129,1129),(3326,'car',1130,1130),(3327,'car',1131,1131),(3328,'car',1132,1132),(3329,'car',1133,1133),(3330,'car',1134,1134),(3331,'car',1135,1135),(3332,'car',1136,1136),(3333,'car',1137,1137),(3334,'car',1138,1138),(3335,'car',1139,1139),(3336,'car',1140,1140),(3337,'car',1141,1141),(3338,'car',1142,1142),(3339,'car',1143,1143),(3340,'car',1144,1144),(3341,'car',1145,1145),(3342,'car',1146,1146),(3343,'car',1147,1147),(3344,'car',1148,1148),(3345,'car',1149,1149),(3346,'car',1150,1150),(3347,'car',1151,1151),(3348,'car',1152,1152),(3349,'car',1153,1153),(3350,'car',1154,1154),(3351,'car',1155,1155),(3352,'car',1156,1156),(3353,'car',1157,1157),(3354,'car',1158,1158),(3355,'car',1159,1159),(3356,'car',1160,1160),(3357,'car',1161,1161),(3358,'car',1162,1162),(3359,'car',1163,1163),(3360,'car',1164,1164),(3361,'car',1165,1165),(3362,'car',1166,1166),(3363,'car',1167,1167),(3364,'car',1168,1168),(3365,'car',1169,1169),(3366,'car',1170,1170),(3367,'car',1171,1171),(3368,'car',1172,1172),(3369,'car',1173,1173),(3370,'car',1174,1174),(3371,'car',1175,1175),(3372,'car',1176,1176),(3373,'car',1177,1177),(3374,'car',1178,1178),(3375,'car',1179,1179),(3376,'car',1180,1180),(3377,'car',1181,1181),(3378,'car',1182,1182),(3379,'car',1183,1183),(3380,'car',1184,1184),(3381,'car',1185,1185),(3382,'car',1186,1186),(3383,'car',1187,1187),(3384,'car',1188,1188),(3385,'car',1189,1189),(3386,'car',1190,1190),(3387,'car',1191,1191),(3388,'car',1192,1192),(3389,'car',1193,1193),(3390,'car',1194,1194),(3391,'car',1195,1195),(3392,'car',1196,1196),(3393,'car',1197,1197),(3394,'car',1198,1198),(7869,'ctg',1,1),(7870,'cms',1,1),(7871,'cro',2,2),(7873,'cms',2,2),(7874,'cro',1,1),(7875,'cro',3,3),(7876,'cms',3,3),(7877,'cms',4,4),(7878,'cms',5,5),(7879,'met',1,1),(7880,'met',2,2),(7881,'met',3,3),(7882,'met',4,4),(7883,'met',5,5),(7884,'met',6,6),(7885,'met',7,7),(7886,'met',8,8),(7887,'met',9,9),(7888,'met',10,10),(7889,'met',11,11),(7890,'met',12,12),(7891,'met',13,13),(7892,'met',14,14),(7893,'met',15,15),(7894,'met',16,16),(7895,'met',17,17),(7896,'met',18,18),(7897,'met',19,19),(7898,'met',20,20),(7899,'met',21,21),(7900,'met',22,22),(7901,'met',23,23),(7902,'met',24,24),(7903,'met',25,25),(7904,'met',26,26),(7905,'met',27,27),(7906,'met',28,28),(7907,'met',29,29),(7908,'met',30,30),(7909,'met',31,31),(7910,'met',32,32),(7911,'met',33,33),(7912,'met',34,34),(7913,'met',35,35),(7914,'met',36,36),(7915,'met',37,37),(7916,'met',38,38),(7917,'met',39,39),(7918,'met',40,40),(7919,'met',41,41),(7920,'met',42,42),(7921,'met',43,43);

--
-- Table structure for table `ps_migrationpro_pass`
--

CREATE TABLE `ps_migrationpro_pass` (
  `id` int NOT NULL AUTO_INCREMENT,
  `id_customer` int NOT NULL,
  `mail` varchar(255) NOT NULL,
  `passwd` varchar(255) NOT NULL,
  PRIMARY KEY (`id`)
) ENGINE=InnoDB AUTO_INCREMENT=7 DEFAULT CHARSET=utf8mb3;

--
-- Dumping data for table `ps_migrationpro_pass`
--

INSERT INTO `ps_migrationpro_pass` VALUES (1,4,'contact@monopsolution.fr','$2y$10$xvaeCRgDVvJtHmth5YdYkewQr0h8KXWxJvAlPFyYYVhQscvT77FXW'),(2,5,'kenzaaityahiatene1902@gmail.com','$2y$10$gBPGcg27PCAG8H/1QOO9KukI3tAxf7f3dzIv1N9mv3HJq2cxkMERe'),(3,6,'test@test.com','$2y$10$AuGRb5EGe2RznLwVvXvDiuoZj/o.WEWGLgKm/fznEKOK4DF1qKF3q'),(4,4,'contact@monopsolution.fr','$2y$10$xvaeCRgDVvJtHmth5YdYkewQr0h8KXWxJvAlPFyYYVhQscvT77FXW'),(5,5,'kenzaaityahiatene1902@gmail.com','$2y$10$gBPGcg27PCAG8H/1QOO9KukI3tAxf7f3dzIv1N9mv3HJq2cxkMERe'),(6,6,'test@test.com','$2y$10$AuGRb5EGe2RznLwVvXvDiuoZj/o.WEWGLgKm/fznEKOK4DF1qKF3q');

--
-- Table structure for table `ps_migrationpro_save_mapping`
--

CREATE TABLE `ps_migrationpro_save_mapping` (
  `id_mapping` int NOT NULL AUTO_INCREMENT,
  `group` varchar(128) NOT NULL,
  `type` varchar(128) NOT NULL,
  `source_id` int NOT NULL,
  `source_name` varchar(128) NOT NULL,
  `mapping` int DEFAULT NULL,
  PRIMARY KEY (`id_mapping`)
) ENGINE=InnoDB AUTO_INCREMENT=55 DEFAULT CHARSET=utf8mb3;

--
-- Dumping data for table `ps_migrationpro_save_mapping`
--

INSERT INTO `ps_migrationpro_save_mapping` VALUES (1,'mapping','multi_shops',1,'multi_shops',1),(2,'mapping','languages',1,'languages',1),(3,'mapping','currencies',1,'currencies',1),(4,'mapping','order_states',1,'order_states',1),(5,'mapping','order_states',2,'order_states',2),(6,'mapping','order_states',3,'order_states',3),(7,'mapping','order_states',4,'order_states',4),(8,'mapping','order_states',5,'order_states',5),(9,'mapping','order_states',6,'order_states',6),(10,'mapping','order_states',7,'order_states',7),(11,'mapping','order_states',8,'order_states',8),(12,'mapping','order_states',9,'order_states',9),(13,'mapping','order_states',10,'order_states',10),(14,'mapping','order_states',11,'order_states',11),(15,'mapping','order_states',12,'order_states',12),(16,'mapping','order_states',13,'order_states',13),(17,'mapping','order_states',14,'order_states',14),(18,'mapping','order_states',15,'order_states',15),(19,'mapping','order_states',16,'order_states',16),(20,'mapping','order_states',17,'order_states',17),(21,'mapping','order_states',18,'order_states',18),(22,'mapping','order_states',19,'order_states',19),(23,'mapping','order_states',20,'order_states',20),(24,'mapping','order_states',21,'order_states',21),(25,'mapping','order_states',22,'order_states',22),(26,'mapping','order_states',23,'order_states',23),(27,'mapping','order_states',24,'order_states',24),(28,'mapping','order_states',25,'order_states',25),(29,'mapping','order_states',26,'order_states',26),(30,'mapping','order_states',27,'order_states',27),(31,'mapping','order_states',28,'order_states',28),(32,'mapping','order_states',29,'order_states',29),(33,'mapping','order_states',30,'order_states',30),(34,'mapping','customer_groups',1,'customer_groups',1),(35,'mapping','customer_groups',2,'customer_groups',2),(36,'mapping','customer_groups',3,'customer_groups',3),(37,'entity','taxes',0,'taxes',0),(38,'entity','manufactures',0,'manufactures',1),(39,'entity','categories',0,'categories',1),(40,'entity','carriers',0,'carriers',1),(41,'entity','cart_rules',0,'cart_rules',0),(42,'entity','orders',0,'orders',0),(43,'entity','cms',0,'cms',1),(44,'entity','seo',0,'seo',1),(45,'entity','products',0,'products',1),(46,'entity','employees',0,'employees',1),(47,'entity','customers',0,'customers',0),(48,'entity','catalog_price_rules',0,'catalog_price_rules',1),(49,'entity','message_threads',0,'message_threads',0),(50,'entity','accessories',0,'accessories',1),(51,'entity','tax',0,'tax',1),(52,'additional','clear_data',0,'clear_data',1),(53,'additional','migrate_recent_data',0,'migrate_recent_data',0),(54,'additional','keep_id',0,'keep_id',1);

--
-- Table structure for table `ps_migrationpro_warning_logs`
--

CREATE TABLE `ps_migrationpro_warning_logs` (
  `id` int NOT NULL AUTO_INCREMENT,
  `log_text` varchar(855) NOT NULL,
  `entity_type` varchar(255) NOT NULL,
  `log_date_add` datetime NOT NULL,
  PRIMARY KEY (`id`)
) ENGINE=InnoDB AUTO_INCREMENT=36 DEFAULT CHARSET=utf8mb3;

--
-- Dumping data for table `ps_migrationpro_warning_logs`
--

INSERT INTO `ps_migrationpro_warning_logs` VALUES (28,'https://monop1.fr/fontenay//img/e/1.jpg File Not Found in source server.','i','2023-02-13 12:00:19'),(29,'https://monop1.fr/fontenay//img/e/3.jpg File Not Found in source server.','i','2023-02-13 12:00:19'),(30,'https://monop1.fr/fontenay//img/e/4.jpg File Not Found in source server.','i','2023-02-13 12:00:19'),(31,'https://monop1.fr/fontenay//img/e/8.jpg File Not Found in source server.','i','2023-02-13 12:00:19'),(32,'https://monop1.fr/fontenay//img/e/9.jpg File Not Found in source server.','i','2023-02-13 12:00:19'),(33,'https://monop1.fr/fontenay//img/p/3/8/3/383.jpg File Not Found in source server.','i','2023-02-13 12:02:37'),(34,'https://monop1.fr/fontenay//img/p/3/9/7/397.jpg File Not Found in source server.','i','2023-02-13 12:02:37'),(35,'https://monop1.fr/fontenay//img/p/4/7/0/470.jpg File Not Found in source server.','i','2023-02-13 12:02:37');

--
