-- Table structure for table `ps_contact`
--

CREATE TABLE `ps_contact` (
  `id_contact` int unsigned NOT NULL AUTO_INCREMENT,
  `email` varchar(255) CHARACTER SET utf8mb4 COLLATE utf8mb4_general_ci NOT NULL,
  `customer_service` tinyint(1) NOT NULL DEFAULT '0',
  `position` tinyint unsigned NOT NULL DEFAULT '0',
  PRIMARY KEY (`id_contact`)
) ENGINE=InnoDB AUTO_INCREMENT=3 DEFAULT CHARSET=utf8mb4 COLLATE=utf8mb4_general_ci;

--
-- Dumping data for table `ps_contact`
--

INSERT INTO `ps_contact` VALUES (1,'philippe-baby@expo-dispo.fr',1,0),(2,'philippe-baby@expo-dispo.fr',1,0);

--
-- Table structure for table `ps_contact_lang`
--

CREATE TABLE `ps_contact_lang` (
  `id_contact` int unsigned NOT NULL,
  `id_lang` int unsigned NOT NULL,
  `name` varchar(255) CHARACTER SET utf8mb4 COLLATE utf8mb4_general_ci NOT NULL,
  `description` text CHARACTER SET utf8mb4 COLLATE utf8mb4_general_ci,
  PRIMARY KEY (`id_contact`,`id_lang`)
) ENGINE=InnoDB DEFAULT CHARSET=utf8mb4 COLLATE=utf8mb4_general_ci;

--
-- Dumping data for table `ps_contact_lang`
--

INSERT INTO `ps_contact_lang` VALUES (1,1,'Webmaster','En cas de problème technique sur ce site'),(2,1,'Service client','Pour toute question sur un produit ou une commande');

--
-- Table structure for table `ps_contact_shop`
--

CREATE TABLE `ps_contact_shop` (
  `id_contact` int unsigned NOT NULL,
  `id_shop` int unsigned NOT NULL,
  PRIMARY KEY (`id_contact`,`id_shop`),
  KEY `id_shop` (`id_shop`)
) ENGINE=InnoDB DEFAULT CHARSET=utf8mb4 COLLATE=utf8mb4_general_ci;

--
-- Dumping data for table `ps_contact_shop`
--

INSERT INTO `ps_contact_shop` VALUES (1,1),(2,1);

--
-- Table structure for table `ps_country`
--

CREATE TABLE `ps_country` (
  `id_country` int unsigned NOT NULL AUTO_INCREMENT,
  `id_zone` int unsigned NOT NULL,
  `id_currency` int unsigned NOT NULL DEFAULT '0',
  `iso_code` varchar(3) CHARACTER SET utf8mb4 COLLATE utf8mb4_general_ci NOT NULL,
  `call_prefix` int NOT NULL DEFAULT '0',
  `active` tinyint unsigned NOT NULL DEFAULT '0',
  `contains_states` tinyint(1) NOT NULL DEFAULT '0',
  `need_identification_number` tinyint(1) NOT NULL DEFAULT '0',
  `need_zip_code` tinyint(1) NOT NULL DEFAULT '1',
  `zip_code_format` varchar(12) CHARACTER SET utf8mb4 COLLATE utf8mb4_general_ci NOT NULL DEFAULT '',
  `display_tax_label` tinyint(1) NOT NULL,
  PRIMARY KEY (`id_country`),
  KEY `country_iso_code` (`iso_code`),
  KEY `country_` (`id_zone`)
) ENGINE=InnoDB AUTO_INCREMENT=242 DEFAULT CHARSET=utf8mb4 COLLATE=utf8mb4_general_ci;

--
-- Dumping data for table `ps_country`
--

INSERT INTO `ps_country` VALUES (1,9,0,'DE',49,0,0,0,1,'NNNNN',1),(2,9,0,'AT',43,0,0,0,1,'NNNN',1),(3,9,0,'BE',32,0,0,0,1,'NNNN',1),(4,2,0,'CA',1,0,1,0,1,'LNL NLN',0),(5,3,0,'CN',86,0,0,0,1,'NNNNNN',1),(6,9,0,'ES',34,0,0,1,1,'NNNNN',1),(7,9,0,'FI',358,0,0,0,1,'NNNNN',1),(8,9,0,'FR',33,1,0,0,1,'NNNNN',1),(9,9,0,'GR',30,0,0,0,1,'NNNNN',1),(10,9,0,'IT',39,0,1,0,1,'NNNNN',1),(11,3,0,'JP',81,0,1,0,1,'NNN-NNNN',1),(12,9,0,'LU',352,0,0,0,1,'NNNN',1),(13,9,0,'NL',31,0,0,0,1,'NNNN LL',1),(14,9,0,'PL',48,0,0,0,1,'NN-NNN',1),(15,9,0,'PT',351,0,0,0,1,'NNNN-NNN',1),(16,9,0,'CZ',420,0,0,0,1,'NNN NN',1),(17,9,0,'GB',44,0,0,0,1,'',1),(18,9,0,'SE',46,0,0,0,1,'NNN NN',1),(19,7,0,'CH',41,0,0,0,1,'NNNN',1),(20,9,0,'DK',45,0,0,0,1,'NNNN',1),(21,2,0,'US',1,0,1,0,1,'NNNNN',0),(22,3,0,'HK',852,0,0,0,0,'',1),(23,7,0,'NO',47,0,0,0,1,'NNNN',1),(24,5,0,'AU',61,0,1,0,1,'NNNN',1),(25,3,0,'SG',65,0,0,0,1,'NNNNNN',1),(26,9,0,'IE',353,0,0,0,0,'',1),(27,5,0,'NZ',64,0,0,0,1,'NNNN',1),(28,3,0,'KR',82,0,0,0,1,'NNNNN',1),(29,3,0,'IL',972,0,0,0,1,'NNNNNNN',1),(30,4,0,'ZA',27,0,0,0,1,'NNNN',1),(31,4,0,'NG',234,0,0,0,1,'',1),(32,4,0,'CI',225,0,0,0,1,'',1),(33,4,0,'TG',228,0,0,0,1,'',1),(34,6,0,'BO',591,0,0,0,1,'',1),(35,4,0,'MU',230,0,0,0,1,'',1),(36,9,0,'RO',40,0,0,0,1,'NNNNNN',1),(37,9,0,'SK',421,0,0,0,1,'NNN NN',1),(38,4,0,'DZ',213,0,0,0,1,'NNNNN',1),(39,2,0,'AS',0,0,0,0,1,'',1),(40,7,0,'AD',376,0,0,0,1,'CNNN',1),(41,4,0,'AO',244,0,0,0,0,'',1),(42,8,0,'AI',0,0,0,0,1,'',1),(43,2,0,'AG',0,0,0,0,1,'',1),(44,6,0,'AR',54,0,1,0,1,'LNNNNLLL',1),(45,3,0,'AM',374,0,0,0,1,'NNNN',1),(46,8,0,'AW',297,0,0,0,1,'',1),(47,3,0,'AZ',994,0,0,0,1,'CNNNN',1),(48,2,0,'BS',0,0,0,0,1,'',1),(49,3,0,'BH',973,0,0,0,1,'',1),(50,3,0,'BD',880,0,0,0,1,'NNNN',1),(51,2,0,'BB',0,0,0,0,1,'CNNNNN',1),(52,7,0,'BY',0,0,0,0,1,'NNNNNN',1),(53,8,0,'BZ',501,0,0,0,0,'',1),(54,4,0,'BJ',229,0,0,0,0,'',1),(55,2,0,'BM',0,0,0,0,1,'',1),(56,3,0,'BT',975,0,0,0,1,'',1),(57,4,0,'BW',267,0,0,0,1,'',1),(58,6,0,'BR',55,0,0,0,1,'NNNNN-NNN',1),(59,3,0,'BN',673,0,0,0,1,'LLNNNN',1),(60,4,0,'BF',226,0,0,0,1,'',1),(61,3,0,'MM',95,0,0,0,1,'',1),(62,4,0,'BI',257,0,0,0,1,'',1),(63,3,0,'KH',855,0,0,0,1,'NNNNN',1),(64,4,0,'CM',237,0,0,0,1,'',1),(65,4,0,'CV',238,0,0,0,1,'NNNN',1),(66,4,0,'CF',236,0,0,0,1,'',1),(67,4,0,'TD',235,0,0,0,1,'',1),(68,6,0,'CL',56,0,0,0,1,'NNN-NNNN',1),(69,6,0,'CO',57,0,0,0,1,'NNNNNN',1),(70,4,0,'KM',269,0,0,0,1,'',1),(71,4,0,'CD',243,0,0,0,1,'',1),(72,4,0,'CG',242,0,0,0,1,'',1),(73,8,0,'CR',506,0,0,0,1,'NNNNN',1),(74,15,0,'HR',385,0,0,0,1,'NNNNN',1),(75,8,0,'CU',53,0,0,0,1,'',1),(76,9,0,'CY',357,0,0,0,1,'NNNN',1),(77,4,0,'DJ',253,0,0,0,1,'',1),(78,8,0,'DM',0,0,0,0,1,'',1),(79,8,0,'DO',0,0,0,0,1,'',1),(80,3,0,'TL',670,0,0,0,1,'',1),(81,6,0,'EC',593,0,0,0,1,'CNNNNNN',1),(82,4,0,'EG',20,0,0,0,1,'NNNNN',1),(83,8,0,'SV',503,0,0,0,1,'',1),(84,4,0,'GQ',240,0,0,0,1,'',1),(85,4,0,'ER',291,0,0,0,1,'',1),(86,9,0,'EE',372,0,0,0,1,'NNNNN',1),(87,4,0,'ET',251,0,0,0,1,'',1),(88,8,0,'FK',0,0,0,0,1,'LLLL NLL',1),(89,7,0,'FO',298,0,0,0,1,'',1),(90,5,0,'FJ',679,0,0,0,1,'',1),(91,4,0,'GA',241,0,0,0,1,'',1),(92,4,0,'GM',220,0,0,0,1,'',1),(93,3,0,'GE',995,0,0,0,1,'NNNN',1),(94,4,0,'GH',233,0,0,0,1,'',1),(95,8,0,'GD',0,0,0,0,1,'',1),(96,7,0,'GL',299,0,0,0,1,'',1),(97,7,0,'GI',350,0,0,0,1,'',1),(98,8,0,'GP',590,0,0,0,1,'',1),(99,5,0,'GU',0,0,0,0,1,'',1),(100,8,0,'GT',502,0,0,0,1,'',1),(101,7,0,'GG',0,0,0,0,1,'LLN NLL',1),(102,4,0,'GN',224,0,0,0,1,'',1),(103,4,0,'GW',245,0,0,0,1,'',1),(104,6,0,'GY',592,0,0,0,1,'',1),(105,8,0,'HT',509,0,0,0,1,'',1),(106,7,0,'VA',379,0,0,0,1,'NNNNN',1),(107,8,0,'HN',504,0,0,0,1,'',1),(108,7,0,'IS',354,0,0,0,1,'NNN',1),(109,3,0,'IN',91,0,1,0,1,'NNN NNN',1),(110,3,0,'ID',62,0,1,0,1,'NNNNN',1),(111,3,0,'IR',98,0,0,0,1,'NNNNN-NNNNN',1),(112,3,0,'IQ',964,0,0,0,1,'NNNNN',1),(113,7,0,'IM',0,0,0,0,1,'CN NLL',1),(114,8,0,'JM',0,0,0,0,1,'',1),(115,7,0,'JE',0,0,0,0,1,'CN NLL',1),(116,3,0,'JO',962,0,0,0,1,'',1),(117,3,0,'KZ',7,0,0,0,1,'NNNNNN',1),(118,4,0,'KE',254,0,0,0,1,'',1),(119,5,0,'KI',686,0,0,0,1,'',1),(120,3,0,'KP',850,0,0,0,1,'',1),(121,3,0,'KW',965,0,0,0,1,'',1),(122,3,0,'KG',996,0,0,0,1,'',1),(123,3,0,'LA',856,0,0,0,1,'',1),(124,1,0,'LV',371,0,0,0,1,'C-NNNN',1),(125,9,0,'LV',371,0,0,0,1,'C-NNNN',1),(126,4,0,'LS',266,0,0,0,1,'',1),(127,4,0,'LR',231,0,0,0,1,'',1),(128,4,0,'LY',218,0,0,0,1,'',1),(129,7,0,'LI',423,0,0,0,1,'NNNN',1),(130,1,0,'LT',370,0,0,0,1,'NNNNN',1),(131,9,0,'LT',370,0,0,0,1,'NNNNN',1),(132,7,0,'MK',389,0,0,0,1,'',1),(133,4,0,'MG',261,0,0,0,1,'',1),(134,4,0,'MW',265,0,0,0,1,'',1),(135,3,0,'MY',60,0,0,0,1,'NNNNN',1),(136,3,0,'MV',960,0,0,0,1,'',1),(137,4,0,'ML',223,0,0,0,1,'',1),(138,1,0,'MT',356,0,0,0,1,'LLL NNNN',1),(139,9,0,'MT',356,0,0,0,1,'LLL NNNN',1),(140,8,0,'MQ',596,0,0,0,1,'',1),(141,4,0,'MR',222,0,0,0,1,'',1),(142,1,0,'HU',36,0,0,0,1,'NNNN',1),(143,9,0,'HU',36,0,0,0,1,'NNNN',1),(144,2,0,'MX',52,0,1,1,1,'NNNNN',1),(145,5,0,'FM',691,0,0,0,1,'',1),(146,7,0,'MD',373,0,0,0,1,'C-NNNN',1),(147,7,0,'MC',377,0,0,0,1,'980NN',1),(148,3,0,'MN',976,0,0,0,1,'',1),(149,7,0,'ME',382,0,0,0,1,'NNNNN',1),(150,8,0,'MS',0,0,0,0,1,'',1),(151,4,0,'MA',212,0,0,0,1,'NNNNN',1),(152,4,0,'MZ',258,0,0,0,1,'',1),(153,4,0,'NA',264,0,0,0,1,'',1),(154,5,0,'NR',674,0,0,0,1,'',1),(155,3,0,'NP',977,0,0,0,1,'',1),(156,5,0,'NC',687,0,0,0,1,'',1),(157,8,0,'NI',505,0,0,0,1,'NNNNNN',1),(158,4,0,'NE',227,0,0,0,1,'',1),(159,5,0,'NU',683,0,0,0,1,'',1),(160,5,0,'NF',0,0,0,0,1,'',1),(161,5,0,'MP',0,0,0,0,1,'',1),(162,3,0,'OM',968,0,0,0,1,'',1),(163,3,0,'PK',92,0,0,0,1,'',1),(164,5,0,'PW',680,0,0,0,1,'',1),(165,3,0,'PS',0,0,0,0,1,'',1),(166,8,0,'PA',507,0,0,0,1,'NNNNNN',1),(167,5,0,'PG',675,0,0,0,1,'',1),(168,6,0,'PY',595,0,0,0,1,'',1),(169,6,0,'PE',51,0,0,0,1,'',1),(170,3,0,'PH',63,0,0,0,1,'NNNN',1),(171,5,0,'PN',0,0,0,0,1,'LLLL NLL',1),(172,8,0,'PR',0,0,0,0,1,'NNNNN',1),(173,3,0,'QA',974,0,0,0,1,'',1),(174,4,0,'RE',262,0,0,0,1,'',1),(175,7,0,'RU',7,0,0,0,1,'NNNNNN',1),(176,4,0,'RW',250,0,0,0,1,'',1),(177,8,0,'BL',0,0,0,0,1,'',1),(178,8,0,'KN',0,0,0,0,1,'',1),(179,8,0,'LC',0,0,0,0,1,'',1),(180,8,0,'MF',0,0,0,0,1,'',1),(181,8,0,'PM',508,0,0,0,1,'',1),(182,8,0,'VC',0,0,0,0,1,'',1),(183,5,0,'WS',685,0,0,0,1,'',1),(184,7,0,'SM',378,0,0,0,1,'NNNNN',1),(185,4,0,'ST',239,0,0,0,1,'',1),(186,3,0,'SA',966,0,0,0,1,'',1),(187,4,0,'SN',221,0,0,0,1,'',1),(188,7,0,'RS',381,0,0,0,1,'NNNNN',1),(189,4,0,'SC',248,0,0,0,1,'',1),(190,4,0,'SL',232,0,0,0,1,'',1),(191,1,0,'SI',386,0,0,0,1,'C-NNNN',1),(192,5,0,'SB',677,0,0,0,1,'',1),(193,9,0,'SI',386,0,0,0,1,'C-NNNN',1),(194,8,0,'GS',0,0,0,0,1,'LLLL NLL',1),(195,3,0,'LK',94,0,0,0,1,'NNNNN',1),(196,4,0,'SD',249,0,0,0,1,'',1),(197,8,0,'SR',597,0,0,0,1,'',1),(198,7,0,'SJ',0,0,0,0,1,'',1),(199,4,0,'SZ',268,0,0,0,1,'',1),(200,3,0,'SY',963,0,0,0,1,'',1),(201,3,0,'TW',886,0,0,0,1,'NNNNN',1),(202,3,0,'TJ',992,0,0,0,1,'',1),(203,4,0,'TZ',255,0,0,0,1,'',1),(204,3,0,'TH',66,0,0,0,1,'NNNNN',1),(205,5,0,'TK',690,0,0,0,1,'',1),(206,5,0,'TO',676,0,0,0,1,'',1),(207,6,0,'TT',0,0,0,0,1,'',1),(208,4,0,'TN',216,0,0,0,1,'',1),(209,7,0,'TR',90,0,0,0,1,'NNNNN',1),(210,3,0,'TM',993,0,0,0,1,'',1),(211,8,0,'TC',0,0,0,0,1,'LLLL NLL',1),(212,5,0,'TV',688,0,0,0,1,'',1),(213,4,0,'UG',256,0,0,0,1,'',1),(214,7,0,'UA',380,0,0,0,1,'NNNNN',1),(215,3,0,'AE',971,0,0,0,1,'',1),(216,6,0,'UY',598,0,0,0,1,'',1),(217,3,0,'UZ',998,0,0,0,1,'',1),(218,5,0,'VU',678,0,0,0,1,'',1),(219,6,0,'VE',58,0,0,0,1,'',1),(220,3,0,'VN',84,0,0,0,1,'NNNNNN',1),(221,2,0,'VG',0,0,0,0,1,'CNNNN',1),(222,2,0,'VI',0,0,0,0,1,'',1),(223,5,0,'WF',681,0,0,0,1,'',1),(224,4,0,'EH',0,0,0,0,1,'',1),(225,3,0,'YE',967,0,0,0,1,'',1),(226,4,0,'ZM',260,0,0,0,1,'',1),(227,4,0,'ZW',263,0,0,0,1,'',1),(228,7,0,'AL',355,0,0,0,1,'NNNN',1),(229,3,0,'AF',93,0,0,0,1,'NNNN',1),(230,5,0,'AQ',0,0,0,0,1,'',1),(231,7,0,'BA',387,0,0,0,1,'',1),(232,5,0,'IO',0,0,0,0,1,'LLLL NLL',1),(233,1,0,'BG',359,0,0,0,1,'NNNN',1),(234,8,0,'KY',0,0,0,0,1,'',1),(235,3,0,'CX',0,0,0,0,1,'',1),(236,9,0,'BG',359,0,0,0,1,'NNNN',1),(237,5,0,'CK',682,0,0,0,1,'',1),(238,6,0,'GF',594,0,0,0,1,'',1),(239,5,0,'PF',689,0,0,0,1,'',1),(240,5,0,'TF',0,0,0,0,1,'',1),(241,7,0,'AX',0,0,0,0,1,'NNNNN',1);

--
-- Table structure for table `ps_country_lang`
--

CREATE TABLE `ps_country_lang` (
  `id_country` int unsigned NOT NULL,
  `id_lang` int unsigned NOT NULL,
  `name` varchar(64) CHARACTER SET utf8mb4 COLLATE utf8mb4_general_ci NOT NULL,
  PRIMARY KEY (`id_country`,`id_lang`)
) ENGINE=InnoDB DEFAULT CHARSET=utf8mb4 COLLATE=utf8mb4_general_ci;

--
-- Dumping data for table `ps_country_lang`
--

INSERT INTO `ps_country_lang` VALUES (1,1,'Germany'),(2,1,'Austria'),(3,1,'Belgium'),(4,1,'Canada'),(5,1,'Chine'),(6,1,'Spain'),(7,1,'Finland'),(8,1,'France'),(9,1,'Greece'),(10,1,'Italy'),(11,1,'Japon'),(12,1,'Luxemburg'),(13,1,'Netherlands'),(14,1,'Poland'),(15,1,'Portugal'),(16,1,'Czech Republic'),(17,1,'United Kingdom'),(18,1,'Sweden'),(19,1,'Suisse'),(20,1,'Denmark'),(21,1,'États-Unis'),(22,1,'R.A.S. chinoise de Hong Kong'),(23,1,'Norvège'),(24,1,'Australie'),(25,1,'Singapour'),(26,1,'Ireland'),(27,1,'Nouvelle-Zélande'),(28,1,'Corée du Sud'),(29,1,'Israël'),(30,1,'Afrique du Sud'),(31,1,'Nigéria'),(32,1,'Côte d’Ivoire'),(33,1,'Togo'),(34,1,'Bolivie'),(35,1,'Maurice'),(36,1,'Romania'),(37,1,'Slovakia'),(38,1,'Algérie'),(39,1,'Samoa américaines'),(40,1,'Andorre'),(41,1,'Angola'),(42,1,'Anguilla'),(43,1,'Antigua-et-Barbuda'),(44,1,'Argentine'),(45,1,'Arménie'),(46,1,'Aruba'),(47,1,'Azerbaïdjan'),(48,1,'Bahamas'),(49,1,'Bahreïn'),(50,1,'Bangladesh'),(51,1,'Barbade'),(52,1,'Biélorussie'),(53,1,'Belize'),(54,1,'Bénin'),(55,1,'Bermudes'),(56,1,'Bhoutan'),(57,1,'Botswana'),(58,1,'Brésil'),(59,1,'Brunéi Darussalam'),(60,1,'Burkina Faso'),(61,1,'Myanmar (Birmanie)'),(62,1,'Burundi'),(63,1,'Cambodge'),(64,1,'Cameroun'),(65,1,'Cap-Vert'),(66,1,'République centrafricaine'),(67,1,'Tchad'),(68,1,'Chili'),(69,1,'Colombie'),(70,1,'Comores'),(71,1,'Congo-Kinshasa'),(72,1,'Congo-Brazzaville'),(73,1,'Costa Rica'),(74,1,'Croatia'),(75,1,'Cuba'),(76,1,'Cyprus'),(77,1,'Djibouti'),(78,1,'Dominique'),(79,1,'République dominicaine'),(80,1,'Timor oriental'),(81,1,'Équateur'),(82,1,'Égypte'),(83,1,'Salvador'),(84,1,'Guinée équatoriale'),(85,1,'Érythrée'),(86,1,'Estonia'),(87,1,'Éthiopie'),(88,1,'Îles Malouines'),(89,1,'Îles Féroé'),(90,1,'Fidji'),(91,1,'Gabon'),(92,1,'Gambie'),(93,1,'Géorgie'),(94,1,'Ghana'),(95,1,'Grenade'),(96,1,'Groenland'),(97,1,'Gibraltar'),(98,1,'Guadeloupe'),(99,1,'Guam'),(100,1,'Guatemala'),(101,1,'Guernesey'),(102,1,'Guinée'),(103,1,'Guinée-Bissau'),(104,1,'Guyana'),(105,1,'Haïti'),(106,1,'État de la Cité du Vatican'),(107,1,'Honduras'),(108,1,'Islande'),(109,1,'Inde'),(110,1,'Indonésie'),(111,1,'Iran'),(112,1,'Irak'),(113,1,'Île de Man'),(114,1,'Jamaïque'),(115,1,'Jersey'),(116,1,'Jordanie'),(117,1,'Kazakhstan'),(118,1,'Kenya'),(119,1,'Kiribati'),(120,1,'Corée du Nord'),(121,1,'Koweït'),(122,1,'Kirghizistan'),(123,1,'Laos'),(124,1,'Lettonie'),(125,1,'Latvia'),(126,1,'Lesotho'),(127,1,'Libéria'),(128,1,'Libye'),(129,1,'Liechtenstein'),(130,1,'Lituanie'),(131,1,'Lithuania'),(132,1,'Macédoine du Nord'),(133,1,'Madagascar'),(134,1,'Malawi'),(135,1,'Malaisie'),(136,1,'Maldives'),(137,1,'Mali'),(138,1,'Malte'),(139,1,'Malta'),(140,1,'Martinique'),(141,1,'Mauritanie'),(142,1,'Hongrie'),(143,1,'Hungary'),(144,1,'Mexique'),(145,1,'États fédérés de Micronésie'),(146,1,'Moldavie'),(147,1,'Monaco'),(148,1,'Mongolie'),(149,1,'Monténégro'),(150,1,'Montserrat'),(151,1,'Maroc'),(152,1,'Mozambique'),(153,1,'Namibie'),(154,1,'Nauru'),(155,1,'Népal'),(156,1,'Nouvelle-Calédonie'),(157,1,'Nicaragua'),(158,1,'Niger'),(159,1,'Niue'),(160,1,'Île Norfolk'),(161,1,'Îles Mariannes du Nord'),(162,1,'Oman'),(163,1,'Pakistan'),(164,1,'Palaos'),(165,1,'Territoires palestiniens'),(166,1,'Panama'),(167,1,'Papouasie-Nouvelle-Guinée'),(168,1,'Paraguay'),(169,1,'Pérou'),(170,1,'Philippines'),(171,1,'Îles Pitcairn'),(172,1,'Porto Rico'),(173,1,'Qatar'),(174,1,'La Réunion'),(175,1,'Russie'),(176,1,'Rwanda'),(177,1,'Saint-Barthélemy'),(178,1,'Saint-Christophe-et-Niévès'),(179,1,'Sainte-Lucie'),(180,1,'Saint-Martin'),(181,1,'Saint-Pierre-et-Miquelon'),(182,1,'Saint-Vincent-et-les-Grenadines'),(183,1,'Samoa'),(184,1,'Saint-Marin'),(185,1,'Sao Tomé-et-Principe'),(186,1,'Arabie saoudite'),(187,1,'Sénégal'),(188,1,'Serbie'),(189,1,'Seychelles'),(190,1,'Sierra Leone'),(191,1,'Slovénie'),(192,1,'Îles Salomon'),(193,1,'Slovenia'),(194,1,'Géorgie du Sud et îles Sandwich du Sud'),(195,1,'Sri Lanka'),(196,1,'Soudan'),(197,1,'Suriname'),(198,1,'Svalbard et Jan Mayen'),(199,1,'Eswatini'),(200,1,'Syrie'),(201,1,'Taïwan'),(202,1,'Tadjikistan'),(203,1,'Tanzanie'),(204,1,'Thaïlande'),(205,1,'Tokelau'),(206,1,'Tonga'),(207,1,'Trinité-et-Tobago'),(208,1,'Tunisie'),(209,1,'Turquie'),(210,1,'Turkménistan'),(211,1,'Îles Turques-et-Caïques'),(212,1,'Tuvalu'),(213,1,'Ouganda'),(214,1,'Ukraine'),(215,1,'Émirats arabes unis'),(216,1,'Uruguay'),(217,1,'Ouzbékistan'),(218,1,'Vanuatu'),(219,1,'Venezuela'),(220,1,'Vietnam'),(221,1,'Îles Vierges britanniques'),(222,1,'Îles Vierges des États-Unis'),(223,1,'Wallis-et-Futuna'),(224,1,'Sahara occidental'),(225,1,'Yémen'),(226,1,'Zambie'),(227,1,'Zimbabwe'),(228,1,'Albanie'),(229,1,'Afghanistan'),(230,1,'Antarctique'),(231,1,'Bosnie-Herzégovine'),(232,1,'Territoire britannique de l’océan Indien'),(233,1,'Bulgarie'),(234,1,'Îles Caïmans'),(235,1,'Île Christmas'),(236,1,'Bulgaria'),(237,1,'Îles Cook'),(238,1,'Guyane française'),(239,1,'Polynésie française'),(240,1,'Terres australes françaises'),(241,1,'Îles Åland');

--
-- Table structure for table `ps_country_shop`
--

CREATE TABLE `ps_country_shop` (
  `id_country` int unsigned NOT NULL,
  `id_shop` int unsigned NOT NULL,
  PRIMARY KEY (`id_country`,`id_shop`),
  KEY `id_shop` (`id_shop`)
) ENGINE=InnoDB DEFAULT CHARSET=utf8mb4 COLLATE=utf8mb4_general_ci;

--
-- Dumping data for table `ps_country_shop`
--

INSERT INTO `ps_country_shop` VALUES (1,1),(2,1),(3,1),(4,1),(5,1),(6,1),(7,1),(8,1),(9,1),(10,1),(11,1),(12,1),(13,1),(14,1),(15,1),(16,1),(17,1),(18,1),(19,1),(20,1),(21,1),(22,1),(23,1),(24,1),(25,1),(26,1),(27,1),(28,1),(29,1),(30,1),(31,1),(32,1),(33,1),(34,1),(35,1),(36,1),(37,1),(38,1),(39,1),(40,1),(41,1),(42,1),(43,1),(44,1),(45,1),(46,1),(47,1),(48,1),(49,1),(50,1),(51,1),(52,1),(53,1),(54,1),(55,1),(56,1),(57,1),(58,1),(59,1),(60,1),(61,1),(62,1),(63,1),(64,1),(65,1),(66,1),(67,1),(68,1),(69,1),(70,1),(71,1),(72,1),(73,1),(74,1),(75,1),(76,1),(77,1),(78,1),(79,1),(80,1),(81,1),(82,1),(83,1),(84,1),(85,1),(86,1),(87,1),(88,1),(89,1),(90,1),(91,1),(92,1),(93,1),(94,1),(95,1),(96,1),(97,1),(98,1),(99,1),(100,1),(101,1),(102,1),(103,1),(104,1),(105,1),(106,1),(107,1),(108,1),(109,1),(110,1),(111,1),(112,1),(113,1),(114,1),(115,1),(116,1),(117,1),(118,1),(119,1),(120,1),(121,1),(122,1),(123,1),(124,1),(125,1),(126,1),(127,1),(128,1),(129,1),(130,1),(131,1),(132,1),(133,1),(134,1),(135,1),(136,1),(137,1),(138,1),(139,1),(140,1),(141,1),(142,1),(143,1),(144,1),(145,1),(146,1),(147,1),(148,1),(149,1),(150,1),(151,1),(152,1),(153,1),(154,1),(155,1),(156,1),(157,1),(158,1),(159,1),(160,1),(161,1),(162,1),(163,1),(164,1),(165,1),(166,1),(167,1),(168,1),(169,1),(170,1),(171,1),(172,1),(173,1),(174,1),(175,1),(176,1),(177,1),(178,1),(179,1),(180,1),(181,1),(182,1),(183,1),(184,1),(185,1),(186,1),(187,1),(188,1),(189,1),(190,1),(191,1),(192,1),(193,1),(194,1),(195,1),(196,1),(197,1),(198,1),(199,1),(200,1),(201,1),(202,1),(203,1),(204,1),(205,1),(206,1),(207,1),(208,1),(209,1),(210,1),(211,1),(212,1),(213,1),(214,1),(215,1),(216,1),(217,1),(218,1),(219,1),(220,1),(221,1),(222,1),(223,1),(224,1),(225,1),(226,1),(227,1),(228,1),(229,1),(230,1),(231,1),(232,1),(233,1),(234,1),(235,1),(236,1),(237,1),(238,1),(239,1),(240,1),(241,1);

--
-- Table structure for table `ps_currency`
--

CREATE TABLE `ps_currency` (
  `id_currency` int unsigned NOT NULL AUTO_INCREMENT,
  `name` varchar(64) CHARACTER SET utf8mb4 COLLATE utf8mb4_general_ci NOT NULL,
  `iso_code` varchar(3) CHARACTER SET utf8mb4 COLLATE utf8mb4_general_ci NOT NULL DEFAULT '0',
  `numeric_iso_code` varchar(3) CHARACTER SET utf8mb4 COLLATE utf8mb4_general_ci DEFAULT NULL,
  `precision` int NOT NULL DEFAULT '6',
  `conversion_rate` decimal(13,6) NOT NULL,
  `deleted` tinyint unsigned NOT NULL DEFAULT '0',
  `active` tinyint unsigned NOT NULL DEFAULT '1',
  `unofficial` tinyint unsigned NOT NULL DEFAULT '0',
  `modified` tinyint unsigned NOT NULL DEFAULT '0',
  PRIMARY KEY (`id_currency`),
  KEY `currency_iso_code` (`iso_code`)
) ENGINE=InnoDB AUTO_INCREMENT=2 DEFAULT CHARSET=utf8mb4 COLLATE=utf8mb4_general_ci;

--
-- Dumping data for table `ps_currency`
--

INSERT INTO `ps_currency` VALUES (1,'','EUR','978',2,1.000000,0,1,0,0);

--
-- Table structure for table `ps_currency_lang`
--

CREATE TABLE `ps_currency_lang` (
  `id_currency` int unsigned NOT NULL,
  `id_lang` int unsigned NOT NULL,
  `name` varchar(255) CHARACTER SET utf8mb4 COLLATE utf8mb4_general_ci NOT NULL,
  `symbol` varchar(255) CHARACTER SET utf8mb4 COLLATE utf8mb4_general_ci NOT NULL,
  `pattern` varchar(255) CHARACTER SET utf8mb4 COLLATE utf8mb4_general_ci DEFAULT NULL,
  PRIMARY KEY (`id_currency`,`id_lang`)
) ENGINE=InnoDB DEFAULT CHARSET=utf8mb4 COLLATE=utf8mb4_general_ci;

--
-- Dumping data for table `ps_currency_lang`
--

INSERT INTO `ps_currency_lang` VALUES (1,1,'euro','€','');

--
-- Table structure for table `ps_currency_shop`
--

CREATE TABLE `ps_currency_shop` (
  `id_currency` int unsigned NOT NULL,
  `id_shop` int unsigned NOT NULL,
  `conversion_rate` decimal(13,6) NOT NULL,
  PRIMARY KEY (`id_currency`,`id_shop`),
  KEY `id_shop` (`id_shop`)
) ENGINE=InnoDB DEFAULT CHARSET=utf8mb4 COLLATE=utf8mb4_general_ci;

--
-- Dumping data for table `ps_currency_shop`
--

INSERT INTO `ps_currency_shop` VALUES (1,1,1.000000);

--
-- Table structure for table `ps_customer`
--

CREATE TABLE `ps_customer` (
  `id_customer` int unsigned NOT NULL AUTO_INCREMENT,
  `id_shop_group` int unsigned NOT NULL DEFAULT '1',
  `id_shop` int unsigned NOT NULL DEFAULT '1',
  `id_gender` int unsigned NOT NULL,
  `id_default_group` int unsigned NOT NULL DEFAULT '1',
  `id_lang` int unsigned DEFAULT NULL,
  `id_risk` int unsigned NOT NULL DEFAULT '1',
  `company` varchar(255) CHARACTER SET utf8mb4 COLLATE utf8mb4_general_ci DEFAULT NULL,
  `siret` varchar(14) CHARACTER SET utf8mb4 COLLATE utf8mb4_general_ci DEFAULT NULL,
  `ape` varchar(5) CHARACTER SET utf8mb4 COLLATE utf8mb4_general_ci DEFAULT NULL,
  `firstname` varchar(255) CHARACTER SET utf8mb4 COLLATE utf8mb4_general_ci NOT NULL,
  `lastname` varchar(255) CHARACTER SET utf8mb4 COLLATE utf8mb4_general_ci NOT NULL,
  `email` varchar(255) CHARACTER SET utf8mb4 COLLATE utf8mb4_general_ci NOT NULL,
  `passwd` varchar(255) CHARACTER SET utf8mb4 COLLATE utf8mb4_general_ci NOT NULL,
  `last_passwd_gen` timestamp NOT NULL DEFAULT CURRENT_TIMESTAMP,
  `birthday` date DEFAULT NULL,
  `newsletter` tinyint unsigned NOT NULL DEFAULT '0',
  `ip_registration_newsletter` varchar(15) CHARACTER SET utf8mb4 COLLATE utf8mb4_general_ci DEFAULT NULL,
  `newsletter_date_add` datetime DEFAULT NULL,
  `optin` tinyint unsigned NOT NULL DEFAULT '0',
  `website` varchar(128) CHARACTER SET utf8mb4 COLLATE utf8mb4_general_ci DEFAULT NULL,
  `outstanding_allow_amount` decimal(20,6) NOT NULL DEFAULT '0.000000',
  `show_public_prices` tinyint unsigned NOT NULL DEFAULT '0',
  `max_payment_days` int unsigned NOT NULL DEFAULT '60',
  `secure_key` varchar(32) CHARACTER SET utf8mb4 COLLATE utf8mb4_general_ci NOT NULL DEFAULT '-1',
  `note` text CHARACTER SET utf8mb4 COLLATE utf8mb4_general_ci,
  `active` tinyint unsigned NOT NULL DEFAULT '0',
  `is_guest` tinyint(1) NOT NULL DEFAULT '0',
  `deleted` tinyint(1) NOT NULL DEFAULT '0',
  `date_add` datetime NOT NULL,
  `date_upd` datetime NOT NULL,
  `reset_password_token` varchar(40) CHARACTER SET utf8mb4 COLLATE utf8mb4_general_ci DEFAULT NULL,
  `reset_password_validity` datetime DEFAULT NULL,
  PRIMARY KEY (`id_customer`),
  KEY `customer_email` (`email`),
  KEY `customer_login` (`email`,`passwd`),
  KEY `id_customer_passwd` (`id_customer`,`passwd`),
  KEY `id_gender` (`id_gender`),
  KEY `id_shop_group` (`id_shop_group`),
  KEY `id_shop` (`id_shop`,`date_add`)
) ENGINE=InnoDB AUTO_INCREMENT=7 DEFAULT CHARSET=utf8mb4 COLLATE=utf8mb4_general_ci;

--
-- Dumping data for table `ps_customer`
--

INSERT INTO `ps_customer` VALUES (4,1,1,1,3,1,0,NULL,NULL,NULL,'Monop','Monop','contact@monopsolution.fr','$2y$10$xvaeCRgDVvJtHmth5YdYkewQr0h8KXWxJvAlPFyYYVhQscvT77FXW','2023-02-13 04:56:45','0000-00-00',0,NULL,'0000-00-00 00:00:00',0,NULL,0.000000,0,0,'d80b8114f4aab184d5ec04416d3ca35e',NULL,1,0,0,'2021-04-06 19:52:56','2023-02-07 10:39:19',NULL,'0000-00-00 00:00:00'),(5,1,1,2,3,1,0,NULL,NULL,NULL,'kenza','ait yahiatene','kenzaaityahiatene1902@gmail.com','$2y$10$gBPGcg27PCAG8H/1QOO9KukI3tAxf7f3dzIv1N9mv3HJq2cxkMERe','2023-02-13 04:56:45','0000-00-00',0,NULL,'0000-00-00 00:00:00',0,NULL,0.000000,0,0,'827f4654d2f0ddb0a310a9e6f53e1fb5',NULL,1,0,0,'2023-01-12 15:22:52','2023-01-12 15:22:52',NULL,'0000-00-00 00:00:00'),(6,1,1,1,3,1,0,NULL,NULL,NULL,'test','test','test@test.com','$2y$10$AuGRb5EGe2RznLwVvXvDiuoZj/o.WEWGLgKm/fznEKOK4DF1qKF3q','2023-02-13 04:56:45','0000-00-00',0,NULL,'0000-00-00 00:00:00',0,NULL,0.000000,0,0,'94dc35f13946db2eb19ade0baa21795e',NULL,1,0,0,'2023-02-06 12:01:50','2023-02-06 12:01:50',NULL,'0000-00-00 00:00:00');

--
-- Table structure for table `ps_customer_group`
--

CREATE TABLE `ps_customer_group` (
  `id_customer` int unsigned NOT NULL,
  `id_group` int unsigned NOT NULL,
  PRIMARY KEY (`id_customer`,`id_group`),
  KEY `customer_login` (`id_group`),
  KEY `id_customer` (`id_customer`)
) ENGINE=InnoDB DEFAULT CHARSET=utf8mb4 COLLATE=utf8mb4_general_ci;

--
-- Dumping data for table `ps_customer_group`
--

INSERT INTO `ps_customer_group` VALUES (4,3),(5,3),(6,3);

--
-- Table structure for table `ps_customer_message`
--

CREATE TABLE `ps_customer_message` (
  `id_customer_message` int unsigned NOT NULL AUTO_INCREMENT,
  `id_customer_thread` int DEFAULT NULL,
  `id_employee` int unsigned DEFAULT NULL,
  `message` mediumtext CHARACTER SET utf8mb4 COLLATE utf8mb4_general_ci NOT NULL,
  `file_name` varchar(18) CHARACTER SET utf8mb4 COLLATE utf8mb4_general_ci DEFAULT NULL,
  `ip_address` varchar(16) CHARACTER SET utf8mb4 COLLATE utf8mb4_general_ci DEFAULT NULL,
  `user_agent` varchar(128) CHARACTER SET utf8mb4 COLLATE utf8mb4_general_ci DEFAULT NULL,
  `date_add` datetime NOT NULL,
  `date_upd` datetime NOT NULL,
  `private` tinyint NOT NULL DEFAULT '0',
  `read` tinyint(1) NOT NULL DEFAULT '0',
  PRIMARY KEY (`id_customer_message`),
  KEY `id_customer_thread` (`id_customer_thread`),
  KEY `id_employee` (`id_employee`)
) ENGINE=InnoDB DEFAULT CHARSET=utf8mb4 COLLATE=utf8mb4_general_ci;

--
-- Dumping data for table `ps_customer_message`
--


--
-- Table structure for table `ps_customer_message_sync_imap`
--

CREATE TABLE `ps_customer_message_sync_imap` (
  `md5_header` varbinary(32) NOT NULL,
  KEY `md5_header_index` (`md5_header`(4))
) ENGINE=InnoDB DEFAULT CHARSET=utf8mb4 COLLATE=utf8mb4_general_ci;

--
-- Dumping data for table `ps_customer_message_sync_imap`
--


--
-- Table structure for table `ps_customer_session`
--

CREATE TABLE `ps_customer_session` (
  `id_customer_session` int unsigned NOT NULL AUTO_INCREMENT,
  `id_customer` int unsigned DEFAULT NULL,
  `token` varchar(40) CHARACTER SET utf8mb4 COLLATE utf8mb4_general_ci DEFAULT NULL,
  PRIMARY KEY (`id_customer_session`)
) ENGINE=InnoDB AUTO_INCREMENT=15 DEFAULT CHARSET=utf8mb4 COLLATE=utf8mb4_general_ci;

--
-- Dumping data for table `ps_customer_session`
--

INSERT INTO `ps_customer_session` VALUES (1,4,'e4c6322eccd2b2af2ce81837448071bbe99fcbb4'),(2,4,'0dd6f82a208ddab87c0fe1101ad52f1bee09b701'),(3,4,'02fcfa0d4bbb2e4b5f12ad0b0768a6ca785ea78c'),(4,4,'f5332107dbd88d6f72bf91600f6e97322d0039eb'),(5,4,'3e1efaf69f64d8b983e7f6b44b2d71ff035635b7'),(6,4,'3040a0f469be2ec69f2e260d4c5905cdef826ae1'),(7,4,'326d8c1873ada193396def8d0cc53f258e5d04ae'),(8,4,'1cc0399cf48e8ec3cac5706a2b364d1d6f0959ed'),(9,4,'11a22eb22788fd70ca717040ab6933bbe72e295d'),(10,4,'4bee1cb466e0cc78f78237ffcb8cf86105b65724'),(11,4,'31031164fc8c9e07f08e27cfa5b25644943f4586'),(12,4,'a04d6bacc144673bcf4d42f1b962b9fe68a4583d'),(13,4,'0654af667e7874b34df05a12bc58807a687fa4ed'),(14,4,'1be4175d98102404625b5183850bf36ce9bf6271');

--
-- Table structure for table `ps_customer_thread`
--

CREATE TABLE `ps_customer_thread` (
  `id_customer_thread` int unsigned NOT NULL AUTO_INCREMENT,
  `id_shop` int unsigned NOT NULL DEFAULT '1',
  `id_lang` int unsigned NOT NULL,
  `id_contact` int unsigned NOT NULL,
  `id_customer` int unsigned DEFAULT NULL,
  `id_order` int unsigned DEFAULT NULL,
  `id_product` int unsigned DEFAULT NULL,
  `status` enum('open','closed','pending1','pending2') CHARACTER SET utf8mb4 COLLATE utf8mb4_general_ci NOT NULL DEFAULT 'open',
  `email` varchar(255) CHARACTER SET utf8mb4 COLLATE utf8mb4_general_ci NOT NULL,
  `token` varchar(12) CHARACTER SET utf8mb4 COLLATE utf8mb4_general_ci DEFAULT NULL,
  `date_add` datetime NOT NULL,
  `date_upd` datetime NOT NULL,
  PRIMARY KEY (`id_customer_thread`),
  KEY `id_shop` (`id_shop`),
  KEY `id_lang` (`id_lang`),
  KEY `id_contact` (`id_contact`),
  KEY `id_customer` (`id_customer`),
  KEY `id_order` (`id_order`),
  KEY `id_product` (`id_product`)
) ENGINE=InnoDB DEFAULT CHARSET=utf8mb4 COLLATE=utf8mb4_general_ci;

--
-- Dumping data for table `ps_customer_thread`
--


--
-- Table structure for table `ps_customization`
--

CREATE TABLE `ps_customization` (
  `id_customization` int unsigned NOT NULL AUTO_INCREMENT,
  `id_product_attribute` int unsigned NOT NULL DEFAULT '0',
  `id_address_delivery` int unsigned NOT NULL DEFAULT '0',
  `id_cart` int unsigned NOT NULL,
  `id_product` int NOT NULL,
  `quantity` int NOT NULL,
  `quantity_refunded` int NOT NULL DEFAULT '0',
  `quantity_returned` int NOT NULL DEFAULT '0',
  `in_cart` tinyint unsigned NOT NULL DEFAULT '0',
  PRIMARY KEY (`id_customization`,`id_cart`,`id_product`,`id_address_delivery`),
  KEY `id_product_attribute` (`id_product_attribute`),
  KEY `id_cart_product` (`id_cart`,`id_product`,`id_product_attribute`)
) ENGINE=InnoDB DEFAULT CHARSET=utf8mb4 COLLATE=utf8mb4_general_ci;

--
-- Dumping data for table `ps_customization`
--


--
-- Table structure for table `ps_customization_field`
--

CREATE TABLE `ps_customization_field` (
  `id_customization_field` int unsigned NOT NULL AUTO_INCREMENT,
  `id_product` int unsigned NOT NULL,
  `type` tinyint(1) NOT NULL,
  `required` tinyint(1) NOT NULL,
  `is_module` tinyint(1) NOT NULL DEFAULT '0',
  `is_deleted` tinyint(1) NOT NULL DEFAULT '0',
  PRIMARY KEY (`id_customization_field`),
  KEY `id_product` (`id_product`)
) ENGINE=InnoDB DEFAULT CHARSET=utf8mb4 COLLATE=utf8mb4_general_ci;

--
-- Dumping data for table `ps_customization_field`
--


--
-- Table structure for table `ps_customization_field_lang`
--

CREATE TABLE `ps_customization_field_lang` (
  `id_customization_field` int unsigned NOT NULL,
  `id_lang` int unsigned NOT NULL,
  `id_shop` int unsigned NOT NULL DEFAULT '1',
  `name` varchar(255) CHARACTER SET utf8mb4 COLLATE utf8mb4_general_ci NOT NULL,
  PRIMARY KEY (`id_customization_field`,`id_lang`,`id_shop`)
) ENGINE=InnoDB DEFAULT CHARSET=utf8mb4 COLLATE=utf8mb4_general_ci;

--
-- Dumping data for table `ps_customization_field_lang`
--


--
-- Table structure for table `ps_customized_data`
--

CREATE TABLE `ps_customized_data` (
  `id_customization` int unsigned NOT NULL,
  `type` tinyint(1) NOT NULL,
  `index` int NOT NULL,
  `value` varchar(255) CHARACTER SET utf8mb4 COLLATE utf8mb4_general_ci NOT NULL,
  `id_module` int NOT NULL DEFAULT '0',
  `price` decimal(20,6) NOT NULL DEFAULT '0.000000',
  `weight` decimal(20,6) NOT NULL DEFAULT '0.000000',
  PRIMARY KEY (`id_customization`,`type`,`index`)
) ENGINE=InnoDB DEFAULT CHARSET=utf8mb4 COLLATE=utf8mb4_general_ci;

--
-- Dumping data for table `ps_customized_data`
--


--
-- Table structure for table `ps_date_range`
--

CREATE TABLE `ps_date_range` (
  `id_date_range` int unsigned NOT NULL AUTO_INCREMENT,
  `time_start` datetime NOT NULL,
  `time_end` datetime NOT NULL,
  PRIMARY KEY (`id_date_range`)
) ENGINE=InnoDB DEFAULT CHARSET=utf8mb4 COLLATE=utf8mb4_general_ci;

--
-- Dumping data for table `ps_date_range`
--


--
-- Table structure for table `ps_delivery`
--

CREATE TABLE `ps_delivery` (
  `id_delivery` int unsigned NOT NULL AUTO_INCREMENT,
  `id_shop` int unsigned DEFAULT NULL,
  `id_shop_group` int unsigned DEFAULT NULL,
  `id_carrier` int unsigned NOT NULL,
  `id_range_price` int unsigned DEFAULT NULL,
  `id_range_weight` int unsigned DEFAULT NULL,
  `id_zone` int unsigned NOT NULL,
  `price` decimal(20,6) NOT NULL,
  PRIMARY KEY (`id_delivery`),
  KEY `id_zone` (`id_zone`),
  KEY `id_carrier` (`id_carrier`,`id_zone`),
  KEY `id_range_price` (`id_range_price`),
  KEY `id_range_weight` (`id_range_weight`)
) ENGINE=InnoDB AUTO_INCREMENT=17 DEFAULT CHARSET=utf8mb4 COLLATE=utf8mb4_general_ci;

--
-- Dumping data for table `ps_delivery`
--

INSERT INTO `ps_delivery` VALUES (1,NULL,NULL,2,NULL,1,1,5.000000),(2,NULL,NULL,2,NULL,1,2,5.000000),(3,NULL,NULL,2,1,NULL,1,5.000000),(4,NULL,NULL,2,1,NULL,2,5.000000),(5,NULL,NULL,3,2,NULL,1,3.000000),(6,NULL,NULL,3,2,NULL,2,4.000000),(7,NULL,NULL,3,3,NULL,1,1.000000),(8,NULL,NULL,3,3,NULL,2,2.000000),(9,NULL,NULL,3,4,NULL,1,0.000000),(10,NULL,NULL,3,4,NULL,2,0.000000),(11,NULL,NULL,4,NULL,2,1,0.000000),(12,NULL,NULL,4,NULL,2,2,0.000000),(13,NULL,NULL,4,NULL,3,1,2.000000),(14,NULL,NULL,4,NULL,3,2,3.000000),(15,NULL,NULL,4,NULL,4,1,5.000000),(16,NULL,NULL,4,NULL,4,2,6.000000);

--
-- Table structure for table `ps_emailsubscription`
--

CREATE TABLE `ps_emailsubscription` (
  `id` int NOT NULL AUTO_INCREMENT,
  `id_shop` int unsigned NOT NULL DEFAULT '1',
  `id_shop_group` int unsigned NOT NULL DEFAULT '1',
  `email` varchar(255) NOT NULL,
  `newsletter_date_add` datetime DEFAULT NULL,
  `ip_registration_newsletter` varchar(15) NOT NULL,
  `http_referer` varchar(255) DEFAULT NULL,
  `active` tinyint(1) NOT NULL DEFAULT '0',
  `id_lang` int NOT NULL DEFAULT '0',
  PRIMARY KEY (`id`)
) ENGINE=InnoDB DEFAULT CHARSET=utf8mb3;

--
-- Dumping data for table `ps_emailsubscription`
--


--
-- Table structure for table `ps_employee`
--

CREATE TABLE `ps_employee` (
  `id_employee` int unsigned NOT NULL AUTO_INCREMENT,
  `id_profile` int unsigned NOT NULL,
  `id_lang` int unsigned NOT NULL DEFAULT '0',
  `lastname` varchar(255) CHARACTER SET utf8mb4 COLLATE utf8mb4_general_ci NOT NULL,
  `firstname` varchar(255) CHARACTER SET utf8mb4 COLLATE utf8mb4_general_ci NOT NULL,
  `email` varchar(255) CHARACTER SET utf8mb4 COLLATE utf8mb4_general_ci NOT NULL,
  `passwd` varchar(255) CHARACTER SET utf8mb4 COLLATE utf8mb4_general_ci NOT NULL,
  `last_passwd_gen` timestamp NOT NULL DEFAULT CURRENT_TIMESTAMP,
  `stats_date_from` date DEFAULT NULL,
  `stats_date_to` date DEFAULT NULL,
  `stats_compare_from` date DEFAULT NULL,
  `stats_compare_to` date DEFAULT NULL,
  `stats_compare_option` int unsigned NOT NULL DEFAULT '1',
  `preselect_date_range` varchar(32) CHARACTER SET utf8mb4 COLLATE utf8mb4_general_ci DEFAULT NULL,
  `bo_color` varchar(32) CHARACTER SET utf8mb4 COLLATE utf8mb4_general_ci DEFAULT NULL,
  `bo_theme` varchar(32) CHARACTER SET utf8mb4 COLLATE utf8mb4_general_ci DEFAULT NULL,
  `bo_css` varchar(64) CHARACTER SET utf8mb4 COLLATE utf8mb4_general_ci DEFAULT NULL,
  `default_tab` int unsigned NOT NULL DEFAULT '0',
  `bo_width` int unsigned NOT NULL DEFAULT '0',
  `bo_menu` tinyint(1) NOT NULL DEFAULT '1',
  `active` tinyint unsigned NOT NULL DEFAULT '0',
  `optin` tinyint unsigned DEFAULT NULL,
  `id_last_order` int unsigned NOT NULL DEFAULT '0',
  `id_last_customer_message` int unsigned NOT NULL DEFAULT '0',
  `id_last_customer` int unsigned NOT NULL DEFAULT '0',
  `last_connection_date` date DEFAULT NULL,
  `reset_password_token` varchar(40) CHARACTER SET utf8mb4 COLLATE utf8mb4_general_ci DEFAULT NULL,
  `reset_password_validity` datetime DEFAULT NULL,
  `has_enabled_gravatar` tinyint unsigned NOT NULL DEFAULT '0',
  PRIMARY KEY (`id_employee`),
  KEY `employee_login` (`email`,`passwd`),
  KEY `id_employee_passwd` (`id_employee`,`passwd`),
  KEY `id_profile` (`id_profile`)
) ENGINE=InnoDB AUTO_INCREMENT=16 DEFAULT CHARSET=utf8mb4 COLLATE=utf8mb4_general_ci;

--
-- Dumping data for table `ps_employee`
--

INSERT INTO `ps_employee` VALUES (1,1,1,'BABY-MARINPOUY','Philippe','philippe-baby@expo-dispo.fr','$2y$10$4W5Ga5uw5CrjXAf32AAc0e32D17Ym/y/1XQMk1/5ax/Dqut/5WwRe','2023-02-10 08:08:22','2023-01-10','2023-02-10','0000-00-00','0000-00-00',1,NULL,NULL,'default','theme.css',1,0,1,1,NULL,531,0,6,'2025-03-19',NULL,'0000-00-00 00:00:00',0),(4,1,1,'support','support','support@expodispo.fr','$2y$10$s1NHgvLrdZ1K6CVHrBKVi.fD36FITEuu8/OwQx09.W5Z4ZGrgIdk2','2023-02-13 04:10:46','2022-06-05','2022-07-05','0000-00-00','0000-00-00',1,NULL,NULL,NULL,'theme.css',1,0,1,1,NULL,0,0,0,NULL,NULL,'0000-00-00 00:00:00',0),(10,1,1,'Ludovic','ludovic','ludovic@expodispo.fr','$2y$10$J4Qu5NtQ9SM2f4715IBnKe3AVMi7v14h1U7dCErld7Le3YBZn59PO','2023-11-02 02:37:03','2023-10-02','2023-11-02','0000-00-00','0000-00-00',1,NULL,NULL,NULL,'theme.css',1,0,1,1,NULL,442,0,6,'2025-02-12',NULL,'0000-00-00 00:00:00',0),(11,1,1,'Savignac','Louis','louis@expodispo.fr','$2y$10$J5N1zhh/AfWeHuNRe6LFh.bIgEUaJ/ufFEbUfrTym449/3xw74s2.','2024-12-16 04:23:56','2024-11-16','2024-12-16','0000-00-00','0000-00-00',1,'','','','theme.css',1,0,1,0,NULL,531,0,6,'2025-01-10','','0000-00-00 00:00:00',0),(12,1,1,'logistique','logistique','logistique@expodispo.fr','$2y$10$mnJe73gIMAPD.AHMTF7lCuzQVhP/T0AR3mCdyqdUGllH6oQirBel6','2025-01-20 04:06:48','2024-12-20','2025-01-20','0000-00-00','0000-00-00',1,'','','default','theme.css',1,0,1,1,NULL,554,0,6,'2025-03-19','','0000-00-00 00:00:00',0),(13,1,1,'Guillaume','Guillaume','guillaume@expodispo.fr','$2y$10$NEUQa0OfjjJja2iNUbKZ6OJNOzVcBkj36iYfJln7S/QcZhunr6XT2','2025-01-27 03:03:49','2024-12-27','2025-01-27','0000-00-00','0000-00-00',1,NULL,NULL,NULL,'theme.css',1,0,1,1,NULL,544,0,6,'2025-03-24',NULL,'0000-00-00 00:00:00',0),(14,1,1,'BLEVIN','Alix','alix.blevin@gmail.com','$2y$10$AH1XIwboLEsKNDSWlnQk1OhkOeqHjmnk9xpwfE97z9cXSqgsUOuI6','2025-03-04 02:55:14','2025-02-04','2025-03-04','0000-00-00','0000-00-00',1,NULL,NULL,NULL,'theme.css',1,0,1,1,NULL,554,0,6,'2025-03-18',NULL,'0000-00-00 00:00:00',0),(15,1,1,'tavares','Laura','laura.tavarespro@gmail.com','$2y$10$CBAo.PJBO/eU1ISjF2sLBOHrjLDEPSzj5/yJ.lswAS2PHSIKTjAoy','2025-03-04 04:29:31','2025-02-04','2025-03-04','0000-00-00','0000-00-00',1,'','','default','theme.css',1,0,1,1,NULL,554,0,6,'2025-03-24','','0000-00-00 00:00:00',0);

--
-- Table structure for table `ps_employee_session`
--

CREATE TABLE `ps_employee_session` (
  `id_employee_session` int unsigned NOT NULL AUTO_INCREMENT,
  `id_employee` int unsigned DEFAULT NULL,
  `token` varchar(40) CHARACTER SET utf8mb4 COLLATE utf8mb4_general_ci DEFAULT NULL,
  PRIMARY KEY (`id_employee_session`)
) ENGINE=InnoDB AUTO_INCREMENT=445 DEFAULT CHARSET=utf8mb4 COLLATE=utf8mb4_general_ci;

--
-- Dumping data for table `ps_employee_session`
--

INSERT INTO `ps_employee_session` VALUES (6,5,'c071730dbcd794133265fd743270ee8bd8181e03'),(8,1,'29fdd62c6e1f40d8586e0e1d7f0b5e58a897c656'),(9,6,'494d3630df55ee06fb25031b7edbce4411ae0db0'),(21,2,'43e69e96b03cdb693383844da5c4e641563e896b'),(26,5,'e60c130bdafc9895fcb04dacb85798c867a85b5c'),(27,1,'a7d5bfb3f5035d2d130063ef9e0c488e7af753d2'),(44,2,'ce40c065acc26a42be69fdca929c78217c284519'),(61,7,'722d9706da9118e71c1f679bf9efc3bb4bb6d476'),(64,5,'10336a0e425fe0cd9ad8f72c82a4739c427e1dd3'),(68,1,'a65c00049c39e81b3844522ece1b4aef74ecef03'),(71,5,'0931d6422a9e2927c90461e53583313388bba48c'),(73,1,'34c6755a7b4fa41ebc6faaf25738c05234f962f4'),(83,8,'f2ec6a1eb828a32a0b41127b4f16bbe38aa129bc'),(84,8,'243656691800f27274b498e110109f11e205cf6f'),(85,1,'23d5cc2ffba229d81b9d4e7ac91d20535ec4f39b'),(101,8,'2d577e984dcb34d4c81bea68b765773c6f0421b7'),(135,10,'646f75ef6892d0a7823e8caba4bea7f6a6059f84'),(137,8,'ac50cd25211bb6f91a032616f5bf63843d3cf0b1'),(145,8,'f2aa40854badd7659ee8f0c0ddb0f54850b00616'),(151,5,'bda43ea6ad733da903ca3a3cccf24eadf55b53cc'),(152,8,'7ab091911f27c1f3e68a0221986828ed4187a962'),(164,8,'92d93268b85e1f811581b279b84a3c4e45441d87'),(165,8,'e0da5751f4cac726fe71f098d5d81f0937e3ddc5'),(167,8,'32f3893e6b3160d3fb3fa7c7f7e3da669818920f'),(168,8,'5800cbb474a2a42c4c0c514d619bcee5b8bf7cf4'),(169,10,'a6a5ee0e317a6768ff9a4f36d5af66808f751a4f'),(198,1,'09a6986fbad8f1a2dda877ce4c1603a36d30fbb2'),(200,8,'9a5518a2d7f48e818b370b83a4d150d2ec4f39f0'),(204,5,'2b2d73bbb4e7332343428d40b479ffe8dc73faf9'),(207,9,'69adc6955bd85b48168c3b336835802f300ecc4b'),(216,9,'3a9df53660f43958de15940f77ba82aacf7d8171'),(232,5,'47b289d4fe069e8130413aee1b9c963067f0f909'),(233,5,'cfa7de79184c51b658d3c152952a5b080eae3e80'),(234,5,'a42bc9b7828695f064f1d5e92831f89143fda879'),(239,1,'c4a2d24fa3d2aff75a65273c1eb592d5304fd81c'),(240,1,'b0aaded89b575e89f6435a3537ad86ba1ca796c8'),(276,11,'b90ce562e65cf9a0b80379eeee41ca7c11e802bc'),(283,10,'1e86922c95bbb00064e32f94531128d4694f4ed0'),(289,5,'93d9127e822070e05572dc8a40d666ce4de74fcd'),(290,11,'da6ddc435ff80b63d7531fcb5be49e08509926af'),(311,11,'adb5d9fb1a284a3f892db0d6b0e678c44c79c0c9'),(339,1,'273adc1b5edd6bc71845be2d7232e5ccc72e10e9'),(342,12,'a814275a861ae46adaf743c6f0ba7033a55adaa0'),(349,12,'068abdb481bbc92a8a59bc5185f3d53397184c3a'),(360,12,'8429e679ce26b3ad9dbdc42b2ce21743541b9cee'),(366,10,'daf85f8e5559fd2c07c71b3fabab5c516474bc27'),(367,1,'ebe80a28eb43bbacd067e1093a9972e33e530245'),(368,1,'3b569701331847d43ac546bb975dd890dbcaee53'),(370,12,'dcec4b7a62aa3588b626df3fa687518c0e2f1787'),(372,13,'a7064de33f53e78defa2666d532c45c85437ae68'),(374,10,'67613fde16732cd1e40e3f26219234a44a6d804d'),(379,13,'336ad313c00f546d35749237e780f332b03922fd'),(383,10,'ea517259a9ef082184d5fdfe1a7d5bcfe580365d'),(387,1,'a38a4584b87250a377b46fa6bc53fab21ed1140f'),(388,1,'4e17d9287e9b326daa6b3893bbd8239cc4d98401'),(423,12,'9935d5c2f366423169137e12ce00f100a87887e0'),(437,14,'ff514e8746a2b8f34f38f1868ad5df8518070c0e'),(438,12,'b414ae86ff13212ea69c404f527534c2f65d4111'),(439,1,'70f387af8c6023445c0ffc8d479700de85f780a2'),(442,15,'36bafb5239c110929c2080e18b83c9f934b06e8a');

--
-- Table structure for table `ps_employee_shop`
--

CREATE TABLE `ps_employee_shop` (
  `id_employee` int unsigned NOT NULL,
  `id_shop` int unsigned NOT NULL,
  PRIMARY KEY (`id_employee`,`id_shop`),
  KEY `id_shop` (`id_shop`)
) ENGINE=InnoDB DEFAULT CHARSET=utf8mb4 COLLATE=utf8mb4_general_ci;

--
-- Dumping data for table `ps_employee_shop`
--

INSERT INTO `ps_employee_shop` VALUES (1,1),(4,1),(10,1),(11,1),(12,1),(13,1),(14,1),(15,1);

--
-- Table structure for table `ps_fb_category_match`
--

CREATE TABLE `ps_fb_category_match` (
  `id_category` int NOT NULL,
  `google_category_id` int NOT NULL,
  `google_category_name` varchar(255) NOT NULL,
  `google_category_parent_id` int NOT NULL,
  `google_category_parent_name` varchar(255) NOT NULL,
  `is_parent_category` tinyint(1) DEFAULT NULL,
  `id_shop` int NOT NULL,
  PRIMARY KEY (`id_category`,`id_shop`),
  KEY `id_category` (`id_category`,`google_category_id`)
) ENGINE=InnoDB DEFAULT CHARSET=latin1;

--
-- Dumping data for table `ps_fb_category_match`
--


--
-- Table structure for table `ps_feature`
--

CREATE TABLE `ps_feature` (
  `id_feature` int unsigned NOT NULL AUTO_INCREMENT,
  `position` int unsigned NOT NULL DEFAULT '0',
  PRIMARY KEY (`id_feature`)
) ENGINE=InnoDB AUTO_INCREMENT=19 DEFAULT CHARSET=utf8mb4 COLLATE=utf8mb4_general_ci;

--
-- Dumping data for table `ps_feature`
--

INSERT INTO `ps_feature` VALUES (1,0),(2,1),(4,15),(5,2),(6,3),(7,4),(8,5),(9,6),(10,7),(11,8),(13,9),(14,10),(15,11),(16,12),(17,13),(18,14);

--
-- Table structure for table `ps_feature_flag`
--

CREATE TABLE `ps_feature_flag` (
  `id_feature_flag` int unsigned NOT NULL AUTO_INCREMENT,
  `name` varchar(191) CHARACTER SET utf8mb4 COLLATE utf8mb4_unicode_ci NOT NULL,
  `state` tinyint(1) NOT NULL DEFAULT '0',
  `label_wording` varchar(191) CHARACTER SET utf8mb4 COLLATE utf8mb4_unicode_ci NOT NULL DEFAULT '',
  `label_domain` varchar(255) CHARACTER SET utf8mb4 COLLATE utf8mb4_unicode_ci NOT NULL DEFAULT '',
  `description_wording` varchar(191) CHARACTER SET utf8mb4 COLLATE utf8mb4_unicode_ci NOT NULL DEFAULT '',
  `description_domain` varchar(255) CHARACTER SET utf8mb4 COLLATE utf8mb4_unicode_ci NOT NULL DEFAULT '',
  PRIMARY KEY (`id_feature_flag`),
  UNIQUE KEY `UNIQ_91700F175E237E06` (`name`)
) ENGINE=InnoDB AUTO_INCREMENT=2 DEFAULT CHARSET=utf8mb4 COLLATE=utf8mb4_unicode_ci;

--
-- Dumping data for table `ps_feature_flag`
--

INSERT INTO `ps_feature_flag` VALUES (1,'product_page_v2',0,'Experimental product page','Admin.Advparameters.Feature','This page benefits from increased performance and includes new features such as a new combination management system. Please note this is a work in progress and some features are not available','Admin.Advparameters.Help');

--
-- Table structure for table `ps_feature_lang`
--

CREATE TABLE `ps_feature_lang` (
  `id_feature` int unsigned NOT NULL,
  `id_lang` int unsigned NOT NULL,
  `name` varchar(128) CHARACTER SET utf8mb4 COLLATE utf8mb4_general_ci DEFAULT NULL,
  PRIMARY KEY (`id_feature`,`id_lang`),
  KEY `id_lang` (`id_lang`,`name`)
) ENGINE=InnoDB DEFAULT CHARSET=utf8mb4 COLLATE=utf8mb4_general_ci;

--
-- Dumping data for table `ps_feature_lang`
--

INSERT INTO `ps_feature_lang` VALUES (11,1,'Accessoires ordinateurs'),(16,1,'batteries externes'),(5,1,'cartes memoires'),(10,1,'cartouches encre'),(14,1,'cd rom'),(8,1,'chargeurs'),(4,1,'Cle usb'),(1,1,'Composition'),(9,1,'disques durs'),(13,1,'dvd'),(6,1,'ecouteur avec fil'),(18,1,'Enceintes'),(7,1,'informatique'),(17,1,'jeux video'),(15,1,'produits entretien'),(2,1,'Propriété');

--
-- Table structure for table `ps_feature_product`
--

CREATE TABLE `ps_feature_product` (
  `id_feature` int unsigned NOT NULL,
  `id_product` int unsigned NOT NULL,
  `id_feature_value` int unsigned NOT NULL,
  PRIMARY KEY (`id_feature`,`id_product`,`id_feature_value`),
  KEY `id_feature_value` (`id_feature_value`),
  KEY `id_product` (`id_product`)
) ENGINE=InnoDB DEFAULT CHARSET=utf8mb4 COLLATE=utf8mb4_general_ci;

--
-- Dumping data for table `ps_feature_product`
--

INSERT INTO `ps_feature_product` VALUES (4,127,1),(4,256,1),(4,257,1),(4,258,1),(4,259,1),(4,260,1),(4,261,1),(4,338,1),(4,339,1),(4,340,1),(4,341,1),(4,342,1),(4,390,1),(4,395,1),(4,396,1),(4,397,1),(4,427,1),(5,20,2),(5,21,2),(5,31,2),(5,34,2),(5,45,2),(5,46,2),(5,47,2),(5,129,2),(5,131,2),(5,246,2),(5,247,2),(5,248,2),(5,249,2),(5,250,2),(5,251,2),(5,252,2),(5,253,2),(6,22,4),(6,23,4),(6,27,4),(6,28,4),(6,29,4),(6,30,4),(6,51,4),(6,52,4),(6,54,4),(6,57,4),(6,59,4),(6,60,4),(6,61,4),(6,62,4),(6,63,4),(6,64,4),(6,66,4),(6,67,4),(6,70,4),(6,71,4),(6,72,4),(6,73,4),(6,74,4),(6,75,4),(6,77,4),(6,79,4),(6,80,4),(6,82,4),(6,83,4),(6,87,4),(6,88,4),(6,91,4),(6,92,4),(6,94,4),(6,95,4),(6,98,4),(6,99,4),(6,100,4),(6,101,4),(6,102,4),(6,106,4),(6,107,4),(6,109,4),(6,111,4),(6,114,4),(6,117,4),(6,118,4),(6,119,4),(6,120,4),(6,289,4),(6,290,4),(6,303,4),(6,304,4),(6,305,4),(6,307,4),(6,308,4),(6,309,4),(6,313,4),(6,314,4),(6,316,4),(6,318,4),(6,321,4),(6,384,4),(6,391,4),(6,392,4),(6,394,4),(7,81,5),(7,93,5),(7,97,5),(7,103,5),(7,108,5),(7,112,5),(7,113,5),(7,115,5),(7,116,5),(7,134,5),(7,135,5),(7,136,5),(7,137,5),(7,138,5),(7,139,5),(7,140,5),(7,141,5),(7,142,5),(7,327,5),(7,337,5),(7,399,5),(7,400,5),(7,410,5),(7,423,5),(7,435,5),(7,436,5),(7,437,5),(7,438,5),(8,32,6),(8,33,6),(8,35,6),(8,56,6),(8,68,6),(8,69,6),(8,84,6),(8,104,6),(8,122,6),(8,123,6),(8,125,6),(8,126,6),(8,130,6),(8,132,6),(8,133,6),(8,268,6),(8,269,6),(8,272,6),(8,273,6),(8,274,6),(8,275,6),(8,276,6),(8,277,6),(8,278,6),(8,279,6),(8,280,6),(8,281,6),(8,282,6),(8,283,6),(8,284,6),(8,285,6),(8,286,6),(8,287,6),(8,288,6),(8,291,6),(8,292,6),(8,293,6),(8,295,6),(8,296,6),(8,297,6),(8,298,6),(8,299,6),(8,300,6),(8,311,6),(8,317,6),(8,324,6),(8,411,6),(8,412,6),(8,420,6),(8,491,6),(8,492,6),(9,36,7),(10,37,8),(10,38,8),(10,39,8),(10,40,8),(10,41,8),(10,42,8),(10,43,8),(10,48,8),(10,49,8),(10,50,8),(10,53,8),(10,58,8),(10,143,8),(10,144,8),(10,145,8),(10,146,8),(10,147,8),(10,148,8),(10,149,8),(10,150,8),(10,151,8),(10,152,8),(10,153,8),(10,154,8),(10,155,8),(10,156,8),(10,157,8),(10,158,8),(10,159,8),(10,160,8),(10,161,8),(10,162,8),(10,163,8),(10,164,8),(10,165,8),(10,166,8),(10,167,8),(10,168,8),(10,169,8),(10,170,8),(10,171,8),(10,173,8),(10,174,8),(10,175,8),(10,177,8),(10,178,8),(10,179,8),(10,180,8),(10,181,8),(10,182,8),(10,183,8),(10,184,8),(10,185,8),(10,186,8),(10,187,8),(10,188,8),(10,189,8),(10,190,8),(10,191,8),(10,192,8),(10,193,8),(10,195,8),(10,196,8),(10,197,8),(10,198,8),(10,199,8),(10,200,8),(10,202,8),(10,203,8),(10,204,8),(10,205,8),(10,206,8),(10,207,8),(10,208,8),(10,209,8),(10,210,8),(10,211,8),(10,212,8),(10,213,8),(10,214,8),(10,215,8),(10,216,8),(10,217,8),(10,218,8),(10,219,8),(10,220,8),(10,221,8),(10,222,8),(10,223,8),(10,224,8),(10,225,8),(10,226,8),(10,227,8),(10,228,8),(10,229,8),(10,230,8),(10,231,8),(10,232,8),(10,233,8),(10,234,8),(10,235,8),(10,236,8),(10,237,8),(10,238,8),(10,239,8),(10,240,8),(10,241,8),(10,242,8),(10,243,8),(10,244,8),(10,245,8),(10,323,8),(10,345,8),(10,404,8),(10,405,8),(10,406,8),(10,419,8),(10,428,8),(10,429,8),(10,430,8),(10,431,8),(10,434,8),(11,55,9),(11,124,9),(11,263,9),(11,264,9),(11,265,9),(11,266,9),(11,267,9),(11,312,9),(11,315,9),(11,319,9),(11,326,9),(11,328,9),(11,329,9),(11,330,9),(11,333,9),(11,336,9),(11,344,9),(11,380,9),(11,382,9),(11,383,9),(11,385,9),(11,387,9),(11,393,9),(11,409,9),(11,414,9),(11,415,9),(11,416,9),(11,417,9),(11,421,9),(11,432,9),(13,254,11),(14,255,12),(15,262,13),(15,331,13),(15,334,13),(16,270,14),(16,271,14),(16,320,14),(16,322,14),(17,128,15),(18,24,16),(18,26,16),(18,65,16),(18,78,16),(18,85,16),(18,89,16),(18,90,16),(18,96,16),(18,302,16),(18,388,16),(18,389,16),(18,398,16),(18,401,16);

--
-- Table structure for table `ps_feature_shop`
--

CREATE TABLE `ps_feature_shop` (
  `id_feature` int unsigned NOT NULL,
  `id_shop` int unsigned NOT NULL,
  PRIMARY KEY (`id_feature`,`id_shop`),
  KEY `id_shop` (`id_shop`)
) ENGINE=InnoDB DEFAULT CHARSET=utf8mb4 COLLATE=utf8mb4_general_ci;

--
-- Dumping data for table `ps_feature_shop`
--

INSERT INTO `ps_feature_shop` VALUES (1,1),(2,1),(4,1),(5,1),(6,1),(7,1),(8,1),(9,1),(10,1),(11,1),(13,1),(14,1),(15,1),(16,1),(17,1),(18,1);

--
-- Table structure for table `ps_feature_value`
--

CREATE TABLE `ps_feature_value` (
  `id_feature_value` int unsigned NOT NULL AUTO_INCREMENT,
  `id_feature` int unsigned NOT NULL,
  `custom` tinyint unsigned DEFAULT NULL,
  PRIMARY KEY (`id_feature_value`),
  KEY `feature` (`id_feature`)
) ENGINE=InnoDB AUTO_INCREMENT=17 DEFAULT CHARSET=utf8mb4 COLLATE=utf8mb4_general_ci;

--
-- Dumping data for table `ps_feature_value`
--

INSERT INTO `ps_feature_value` VALUES (1,4,0),(2,5,0),(3,1,0),(4,6,0),(5,7,0),(6,8,0),(7,9,0),(8,10,0),(9,11,0),(10,2,0),(11,13,0),(12,14,0),(13,15,0),(14,16,0),(15,17,0),(16,18,0);

--
-- Table structure for table `ps_feature_value_lang`
--

CREATE TABLE `ps_feature_value_lang` (
  `id_feature_value` int unsigned NOT NULL,
  `id_lang` int unsigned NOT NULL,
  `value` varchar(255) CHARACTER SET utf8mb4 COLLATE utf8mb4_general_ci DEFAULT NULL,
  PRIMARY KEY (`id_feature_value`,`id_lang`)
) ENGINE=InnoDB DEFAULT CHARSET=utf8mb4 COLLATE=utf8mb4_general_ci;

--
-- Dumping data for table `ps_feature_value_lang`
--

INSERT INTO `ps_feature_value_lang` VALUES (1,1,'1'),(2,1,'1'),(3,1,'Céramique'),(4,1,'1'),(5,1,'1'),(6,1,'1'),(7,1,'1'),(8,1,'1'),(9,1,'1'),(10,1,'120 pages'),(11,1,'1'),(12,1,'1'),(13,1,'1'),(14,1,'1'),(15,1,'1'),(16,1,'1');

--
-- Table structure for table `ps_gender`
--

CREATE TABLE `ps_gender` (
  `id_gender` int NOT NULL AUTO_INCREMENT,
  `type` tinyint(1) NOT NULL,
  PRIMARY KEY (`id_gender`)
) ENGINE=InnoDB AUTO_INCREMENT=3 DEFAULT CHARSET=utf8mb4 COLLATE=utf8mb4_general_ci;

--
-- Dumping data for table `ps_gender`
--

INSERT INTO `ps_gender` VALUES (1,0),(2,1);

--
-- Table structure for table `ps_gender_lang`
--

CREATE TABLE `ps_gender_lang` (
  `id_gender` int unsigned NOT NULL,
  `id_lang` int unsigned NOT NULL,
  `name` varchar(20) CHARACTER SET utf8mb4 COLLATE utf8mb4_general_ci NOT NULL,
  PRIMARY KEY (`id_gender`,`id_lang`),
  KEY `id_gender` (`id_gender`)
) ENGINE=InnoDB DEFAULT CHARSET=utf8mb4 COLLATE=utf8mb4_general_ci;

--
-- Dumping data for table `ps_gender_lang`
--

INSERT INTO `ps_gender_lang` VALUES (1,1,'M.'),(2,1,'Mme');

--
-- Table structure for table `ps_group`
--

CREATE TABLE `ps_group` (
  `id_group` int unsigned NOT NULL AUTO_INCREMENT,
  `reduction` decimal(5,2) NOT NULL DEFAULT '0.00',
  `price_display_method` tinyint NOT NULL DEFAULT '0',
  `show_prices` tinyint unsigned NOT NULL DEFAULT '1',
  `date_add` datetime NOT NULL,
  `date_upd` datetime NOT NULL,
  PRIMARY KEY (`id_group`)
) ENGINE=InnoDB AUTO_INCREMENT=4 DEFAULT CHARSET=utf8mb4 COLLATE=utf8mb4_general_ci;

--
-- Dumping data for table `ps_group`
--

INSERT INTO `ps_group` VALUES (1,0.00,0,1,'2021-02-01 21:46:21','2021-02-01 21:46:21'),(2,0.00,0,1,'2021-02-01 21:46:21','2021-02-01 21:46:21'),(3,0.00,0,1,'2021-02-01 21:46:21','2021-02-01 21:46:21');

--
-- Table structure for table `ps_group_lang`
--

CREATE TABLE `ps_group_lang` (
  `id_group` int unsigned NOT NULL,
  `id_lang` int unsigned NOT NULL,
  `name` varchar(32) CHARACTER SET utf8mb4 COLLATE utf8mb4_general_ci NOT NULL,
  PRIMARY KEY (`id_group`,`id_lang`)
) ENGINE=InnoDB DEFAULT CHARSET=utf8mb4 COLLATE=utf8mb4_general_ci;

--
-- Dumping data for table `ps_group_lang`
--

INSERT INTO `ps_group_lang` VALUES (1,1,'Visiteur'),(2,1,'Invité'),(3,1,'Client');

--
-- Table structure for table `ps_group_reduction`
--

CREATE TABLE `ps_group_reduction` (
  `id_group_reduction` mediumint unsigned NOT NULL AUTO_INCREMENT,
  `id_group` int unsigned NOT NULL,
  `id_category` int unsigned NOT NULL,
  `reduction` decimal(5,4) NOT NULL,
  PRIMARY KEY (`id_group_reduction`),
  UNIQUE KEY `id_group` (`id_group`,`id_category`)
) ENGINE=InnoDB DEFAULT CHARSET=utf8mb4 COLLATE=utf8mb4_general_ci;

--
-- Dumping data for table `ps_group_reduction`
--


--
-- Table structure for table `ps_group_shop`
--

CREATE TABLE `ps_group_shop` (
  `id_group` int unsigned NOT NULL,
  `id_shop` int unsigned NOT NULL,
  PRIMARY KEY (`id_group`,`id_shop`),
  KEY `id_shop` (`id_shop`)
) ENGINE=InnoDB DEFAULT CHARSET=utf8mb4 COLLATE=utf8mb4_general_ci;

--
-- Dumping data for table `ps_group_shop`
--

INSERT INTO `ps_group_shop` VALUES (1,1),(2,1),(3,1);

--
-- Table structure for table `ps_gsitemap_sitemap`
--

CREATE TABLE `ps_gsitemap_sitemap` (
  `link` varchar(255) DEFAULT NULL,
  `id_shop` int DEFAULT '0'
) ENGINE=InnoDB DEFAULT CHARSET=utf8mb3;

--
-- Dumping data for table `ps_gsitemap_sitemap`
--


--
-- Table structure for table `ps_guest`
--

CREATE TABLE `ps_guest` (
  `id_guest` int unsigned NOT NULL AUTO_INCREMENT,
  `id_operating_system` int unsigned DEFAULT NULL,
  `id_web_browser` int unsigned DEFAULT NULL,
  `id_customer` int unsigned DEFAULT NULL,
  `javascript` tinyint(1) DEFAULT '0',
  `screen_resolution_x` smallint unsigned DEFAULT NULL,
  `screen_resolution_y` smallint unsigned DEFAULT NULL,
  `screen_color` tinyint unsigned DEFAULT NULL,
  `sun_java` tinyint(1) DEFAULT NULL,
  `adobe_flash` tinyint(1) DEFAULT NULL,
  `adobe_director` tinyint(1) DEFAULT NULL,
  `apple_quicktime` tinyint(1) DEFAULT NULL,
  `real_player` tinyint(1) DEFAULT NULL,
  `windows_media` tinyint(1) DEFAULT NULL,
  `accept_language` varchar(8) CHARACTER SET utf8mb4 COLLATE utf8mb4_general_ci DEFAULT NULL,
  `mobile_theme` tinyint(1) NOT NULL DEFAULT '0',
  PRIMARY KEY (`id_guest`),
  KEY `id_customer` (`id_customer`),
  KEY `id_operating_system` (`id_operating_system`),
  KEY `id_web_browser` (`id_web_browser`)
) ENGINE=InnoDB AUTO_INCREMENT=3361 DEFAULT CHARSET=utf8mb4 COLLATE=utf8mb4_general_ci;

--
-- Dumping data for table `ps_guest`
--

INSERT INTO `ps_guest` VALUES (1,0,0,2,0,0,0,0,0,0,0,0,0,0,'',0),(2,0,0,0,0,0,0,0,0,0,0,0,0,0,'',0),(3,7,11,0,0,0,0,0,0,0,0,0,0,0,'fr',0),(4,6,11,0,0,0,0,0,0,0,0,0,0,0,'fr',0),(5,6,11,0,0,0,0,0,0,0,0,0,0,0,'fr',0),(6,6,11,0,0,0,0,0,0,0,0,0,0,0,'fr',0),(7,6,11,0,0,0,0,0,0,0,0,0,0,0,'fr',0),(8,7,11,0,0,0,0,0,0,0,0,0,0,0,'fr',0),(9,7,11,0,0,0,0,0,0,0,0,0,0,0,'fr',0),(10,7,11,0,0,0,0,0,0,0,0,0,0,0,'fr',0),(11,7,11,0,0,0,0,0,0,0,0,0,0,0,'fr',0),(12,7,11,0,0,0,0,0,0,0,0,0,0,0,'fr',0),(13,7,11,0,0,0,0,0,0,0,0,0,0,0,'fr',0),(14,7,1,0,0,0,0,0,0,0,0,0,0,0,'fr',0),(15,7,11,0,0,0,0,0,0,0,0,0,0,0,'fr',0),(16,7,11,0,0,0,0,0,0,0,0,0,0,0,'fr',0),(17,7,11,0,0,0,0,0,0,0,0,0,0,0,'fr',0),(18,7,11,0,0,0,0,0,0,0,0,0,0,0,'fr',0),(19,7,11,0,0,0,0,0,0,0,0,0,0,0,'fr',0),(20,7,11,0,0,0,0,0,0,0,0,0,0,0,'fr',0),(21,7,11,0,0,0,0,0,0,0,0,0,0,0,'fr',0),(22,7,11,0,0,0,0,0,0,0,0,0,0,0,'fr',0),(23,7,11,0,0,0,0,0,0,0,0,0,0,0,'fr',0),(24,7,11,0,0,0,0,0,0,0,0,0,0,0,'fr',0),(25,7,11,0,0,0,0,0,0,0,0,0,0,0,'fr',0),(26,7,11,0,0,0,0,0,0,0,0,0,0,0,'fr',0),(27,7,1,4,0,0,0,0,0,0,0,0,0,0,'fr',0),(29,6,11,0,0,0,0,0,0,0,0,0,0,0,'fr',0),(30,6,11,0,0,0,0,0,0,0,0,0,0,0,'fr',0),(31,6,11,0,0,0,0,0,0,0,0,0,0,0,'fr',0),(32,6,11,0,0,0,0,0,0,0,0,0,0,0,'fr',0),(33,6,11,0,0,0,0,0,0,0,0,0,0,0,'fr',0),(34,6,11,0,0,0,0,0,0,0,0,0,0,0,'fr',0),(35,6,11,0,0,0,0,0,0,0,0,0,0,0,'fr',0),(36,6,11,0,0,0,0,0,0,0,0,0,0,0,'fr',0),(37,6,11,0,0,0,0,0,0,0,0,0,0,0,'fr',0),(38,6,11,0,0,0,0,0,0,0,0,0,0,0,'fr',0),(39,6,11,0,0,0,0,0,0,0,0,0,0,0,'fr',0),(40,6,11,0,0,0,0,0,0,0,0,0,0,0,'fr',0),(41,6,11,0,0,0,0,0,0,0,0,0,0,0,'fr',0),(42,6,11,0,0,0,0,0,0,0,0,0,0,0,'fr',0),(43,6,11,0,0,0,0,0,0,0,0,0,0,0,'fr',0),(44,6,11,0,0,0,0,0,0,0,0,0,0,0,'fr',0),(45,6,11,0,0,0,0,0,0,0,0,0,0,0,'fr',0),(46,6,11,0,0,0,0,0,0,0,0,0,0,0,'fr',0),(47,6,11,0,0,0,0,0,0,0,0,0,0,0,'fr',0),(48,6,11,0,0,0,0,0,0,0,0,0,0,0,'fr',0),(49,6,11,0,0,0,0,0,0,0,0,0,0,0,'fr',0),(50,6,11,0,0,0,0,0,0,0,0,0,0,0,'fr',0),(51,6,11,0,0,0,0,0,0,0,0,0,0,0,'fr',0),(52,6,11,0,0,0,0,0,0,0,0,0,0,0,'fr',0),(53,6,11,0,0,0,0,0,0,0,0,0,0,0,'fr',0),(54,6,11,0,0,0,0,0,0,0,0,0,0,0,'fr',0),(55,6,11,0,0,0,0,0,0,0,0,0,0,0,'fr',0),(56,6,11,0,0,0,0,0,0,0,0,0,0,0,'fr',0),(57,6,11,0,0,0,0,0,0,0,0,0,0,0,'fr',0),(58,6,11,0,0,0,0,0,0,0,0,0,0,0,'fr',0),(59,6,11,0,0,0,0,0,0,0,0,0,0,0,'fr',0),(60,6,11,0,0,0,0,0,0,0,0,0,0,0,'fr',0),(61,6,11,0,0,0,0,0,0,0,0,0,0,0,'fr',0),(62,6,11,0,0,0,0,0,0,0,0,0,0,0,'fr',0),(63,6,11,0,0,0,0,0,0,0,0,0,0,0,'fr',0),(64,6,11,0,0,0,0,0,0,0,0,0,0,0,'fr',0),(65,6,11,0,0,0,0,0,0,0,0,0,0,0,'fr',0),(66,6,11,0,0,0,0,0,0,0,0,0,0,0,'fr',0),(67,6,11,0,0,0,0,0,0,0,0,0,0,0,'fr',0),(68,6,11,0,0,0,0,0,0,0,0,0,0,0,'fr',0),(69,6,11,0,0,0,0,0,0,0,0,0,0,0,'fr',0),(70,6,11,0,0,0,0,0,0,0,0,0,0,0,'fr',0),(71,6,11,0,0,0,0,0,0,0,0,0,0,0,'fr',0),(72,6,11,0,0,0,0,0,0,0,0,0,0,0,'fr',0),(73,6,11,0,0,0,0,0,0,0,0,0,0,0,'fr',0),(74,6,11,0,0,0,0,0,0,0,0,0,0,0,'fr',0),(75,6,11,0,0,0,0,0,0,0,0,0,0,0,'fr',0),(76,6,11,0,0,0,0,0,0,0,0,0,0,0,'fr',0),(77,6,11,0,0,0,0,0,0,0,0,0,0,0,'fr',0),(78,6,11,0,0,0,0,0,0,0,0,0,0,0,'fr',0),(79,6,11,0,0,0,0,0,0,0,0,0,0,0,'fr',0),(80,6,11,0,0,0,0,0,0,0,0,0,0,0,'fr',0),(81,6,11,0,0,0,0,0,0,0,0,0,0,0,'fr',0),(82,6,11,0,0,0,0,0,0,0,0,0,0,0,'fr',0),(83,6,11,0,0,0,0,0,0,0,0,0,0,0,'fr',0),(84,6,11,0,0,0,0,0,0,0,0,0,0,0,'fr',0),(85,6,11,0,0,0,0,0,0,0,0,0,0,0,'fr',0),(86,6,11,0,0,0,0,0,0,0,0,0,0,0,'fr',0),(87,6,11,0,0,0,0,0,0,0,0,0,0,0,'fr',0),(88,6,11,0,0,0,0,0,0,0,0,0,0,0,'fr',0),(89,6,11,0,0,0,0,0,0,0,0,0,0,0,'fr',0),(90,6,11,0,0,0,0,0,0,0,0,0,0,0,'fr',0),(91,6,11,0,0,0,0,0,0,0,0,0,0,0,'fr',0),(92,6,11,0,0,0,0,0,0,0,0,0,0,0,'fr',0),(93,6,11,0,0,0,0,0,0,0,0,0,0,0,'fr',0),(94,6,11,0,0,0,0,0,0,0,0,0,0,0,'fr',0),(95,6,11,0,0,0,0,0,0,0,0,0,0,0,'fr',0),(96,6,11,0,0,0,0,0,0,0,0,0,0,0,'fr',0),(97,6,11,0,0,0,0,0,0,0,0,0,0,0,'fr',0),(98,6,11,0,0,0,0,0,0,0,0,0,0,0,'fr',0),(99,6,11,0,0,0,0,0,0,0,0,0,0,0,'fr',0),(100,6,11,0,0,0,0,0,0,0,0,0,0,0,'fr',0),(101,6,11,0,0,0,0,0,0,0,0,0,0,0,'fr',0),(102,6,11,0,0,0,0,0,0,0,0,0,0,0,'fr',0),(103,6,11,0,0,0,0,0,0,0,0,0,0,0,'fr',0),(104,6,11,0,0,0,0,0,0,0,0,0,0,0,'fr',0),(105,6,11,0,0,0,0,0,0,0,0,0,0,0,'fr',0),(106,6,11,0,0,0,0,0,0,0,0,0,0,0,'fr',0),(107,6,11,0,0,0,0,0,0,0,0,0,0,0,'fr',0),(108,6,11,0,0,0,0,0,0,0,0,0,0,0,'fr',0),(109,6,11,0,0,0,0,0,0,0,0,0,0,0,'fr',0),(110,6,11,0,0,0,0,0,0,0,0,0,0,0,'fr',0),(111,7,11,0,0,0,0,0,0,0,0,0,0,0,'fr',0),(112,7,11,0,0,0,0,0,0,0,0,0,0,0,'fr',0),(113,6,11,0,0,0,0,0,0,0,0,0,0,0,'fr',0),(114,6,11,0,0,0,0,0,0,0,0,0,0,0,'fr',0),(115,6,11,0,0,0,0,0,0,0,0,0,0,0,'fr',0),(116,6,11,0,0,0,0,0,0,0,0,0,0,0,'fr',0),(117,6,11,0,0,0,0,0,0,0,0,0,0,0,'fr',0),(118,7,11,0,0,0,0,0,0,0,0,0,0,0,'fr',0),(119,6,11,0,0,0,0,0,0,0,0,0,0,0,'fr',0),(120,7,11,0,0,0,0,0,0,0,0,0,0,0,'fr',0),(121,7,11,0,0,0,0,0,0,0,0,0,0,0,'fr',0),(122,7,11,0,0,0,0,0,0,0,0,0,0,0,'fr',0),(123,7,11,0,0,0,0,0,0,0,0,0,0,0,'fr',0),(124,7,11,0,0,0,0,0,0,0,0,0,0,0,'fr',0),(125,7,11,0,0,0,0,0,0,0,0,0,0,0,'fr',0),(126,7,11,0,0,0,0,0,0,0,0,0,0,0,'fr',0),(127,7,11,0,0,0,0,0,0,0,0,0,0,0,'fr',0),(128,7,11,0,0,0,0,0,0,0,0,0,0,0,'fr',0),(129,7,11,0,0,0,0,0,0,0,0,0,0,0,'fr',0),(130,7,11,0,0,0,0,0,0,0,0,0,0,0,'en',0),(131,6,11,0,0,0,0,0,0,0,0,0,0,0,'fr',0),(132,7,11,0,0,0,0,0,0,0,0,0,0,0,'fr',0),(133,7,11,0,0,0,0,0,0,0,0,0,0,0,'fr',0),(134,7,11,0,0,0,0,0,0,0,0,0,0,0,'fr',0),(135,7,11,0,0,0,0,0,0,0,0,0,0,0,'fr',0),(136,7,11,0,0,0,0,0,0,0,0,0,0,0,'fr',0),(137,6,3,0,0,0,0,0,0,0,0,0,0,0,'fr',0),(138,6,11,0,0,0,0,0,0,0,0,0,0,0,'fr',0),(139,7,11,0,0,0,0,0,0,0,0,0,0,0,'fr',0),(140,7,11,0,0,0,0,0,0,0,0,0,0,0,'fr',0),(142,7,11,0,0,0,0,0,0,0,0,0,0,0,'fr',0),(143,7,1,0,0,0,0,0,0,0,0,0,0,0,'fr',0),(144,7,11,0,0,0,0,0,0,0,0,0,0,0,'fr',0),(145,7,11,0,0,0,0,0,0,0,0,0,0,0,'fr',0),(146,7,11,0,0,0,0,0,0,0,0,0,0,0,'fr',0),(147,7,11,0,0,0,0,0,0,0,0,0,0,0,'en',0),(148,6,11,0,0,0,0,0,0,0,0,0,0,0,'en',0),(149,7,11,0,0,0,0,0,0,0,0,0,0,0,'fr',0),(150,7,11,0,0,0,0,0,0,0,0,0,0,0,'fr',0),(151,6,11,0,0,0,0,0,0,0,0,0,0,0,'en',0),(152,6,11,0,0,0,0,0,0,0,0,0,0,0,'en',0),(153,6,11,0,0,0,0,0,0,0,0,0,0,0,'en',0),(154,7,11,0,0,0,0,0,0,0,0,0,0,0,'fr',0),(155,6,11,0,0,0,0,0,0,0,0,0,0,0,'en',0),(156,6,11,0,0,0,0,0,0,0,0,0,0,0,'en',0),(157,6,11,0,0,0,0,0,0,0,0,0,0,0,'en',0),(158,6,11,0,0,0,0,0,0,0,0,0,0,0,'en',0),(159,6,11,0,0,0,0,0,0,0,0,0,0,0,'en',0),(160,6,11,0,0,0,0,0,0,0,0,0,0,0,'en',0),(161,6,11,0,0,0,0,0,0,0,0,0,0,0,'en',0),(162,7,11,0,0,0,0,0,0,0,0,0,0,0,'fr',0),(163,7,11,0,0,0,0,0,0,0,0,0,0,0,'fr',0),(164,7,1,0,0,0,0,0,0,0,0,0,0,0,'fr',0),(165,7,11,0,0,0,0,0,0,0,0,0,0,0,'fr',0),(166,7,1,0,0,0,0,0,0,0,0,0,0,0,'fr',0),(168,7,11,0,0,0,0,0,0,0,0,0,0,0,'fr',0),(170,7,11,0,0,0,0,0,0,0,0,0,0,0,'fr',0),(171,7,11,0,0,0,0,0,0,0,0,0,0,0,'fr',0),(172,7,1,0,0,0,0,0,0,0,0,0,0,0,'',0),(173,7,1,0,0,0,0,0,0,0,0,0,0,0,'',0),(174,7,1,0,0,0,0,0,0,0,0,0,0,0,'',0),(175,7,1,0,0,0,0,0,0,0,0,0,0,0,'',0),(176,7,1,0,0,0,0,0,0,0,0,0,0,0,'',0),(177,7,1,0,0,0,0,0,0,0,0,0,0,0,'',0),(178,7,1,0,0,0,0,0,0,0,0,0,0,0,'',0),(179,7,1,0,0,0,0,0,0,0,0,0,0,0,'',0),(180,7,1,0,0,0,0,0,0,0,0,0,0,0,'',0),(181,6,11,0,0,0,0,0,0,0,0,0,0,0,'fr',0),(182,6,11,0,0,0,0,0,0,0,0,0,0,0,'fr',0),(183,6,11,0,0,0,0,0,0,0,0,0,0,0,'fr',0),(184,6,11,0,0,0,0,0,0,0,0,0,0,0,'fr',0),(185,6,11,0,0,0,0,0,0,0,0,0,0,0,'en',0),(186,6,11,0,0,0,0,0,0,0,0,0,0,0,'en',0),(187,6,11,0,0,0,0,0,0,0,0,0,0,0,'en',0),(188,6,11,0,0,0,0,0,0,0,0,0,0,0,'en',0),(189,6,11,0,0,0,0,0,0,0,0,0,0,0,'en',0),(190,6,11,0,0,0,0,0,0,0,0,0,0,0,'en',0),(191,7,11,0,0,0,0,0,0,0,0,0,0,0,'fr',0),(192,7,1,0,0,0,0,0,0,0,0,0,0,0,'',0),(193,7,11,0,0,0,0,0,0,0,0,0,0,0,'fr',0),(194,7,11,0,0,0,0,0,0,0,0,0,0,0,'fr',0),(195,7,11,0,0,0,0,0,0,0,0,0,0,0,'fr',0),(196,6,11,0,0,0,0,0,0,0,0,0,0,0,'en',0),(197,7,11,0,0,0,0,0,0,0,0,0,0,0,'fr',0),(198,7,11,0,0,0,0,0,0,0,0,0,0,0,'fr',0),(199,7,11,0,0,0,0,0,0,0,0,0,0,0,'fr',0),(200,6,11,0,0,0,0,0,0,0,0,0,0,0,'fr',0),(201,6,11,0,0,0,0,0,0,0,0,0,0,0,'fr',0),(202,7,11,0,0,0,0,0,0,0,0,0,0,0,'fr',0),(203,7,11,0,0,0,0,0,0,0,0,0,0,0,'fr',0),(204,7,11,0,0,0,0,0,0,0,0,0,0,0,'fr',0),(205,7,11,0,0,0,0,0,0,0,0,0,0,0,'fr',0),(206,7,11,0,0,0,0,0,0,0,0,0,0,0,'fr',0),(207,7,11,0,0,0,0,0,0,0,0,0,0,0,'fr',0),(208,6,11,0,0,0,0,0,0,0,0,0,0,0,'fr',0),(209,6,11,0,0,0,0,0,0,0,0,0,0,0,'fr',0),(210,6,11,0,0,0,0,0,0,0,0,0,0,0,'fr',0),(213,8,3,0,0,0,0,0,0,0,0,0,0,0,'fr',0),(214,6,11,0,0,0,0,0,0,0,0,0,0,0,'en',0),(215,7,11,0,0,0,0,0,0,0,0,0,0,0,'fr',0),(217,8,3,0,0,0,0,0,0,0,0,0,0,0,'fr',0),(219,8,3,0,0,0,0,0,0,0,0,0,0,0,'fr',0),(220,6,11,0,0,0,0,0,0,0,0,0,0,0,'fr',0),(221,7,1,0,0,0,0,0,0,0,0,0,0,0,'fr',0),(222,0,0,0,0,0,0,0,0,0,0,0,0,0,'',0),(223,0,0,0,0,0,0,0,0,0,0,0,0,0,'',0),(224,6,11,0,0,0,0,0,0,0,0,0,0,0,'fr',0),(225,6,11,0,0,0,0,0,0,0,0,0,0,0,'fr',0),(226,6,11,0,0,0,0,0,0,0,0,0,0,0,'fr',0),(227,6,11,0,0,0,0,0,0,0,0,0,0,0,'fr',0),(228,6,11,0,0,0,0,0,0,0,0,0,0,0,'fr',0),(229,6,11,0,0,0,0,0,0,0,0,0,0,0,'fr',0),(230,6,11,0,0,0,0,0,0,0,0,0,0,0,'fr',0),(231,6,11,0,0,0,0,0,0,0,0,0,0,0,'fr',0),(232,6,11,0,0,0,0,0,0,0,0,0,0,0,'fr',0),(233,6,11,0,0,0,0,0,0,0,0,0,0,0,'fr',0),(234,6,11,0,0,0,0,0,0,0,0,0,0,0,'fr',0),(235,6,11,0,0,0,0,0,0,0,0,0,0,0,'fr',0),(236,6,11,0,0,0,0,0,0,0,0,0,0,0,'fr',0),(237,6,11,0,0,0,0,0,0,0,0,0,0,0,'fr',0),(238,6,11,0,0,0,0,0,0,0,0,0,0,0,'fr',0),(239,6,11,0,0,0,0,0,0,0,0,0,0,0,'fr',0),(240,6,11,0,0,0,0,0,0,0,0,0,0,0,'fr',0),(241,6,11,0,0,0,0,0,0,0,0,0,0,0,'fr',0),(242,6,11,0,0,0,0,0,0,0,0,0,0,0,'fr',0),(243,6,11,0,0,0,0,0,0,0,0,0,0,0,'fr',0),(244,6,11,0,0,0,0,0,0,0,0,0,0,0,'fr',0),(245,6,11,0,0,0,0,0,0,0,0,0,0,0,'fr',0),(246,6,11,0,0,0,0,0,0,0,0,0,0,0,'fr',0),(247,6,11,0,0,0,0,0,0,0,0,0,0,0,'fr',0),(248,6,11,0,0,0,0,0,0,0,0,0,0,0,'fr',0),(249,6,11,0,0,0,0,0,0,0,0,0,0,0,'fr',0),(250,6,11,0,0,0,0,0,0,0,0,0,0,0,'fr',0),(251,6,11,0,0,0,0,0,0,0,0,0,0,0,'fr',0),(252,6,11,0,0,0,0,0,0,0,0,0,0,0,'fr',0),(253,6,11,0,0,0,0,0,0,0,0,0,0,0,'fr',0),(254,6,11,0,0,0,0,0,0,0,0,0,0,0,'fr',0),(255,6,11,0,0,0,0,0,0,0,0,0,0,0,'fr',0),(256,6,11,0,0,0,0,0,0,0,0,0,0,0,'fr',0),(257,6,11,0,0,0,0,0,0,0,0,0,0,0,'fr',0),(258,6,11,0,0,0,0,0,0,0,0,0,0,0,'fr',0),(259,6,11,0,0,0,0,0,0,0,0,0,0,0,'fr',0),(260,6,11,0,0,0,0,0,0,0,0,0,0,0,'fr',0),(261,6,11,0,0,0,0,0,0,0,0,0,0,0,'fr',0),(262,6,11,0,0,0,0,0,0,0,0,0,0,0,'fr',0),(263,6,11,0,0,0,0,0,0,0,0,0,0,0,'fr',0),(264,6,11,0,0,0,0,0,0,0,0,0,0,0,'fr',0),(265,6,11,0,0,0,0,0,0,0,0,0,0,0,'fr',0),(266,6,11,0,0,0,0,0,0,0,0,0,0,0,'fr',0),(267,6,11,0,0,0,0,0,0,0,0,0,0,0,'fr',0),(268,6,11,0,0,0,0,0,0,0,0,0,0,0,'fr',0),(269,6,11,0,0,0,0,0,0,0,0,0,0,0,'fr',0),(270,6,11,0,0,0,0,0,0,0,0,0,0,0,'fr',0),(271,6,11,0,0,0,0,0,0,0,0,0,0,0,'fr',0),(272,6,11,0,0,0,0,0,0,0,0,0,0,0,'fr',0),(273,6,11,0,0,0,0,0,0,0,0,0,0,0,'fr',0),(274,6,11,0,0,0,0,0,0,0,0,0,0,0,'fr',0),(275,6,11,0,0,0,0,0,0,0,0,0,0,0,'fr',0),(276,6,11,0,0,0,0,0,0,0,0,0,0,0,'fr',0),(277,6,11,0,0,0,0,0,0,0,0,0,0,0,'fr',0),(278,6,11,0,0,0,0,0,0,0,0,0,0,0,'fr',0),(279,6,11,0,0,0,0,0,0,0,0,0,0,0,'fr',0),(280,6,11,0,0,0,0,0,0,0,0,0,0,0,'fr',0),(281,6,11,0,0,0,0,0,0,0,0,0,0,0,'fr',0),(282,6,11,0,0,0,0,0,0,0,0,0,0,0,'fr',0),(283,6,11,0,0,0,0,0,0,0,0,0,0,0,'fr',0),(284,6,11,0,0,0,0,0,0,0,0,0,0,0,'fr',0),(285,6,11,0,0,0,0,0,0,0,0,0,0,0,'fr',0),(286,6,11,0,0,0,0,0,0,0,0,0,0,0,'fr',0),(287,6,11,0,0,0,0,0,0,0,0,0,0,0,'fr',0),(288,6,11,0,0,0,0,0,0,0,0,0,0,0,'fr',0),(289,6,11,0,0,0,0,0,0,0,0,0,0,0,'fr',0),(290,6,11,0,0,0,0,0,0,0,0,0,0,0,'fr',0),(291,6,11,0,0,0,0,0,0,0,0,0,0,0,'fr',0),(292,6,11,0,0,0,0,0,0,0,0,0,0,0,'fr',0),(293,6,11,0,0,0,0,0,0,0,0,0,0,0,'fr',0),(294,6,11,0,0,0,0,0,0,0,0,0,0,0,'fr',0),(295,6,11,0,0,0,0,0,0,0,0,0,0,0,'fr',0),(296,6,11,0,0,0,0,0,0,0,0,0,0,0,'fr',0),(297,6,11,0,0,0,0,0,0,0,0,0,0,0,'fr',0),(298,6,11,0,0,0,0,0,0,0,0,0,0,0,'fr',0),(299,6,11,0,0,0,0,0,0,0,0,0,0,0,'fr',0),(300,6,11,0,0,0,0,0,0,0,0,0,0,0,'fr',0),(301,6,11,0,0,0,0,0,0,0,0,0,0,0,'fr',0),(302,6,11,0,0,0,0,0,0,0,0,0,0,0,'fr',0),(303,6,11,0,0,0,0,0,0,0,0,0,0,0,'fr',0),(304,6,11,0,0,0,0,0,0,0,0,0,0,0,'fr',0),(305,6,11,0,0,0,0,0,0,0,0,0,0,0,'fr',0),(306,6,11,0,0,0,0,0,0,0,0,0,0,0,'fr',0),(307,6,11,0,0,0,0,0,0,0,0,0,0,0,'fr',0),(308,6,11,0,0,0,0,0,0,0,0,0,0,0,'fr',0),(309,6,11,0,0,0,0,0,0,0,0,0,0,0,'fr',0),(310,6,11,0,0,0,0,0,0,0,0,0,0,0,'fr',0),(311,6,11,0,0,0,0,0,0,0,0,0,0,0,'fr',0),(312,6,11,0,0,0,0,0,0,0,0,0,0,0,'fr',0),(313,6,11,0,0,0,0,0,0,0,0,0,0,0,'fr',0),(314,6,11,0,0,0,0,0,0,0,0,0,0,0,'fr',0),(315,6,11,0,0,0,0,0,0,0,0,0,0,0,'fr',0),(316,6,11,0,0,0,0,0,0,0,0,0,0,0,'fr',0),(317,6,11,0,0,0,0,0,0,0,0,0,0,0,'fr',0),(318,6,11,0,0,0,0,0,0,0,0,0,0,0,'fr',0),(319,6,11,0,0,0,0,0,0,0,0,0,0,0,'fr',0),(320,6,11,0,0,0,0,0,0,0,0,0,0,0,'fr',0),(321,6,11,0,0,0,0,0,0,0,0,0,0,0,'fr',0),(322,6,11,0,0,0,0,0,0,0,0,0,0,0,'fr',0),(323,6,11,0,0,0,0,0,0,0,0,0,0,0,'fr',0),(324,6,11,0,0,0,0,0,0,0,0,0,0,0,'fr',0),(325,6,11,0,0,0,0,0,0,0,0,0,0,0,'fr',0),(326,6,11,0,0,0,0,0,0,0,0,0,0,0,'fr',0),(327,6,11,0,0,0,0,0,0,0,0,0,0,0,'fr',0),(328,6,11,0,0,0,0,0,0,0,0,0,0,0,'fr',0),(329,6,11,0,0,0,0,0,0,0,0,0,0,0,'fr',0),(330,6,11,0,0,0,0,0,0,0,0,0,0,0,'fr',0),(331,6,11,0,0,0,0,0,0,0,0,0,0,0,'fr',0),(332,6,11,0,0,0,0,0,0,0,0,0,0,0,'fr',0),(333,6,11,0,0,0,0,0,0,0,0,0,0,0,'fr',0),(334,6,11,0,0,0,0,0,0,0,0,0,0,0,'fr',0),(335,6,11,0,0,0,0,0,0,0,0,0,0,0,'fr',0),(336,6,11,0,0,0,0,0,0,0,0,0,0,0,'fr',0),(337,6,11,0,0,0,0,0,0,0,0,0,0,0,'fr',0),(338,6,11,0,0,0,0,0,0,0,0,0,0,0,'fr',0),(339,6,11,0,0,0,0,0,0,0,0,0,0,0,'fr',0),(340,6,11,0,0,0,0,0,0,0,0,0,0,0,'fr',0),(341,6,11,0,0,0,0,0,0,0,0,0,0,0,'fr',0),(342,6,11,0,0,0,0,0,0,0,0,0,0,0,'fr',0),(343,6,11,0,0,0,0,0,0,0,0,0,0,0,'fr',0),(344,6,11,0,0,0,0,0,0,0,0,0,0,0,'fr',0),(345,6,11,0,0,0,0,0,0,0,0,0,0,0,'fr',0),(346,6,11,0,0,0,0,0,0,0,0,0,0,0,'fr',0),(347,6,11,0,0,0,0,0,0,0,0,0,0,0,'fr',0),(348,6,11,0,0,0,0,0,0,0,0,0,0,0,'fr',0),(349,6,11,0,0,0,0,0,0,0,0,0,0,0,'fr',0),(350,6,11,0,0,0,0,0,0,0,0,0,0,0,'fr',0),(351,6,11,0,0,0,0,0,0,0,0,0,0,0,'fr',0),(352,6,11,0,0,0,0,0,0,0,0,0,0,0,'fr',0),(353,6,11,0,0,0,0,0,0,0,0,0,0,0,'fr',0),(354,6,11,0,0,0,0,0,0,0,0,0,0,0,'fr',0),(355,6,11,0,0,0,0,0,0,0,0,0,0,0,'fr',0),(356,6,11,0,0,0,0,0,0,0,0,0,0,0,'fr',0),(357,6,11,0,0,0,0,0,0,0,0,0,0,0,'fr',0),(358,6,11,0,0,0,0,0,0,0,0,0,0,0,'fr',0),(359,6,11,0,0,0,0,0,0,0,0,0,0,0,'fr',0),(360,6,11,0,0,0,0,0,0,0,0,0,0,0,'fr',0),(361,6,11,0,0,0,0,0,0,0,0,0,0,0,'fr',0),(362,6,11,0,0,0,0,0,0,0,0,0,0,0,'fr',0),(363,6,11,0,0,0,0,0,0,0,0,0,0,0,'fr',0),(364,6,11,0,0,0,0,0,0,0,0,0,0,0,'fr',0),(365,6,11,0,0,0,0,0,0,0,0,0,0,0,'fr',0),(366,6,11,0,0,0,0,0,0,0,0,0,0,0,'fr',0),(367,6,11,0,0,0,0,0,0,0,0,0,0,0,'fr',0),(368,6,11,0,0,0,0,0,0,0,0,0,0,0,'fr',0),(369,6,11,0,0,0,0,0,0,0,0,0,0,0,'fr',0),(370,6,11,0,0,0,0,0,0,0,0,0,0,0,'fr',0),(371,6,11,0,0,0,0,0,0,0,0,0,0,0,'fr',0),(372,6,11,0,0,0,0,0,0,0,0,0,0,0,'fr',0),(373,6,11,0,0,0,0,0,0,0,0,0,0,0,'fr',0),(374,6,11,0,0,0,0,0,0,0,0,0,0,0,'fr',0),(375,6,11,0,0,0,0,0,0,0,0,0,0,0,'fr',0),(376,6,11,0,0,0,0,0,0,0,0,0,0,0,'fr',0),(377,6,11,0,0,0,0,0,0,0,0,0,0,0,'fr',0),(378,6,11,0,0,0,0,0,0,0,0,0,0,0,'fr',0),(379,6,11,0,0,0,0,0,0,0,0,0,0,0,'fr',0),(380,6,11,0,0,0,0,0,0,0,0,0,0,0,'fr',0),(381,6,11,0,0,0,0,0,0,0,0,0,0,0,'fr',0),(382,6,11,0,0,0,0,0,0,0,0,0,0,0,'fr',0),(383,6,11,0,0,0,0,0,0,0,0,0,0,0,'fr',0),(384,6,11,0,0,0,0,0,0,0,0,0,0,0,'fr',0),(385,6,11,0,0,0,0,0,0,0,0,0,0,0,'fr',0),(386,6,11,0,0,0,0,0,0,0,0,0,0,0,'fr',0),(387,6,11,0,0,0,0,0,0,0,0,0,0,0,'fr',0),(388,6,11,0,0,0,0,0,0,0,0,0,0,0,'fr',0),(389,6,11,0,0,0,0,0,0,0,0,0,0,0,'fr',0),(390,6,11,0,0,0,0,0,0,0,0,0,0,0,'fr',0),(391,6,11,0,0,0,0,0,0,0,0,0,0,0,'fr',0),(392,6,11,0,0,0,0,0,0,0,0,0,0,0,'fr',0),(393,6,11,0,0,0,0,0,0,0,0,0,0,0,'fr',0),(394,6,11,0,0,0,0,0,0,0,0,0,0,0,'fr',0),(395,6,11,0,0,0,0,0,0,0,0,0,0,0,'fr',0),(396,6,11,0,0,0,0,0,0,0,0,0,0,0,'fr',0),(397,6,11,0,0,0,0,0,0,0,0,0,0,0,'fr',0),(398,6,11,0,0,0,0,0,0,0,0,0,0,0,'fr',0),(399,6,11,0,0,0,0,0,0,0,0,0,0,0,'fr',0),(400,6,11,0,0,0,0,0,0,0,0,0,0,0,'fr',0),(401,6,11,0,0,0,0,0,0,0,0,0,0,0,'fr',0),(402,6,11,0,0,0,0,0,0,0,0,0,0,0,'fr',0),(403,6,11,0,0,0,0,0,0,0,0,0,0,0,'fr',0),(404,6,11,0,0,0,0,0,0,0,0,0,0,0,'fr',0),(405,6,11,0,0,0,0,0,0,0,0,0,0,0,'fr',0),(406,6,11,0,0,0,0,0,0,0,0,0,0,0,'fr',0),(407,6,11,0,0,0,0,0,0,0,0,0,0,0,'fr',0),(408,6,11,0,0,0,0,0,0,0,0,0,0,0,'fr',0),(409,6,11,0,0,0,0,0,0,0,0,0,0,0,'fr',0),(410,6,11,0,0,0,0,0,0,0,0,0,0,0,'fr',0),(411,6,11,0,0,0,0,0,0,0,0,0,0,0,'fr',0),(412,6,11,0,0,0,0,0,0,0,0,0,0,0,'fr',0),(413,6,11,0,0,0,0,0,0,0,0,0,0,0,'fr',0),(414,6,11,0,0,0,0,0,0,0,0,0,0,0,'fr',0),(415,6,11,0,0,0,0,0,0,0,0,0,0,0,'fr',0),(416,6,11,0,0,0,0,0,0,0,0,0,0,0,'fr',0),(417,6,11,0,0,0,0,0,0,0,0,0,0,0,'fr',0),(418,6,11,0,0,0,0,0,0,0,0,0,0,0,'fr',0),(419,6,11,0,0,0,0,0,0,0,0,0,0,0,'fr',0),(420,6,11,0,0,0,0,0,0,0,0,0,0,0,'fr',0),(421,6,11,0,0,0,0,0,0,0,0,0,0,0,'fr',0),(422,6,11,0,0,0,0,0,0,0,0,0,0,0,'fr',0),(423,6,11,0,0,0,0,0,0,0,0,0,0,0,'fr',0),(424,6,11,0,0,0,0,0,0,0,0,0,0,0,'fr',0),(425,6,11,0,0,0,0,0,0,0,0,0,0,0,'fr',0),(426,6,11,0,0,0,0,0,0,0,0,0,0,0,'fr',0),(427,6,11,0,0,0,0,0,0,0,0,0,0,0,'fr',0),(428,6,11,0,0,0,0,0,0,0,0,0,0,0,'fr',0),(429,6,11,0,0,0,0,0,0,0,0,0,0,0,'fr',0),(430,6,11,0,0,0,0,0,0,0,0,0,0,0,'fr',0),(431,6,11,0,0,0,0,0,0,0,0,0,0,0,'fr',0),(432,6,11,0,0,0,0,0,0,0,0,0,0,0,'fr',0),(433,6,11,0,0,0,0,0,0,0,0,0,0,0,'fr',0),(434,6,11,0,0,0,0,0,0,0,0,0,0,0,'fr',0),(435,6,11,0,0,0,0,0,0,0,0,0,0,0,'fr',0),(436,6,11,0,0,0,0,0,0,0,0,0,0,0,'fr',0),(437,6,11,0,0,0,0,0,0,0,0,0,0,0,'fr',0),(438,6,11,0,0,0,0,0,0,0,0,0,0,0,'fr',0),(439,6,11,0,0,0,0,0,0,0,0,0,0,0,'fr',0),(440,6,11,0,0,0,0,0,0,0,0,0,0,0,'fr',0),(441,6,11,0,0,0,0,0,0,0,0,0,0,0,'fr',0),(442,6,11,0,0,0,0,0,0,0,0,0,0,0,'fr',0),(443,6,11,0,0,0,0,0,0,0,0,0,0,0,'fr',0),(444,6,11,0,0,0,0,0,0,0,0,0,0,0,'fr',0),(445,6,11,0,0,0,0,0,0,0,0,0,0,0,'fr',0),(446,6,11,0,0,0,0,0,0,0,0,0,0,0,'fr',0),(447,6,11,0,0,0,0,0,0,0,0,0,0,0,'fr',0),(448,6,11,0,0,0,0,0,0,0,0,0,0,0,'fr',0),(449,6,11,0,0,0,0,0,0,0,0,0,0,0,'fr',0),(450,6,11,0,0,0,0,0,0,0,0,0,0,0,'fr',0),(451,6,11,0,0,0,0,0,0,0,0,0,0,0,'fr',0),(452,6,11,0,0,0,0,0,0,0,0,0,0,0,'fr',0),(453,6,11,0,0,0,0,0,0,0,0,0,0,0,'fr',0),(454,6,11,0,0,0,0,0,0,0,0,0,0,0,'fr',0),(455,6,11,0,0,0,0,0,0,0,0,0,0,0,'fr',0),(456,6,11,0,0,0,0,0,0,0,0,0,0,0,'fr',0),(457,6,11,0,0,0,0,0,0,0,0,0,0,0,'fr',0),(458,6,11,0,0,0,0,0,0,0,0,0,0,0,'fr',0),(459,6,11,0,0,0,0,0,0,0,0,0,0,0,'fr',0),(460,6,11,0,0,0,0,0,0,0,0,0,0,0,'fr',0),(461,6,11,0,0,0,0,0,0,0,0,0,0,0,'fr',0),(462,6,11,0,0,0,0,0,0,0,0,0,0,0,'fr',0),(463,6,11,0,0,0,0,0,0,0,0,0,0,0,'fr',0),(464,6,11,0,0,0,0,0,0,0,0,0,0,0,'fr',0),(465,6,11,0,0,0,0,0,0,0,0,0,0,0,'fr',0),(466,6,11,0,0,0,0,0,0,0,0,0,0,0,'fr',0),(467,6,11,0,0,0,0,0,0,0,0,0,0,0,'fr',0),(468,6,11,0,0,0,0,0,0,0,0,0,0,0,'fr',0),(469,6,11,0,0,0,0,0,0,0,0,0,0,0,'fr',0),(470,6,11,0,0,0,0,0,0,0,0,0,0,0,'fr',0),(471,6,11,0,0,0,0,0,0,0,0,0,0,0,'fr',0),(472,6,11,0,0,0,0,0,0,0,0,0,0,0,'fr',0),(473,6,11,0,0,0,0,0,0,0,0,0,0,0,'fr',0),(474,6,11,0,0,0,0,0,0,0,0,0,0,0,'fr',0),(475,6,11,0,0,0,0,0,0,0,0,0,0,0,'fr',0),(476,6,11,0,0,0,0,0,0,0,0,0,0,0,'fr',0),(477,7,11,0,0,0,0,0,0,0,0,0,0,0,'fr',0),(478,7,1,0,0,0,0,0,0,0,0,0,0,0,'fr',0),(479,7,1,0,0,0,0,0,0,0,0,0,0,0,'fr',0),(480,7,1,0,0,0,0,0,0,0,0,0,0,0,'fr',0),(481,7,1,0,0,0,0,0,0,0,0,0,0,0,'fr',0),(482,7,1,0,0,0,0,0,0,0,0,0,0,0,'fr',0),(483,6,11,0,0,0,0,0,0,0,0,0,0,0,'fr',0),(484,6,11,0,0,0,0,0,0,0,0,0,0,0,'fr',0),(485,0,0,0,0,0,0,0,0,0,0,0,0,0,'',0),(486,0,0,0,0,0,0,0,0,0,0,0,0,0,'',0),(487,0,0,0,0,0,0,0,0,0,0,0,0,0,'',0),(488,0,0,0,0,0,0,0,0,0,0,0,0,0,'',0),(489,0,0,0,0,0,0,0,0,0,0,0,0,0,'',0),(490,6,11,0,0,0,0,0,0,0,0,0,0,0,'fr',0),(491,7,1,0,0,0,0,0,0,0,0,0,0,0,'fr',0),(492,7,11,0,0,0,0,0,0,0,0,0,0,0,'fr',0),(494,0,0,0,0,0,0,0,0,0,0,0,0,0,'',0),(495,0,0,0,0,0,0,0,0,0,0,0,0,0,'',0),(496,7,11,0,0,0,0,0,0,0,0,0,0,0,'fr',0),(497,7,11,0,0,0,0,0,0,0,0,0,0,0,'fr',0),(498,7,11,0,0,0,0,0,0,0,0,0,0,0,'fr',0),(499,7,11,0,0,0,0,0,0,0,0,0,0,0,'fr',0),(501,7,11,0,0,0,0,0,0,0,0,0,0,0,'fr',0),(502,7,11,0,0,0,0,0,0,0,0,0,0,0,'fr',0),(503,7,11,0,0,0,0,0,0,0,0,0,0,0,'fr',0),(504,7,11,0,0,0,0,0,0,0,0,0,0,0,'fr',0),(505,7,11,0,0,0,0,0,0,0,0,0,0,0,'fr',0),(506,7,11,0,0,0,0,0,0,0,0,0,0,0,'fr',0),(507,7,11,0,0,0,0,0,0,0,0,0,0,0,'fr',0),(508,7,11,0,0,0,0,0,0,0,0,0,0,0,'fr',0),(509,7,11,0,0,0,0,0,0,0,0,0,0,0,'fr',0),(510,7,11,0,0,0,0,0,0,0,0,0,0,0,'fr',0),(511,7,11,0,0,0,0,0,0,0,0,0,0,0,'fr',0),(512,7,11,0,0,0,0,0,0,0,0,0,0,0,'fr',0),(513,7,11,0,0,0,0,0,0,0,0,0,0,0,'fr',0),(514,7,11,0,0,0,0,0,0,0,0,0,0,0,'fr',0),(515,7,11,0,0,0,0,0,0,0,0,0,0,0,'fr',0),(516,7,11,0,0,0,0,0,0,0,0,0,0,0,'fr',0),(517,7,11,0,0,0,0,0,0,0,0,0,0,0,'fr',0),(518,7,11,0,0,0,0,0,0,0,0,0,0,0,'fr',0),(519,7,11,0,0,0,0,0,0,0,0,0,0,0,'fr',0),(520,7,11,0,0,0,0,0,0,0,0,0,0,0,'fr',0),(521,7,11,0,0,0,0,0,0,0,0,0,0,0,'fr',0),(522,7,11,0,0,0,0,0,0,0,0,0,0,0,'fr',0),(523,7,11,0,0,0,0,0,0,0,0,0,0,0,'fr',0),(524,7,11,0,0,0,0,0,0,0,0,0,0,0,'fr',0),(525,7,11,0,0,0,0,0,0,0,0,0,0,0,'fr',0),(526,7,11,0,0,0,0,0,0,0,0,0,0,0,'fr',0),(527,7,11,0,0,0,0,0,0,0,0,0,0,0,'fr',0),(528,7,11,0,0,0,0,0,0,0,0,0,0,0,'fr',0),(529,7,11,0,0,0,0,0,0,0,0,0,0,0,'fr',0),(530,7,11,0,0,0,0,0,0,0,0,0,0,0,'fr',0),(531,7,11,0,0,0,0,0,0,0,0,0,0,0,'fr',0),(532,7,11,0,0,0,0,0,0,0,0,0,0,0,'fr',0),(533,7,11,0,0,0,0,0,0,0,0,0,0,0,'fr',0),(534,7,11,0,0,0,0,0,0,0,0,0,0,0,'fr',0),(535,7,11,0,0,0,0,0,0,0,0,0,0,0,'fr',0),(536,7,11,0,0,0,0,0,0,0,0,0,0,0,'fr',0),(537,7,11,0,0,0,0,0,0,0,0,0,0,0,'fr',0),(538,7,11,0,0,0,0,0,0,0,0,0,0,0,'fr',0),(539,7,11,0,0,0,0,0,0,0,0,0,0,0,'fr',0),(540,7,11,0,0,0,0,0,0,0,0,0,0,0,'fr',0),(541,7,11,0,0,0,0,0,0,0,0,0,0,0,'fr',0),(542,7,11,0,0,0,0,0,0,0,0,0,0,0,'fr',0),(543,7,11,0,0,0,0,0,0,0,0,0,0,0,'fr',0),(544,7,11,0,0,0,0,0,0,0,0,0,0,0,'fr',0),(545,7,11,0,0,0,0,0,0,0,0,0,0,0,'fr',0),(546,7,11,0,0,0,0,0,0,0,0,0,0,0,'fr',0),(547,7,11,0,0,0,0,0,0,0,0,0,0,0,'fr',0),(548,7,11,0,0,0,0,0,0,0,0,0,0,0,'fr',0),(549,7,11,0,0,0,0,0,0,0,0,0,0,0,'fr',0),(550,7,11,0,0,0,0,0,0,0,0,0,0,0,'fr',0),(551,7,11,0,0,0,0,0,0,0,0,0,0,0,'fr',0),(552,7,11,0,0,0,0,0,0,0,0,0,0,0,'fr',0),(553,7,11,0,0,0,0,0,0,0,0,0,0,0,'fr',0),(554,7,11,0,0,0,0,0,0,0,0,0,0,0,'fr',0),(555,7,11,0,0,0,0,0,0,0,0,0,0,0,'fr',0),(556,7,11,0,0,0,0,0,0,0,0,0,0,0,'fr',0),(557,7,11,0,0,0,0,0,0,0,0,0,0,0,'fr',0),(558,7,11,0,0,0,0,0,0,0,0,0,0,0,'fr',0),(559,7,11,0,0,0,0,0,0,0,0,0,0,0,'fr',0),(560,7,11,0,0,0,0,0,0,0,0,0,0,0,'fr',0),(561,7,11,0,0,0,0,0,0,0,0,0,0,0,'fr',0),(562,7,11,0,0,0,0,0,0,0,0,0,0,0,'fr',0),(563,7,11,0,0,0,0,0,0,0,0,0,0,0,'fr',0),(564,7,11,0,0,0,0,0,0,0,0,0,0,0,'fr',0),(565,7,11,0,0,0,0,0,0,0,0,0,0,0,'fr',0),(566,7,11,0,0,0,0,0,0,0,0,0,0,0,'fr',0),(567,7,11,0,0,0,0,0,0,0,0,0,0,0,'fr',0),(568,7,11,0,0,0,0,0,0,0,0,0,0,0,'fr',0),(569,7,11,0,0,0,0,0,0,0,0,0,0,0,'fr',0),(570,7,11,0,0,0,0,0,0,0,0,0,0,0,'fr',0),(571,7,11,0,0,0,0,0,0,0,0,0,0,0,'fr',0),(572,7,11,0,0,0,0,0,0,0,0,0,0,0,'fr',0),(573,7,11,0,0,0,0,0,0,0,0,0,0,0,'fr',0),(574,7,11,0,0,0,0,0,0,0,0,0,0,0,'fr',0),(575,7,11,0,0,0,0,0,0,0,0,0,0,0,'fr',0),(576,7,11,0,0,0,0,0,0,0,0,0,0,0,'fr',0),(577,7,11,0,0,0,0,0,0,0,0,0,0,0,'fr',0),(578,7,11,0,0,0,0,0,0,0,0,0,0,0,'fr',0),(579,7,11,0,0,0,0,0,0,0,0,0,0,0,'fr',0),(580,7,11,0,0,0,0,0,0,0,0,0,0,0,'fr',0),(581,7,11,0,0,0,0,0,0,0,0,0,0,0,'fr',0),(582,7,11,0,0,0,0,0,0,0,0,0,0,0,'fr',0),(583,7,11,0,0,0,0,0,0,0,0,0,0,0,'fr',0),(584,7,11,0,0,0,0,0,0,0,0,0,0,0,'fr',0),(585,7,11,0,0,0,0,0,0,0,0,0,0,0,'fr',0),(586,7,11,0,0,0,0,0,0,0,0,0,0,0,'fr',0),(587,7,11,0,0,0,0,0,0,0,0,0,0,0,'fr',0),(588,7,11,0,0,0,0,0,0,0,0,0,0,0,'fr',0),(589,7,11,0,0,0,0,0,0,0,0,0,0,0,'fr',0),(590,7,11,0,0,0,0,0,0,0,0,0,0,0,'fr',0),(591,7,11,0,0,0,0,0,0,0,0,0,0,0,'fr',0),(592,7,11,0,0,0,0,0,0,0,0,0,0,0,'fr',0),(593,7,11,0,0,0,0,0,0,0,0,0,0,0,'fr',0),(594,7,11,0,0,0,0,0,0,0,0,0,0,0,'fr',0),(595,7,11,0,0,0,0,0,0,0,0,0,0,0,'fr',0),(596,7,11,0,0,0,0,0,0,0,0,0,0,0,'fr',0),(597,7,11,0,0,0,0,0,0,0,0,0,0,0,'fr',0),(598,7,11,0,0,0,0,0,0,0,0,0,0,0,'fr',0),(599,7,11,0,0,0,0,0,0,0,0,0,0,0,'fr',0),(600,7,11,0,0,0,0,0,0,0,0,0,0,0,'fr',0),(601,7,11,0,0,0,0,0,0,0,0,0,0,0,'fr',0),(602,7,11,0,0,0,0,0,0,0,0,0,0,0,'fr',0),(603,7,11,0,0,0,0,0,0,0,0,0,0,0,'fr',0),(604,7,11,0,0,0,0,0,0,0,0,0,0,0,'fr',0),(605,7,11,0,0,0,0,0,0,0,0,0,0,0,'fr',0),(606,7,11,0,0,0,0,0,0,0,0,0,0,0,'fr',0),(607,7,11,0,0,0,0,0,0,0,0,0,0,0,'fr',0),(608,7,11,0,0,0,0,0,0,0,0,0,0,0,'fr',0),(609,7,11,0,0,0,0,0,0,0,0,0,0,0,'fr',0),(610,7,11,0,0,0,0,0,0,0,0,0,0,0,'fr',0),(611,7,11,0,0,0,0,0,0,0,0,0,0,0,'fr',0),(612,7,11,0,0,0,0,0,0,0,0,0,0,0,'fr',0),(613,7,11,0,0,0,0,0,0,0,0,0,0,0,'fr',0),(614,7,11,0,0,0,0,0,0,0,0,0,0,0,'fr',0),(615,7,11,0,0,0,0,0,0,0,0,0,0,0,'fr',0),(616,7,11,0,0,0,0,0,0,0,0,0,0,0,'fr',0),(617,7,11,0,0,0,0,0,0,0,0,0,0,0,'fr',0),(618,7,11,0,0,0,0,0,0,0,0,0,0,0,'fr',0),(619,7,11,0,0,0,0,0,0,0,0,0,0,0,'fr',0),(620,7,11,0,0,0,0,0,0,0,0,0,0,0,'fr',0),(621,7,11,0,0,0,0,0,0,0,0,0,0,0,'fr',0),(622,7,11,0,0,0,0,0,0,0,0,0,0,0,'fr',0),(623,7,11,0,0,0,0,0,0,0,0,0,0,0,'fr',0),(624,7,11,0,0,0,0,0,0,0,0,0,0,0,'fr',0),(625,7,11,0,0,0,0,0,0,0,0,0,0,0,'fr',0),(626,7,11,0,0,0,0,0,0,0,0,0,0,0,'fr',0),(627,7,11,0,0,0,0,0,0,0,0,0,0,0,'fr',0),(628,7,11,0,0,0,0,0,0,0,0,0,0,0,'fr',0),(629,7,11,0,0,0,0,0,0,0,0,0,0,0,'fr',0),(630,7,11,0,0,0,0,0,0,0,0,0,0,0,'fr',0),(631,7,11,0,0,0,0,0,0,0,0,0,0,0,'fr',0),(632,7,11,0,0,0,0,0,0,0,0,0,0,0,'fr',0),(633,7,11,0,0,0,0,0,0,0,0,0,0,0,'fr',0),(634,7,11,0,0,0,0,0,0,0,0,0,0,0,'fr',0),(635,7,11,0,0,0,0,0,0,0,0,0,0,0,'fr',0),(636,7,11,0,0,0,0,0,0,0,0,0,0,0,'fr',0),(637,7,11,0,0,0,0,0,0,0,0,0,0,0,'fr',0),(638,7,11,0,0,0,0,0,0,0,0,0,0,0,'fr',0),(639,7,11,0,0,0,0,0,0,0,0,0,0,0,'fr',0),(640,7,11,0,0,0,0,0,0,0,0,0,0,0,'fr',0),(641,7,11,0,0,0,0,0,0,0,0,0,0,0,'fr',0),(642,7,11,0,0,0,0,0,0,0,0,0,0,0,'fr',0),(643,7,11,0,0,0,0,0,0,0,0,0,0,0,'fr',0),(644,7,11,0,0,0,0,0,0,0,0,0,0,0,'fr',0),(645,7,11,0,0,0,0,0,0,0,0,0,0,0,'fr',0),(646,7,11,0,0,0,0,0,0,0,0,0,0,0,'fr',0),(647,7,11,0,0,0,0,0,0,0,0,0,0,0,'fr',0),(648,7,11,0,0,0,0,0,0,0,0,0,0,0,'fr',0),(649,7,11,0,0,0,0,0,0,0,0,0,0,0,'fr',0),(650,7,11,0,0,0,0,0,0,0,0,0,0,0,'fr',0),(651,7,11,0,0,0,0,0,0,0,0,0,0,0,'fr',0),(652,7,11,0,0,0,0,0,0,0,0,0,0,0,'fr',0),(653,7,11,0,0,0,0,0,0,0,0,0,0,0,'fr',0),(654,7,11,0,0,0,0,0,0,0,0,0,0,0,'fr',0),(655,7,11,0,0,0,0,0,0,0,0,0,0,0,'fr',0),(656,7,11,0,0,0,0,0,0,0,0,0,0,0,'fr',0),(657,7,11,0,0,0,0,0,0,0,0,0,0,0,'fr',0),(658,7,11,0,0,0,0,0,0,0,0,0,0,0,'fr',0),(659,7,11,0,0,0,0,0,0,0,0,0,0,0,'fr',0),(660,7,11,0,0,0,0,0,0,0,0,0,0,0,'fr',0),(661,7,11,0,0,0,0,0,0,0,0,0,0,0,'fr',0),(662,7,11,0,0,0,0,0,0,0,0,0,0,0,'fr',0),(663,7,11,0,0,0,0,0,0,0,0,0,0,0,'fr',0),(664,7,11,0,0,0,0,0,0,0,0,0,0,0,'fr',0),(665,7,11,0,0,0,0,0,0,0,0,0,0,0,'fr',0),(666,7,11,0,0,0,0,0,0,0,0,0,0,0,'fr',0),(667,7,11,0,0,0,0,0,0,0,0,0,0,0,'fr',0),(668,7,11,0,0,0,0,0,0,0,0,0,0,0,'fr',0),(669,7,11,0,0,0,0,0,0,0,0,0,0,0,'fr',0),(670,7,11,0,0,0,0,0,0,0,0,0,0,0,'fr',0),(671,7,11,0,0,0,0,0,0,0,0,0,0,0,'fr',0),(672,7,11,0,0,0,0,0,0,0,0,0,0,0,'fr',0),(673,7,11,0,0,0,0,0,0,0,0,0,0,0,'fr',0),(674,7,11,0,0,0,0,0,0,0,0,0,0,0,'fr',0),(675,7,11,0,0,0,0,0,0,0,0,0,0,0,'fr',0),(676,7,11,0,0,0,0,0,0,0,0,0,0,0,'fr',0),(677,7,11,0,0,0,0,0,0,0,0,0,0,0,'fr',0),(678,7,11,0,0,0,0,0,0,0,0,0,0,0,'fr',0),(679,7,11,0,0,0,0,0,0,0,0,0,0,0,'fr',0),(680,7,11,0,0,0,0,0,0,0,0,0,0,0,'fr',0),(681,7,11,0,0,0,0,0,0,0,0,0,0,0,'fr',0),(682,7,11,0,0,0,0,0,0,0,0,0,0,0,'fr',0),(683,7,11,0,0,0,0,0,0,0,0,0,0,0,'fr',0),(684,7,11,0,0,0,0,0,0,0,0,0,0,0,'fr',0),(685,7,11,0,0,0,0,0,0,0,0,0,0,0,'fr',0),(686,7,11,0,0,0,0,0,0,0,0,0,0,0,'fr',0),(687,7,11,0,0,0,0,0,0,0,0,0,0,0,'fr',0),(688,7,11,0,0,0,0,0,0,0,0,0,0,0,'fr',0),(689,7,11,0,0,0,0,0,0,0,0,0,0,0,'fr',0),(690,7,11,0,0,0,0,0,0,0,0,0,0,0,'fr',0),(691,7,11,0,0,0,0,0,0,0,0,0,0,0,'fr',0),(692,7,11,0,0,0,0,0,0,0,0,0,0,0,'fr',0),(693,7,11,0,0,0,0,0,0,0,0,0,0,0,'fr',0),(694,7,11,0,0,0,0,0,0,0,0,0,0,0,'fr',0),(695,7,11,0,0,0,0,0,0,0,0,0,0,0,'fr',0),(696,7,11,0,0,0,0,0,0,0,0,0,0,0,'fr',0),(697,7,11,0,0,0,0,0,0,0,0,0,0,0,'fr',0),(698,7,11,0,0,0,0,0,0,0,0,0,0,0,'fr',0),(699,7,11,0,0,0,0,0,0,0,0,0,0,0,'fr',0),(700,7,11,0,0,0,0,0,0,0,0,0,0,0,'fr',0),(701,7,11,0,0,0,0,0,0,0,0,0,0,0,'fr',0),(702,7,11,0,0,0,0,0,0,0,0,0,0,0,'fr',0),(703,7,11,0,0,0,0,0,0,0,0,0,0,0,'fr',0),(704,7,11,0,0,0,0,0,0,0,0,0,0,0,'fr',0),(705,7,11,0,0,0,0,0,0,0,0,0,0,0,'fr',0),(706,7,11,0,0,0,0,0,0,0,0,0,0,0,'fr',0),(707,7,11,0,0,0,0,0,0,0,0,0,0,0,'fr',0),(708,7,11,0,0,0,0,0,0,0,0,0,0,0,'fr',0),(709,7,11,0,0,0,0,0,0,0,0,0,0,0,'fr',0),(710,7,11,0,0,0,0,0,0,0,0,0,0,0,'fr',0),(711,7,11,0,0,0,0,0,0,0,0,0,0,0,'fr',0),(712,7,11,0,0,0,0,0,0,0,0,0,0,0,'fr',0),(713,7,11,0,0,0,0,0,0,0,0,0,0,0,'fr',0),(714,7,11,0,0,0,0,0,0,0,0,0,0,0,'fr',0),(715,7,11,0,0,0,0,0,0,0,0,0,0,0,'fr',0),(716,7,11,0,0,0,0,0,0,0,0,0,0,0,'fr',0),(717,7,11,0,0,0,0,0,0,0,0,0,0,0,'fr',0),(718,7,11,0,0,0,0,0,0,0,0,0,0,0,'fr',0),(719,7,11,0,0,0,0,0,0,0,0,0,0,0,'fr',0),(720,7,11,0,0,0,0,0,0,0,0,0,0,0,'fr',0),(721,7,11,0,0,0,0,0,0,0,0,0,0,0,'fr',0),(722,7,11,0,0,0,0,0,0,0,0,0,0,0,'fr',0),(723,7,11,0,0,0,0,0,0,0,0,0,0,0,'fr',0),(724,7,11,0,0,0,0,0,0,0,0,0,0,0,'fr',0),(725,7,11,0,0,0,0,0,0,0,0,0,0,0,'fr',0),(726,7,11,0,0,0,0,0,0,0,0,0,0,0,'fr',0),(727,7,11,0,0,0,0,0,0,0,0,0,0,0,'fr',0),(728,7,11,0,0,0,0,0,0,0,0,0,0,0,'fr',0),(729,7,11,0,0,0,0,0,0,0,0,0,0,0,'fr',0),(730,7,11,0,0,0,0,0,0,0,0,0,0,0,'fr',0),(731,7,11,0,0,0,0,0,0,0,0,0,0,0,'fr',0),(732,7,11,0,0,0,0,0,0,0,0,0,0,0,'fr',0),(733,7,11,0,0,0,0,0,0,0,0,0,0,0,'fr',0),(734,7,11,0,0,0,0,0,0,0,0,0,0,0,'fr',0),(735,7,11,0,0,0,0,0,0,0,0,0,0,0,'fr',0),(736,7,11,0,0,0,0,0,0,0,0,0,0,0,'fr',0),(737,7,11,0,0,0,0,0,0,0,0,0,0,0,'fr',0),(738,7,11,0,0,0,0,0,0,0,0,0,0,0,'fr',0),(739,7,11,0,0,0,0,0,0,0,0,0,0,0,'fr',0),(740,7,11,0,0,0,0,0,0,0,0,0,0,0,'fr',0),(741,7,11,0,0,0,0,0,0,0,0,0,0,0,'fr',0),(742,7,11,0,0,0,0,0,0,0,0,0,0,0,'fr',0),(743,7,11,0,0,0,0,0,0,0,0,0,0,0,'fr',0),(744,7,11,0,0,0,0,0,0,0,0,0,0,0,'fr',0),(745,7,11,0,0,0,0,0,0,0,0,0,0,0,'fr',0),(746,7,11,0,0,0,0,0,0,0,0,0,0,0,'fr',0),(747,7,11,0,0,0,0,0,0,0,0,0,0,0,'fr',0),(748,7,11,0,0,0,0,0,0,0,0,0,0,0,'fr',0),(749,7,11,0,0,0,0,0,0,0,0,0,0,0,'fr',0),(750,7,11,0,0,0,0,0,0,0,0,0,0,0,'fr',0),(751,7,11,0,0,0,0,0,0,0,0,0,0,0,'fr',0),(752,7,11,0,0,0,0,0,0,0,0,0,0,0,'fr',0),(753,7,11,0,0,0,0,0,0,0,0,0,0,0,'fr',0),(754,7,11,0,0,0,0,0,0,0,0,0,0,0,'fr',0),(755,7,11,0,0,0,0,0,0,0,0,0,0,0,'fr',0),(756,7,11,0,0,0,0,0,0,0,0,0,0,0,'fr',0),(757,7,11,0,0,0,0,0,0,0,0,0,0,0,'fr',0),(758,7,11,0,0,0,0,0,0,0,0,0,0,0,'fr',0),(759,7,11,0,0,0,0,0,0,0,0,0,0,0,'fr',0),(760,7,11,0,0,0,0,0,0,0,0,0,0,0,'fr',0),(761,7,11,0,0,0,0,0,0,0,0,0,0,0,'fr',0),(762,7,11,0,0,0,0,0,0,0,0,0,0,0,'fr',0),(763,7,11,0,0,0,0,0,0,0,0,0,0,0,'fr',0),(764,7,11,0,0,0,0,0,0,0,0,0,0,0,'fr',0),(765,7,11,0,0,0,0,0,0,0,0,0,0,0,'fr',0),(766,7,11,0,0,0,0,0,0,0,0,0,0,0,'fr',0),(767,7,11,0,0,0,0,0,0,0,0,0,0,0,'fr',0),(768,7,11,0,0,0,0,0,0,0,0,0,0,0,'fr',0),(769,7,11,0,0,0,0,0,0,0,0,0,0,0,'fr',0),(770,7,11,0,0,0,0,0,0,0,0,0,0,0,'fr',0),(771,7,11,0,0,0,0,0,0,0,0,0,0,0,'fr',0),(772,7,11,0,0,0,0,0,0,0,0,0,0,0,'fr',0),(773,7,11,0,0,0,0,0,0,0,0,0,0,0,'fr',0),(774,7,11,0,0,0,0,0,0,0,0,0,0,0,'fr',0),(775,7,11,0,0,0,0,0,0,0,0,0,0,0,'fr',0),(776,7,11,0,0,0,0,0,0,0,0,0,0,0,'fr',0),(777,7,11,0,0,0,0,0,0,0,0,0,0,0,'fr',0),(778,7,11,0,0,0,0,0,0,0,0,0,0,0,'fr',0),(779,7,11,0,0,0,0,0,0,0,0,0,0,0,'fr',0),(780,7,11,0,0,0,0,0,0,0,0,0,0,0,'fr',0),(781,7,11,0,0,0,0,0,0,0,0,0,0,0,'fr',0),(782,7,11,0,0,0,0,0,0,0,0,0,0,0,'fr',0),(783,7,11,0,0,0,0,0,0,0,0,0,0,0,'fr',0),(784,7,11,0,0,0,0,0,0,0,0,0,0,0,'fr',0),(785,7,11,0,0,0,0,0,0,0,0,0,0,0,'fr',0),(786,7,11,0,0,0,0,0,0,0,0,0,0,0,'fr',0),(787,7,11,0,0,0,0,0,0,0,0,0,0,0,'fr',0),(788,7,11,0,0,0,0,0,0,0,0,0,0,0,'fr',0),(789,7,11,0,0,0,0,0,0,0,0,0,0,0,'fr',0),(790,7,11,0,0,0,0,0,0,0,0,0,0,0,'fr',0),(791,7,11,0,0,0,0,0,0,0,0,0,0,0,'fr',0),(792,7,11,0,0,0,0,0,0,0,0,0,0,0,'fr',0),(793,7,11,0,0,0,0,0,0,0,0,0,0,0,'fr',0),(794,7,11,0,0,0,0,0,0,0,0,0,0,0,'fr',0),(795,7,11,0,0,0,0,0,0,0,0,0,0,0,'fr',0),(796,7,11,0,0,0,0,0,0,0,0,0,0,0,'fr',0),(797,7,11,0,0,0,0,0,0,0,0,0,0,0,'fr',0),(798,7,11,0,0,0,0,0,0,0,0,0,0,0,'fr',0),(799,7,11,0,0,0,0,0,0,0,0,0,0,0,'fr',0),(800,7,11,0,0,0,0,0,0,0,0,0,0,0,'fr',0),(801,7,11,0,0,0,0,0,0,0,0,0,0,0,'fr',0),(802,7,11,0,0,0,0,0,0,0,0,0,0,0,'fr',0),(803,7,11,0,0,0,0,0,0,0,0,0,0,0,'fr',0),(804,7,11,0,0,0,0,0,0,0,0,0,0,0,'fr',0),(805,7,11,0,0,0,0,0,0,0,0,0,0,0,'fr',0),(806,7,1,0,0,0,0,0,0,0,0,0,0,0,'fr',0),(807,7,1,0,0,0,0,0,0,0,0,0,0,0,'fr',0),(808,7,1,0,0,0,0,0,0,0,0,0,0,0,'fr',0),(809,7,1,0,0,0,0,0,0,0,0,0,0,0,'fr',0),(810,7,1,0,0,0,0,0,0,0,0,0,0,0,'fr',0),(811,7,1,0,0,0,0,0,0,0,0,0,0,0,'fr',0),(812,7,1,0,0,0,0,0,0,0,0,0,0,0,'fr',0),(813,7,11,0,0,0,0,0,0,0,0,0,0,0,'fr',0),(814,7,1,0,0,0,0,0,0,0,0,0,0,0,'fr',0),(815,7,1,0,0,0,0,0,0,0,0,0,0,0,'fr',0),(816,7,1,0,0,0,0,0,0,0,0,0,0,0,'fr',0),(817,0,11,0,0,0,0,0,0,0,0,0,0,0,'',0),(818,0,11,0,0,0,0,0,0,0,0,0,0,0,'',0),(819,0,11,0,0,0,0,0,0,0,0,0,0,0,'',0),(820,0,11,0,0,0,0,0,0,0,0,0,0,0,'',0),(821,0,11,0,0,0,0,0,0,0,0,0,0,0,'',0),(822,0,11,0,0,0,0,0,0,0,0,0,0,0,'',0),(823,0,11,0,0,0,0,0,0,0,0,0,0,0,'',0),(824,0,11,0,0,0,0,0,0,0,0,0,0,0,'',0),(825,0,11,0,0,0,0,0,0,0,0,0,0,0,'',0),(826,0,11,0,0,0,0,0,0,0,0,0,0,0,'',0),(827,0,11,0,0,0,0,0,0,0,0,0,0,0,'',0),(828,0,11,0,0,0,0,0,0,0,0,0,0,0,'',0),(829,0,11,0,0,0,0,0,0,0,0,0,0,0,'',0),(830,0,11,0,0,0,0,0,0,0,0,0,0,0,'',0),(831,0,11,0,0,0,0,0,0,0,0,0,0,0,'',0),(832,0,11,0,0,0,0,0,0,0,0,0,0,0,'',0),(833,0,11,0,0,0,0,0,0,0,0,0,0,0,'',0),(834,0,11,0,0,0,0,0,0,0,0,0,0,0,'',0),(835,0,11,0,0,0,0,0,0,0,0,0,0,0,'',0),(836,0,11,0,0,0,0,0,0,0,0,0,0,0,'',0),(837,0,11,0,0,0,0,0,0,0,0,0,0,0,'',0),(838,0,11,0,0,0,0,0,0,0,0,0,0,0,'',0),(839,0,11,0,0,0,0,0,0,0,0,0,0,0,'',0),(840,0,11,0,0,0,0,0,0,0,0,0,0,0,'',0),(841,0,11,0,0,0,0,0,0,0,0,0,0,0,'',0),(842,0,11,0,0,0,0,0,0,0,0,0,0,0,'',0),(843,0,11,0,0,0,0,0,0,0,0,0,0,0,'',0),(844,0,11,0,0,0,0,0,0,0,0,0,0,0,'',0),(845,0,11,0,0,0,0,0,0,0,0,0,0,0,'',0),(846,0,11,0,0,0,0,0,0,0,0,0,0,0,'',0),(847,0,11,0,0,0,0,0,0,0,0,0,0,0,'',0),(848,0,11,0,0,0,0,0,0,0,0,0,0,0,'',0),(849,0,11,0,0,0,0,0,0,0,0,0,0,0,'',0),(850,0,11,0,0,0,0,0,0,0,0,0,0,0,'',0),(851,0,11,0,0,0,0,0,0,0,0,0,0,0,'',0),(852,0,11,0,0,0,0,0,0,0,0,0,0,0,'',0),(853,0,11,0,0,0,0,0,0,0,0,0,0,0,'',0),(854,0,11,0,0,0,0,0,0,0,0,0,0,0,'',0),(855,0,11,0,0,0,0,0,0,0,0,0,0,0,'',0),(856,0,11,0,0,0,0,0,0,0,0,0,0,0,'',0),(857,0,11,0,0,0,0,0,0,0,0,0,0,0,'',0),(858,0,11,0,0,0,0,0,0,0,0,0,0,0,'',0),(859,0,11,0,0,0,0,0,0,0,0,0,0,0,'',0),(860,0,11,0,0,0,0,0,0,0,0,0,0,0,'',0),(861,0,11,0,0,0,0,0,0,0,0,0,0,0,'',0),(862,0,11,0,0,0,0,0,0,0,0,0,0,0,'',0),(863,0,11,0,0,0,0,0,0,0,0,0,0,0,'',0),(864,0,11,0,0,0,0,0,0,0,0,0,0,0,'',0),(865,0,11,0,0,0,0,0,0,0,0,0,0,0,'',0),(866,0,11,0,0,0,0,0,0,0,0,0,0,0,'',0),(867,0,11,0,0,0,0,0,0,0,0,0,0,0,'',0),(868,0,11,0,0,0,0,0,0,0,0,0,0,0,'',0),(869,0,11,0,0,0,0,0,0,0,0,0,0,0,'',0),(870,0,11,0,0,0,0,0,0,0,0,0,0,0,'',0),(871,0,11,0,0,0,0,0,0,0,0,0,0,0,'',0),(872,0,11,0,0,0,0,0,0,0,0,0,0,0,'',0),(873,0,11,0,0,0,0,0,0,0,0,0,0,0,'',0),(874,0,11,0,0,0,0,0,0,0,0,0,0,0,'',0),(875,0,11,0,0,0,0,0,0,0,0,0,0,0,'',0),(876,0,11,0,0,0,0,0,0,0,0,0,0,0,'',0),(877,0,11,0,0,0,0,0,0,0,0,0,0,0,'',0),(878,0,11,0,0,0,0,0,0,0,0,0,0,0,'',0),(879,0,11,0,0,0,0,0,0,0,0,0,0,0,'',0),(880,0,11,0,0,0,0,0,0,0,0,0,0,0,'',0),(881,0,11,0,0,0,0,0,0,0,0,0,0,0,'',0),(882,0,11,0,0,0,0,0,0,0,0,0,0,0,'',0),(883,0,11,0,0,0,0,0,0,0,0,0,0,0,'',0),(884,0,11,0,0,0,0,0,0,0,0,0,0,0,'',0),(885,0,11,0,0,0,0,0,0,0,0,0,0,0,'',0),(886,0,11,0,0,0,0,0,0,0,0,0,0,0,'',0),(887,0,11,0,0,0,0,0,0,0,0,0,0,0,'',0),(888,0,11,0,0,0,0,0,0,0,0,0,0,0,'',0),(889,0,11,0,0,0,0,0,0,0,0,0,0,0,'',0),(890,0,11,0,0,0,0,0,0,0,0,0,0,0,'',0),(891,0,11,0,0,0,0,0,0,0,0,0,0,0,'',0),(892,0,11,0,0,0,0,0,0,0,0,0,0,0,'',0),(893,0,11,0,0,0,0,0,0,0,0,0,0,0,'',0),(894,0,11,0,0,0,0,0,0,0,0,0,0,0,'',0),(895,0,11,0,0,0,0,0,0,0,0,0,0,0,'',0),(896,0,11,0,0,0,0,0,0,0,0,0,0,0,'',0),(897,0,11,0,0,0,0,0,0,0,0,0,0,0,'',0),(898,0,11,0,0,0,0,0,0,0,0,0,0,0,'',0),(899,0,11,0,0,0,0,0,0,0,0,0,0,0,'',0),(900,0,11,0,0,0,0,0,0,0,0,0,0,0,'',0),(901,0,11,0,0,0,0,0,0,0,0,0,0,0,'',0),(902,0,11,0,0,0,0,0,0,0,0,0,0,0,'',0),(903,0,11,0,0,0,0,0,0,0,0,0,0,0,'',0),(904,0,11,0,0,0,0,0,0,0,0,0,0,0,'',0),(905,0,11,0,0,0,0,0,0,0,0,0,0,0,'',0),(906,0,11,0,0,0,0,0,0,0,0,0,0,0,'',0),(907,0,11,0,0,0,0,0,0,0,0,0,0,0,'',0),(908,0,11,0,0,0,0,0,0,0,0,0,0,0,'',0),(909,0,11,0,0,0,0,0,0,0,0,0,0,0,'',0),(910,0,11,0,0,0,0,0,0,0,0,0,0,0,'',0),(911,0,11,0,0,0,0,0,0,0,0,0,0,0,'',0),(912,0,11,0,0,0,0,0,0,0,0,0,0,0,'',0),(913,0,11,0,0,0,0,0,0,0,0,0,0,0,'',0),(914,0,11,0,0,0,0,0,0,0,0,0,0,0,'',0),(915,0,11,0,0,0,0,0,0,0,0,0,0,0,'',0),(916,0,11,0,0,0,0,0,0,0,0,0,0,0,'',0),(917,0,11,0,0,0,0,0,0,0,0,0,0,0,'',0),(918,0,11,0,0,0,0,0,0,0,0,0,0,0,'',0),(919,0,11,0,0,0,0,0,0,0,0,0,0,0,'',0),(920,0,11,0,0,0,0,0,0,0,0,0,0,0,'',0),(921,0,11,0,0,0,0,0,0,0,0,0,0,0,'',0),(922,0,11,0,0,0,0,0,0,0,0,0,0,0,'',0),(923,0,11,0,0,0,0,0,0,0,0,0,0,0,'',0),(924,0,11,0,0,0,0,0,0,0,0,0,0,0,'',0),(925,0,11,0,0,0,0,0,0,0,0,0,0,0,'',0),(926,0,11,0,0,0,0,0,0,0,0,0,0,0,'',0),(927,0,11,0,0,0,0,0,0,0,0,0,0,0,'',0),(928,0,11,0,0,0,0,0,0,0,0,0,0,0,'',0),(929,0,11,0,0,0,0,0,0,0,0,0,0,0,'',0),(930,0,11,0,0,0,0,0,0,0,0,0,0,0,'',0),(931,0,11,0,0,0,0,0,0,0,0,0,0,0,'',0),(932,0,11,0,0,0,0,0,0,0,0,0,0,0,'',0),(933,0,11,0,0,0,0,0,0,0,0,0,0,0,'',0),(934,0,11,0,0,0,0,0,0,0,0,0,0,0,'',0),(935,0,11,0,0,0,0,0,0,0,0,0,0,0,'',0),(936,0,11,0,0,0,0,0,0,0,0,0,0,0,'',0),(937,0,11,0,0,0,0,0,0,0,0,0,0,0,'',0),(938,0,11,0,0,0,0,0,0,0,0,0,0,0,'',0),(939,0,11,0,0,0,0,0,0,0,0,0,0,0,'',0),(940,0,11,0,0,0,0,0,0,0,0,0,0,0,'',0),(941,0,11,0,0,0,0,0,0,0,0,0,0,0,'',0),(942,0,11,0,0,0,0,0,0,0,0,0,0,0,'',0),(943,0,11,0,0,0,0,0,0,0,0,0,0,0,'',0),(944,0,11,0,0,0,0,0,0,0,0,0,0,0,'',0),(945,0,11,0,0,0,0,0,0,0,0,0,0,0,'',0),(946,0,11,0,0,0,0,0,0,0,0,0,0,0,'',0),(947,0,11,0,0,0,0,0,0,0,0,0,0,0,'',0),(948,0,11,0,0,0,0,0,0,0,0,0,0,0,'',0),(949,0,11,0,0,0,0,0,0,0,0,0,0,0,'',0),(950,0,11,0,0,0,0,0,0,0,0,0,0,0,'',0),(951,0,11,0,0,0,0,0,0,0,0,0,0,0,'',0),(952,0,11,0,0,0,0,0,0,0,0,0,0,0,'',0),(953,0,11,0,0,0,0,0,0,0,0,0,0,0,'',0),(954,0,11,0,0,0,0,0,0,0,0,0,0,0,'',0),(955,0,11,0,0,0,0,0,0,0,0,0,0,0,'',0),(956,0,11,0,0,0,0,0,0,0,0,0,0,0,'',0),(957,0,11,0,0,0,0,0,0,0,0,0,0,0,'',0),(958,0,11,0,0,0,0,0,0,0,0,0,0,0,'',0),(959,0,11,0,0,0,0,0,0,0,0,0,0,0,'',0),(960,0,11,0,0,0,0,0,0,0,0,0,0,0,'',0),(961,0,11,0,0,0,0,0,0,0,0,0,0,0,'',0),(962,0,11,0,0,0,0,0,0,0,0,0,0,0,'',0),(963,0,11,0,0,0,0,0,0,0,0,0,0,0,'',0),(964,0,11,0,0,0,0,0,0,0,0,0,0,0,'',0),(965,0,11,0,0,0,0,0,0,0,0,0,0,0,'',0),(966,0,11,0,0,0,0,0,0,0,0,0,0,0,'',0),(967,0,11,0,0,0,0,0,0,0,0,0,0,0,'',0),(968,0,11,0,0,0,0,0,0,0,0,0,0,0,'',0),(969,0,11,0,0,0,0,0,0,0,0,0,0,0,'',0),(970,0,11,0,0,0,0,0,0,0,0,0,0,0,'',0),(971,0,11,0,0,0,0,0,0,0,0,0,0,0,'',0),(972,0,11,0,0,0,0,0,0,0,0,0,0,0,'',0),(973,0,11,0,0,0,0,0,0,0,0,0,0,0,'',0),(974,0,11,0,0,0,0,0,0,0,0,0,0,0,'',0),(975,0,11,0,0,0,0,0,0,0,0,0,0,0,'',0),(976,0,11,0,0,0,0,0,0,0,0,0,0,0,'',0),(977,0,11,0,0,0,0,0,0,0,0,0,0,0,'',0),(978,0,11,0,0,0,0,0,0,0,0,0,0,0,'',0),(979,0,11,0,0,0,0,0,0,0,0,0,0,0,'',0),(980,0,11,0,0,0,0,0,0,0,0,0,0,0,'',0),(981,0,11,0,0,0,0,0,0,0,0,0,0,0,'',0),(982,0,11,0,0,0,0,0,0,0,0,0,0,0,'',0),(983,0,11,0,0,0,0,0,0,0,0,0,0,0,'',0),(984,0,11,0,0,0,0,0,0,0,0,0,0,0,'',0),(985,0,11,0,0,0,0,0,0,0,0,0,0,0,'',0),(986,0,11,0,0,0,0,0,0,0,0,0,0,0,'',0),(987,0,11,0,0,0,0,0,0,0,0,0,0,0,'',0),(988,0,11,0,0,0,0,0,0,0,0,0,0,0,'',0),(989,0,11,0,0,0,0,0,0,0,0,0,0,0,'',0),(990,0,11,0,0,0,0,0,0,0,0,0,0,0,'',0),(991,0,11,0,0,0,0,0,0,0,0,0,0,0,'',0),(992,0,11,0,0,0,0,0,0,0,0,0,0,0,'',0),(993,0,11,0,0,0,0,0,0,0,0,0,0,0,'',0),(994,0,11,0,0,0,0,0,0,0,0,0,0,0,'',0),(995,0,11,0,0,0,0,0,0,0,0,0,0,0,'',0),(996,0,11,0,0,0,0,0,0,0,0,0,0,0,'',0),(997,0,11,0,0,0,0,0,0,0,0,0,0,0,'',0),(998,0,11,0,0,0,0,0,0,0,0,0,0,0,'',0),(999,0,11,0,0,0,0,0,0,0,0,0,0,0,'',0),(1000,0,11,0,0,0,0,0,0,0,0,0,0,0,'',0),(1001,0,11,0,0,0,0,0,0,0,0,0,0,0,'',0),(1002,0,11,0,0,0,0,0,0,0,0,0,0,0,'',0),(1003,0,11,0,0,0,0,0,0,0,0,0,0,0,'',0),(1004,0,11,0,0,0,0,0,0,0,0,0,0,0,'',0),(1005,0,11,0,0,0,0,0,0,0,0,0,0,0,'',0),(1006,0,11,0,0,0,0,0,0,0,0,0,0,0,'',0),(1007,0,11,0,0,0,0,0,0,0,0,0,0,0,'',0),(1008,0,11,0,0,0,0,0,0,0,0,0,0,0,'',0),(1009,0,11,0,0,0,0,0,0,0,0,0,0,0,'',0),(1010,0,11,0,0,0,0,0,0,0,0,0,0,0,'',0),(1011,0,11,0,0,0,0,0,0,0,0,0,0,0,'',0),(1012,0,11,0,0,0,0,0,0,0,0,0,0,0,'',0),(1013,0,11,0,0,0,0,0,0,0,0,0,0,0,'',0),(1014,0,11,0,0,0,0,0,0,0,0,0,0,0,'',0),(1015,0,11,0,0,0,0,0,0,0,0,0,0,0,'',0),(1016,0,11,0,0,0,0,0,0,0,0,0,0,0,'',0),(1017,0,11,0,0,0,0,0,0,0,0,0,0,0,'',0),(1018,0,11,0,0,0,0,0,0,0,0,0,0,0,'',0),(1019,0,11,0,0,0,0,0,0,0,0,0,0,0,'',0),(1020,0,11,0,0,0,0,0,0,0,0,0,0,0,'',0),(1021,0,11,0,0,0,0,0,0,0,0,0,0,0,'',0),(1022,0,11,0,0,0,0,0,0,0,0,0,0,0,'',0),(1023,0,11,0,0,0,0,0,0,0,0,0,0,0,'',0),(1024,0,11,0,0,0,0,0,0,0,0,0,0,0,'',0),(1025,0,11,0,0,0,0,0,0,0,0,0,0,0,'',0),(1026,0,11,0,0,0,0,0,0,0,0,0,0,0,'',0),(1027,0,11,0,0,0,0,0,0,0,0,0,0,0,'',0),(1028,0,11,0,0,0,0,0,0,0,0,0,0,0,'',0),(1029,0,11,0,0,0,0,0,0,0,0,0,0,0,'',0),(1030,0,11,0,0,0,0,0,0,0,0,0,0,0,'',0),(1031,0,11,0,0,0,0,0,0,0,0,0,0,0,'',0),(1032,0,11,0,0,0,0,0,0,0,0,0,0,0,'',0),(1033,0,11,0,0,0,0,0,0,0,0,0,0,0,'',0),(1034,0,11,0,0,0,0,0,0,0,0,0,0,0,'',0),(1035,0,11,0,0,0,0,0,0,0,0,0,0,0,'',0),(1036,0,11,0,0,0,0,0,0,0,0,0,0,0,'',0),(1037,0,11,0,0,0,0,0,0,0,0,0,0,0,'',0),(1038,0,11,0,0,0,0,0,0,0,0,0,0,0,'',0),(1039,0,11,0,0,0,0,0,0,0,0,0,0,0,'',0),(1040,0,11,0,0,0,0,0,0,0,0,0,0,0,'',0),(1041,0,11,0,0,0,0,0,0,0,0,0,0,0,'',0),(1042,0,11,0,0,0,0,0,0,0,0,0,0,0,'',0),(1043,0,11,0,0,0,0,0,0,0,0,0,0,0,'',0),(1044,0,11,0,0,0,0,0,0,0,0,0,0,0,'',0),(1045,0,11,0,0,0,0,0,0,0,0,0,0,0,'',0),(1046,0,11,0,0,0,0,0,0,0,0,0,0,0,'',0),(1047,0,11,0,0,0,0,0,0,0,0,0,0,0,'',0),(1048,0,11,0,0,0,0,0,0,0,0,0,0,0,'',0),(1049,0,11,0,0,0,0,0,0,0,0,0,0,0,'',0),(1050,0,11,0,0,0,0,0,0,0,0,0,0,0,'',0),(1051,0,11,0,0,0,0,0,0,0,0,0,0,0,'',0),(1052,0,11,0,0,0,0,0,0,0,0,0,0,0,'',0),(1053,0,11,0,0,0,0,0,0,0,0,0,0,0,'',0),(1054,0,11,0,0,0,0,0,0,0,0,0,0,0,'',0),(1055,0,11,0,0,0,0,0,0,0,0,0,0,0,'',0),(1056,0,11,0,0,0,0,0,0,0,0,0,0,0,'',0),(1057,0,11,0,0,0,0,0,0,0,0,0,0,0,'',0),(1058,0,11,0,0,0,0,0,0,0,0,0,0,0,'',0),(1059,0,11,0,0,0,0,0,0,0,0,0,0,0,'',0),(1060,0,11,0,0,0,0,0,0,0,0,0,0,0,'',0),(1061,0,11,0,0,0,0,0,0,0,0,0,0,0,'',0),(1062,0,11,0,0,0,0,0,0,0,0,0,0,0,'',0),(1063,0,11,0,0,0,0,0,0,0,0,0,0,0,'',0),(1064,0,11,0,0,0,0,0,0,0,0,0,0,0,'',0),(1065,0,11,0,0,0,0,0,0,0,0,0,0,0,'',0),(1066,0,11,0,0,0,0,0,0,0,0,0,0,0,'',0),(1067,0,11,0,0,0,0,0,0,0,0,0,0,0,'',0),(1068,0,11,0,0,0,0,0,0,0,0,0,0,0,'',0),(1069,0,11,0,0,0,0,0,0,0,0,0,0,0,'',0),(1070,0,11,0,0,0,0,0,0,0,0,0,0,0,'',0),(1071,0,11,0,0,0,0,0,0,0,0,0,0,0,'',0),(1072,0,11,0,0,0,0,0,0,0,0,0,0,0,'',0),(1073,0,11,0,0,0,0,0,0,0,0,0,0,0,'',0),(1074,0,11,0,0,0,0,0,0,0,0,0,0,0,'',0),(1075,0,11,0,0,0,0,0,0,0,0,0,0,0,'',0),(1076,0,11,0,0,0,0,0,0,0,0,0,0,0,'',0),(1077,0,11,0,0,0,0,0,0,0,0,0,0,0,'',0),(1078,0,11,0,0,0,0,0,0,0,0,0,0,0,'',0),(1079,0,11,0,0,0,0,0,0,0,0,0,0,0,'',0),(1080,0,11,0,0,0,0,0,0,0,0,0,0,0,'',0),(1081,0,11,0,0,0,0,0,0,0,0,0,0,0,'',0),(1082,0,11,0,0,0,0,0,0,0,0,0,0,0,'',0),(1083,0,11,0,0,0,0,0,0,0,0,0,0,0,'',0),(1084,0,11,0,0,0,0,0,0,0,0,0,0,0,'',0),(1085,0,11,0,0,0,0,0,0,0,0,0,0,0,'',0),(1086,0,11,0,0,0,0,0,0,0,0,0,0,0,'',0),(1087,0,11,0,0,0,0,0,0,0,0,0,0,0,'',0),(1088,0,11,0,0,0,0,0,0,0,0,0,0,0,'',0),(1089,0,11,0,0,0,0,0,0,0,0,0,0,0,'',0),(1090,0,11,0,0,0,0,0,0,0,0,0,0,0,'',0),(1091,0,11,0,0,0,0,0,0,0,0,0,0,0,'',0),(1092,0,11,0,0,0,0,0,0,0,0,0,0,0,'',0),(1093,0,11,0,0,0,0,0,0,0,0,0,0,0,'',0),(1094,0,11,0,0,0,0,0,0,0,0,0,0,0,'',0),(1095,0,11,0,0,0,0,0,0,0,0,0,0,0,'',0),(1096,0,11,0,0,0,0,0,0,0,0,0,0,0,'',0),(1097,0,11,0,0,0,0,0,0,0,0,0,0,0,'',0),(1098,0,11,0,0,0,0,0,0,0,0,0,0,0,'',0),(1099,0,11,0,0,0,0,0,0,0,0,0,0,0,'',0),(1100,0,11,0,0,0,0,0,0,0,0,0,0,0,'',0),(1101,0,11,0,0,0,0,0,0,0,0,0,0,0,'',0),(1102,0,11,0,0,0,0,0,0,0,0,0,0,0,'',0),(1103,0,11,0,0,0,0,0,0,0,0,0,0,0,'',0),(1104,0,11,0,0,0,0,0,0,0,0,0,0,0,'',0),(1105,0,11,0,0,0,0,0,0,0,0,0,0,0,'',0),(1106,0,11,0,0,0,0,0,0,0,0,0,0,0,'',0),(1107,0,11,0,0,0,0,0,0,0,0,0,0,0,'',0),(1108,0,11,0,0,0,0,0,0,0,0,0,0,0,'',0),(1109,0,11,0,0,0,0,0,0,0,0,0,0,0,'',0),(1110,0,11,0,0,0,0,0,0,0,0,0,0,0,'',0),(1111,0,11,0,0,0,0,0,0,0,0,0,0,0,'',0),(1112,0,11,0,0,0,0,0,0,0,0,0,0,0,'',0),(1113,0,11,0,0,0,0,0,0,0,0,0,0,0,'',0),(1114,0,11,0,0,0,0,0,0,0,0,0,0,0,'',0),(1115,0,11,0,0,0,0,0,0,0,0,0,0,0,'',0),(1116,0,11,0,0,0,0,0,0,0,0,0,0,0,'',0),(1117,0,11,0,0,0,0,0,0,0,0,0,0,0,'',0),(1118,0,11,0,0,0,0,0,0,0,0,0,0,0,'',0),(1119,0,11,0,0,0,0,0,0,0,0,0,0,0,'',0),(1120,0,11,0,0,0,0,0,0,0,0,0,0,0,'',0),(1121,0,11,0,0,0,0,0,0,0,0,0,0,0,'',0),(1122,0,11,0,0,0,0,0,0,0,0,0,0,0,'',0),(1123,0,11,0,0,0,0,0,0,0,0,0,0,0,'',0),(1124,0,11,0,0,0,0,0,0,0,0,0,0,0,'',0),(1125,0,11,0,0,0,0,0,0,0,0,0,0,0,'',0),(1126,0,11,0,0,0,0,0,0,0,0,0,0,0,'',0),(1127,0,11,0,0,0,0,0,0,0,0,0,0,0,'',0),(1128,0,11,0,0,0,0,0,0,0,0,0,0,0,'',0),(1129,0,11,0,0,0,0,0,0,0,0,0,0,0,'',0),(1130,0,11,0,0,0,0,0,0,0,0,0,0,0,'',0),(1131,0,11,0,0,0,0,0,0,0,0,0,0,0,'',0),(1132,0,11,0,0,0,0,0,0,0,0,0,0,0,'',0),(1133,0,11,0,0,0,0,0,0,0,0,0,0,0,'',0),(1134,0,11,0,0,0,0,0,0,0,0,0,0,0,'',0),(1135,0,11,0,0,0,0,0,0,0,0,0,0,0,'',0),(1136,0,11,0,0,0,0,0,0,0,0,0,0,0,'',0),(1137,0,11,0,0,0,0,0,0,0,0,0,0,0,'',0),(1138,0,11,0,0,0,0,0,0,0,0,0,0,0,'',0),(1139,0,11,0,0,0,0,0,0,0,0,0,0,0,'',0),(1140,0,11,0,0,0,0,0,0,0,0,0,0,0,'',0),(1141,0,11,0,0,0,0,0,0,0,0,0,0,0,'',0),(1142,0,11,0,0,0,0,0,0,0,0,0,0,0,'',0),(1143,0,11,0,0,0,0,0,0,0,0,0,0,0,'',0),(1144,0,11,0,0,0,0,0,0,0,0,0,0,0,'',0),(1145,0,11,0,0,0,0,0,0,0,0,0,0,0,'',0),(1146,0,11,0,0,0,0,0,0,0,0,0,0,0,'',0),(1147,0,11,0,0,0,0,0,0,0,0,0,0,0,'',0),(1148,0,11,0,0,0,0,0,0,0,0,0,0,0,'',0),(1149,0,11,0,0,0,0,0,0,0,0,0,0,0,'',0),(1150,0,11,0,0,0,0,0,0,0,0,0,0,0,'',0),(1151,0,11,0,0,0,0,0,0,0,0,0,0,0,'',0),(1152,0,11,0,0,0,0,0,0,0,0,0,0,0,'',0),(1153,0,11,0,0,0,0,0,0,0,0,0,0,0,'',0),(1154,0,11,0,0,0,0,0,0,0,0,0,0,0,'',0),(1155,0,11,0,0,0,0,0,0,0,0,0,0,0,'',0),(1156,0,11,0,0,0,0,0,0,0,0,0,0,0,'',0),(1157,0,11,0,0,0,0,0,0,0,0,0,0,0,'',0),(1158,0,11,0,0,0,0,0,0,0,0,0,0,0,'',0),(1159,0,11,0,0,0,0,0,0,0,0,0,0,0,'',0),(1160,0,11,0,0,0,0,0,0,0,0,0,0,0,'',0),(1161,0,11,0,0,0,0,0,0,0,0,0,0,0,'',0),(1162,0,11,0,0,0,0,0,0,0,0,0,0,0,'',0),(1163,0,11,0,0,0,0,0,0,0,0,0,0,0,'',0),(1164,0,11,0,0,0,0,0,0,0,0,0,0,0,'',0),(1165,0,11,0,0,0,0,0,0,0,0,0,0,0,'',0),(1166,0,11,0,0,0,0,0,0,0,0,0,0,0,'',0),(1167,0,11,0,0,0,0,0,0,0,0,0,0,0,'',0),(1168,0,11,0,0,0,0,0,0,0,0,0,0,0,'',0),(1169,0,11,0,0,0,0,0,0,0,0,0,0,0,'',0),(1170,0,11,0,0,0,0,0,0,0,0,0,0,0,'',0),(1171,0,11,0,0,0,0,0,0,0,0,0,0,0,'',0),(1172,0,11,0,0,0,0,0,0,0,0,0,0,0,'',0),(1173,0,11,0,0,0,0,0,0,0,0,0,0,0,'',0),(1174,0,11,0,0,0,0,0,0,0,0,0,0,0,'',0),(1175,0,11,0,0,0,0,0,0,0,0,0,0,0,'',0),(1176,0,11,0,0,0,0,0,0,0,0,0,0,0,'',0),(1177,0,11,0,0,0,0,0,0,0,0,0,0,0,'',0),(1178,0,11,0,0,0,0,0,0,0,0,0,0,0,'',0),(1179,0,11,0,0,0,0,0,0,0,0,0,0,0,'',0),(1180,0,11,0,0,0,0,0,0,0,0,0,0,0,'',0),(1181,0,11,0,0,0,0,0,0,0,0,0,0,0,'',0),(1182,0,11,0,0,0,0,0,0,0,0,0,0,0,'',0),(1183,0,11,0,0,0,0,0,0,0,0,0,0,0,'',0),(1184,0,11,0,0,0,0,0,0,0,0,0,0,0,'',0),(1185,0,11,0,0,0,0,0,0,0,0,0,0,0,'',0),(1186,0,11,0,0,0,0,0,0,0,0,0,0,0,'',0),(1187,0,11,0,0,0,0,0,0,0,0,0,0,0,'',0),(1188,0,11,0,0,0,0,0,0,0,0,0,0,0,'',0),(1189,0,11,0,0,0,0,0,0,0,0,0,0,0,'',0),(1190,0,11,0,0,0,0,0,0,0,0,0,0,0,'',0),(1191,0,11,0,0,0,0,0,0,0,0,0,0,0,'',0),(1192,0,11,0,0,0,0,0,0,0,0,0,0,0,'',0),(1193,0,11,0,0,0,0,0,0,0,0,0,0,0,'',0),(1194,0,11,0,0,0,0,0,0,0,0,0,0,0,'',0),(1195,0,11,0,0,0,0,0,0,0,0,0,0,0,'',0),(1196,0,11,0,0,0,0,0,0,0,0,0,0,0,'',0),(1197,0,11,0,0,0,0,0,0,0,0,0,0,0,'',0),(1198,0,11,0,0,0,0,0,0,0,0,0,0,0,'',0),(1199,0,11,0,0,0,0,0,0,0,0,0,0,0,'',0),(1200,0,11,0,0,0,0,0,0,0,0,0,0,0,'',0),(1201,0,11,0,0,0,0,0,0,0,0,0,0,0,'',0),(1202,0,11,0,0,0,0,0,0,0,0,0,0,0,'',0),(1203,0,11,0,0,0,0,0,0,0,0,0,0,0,'',0),(1204,0,11,0,0,0,0,0,0,0,0,0,0,0,'',0),(1205,0,11,0,0,0,0,0,0,0,0,0,0,0,'',0),(1206,0,11,0,0,0,0,0,0,0,0,0,0,0,'',0),(1207,0,11,0,0,0,0,0,0,0,0,0,0,0,'',0),(1208,0,11,0,0,0,0,0,0,0,0,0,0,0,'',0),(1209,0,11,0,0,0,0,0,0,0,0,0,0,0,'',0),(1210,0,11,0,0,0,0,0,0,0,0,0,0,0,'',0),(1211,0,11,0,0,0,0,0,0,0,0,0,0,0,'',0),(1212,0,11,0,0,0,0,0,0,0,0,0,0,0,'',0),(1213,0,11,0,0,0,0,0,0,0,0,0,0,0,'',0),(1214,0,11,0,0,0,0,0,0,0,0,0,0,0,'',0),(1215,0,11,0,0,0,0,0,0,0,0,0,0,0,'',0),(1216,0,11,0,0,0,0,0,0,0,0,0,0,0,'',0),(1217,0,11,0,0,0,0,0,0,0,0,0,0,0,'',0),(1218,0,11,0,0,0,0,0,0,0,0,0,0,0,'',0),(1219,0,11,0,0,0,0,0,0,0,0,0,0,0,'',0),(1220,0,11,0,0,0,0,0,0,0,0,0,0,0,'',0),(1221,0,11,0,0,0,0,0,0,0,0,0,0,0,'',0),(1222,0,11,0,0,0,0,0,0,0,0,0,0,0,'',0),(1223,0,11,0,0,0,0,0,0,0,0,0,0,0,'',0),(1224,0,11,0,0,0,0,0,0,0,0,0,0,0,'',0),(1225,0,11,0,0,0,0,0,0,0,0,0,0,0,'',0),(1226,0,11,0,0,0,0,0,0,0,0,0,0,0,'',0),(1227,0,11,0,0,0,0,0,0,0,0,0,0,0,'',0),(1228,0,11,0,0,0,0,0,0,0,0,0,0,0,'',0),(1229,0,11,0,0,0,0,0,0,0,0,0,0,0,'',0),(1230,0,11,0,0,0,0,0,0,0,0,0,0,0,'',0),(1231,0,11,0,0,0,0,0,0,0,0,0,0,0,'',0),(1232,0,11,0,0,0,0,0,0,0,0,0,0,0,'',0),(1233,0,11,0,0,0,0,0,0,0,0,0,0,0,'',0),(1234,0,11,0,0,0,0,0,0,0,0,0,0,0,'',0),(1235,0,11,0,0,0,0,0,0,0,0,0,0,0,'',0),(1236,0,11,0,0,0,0,0,0,0,0,0,0,0,'',0),(1237,0,11,0,0,0,0,0,0,0,0,0,0,0,'',0),(1238,0,11,0,0,0,0,0,0,0,0,0,0,0,'',0),(1239,0,11,0,0,0,0,0,0,0,0,0,0,0,'',0),(1240,0,11,0,0,0,0,0,0,0,0,0,0,0,'',0),(1241,0,11,0,0,0,0,0,0,0,0,0,0,0,'',0),(1242,0,11,0,0,0,0,0,0,0,0,0,0,0,'',0),(1243,0,11,0,0,0,0,0,0,0,0,0,0,0,'',0),(1244,0,11,0,0,0,0,0,0,0,0,0,0,0,'',0),(1245,0,11,0,0,0,0,0,0,0,0,0,0,0,'',0),(1246,0,11,0,0,0,0,0,0,0,0,0,0,0,'',0),(1247,0,11,0,0,0,0,0,0,0,0,0,0,0,'',0),(1248,0,11,0,0,0,0,0,0,0,0,0,0,0,'',0),(1249,0,11,0,0,0,0,0,0,0,0,0,0,0,'',0),(1250,0,11,0,0,0,0,0,0,0,0,0,0,0,'',0),(1251,0,11,0,0,0,0,0,0,0,0,0,0,0,'',0),(1252,0,11,0,0,0,0,0,0,0,0,0,0,0,'',0),(1253,0,11,0,0,0,0,0,0,0,0,0,0,0,'',0),(1254,0,11,0,0,0,0,0,0,0,0,0,0,0,'',0),(1255,0,11,0,0,0,0,0,0,0,0,0,0,0,'',0),(1256,0,11,0,0,0,0,0,0,0,0,0,0,0,'',0),(1257,0,11,0,0,0,0,0,0,0,0,0,0,0,'',0),(1258,0,11,0,0,0,0,0,0,0,0,0,0,0,'',0),(1259,0,11,0,0,0,0,0,0,0,0,0,0,0,'',0),(1260,0,11,0,0,0,0,0,0,0,0,0,0,0,'',0),(1261,0,11,0,0,0,0,0,0,0,0,0,0,0,'',0),(1262,0,11,0,0,0,0,0,0,0,0,0,0,0,'',0),(1263,0,11,0,0,0,0,0,0,0,0,0,0,0,'',0),(1264,0,11,0,0,0,0,0,0,0,0,0,0,0,'',0),(1265,0,11,0,0,0,0,0,0,0,0,0,0,0,'',0),(1266,0,11,0,0,0,0,0,0,0,0,0,0,0,'',0),(1267,0,11,0,0,0,0,0,0,0,0,0,0,0,'',0),(1268,0,11,0,0,0,0,0,0,0,0,0,0,0,'',0),(1269,0,11,0,0,0,0,0,0,0,0,0,0,0,'',0),(1270,0,11,0,0,0,0,0,0,0,0,0,0,0,'',0),(1271,0,11,0,0,0,0,0,0,0,0,0,0,0,'',0),(1272,0,11,0,0,0,0,0,0,0,0,0,0,0,'',0),(1273,0,11,0,0,0,0,0,0,0,0,0,0,0,'',0),(1274,0,11,0,0,0,0,0,0,0,0,0,0,0,'',0),(1275,0,11,0,0,0,0,0,0,0,0,0,0,0,'',0),(1276,0,11,0,0,0,0,0,0,0,0,0,0,0,'',0),(1277,0,11,0,0,0,0,0,0,0,0,0,0,0,'',0),(1278,0,11,0,0,0,0,0,0,0,0,0,0,0,'',0),(1279,0,11,0,0,0,0,0,0,0,0,0,0,0,'',0),(1280,0,11,0,0,0,0,0,0,0,0,0,0,0,'',0),(1281,0,11,0,0,0,0,0,0,0,0,0,0,0,'',0),(1282,0,11,0,0,0,0,0,0,0,0,0,0,0,'',0),(1283,0,11,0,0,0,0,0,0,0,0,0,0,0,'',0),(1284,0,11,0,0,0,0,0,0,0,0,0,0,0,'',0),(1285,0,11,0,0,0,0,0,0,0,0,0,0,0,'',0),(1286,0,11,0,0,0,0,0,0,0,0,0,0,0,'',0),(1287,0,11,0,0,0,0,0,0,0,0,0,0,0,'',0),(1288,0,11,0,0,0,0,0,0,0,0,0,0,0,'',0),(1289,0,11,0,0,0,0,0,0,0,0,0,0,0,'',0),(1290,0,11,0,0,0,0,0,0,0,0,0,0,0,'',0),(1291,0,11,0,0,0,0,0,0,0,0,0,0,0,'',0),(1292,0,11,0,0,0,0,0,0,0,0,0,0,0,'',0),(1293,0,11,0,0,0,0,0,0,0,0,0,0,0,'',0),(1294,0,11,0,0,0,0,0,0,0,0,0,0,0,'',0),(1295,0,11,0,0,0,0,0,0,0,0,0,0,0,'',0),(1296,0,11,0,0,0,0,0,0,0,0,0,0,0,'',0),(1297,0,11,0,0,0,0,0,0,0,0,0,0,0,'',0),(1298,0,11,0,0,0,0,0,0,0,0,0,0,0,'',0),(1299,0,11,0,0,0,0,0,0,0,0,0,0,0,'',0),(1300,0,11,0,0,0,0,0,0,0,0,0,0,0,'',0),(1301,0,11,0,0,0,0,0,0,0,0,0,0,0,'',0),(1302,0,11,0,0,0,0,0,0,0,0,0,0,0,'',0),(1303,0,11,0,0,0,0,0,0,0,0,0,0,0,'',0),(1304,0,11,0,0,0,0,0,0,0,0,0,0,0,'',0),(1305,0,11,0,0,0,0,0,0,0,0,0,0,0,'',0),(1306,0,11,0,0,0,0,0,0,0,0,0,0,0,'',0),(1307,0,11,0,0,0,0,0,0,0,0,0,0,0,'',0),(1308,0,11,0,0,0,0,0,0,0,0,0,0,0,'',0),(1309,0,11,0,0,0,0,0,0,0,0,0,0,0,'',0),(1310,0,11,0,0,0,0,0,0,0,0,0,0,0,'',0),(1311,0,11,0,0,0,0,0,0,0,0,0,0,0,'',0),(1312,0,11,0,0,0,0,0,0,0,0,0,0,0,'',0),(1313,0,11,0,0,0,0,0,0,0,0,0,0,0,'',0),(1314,0,11,0,0,0,0,0,0,0,0,0,0,0,'',0),(1315,0,11,0,0,0,0,0,0,0,0,0,0,0,'',0),(1316,0,11,0,0,0,0,0,0,0,0,0,0,0,'',0),(1317,0,11,0,0,0,0,0,0,0,0,0,0,0,'',0),(1318,0,11,0,0,0,0,0,0,0,0,0,0,0,'',0),(1319,0,11,0,0,0,0,0,0,0,0,0,0,0,'',0),(1320,0,11,0,0,0,0,0,0,0,0,0,0,0,'',0),(1321,0,11,0,0,0,0,0,0,0,0,0,0,0,'',0),(1322,0,11,0,0,0,0,0,0,0,0,0,0,0,'',0),(1323,0,11,0,0,0,0,0,0,0,0,0,0,0,'',0),(1324,0,11,0,0,0,0,0,0,0,0,0,0,0,'',0),(1325,0,11,0,0,0,0,0,0,0,0,0,0,0,'',0),(1326,0,11,0,0,0,0,0,0,0,0,0,0,0,'',0),(1327,0,11,0,0,0,0,0,0,0,0,0,0,0,'',0),(1328,0,11,0,0,0,0,0,0,0,0,0,0,0,'',0),(1329,0,11,0,0,0,0,0,0,0,0,0,0,0,'',0),(1330,0,11,0,0,0,0,0,0,0,0,0,0,0,'',0),(1331,0,11,0,0,0,0,0,0,0,0,0,0,0,'',0),(1332,0,11,0,0,0,0,0,0,0,0,0,0,0,'',0),(1333,0,11,0,0,0,0,0,0,0,0,0,0,0,'',0),(1334,0,11,0,0,0,0,0,0,0,0,0,0,0,'',0),(1335,0,11,0,0,0,0,0,0,0,0,0,0,0,'',0),(1336,0,11,0,0,0,0,0,0,0,0,0,0,0,'',0),(1337,0,11,0,0,0,0,0,0,0,0,0,0,0,'',0),(1338,0,11,0,0,0,0,0,0,0,0,0,0,0,'',0),(1339,0,11,0,0,0,0,0,0,0,0,0,0,0,'',0),(1340,0,11,0,0,0,0,0,0,0,0,0,0,0,'',0),(1341,0,11,0,0,0,0,0,0,0,0,0,0,0,'',0),(1342,0,11,0,0,0,0,0,0,0,0,0,0,0,'',0),(1343,0,11,0,0,0,0,0,0,0,0,0,0,0,'',0),(1344,0,11,0,0,0,0,0,0,0,0,0,0,0,'',0),(1345,0,11,0,0,0,0,0,0,0,0,0,0,0,'',0),(1346,0,11,0,0,0,0,0,0,0,0,0,0,0,'',0),(1347,0,11,0,0,0,0,0,0,0,0,0,0,0,'',0),(1348,0,11,0,0,0,0,0,0,0,0,0,0,0,'',0),(1349,0,11,0,0,0,0,0,0,0,0,0,0,0,'',0),(1350,0,11,0,0,0,0,0,0,0,0,0,0,0,'',0),(1351,0,11,0,0,0,0,0,0,0,0,0,0,0,'',0),(1352,0,11,0,0,0,0,0,0,0,0,0,0,0,'',0),(1353,0,11,0,0,0,0,0,0,0,0,0,0,0,'',0),(1354,0,11,0,0,0,0,0,0,0,0,0,0,0,'',0),(1355,0,11,0,0,0,0,0,0,0,0,0,0,0,'',0),(1356,0,11,0,0,0,0,0,0,0,0,0,0,0,'',0),(1357,0,11,0,0,0,0,0,0,0,0,0,0,0,'',0),(1358,0,11,0,0,0,0,0,0,0,0,0,0,0,'',0),(1359,0,11,0,0,0,0,0,0,0,0,0,0,0,'',0),(1360,0,11,0,0,0,0,0,0,0,0,0,0,0,'',0),(1361,0,11,0,0,0,0,0,0,0,0,0,0,0,'',0),(1362,0,11,0,0,0,0,0,0,0,0,0,0,0,'',0),(1363,0,11,0,0,0,0,0,0,0,0,0,0,0,'',0),(1364,0,11,0,0,0,0,0,0,0,0,0,0,0,'',0),(1365,0,11,0,0,0,0,0,0,0,0,0,0,0,'',0),(1366,0,11,0,0,0,0,0,0,0,0,0,0,0,'',0),(1367,0,11,0,0,0,0,0,0,0,0,0,0,0,'',0),(1368,0,11,0,0,0,0,0,0,0,0,0,0,0,'',0),(1369,0,11,0,0,0,0,0,0,0,0,0,0,0,'',0),(1370,0,11,0,0,0,0,0,0,0,0,0,0,0,'',0),(1371,0,11,0,0,0,0,0,0,0,0,0,0,0,'',0),(1372,0,11,0,0,0,0,0,0,0,0,0,0,0,'',0),(1373,0,11,0,0,0,0,0,0,0,0,0,0,0,'',0),(1374,0,11,0,0,0,0,0,0,0,0,0,0,0,'',0),(1375,0,11,0,0,0,0,0,0,0,0,0,0,0,'',0),(1376,0,11,0,0,0,0,0,0,0,0,0,0,0,'',0),(1377,0,11,0,0,0,0,0,0,0,0,0,0,0,'',0),(1378,0,11,0,0,0,0,0,0,0,0,0,0,0,'',0),(1379,0,11,0,0,0,0,0,0,0,0,0,0,0,'',0),(1380,0,11,0,0,0,0,0,0,0,0,0,0,0,'',0),(1381,0,11,0,0,0,0,0,0,0,0,0,0,0,'',0),(1382,0,11,0,0,0,0,0,0,0,0,0,0,0,'',0),(1383,0,11,0,0,0,0,0,0,0,0,0,0,0,'',0),(1384,0,11,0,0,0,0,0,0,0,0,0,0,0,'',0),(1385,0,11,0,0,0,0,0,0,0,0,0,0,0,'',0),(1386,0,11,0,0,0,0,0,0,0,0,0,0,0,'',0),(1387,0,11,0,0,0,0,0,0,0,0,0,0,0,'',0),(1388,0,11,0,0,0,0,0,0,0,0,0,0,0,'',0),(1389,0,11,0,0,0,0,0,0,0,0,0,0,0,'',0),(1390,0,11,0,0,0,0,0,0,0,0,0,0,0,'',0),(1391,0,11,0,0,0,0,0,0,0,0,0,0,0,'',0),(1392,0,11,0,0,0,0,0,0,0,0,0,0,0,'',0),(1393,0,11,0,0,0,0,0,0,0,0,0,0,0,'',0),(1394,0,11,0,0,0,0,0,0,0,0,0,0,0,'',0),(1395,0,11,0,0,0,0,0,0,0,0,0,0,0,'',0),(1396,0,11,0,0,0,0,0,0,0,0,0,0,0,'',0),(1397,0,11,0,0,0,0,0,0,0,0,0,0,0,'',0),(1398,0,11,0,0,0,0,0,0,0,0,0,0,0,'',0),(1399,0,11,0,0,0,0,0,0,0,0,0,0,0,'',0),(1400,0,11,0,0,0,0,0,0,0,0,0,0,0,'',0),(1401,0,11,0,0,0,0,0,0,0,0,0,0,0,'',0),(1402,0,11,0,0,0,0,0,0,0,0,0,0,0,'',0),(1403,0,11,0,0,0,0,0,0,0,0,0,0,0,'',0),(1404,0,11,0,0,0,0,0,0,0,0,0,0,0,'',0),(1405,0,11,0,0,0,0,0,0,0,0,0,0,0,'',0),(1406,0,11,0,0,0,0,0,0,0,0,0,0,0,'',0),(1407,0,11,0,0,0,0,0,0,0,0,0,0,0,'',0),(1408,0,11,0,0,0,0,0,0,0,0,0,0,0,'',0),(1409,0,11,0,0,0,0,0,0,0,0,0,0,0,'',0),(1410,0,11,0,0,0,0,0,0,0,0,0,0,0,'',0),(1411,0,11,0,0,0,0,0,0,0,0,0,0,0,'',0),(1412,0,11,0,0,0,0,0,0,0,0,0,0,0,'',0),(1413,0,11,0,0,0,0,0,0,0,0,0,0,0,'',0),(1414,0,11,0,0,0,0,0,0,0,0,0,0,0,'',0),(1415,0,11,0,0,0,0,0,0,0,0,0,0,0,'',0),(1416,0,11,0,0,0,0,0,0,0,0,0,0,0,'',0),(1417,0,11,0,0,0,0,0,0,0,0,0,0,0,'',0),(1418,0,11,0,0,0,0,0,0,0,0,0,0,0,'',0),(1419,0,11,0,0,0,0,0,0,0,0,0,0,0,'',0),(1420,0,11,0,0,0,0,0,0,0,0,0,0,0,'',0),(1421,0,11,0,0,0,0,0,0,0,0,0,0,0,'',0),(1422,0,11,0,0,0,0,0,0,0,0,0,0,0,'',0),(1423,0,11,0,0,0,0,0,0,0,0,0,0,0,'',0),(1424,0,11,0,0,0,0,0,0,0,0,0,0,0,'',0),(1425,0,11,0,0,0,0,0,0,0,0,0,0,0,'',0),(1426,0,11,0,0,0,0,0,0,0,0,0,0,0,'',0),(1427,0,11,0,0,0,0,0,0,0,0,0,0,0,'',0),(1428,0,11,0,0,0,0,0,0,0,0,0,0,0,'',0),(1429,0,11,0,0,0,0,0,0,0,0,0,0,0,'',0),(1430,0,11,0,0,0,0,0,0,0,0,0,0,0,'',0),(1431,0,11,0,0,0,0,0,0,0,0,0,0,0,'',0),(1432,0,11,0,0,0,0,0,0,0,0,0,0,0,'',0),(1433,0,11,0,0,0,0,0,0,0,0,0,0,0,'',0),(1434,0,11,0,0,0,0,0,0,0,0,0,0,0,'',0),(1435,0,11,0,0,0,0,0,0,0,0,0,0,0,'',0),(1436,0,11,0,0,0,0,0,0,0,0,0,0,0,'',0),(1437,0,11,0,0,0,0,0,0,0,0,0,0,0,'',0),(1438,0,11,0,0,0,0,0,0,0,0,0,0,0,'',0),(1439,0,11,0,0,0,0,0,0,0,0,0,0,0,'',0),(1440,0,11,0,0,0,0,0,0,0,0,0,0,0,'',0),(1441,0,11,0,0,0,0,0,0,0,0,0,0,0,'',0),(1442,0,11,0,0,0,0,0,0,0,0,0,0,0,'',0),(1443,0,11,0,0,0,0,0,0,0,0,0,0,0,'',0),(1444,0,11,0,0,0,0,0,0,0,0,0,0,0,'',0),(1445,0,11,0,0,0,0,0,0,0,0,0,0,0,'',0),(1446,0,11,0,0,0,0,0,0,0,0,0,0,0,'',0),(1447,0,11,0,0,0,0,0,0,0,0,0,0,0,'',0),(1448,0,11,0,0,0,0,0,0,0,0,0,0,0,'',0),(1449,0,11,0,0,0,0,0,0,0,0,0,0,0,'',0),(1450,0,11,0,0,0,0,0,0,0,0,0,0,0,'',0),(1451,0,11,0,0,0,0,0,0,0,0,0,0,0,'',0),(1452,0,11,0,0,0,0,0,0,0,0,0,0,0,'',0),(1453,0,11,0,0,0,0,0,0,0,0,0,0,0,'',0),(1454,0,11,0,0,0,0,0,0,0,0,0,0,0,'',0),(1455,0,11,0,0,0,0,0,0,0,0,0,0,0,'',0),(1456,0,11,0,0,0,0,0,0,0,0,0,0,0,'',0),(1457,0,11,0,0,0,0,0,0,0,0,0,0,0,'',0),(1458,0,11,0,0,0,0,0,0,0,0,0,0,0,'',0),(1459,0,11,0,0,0,0,0,0,0,0,0,0,0,'',0),(1460,0,11,0,0,0,0,0,0,0,0,0,0,0,'',0),(1461,0,11,0,0,0,0,0,0,0,0,0,0,0,'',0),(1462,0,11,0,0,0,0,0,0,0,0,0,0,0,'',0),(1463,0,11,0,0,0,0,0,0,0,0,0,0,0,'',0),(1464,0,11,0,0,0,0,0,0,0,0,0,0,0,'',0),(1465,0,11,0,0,0,0,0,0,0,0,0,0,0,'',0),(1466,0,11,0,0,0,0,0,0,0,0,0,0,0,'',0),(1467,0,11,0,0,0,0,0,0,0,0,0,0,0,'',0),(1468,0,11,0,0,0,0,0,0,0,0,0,0,0,'',0),(1469,0,11,0,0,0,0,0,0,0,0,0,0,0,'',0),(1470,0,11,0,0,0,0,0,0,0,0,0,0,0,'',0),(1471,0,11,0,0,0,0,0,0,0,0,0,0,0,'',0),(1472,0,11,0,0,0,0,0,0,0,0,0,0,0,'',0),(1473,0,11,0,0,0,0,0,0,0,0,0,0,0,'',0),(1474,0,11,0,0,0,0,0,0,0,0,0,0,0,'',0),(1475,0,11,0,0,0,0,0,0,0,0,0,0,0,'',0),(1476,0,11,0,0,0,0,0,0,0,0,0,0,0,'',0),(1477,0,11,0,0,0,0,0,0,0,0,0,0,0,'',0),(1478,0,11,0,0,0,0,0,0,0,0,0,0,0,'',0),(1479,0,11,0,0,0,0,0,0,0,0,0,0,0,'',0),(1480,0,11,0,0,0,0,0,0,0,0,0,0,0,'',0),(1481,0,11,0,0,0,0,0,0,0,0,0,0,0,'',0),(1482,0,11,0,0,0,0,0,0,0,0,0,0,0,'',0),(1483,0,11,0,0,0,0,0,0,0,0,0,0,0,'',0),(1484,0,11,0,0,0,0,0,0,0,0,0,0,0,'',0),(1485,0,11,0,0,0,0,0,0,0,0,0,0,0,'',0),(1486,0,11,0,0,0,0,0,0,0,0,0,0,0,'',0),(1487,0,11,0,0,0,0,0,0,0,0,0,0,0,'',0),(1488,0,11,0,0,0,0,0,0,0,0,0,0,0,'',0),(1489,0,11,0,0,0,0,0,0,0,0,0,0,0,'',0),(1490,0,11,0,0,0,0,0,0,0,0,0,0,0,'',0),(1491,0,11,0,0,0,0,0,0,0,0,0,0,0,'',0),(1492,0,11,0,0,0,0,0,0,0,0,0,0,0,'',0),(1493,0,11,0,0,0,0,0,0,0,0,0,0,0,'',0),(1494,0,11,0,0,0,0,0,0,0,0,0,0,0,'',0),(1495,0,11,0,0,0,0,0,0,0,0,0,0,0,'',0),(1496,0,11,0,0,0,0,0,0,0,0,0,0,0,'',0),(1497,0,11,0,0,0,0,0,0,0,0,0,0,0,'',0),(1498,0,11,0,0,0,0,0,0,0,0,0,0,0,'',0),(1499,0,11,0,0,0,0,0,0,0,0,0,0,0,'',0),(1500,0,11,0,0,0,0,0,0,0,0,0,0,0,'',0),(1501,0,11,0,0,0,0,0,0,0,0,0,0,0,'',0),(1502,0,11,0,0,0,0,0,0,0,0,0,0,0,'',0),(1503,0,11,0,0,0,0,0,0,0,0,0,0,0,'',0),(1504,0,11,0,0,0,0,0,0,0,0,0,0,0,'',0),(1505,0,11,0,0,0,0,0,0,0,0,0,0,0,'',0),(1506,0,11,0,0,0,0,0,0,0,0,0,0,0,'',0),(1507,0,11,0,0,0,0,0,0,0,0,0,0,0,'',0),(1508,0,11,0,0,0,0,0,0,0,0,0,0,0,'',0),(1509,0,11,0,0,0,0,0,0,0,0,0,0,0,'',0),(1510,0,11,0,0,0,0,0,0,0,0,0,0,0,'',0),(1511,0,11,0,0,0,0,0,0,0,0,0,0,0,'',0),(1512,0,11,0,0,0,0,0,0,0,0,0,0,0,'',0),(1513,0,11,0,0,0,0,0,0,0,0,0,0,0,'',0),(1514,0,11,0,0,0,0,0,0,0,0,0,0,0,'',0),(1515,0,11,0,0,0,0,0,0,0,0,0,0,0,'',0),(1516,0,11,0,0,0,0,0,0,0,0,0,0,0,'',0),(1517,0,11,0,0,0,0,0,0,0,0,0,0,0,'',0),(1518,0,11,0,0,0,0,0,0,0,0,0,0,0,'',0),(1519,0,11,0,0,0,0,0,0,0,0,0,0,0,'',0),(1520,0,11,0,0,0,0,0,0,0,0,0,0,0,'',0),(1521,0,11,0,0,0,0,0,0,0,0,0,0,0,'',0),(1522,0,11,0,0,0,0,0,0,0,0,0,0,0,'',0),(1523,0,11,0,0,0,0,0,0,0,0,0,0,0,'',0),(1524,0,11,0,0,0,0,0,0,0,0,0,0,0,'',0),(1525,0,11,0,0,0,0,0,0,0,0,0,0,0,'',0),(1526,0,11,0,0,0,0,0,0,0,0,0,0,0,'',0),(1527,0,11,0,0,0,0,0,0,0,0,0,0,0,'',0),(1528,0,11,0,0,0,0,0,0,0,0,0,0,0,'',0),(1529,0,11,0,0,0,0,0,0,0,0,0,0,0,'',0),(1530,0,11,0,0,0,0,0,0,0,0,0,0,0,'',0),(1531,0,11,0,0,0,0,0,0,0,0,0,0,0,'',0),(1532,0,11,0,0,0,0,0,0,0,0,0,0,0,'',0),(1533,0,11,0,0,0,0,0,0,0,0,0,0,0,'',0),(1534,0,11,0,0,0,0,0,0,0,0,0,0,0,'',0),(1535,0,11,0,0,0,0,0,0,0,0,0,0,0,'',0),(1536,0,11,0,0,0,0,0,0,0,0,0,0,0,'',0),(1537,0,11,0,0,0,0,0,0,0,0,0,0,0,'',0),(1538,0,11,0,0,0,0,0,0,0,0,0,0,0,'',0),(1539,0,11,0,0,0,0,0,0,0,0,0,0,0,'',0),(1540,0,11,0,0,0,0,0,0,0,0,0,0,0,'',0),(1541,0,11,0,0,0,0,0,0,0,0,0,0,0,'',0),(1542,0,11,0,0,0,0,0,0,0,0,0,0,0,'',0),(1543,0,11,0,0,0,0,0,0,0,0,0,0,0,'',0),(1544,0,11,0,0,0,0,0,0,0,0,0,0,0,'',0),(1545,0,11,0,0,0,0,0,0,0,0,0,0,0,'',0),(1546,0,11,0,0,0,0,0,0,0,0,0,0,0,'',0),(1547,0,11,0,0,0,0,0,0,0,0,0,0,0,'',0),(1548,0,11,0,0,0,0,0,0,0,0,0,0,0,'',0),(1549,0,11,0,0,0,0,0,0,0,0,0,0,0,'',0),(1550,0,11,0,0,0,0,0,0,0,0,0,0,0,'',0),(1551,0,11,0,0,0,0,0,0,0,0,0,0,0,'',0),(1552,0,11,0,0,0,0,0,0,0,0,0,0,0,'',0),(1553,0,11,0,0,0,0,0,0,0,0,0,0,0,'',0),(1554,0,11,0,0,0,0,0,0,0,0,0,0,0,'',0),(1555,0,11,0,0,0,0,0,0,0,0,0,0,0,'',0),(1556,0,11,0,0,0,0,0,0,0,0,0,0,0,'',0),(1557,0,11,0,0,0,0,0,0,0,0,0,0,0,'',0),(1558,0,11,0,0,0,0,0,0,0,0,0,0,0,'',0),(1559,0,11,0,0,0,0,0,0,0,0,0,0,0,'',0),(1560,0,11,0,0,0,0,0,0,0,0,0,0,0,'',0),(1561,0,11,0,0,0,0,0,0,0,0,0,0,0,'',0),(1562,0,11,0,0,0,0,0,0,0,0,0,0,0,'',0),(1563,0,11,0,0,0,0,0,0,0,0,0,0,0,'',0),(1564,0,11,0,0,0,0,0,0,0,0,0,0,0,'',0),(1565,0,11,0,0,0,0,0,0,0,0,0,0,0,'',0),(1566,0,11,0,0,0,0,0,0,0,0,0,0,0,'',0),(1567,0,11,0,0,0,0,0,0,0,0,0,0,0,'',0),(1568,0,11,0,0,0,0,0,0,0,0,0,0,0,'',0),(1569,0,11,0,0,0,0,0,0,0,0,0,0,0,'',0),(1570,0,11,0,0,0,0,0,0,0,0,0,0,0,'',0),(1571,0,11,0,0,0,0,0,0,0,0,0,0,0,'',0),(1572,0,11,0,0,0,0,0,0,0,0,0,0,0,'',0),(1573,0,11,0,0,0,0,0,0,0,0,0,0,0,'',0),(1574,0,11,0,0,0,0,0,0,0,0,0,0,0,'',0),(1575,0,11,0,0,0,0,0,0,0,0,0,0,0,'',0),(1576,0,11,0,0,0,0,0,0,0,0,0,0,0,'',0),(1577,0,11,0,0,0,0,0,0,0,0,0,0,0,'',0),(1578,0,11,0,0,0,0,0,0,0,0,0,0,0,'',0),(1579,0,11,0,0,0,0,0,0,0,0,0,0,0,'',0),(1580,0,11,0,0,0,0,0,0,0,0,0,0,0,'',0),(1581,0,11,0,0,0,0,0,0,0,0,0,0,0,'',0),(1582,0,11,0,0,0,0,0,0,0,0,0,0,0,'',0),(1583,0,11,0,0,0,0,0,0,0,0,0,0,0,'',0),(1584,0,11,0,0,0,0,0,0,0,0,0,0,0,'',0),(1585,0,11,0,0,0,0,0,0,0,0,0,0,0,'',0),(1586,0,11,0,0,0,0,0,0,0,0,0,0,0,'',0),(1587,0,11,0,0,0,0,0,0,0,0,0,0,0,'',0),(1588,0,11,0,0,0,0,0,0,0,0,0,0,0,'',0),(1589,0,11,0,0,0,0,0,0,0,0,0,0,0,'',0),(1590,0,11,0,0,0,0,0,0,0,0,0,0,0,'',0),(1591,0,11,0,0,0,0,0,0,0,0,0,0,0,'',0),(1592,0,11,0,0,0,0,0,0,0,0,0,0,0,'',0),(1593,0,11,0,0,0,0,0,0,0,0,0,0,0,'',0),(1594,0,11,0,0,0,0,0,0,0,0,0,0,0,'',0),(1595,0,11,0,0,0,0,0,0,0,0,0,0,0,'',0),(1596,0,11,0,0,0,0,0,0,0,0,0,0,0,'',0),(1597,0,11,0,0,0,0,0,0,0,0,0,0,0,'',0),(1598,0,11,0,0,0,0,0,0,0,0,0,0,0,'',0),(1599,0,11,0,0,0,0,0,0,0,0,0,0,0,'',0),(1600,0,11,0,0,0,0,0,0,0,0,0,0,0,'',0),(1601,0,11,0,0,0,0,0,0,0,0,0,0,0,'',0),(1602,0,11,0,0,0,0,0,0,0,0,0,0,0,'',0),(1603,0,11,0,0,0,0,0,0,0,0,0,0,0,'',0),(1604,0,11,0,0,0,0,0,0,0,0,0,0,0,'',0),(1605,0,11,0,0,0,0,0,0,0,0,0,0,0,'',0),(1606,0,11,0,0,0,0,0,0,0,0,0,0,0,'',0),(1607,0,11,0,0,0,0,0,0,0,0,0,0,0,'',0),(1608,0,11,0,0,0,0,0,0,0,0,0,0,0,'',0),(1609,0,11,0,0,0,0,0,0,0,0,0,0,0,'',0),(1610,0,11,0,0,0,0,0,0,0,0,0,0,0,'',0),(1611,0,11,0,0,0,0,0,0,0,0,0,0,0,'',0),(1612,0,11,0,0,0,0,0,0,0,0,0,0,0,'',0),(1613,0,11,0,0,0,0,0,0,0,0,0,0,0,'',0),(1614,0,11,0,0,0,0,0,0,0,0,0,0,0,'',0),(1615,0,11,0,0,0,0,0,0,0,0,0,0,0,'',0),(1616,0,11,0,0,0,0,0,0,0,0,0,0,0,'',0),(1617,0,11,0,0,0,0,0,0,0,0,0,0,0,'',0),(1618,0,11,0,0,0,0,0,0,0,0,0,0,0,'',0),(1619,0,11,0,0,0,0,0,0,0,0,0,0,0,'',0),(1620,0,11,0,0,0,0,0,0,0,0,0,0,0,'',0),(1621,0,11,0,0,0,0,0,0,0,0,0,0,0,'',0),(1622,0,11,0,0,0,0,0,0,0,0,0,0,0,'',0),(1623,0,11,0,0,0,0,0,0,0,0,0,0,0,'',0),(1624,0,11,0,0,0,0,0,0,0,0,0,0,0,'',0),(1625,0,11,0,0,0,0,0,0,0,0,0,0,0,'',0),(1626,0,11,0,0,0,0,0,0,0,0,0,0,0,'',0),(1627,0,11,0,0,0,0,0,0,0,0,0,0,0,'',0),(1628,0,11,0,0,0,0,0,0,0,0,0,0,0,'',0),(1629,0,11,0,0,0,0,0,0,0,0,0,0,0,'',0),(1630,0,11,0,0,0,0,0,0,0,0,0,0,0,'',0),(1631,0,11,0,0,0,0,0,0,0,0,0,0,0,'',0),(1632,0,11,0,0,0,0,0,0,0,0,0,0,0,'',0),(1633,0,11,0,0,0,0,0,0,0,0,0,0,0,'',0),(1634,0,11,0,0,0,0,0,0,0,0,0,0,0,'',0),(1635,0,11,0,0,0,0,0,0,0,0,0,0,0,'',0),(1636,0,11,0,0,0,0,0,0,0,0,0,0,0,'',0),(1637,0,11,0,0,0,0,0,0,0,0,0,0,0,'',0),(1638,0,11,0,0,0,0,0,0,0,0,0,0,0,'',0),(1639,0,11,0,0,0,0,0,0,0,0,0,0,0,'',0),(1640,0,11,0,0,0,0,0,0,0,0,0,0,0,'',0),(1641,0,11,0,0,0,0,0,0,0,0,0,0,0,'',0),(1642,0,11,0,0,0,0,0,0,0,0,0,0,0,'',0),(1643,0,11,0,0,0,0,0,0,0,0,0,0,0,'',0),(1644,0,11,0,0,0,0,0,0,0,0,0,0,0,'',0),(1645,0,11,0,0,0,0,0,0,0,0,0,0,0,'',0),(1646,0,11,0,0,0,0,0,0,0,0,0,0,0,'',0),(1647,0,11,0,0,0,0,0,0,0,0,0,0,0,'',0),(1648,0,11,0,0,0,0,0,0,0,0,0,0,0,'',0),(1649,0,11,0,0,0,0,0,0,0,0,0,0,0,'',0),(1650,0,11,0,0,0,0,0,0,0,0,0,0,0,'',0),(1651,0,11,0,0,0,0,0,0,0,0,0,0,0,'',0),(1652,0,11,0,0,0,0,0,0,0,0,0,0,0,'',0),(1653,0,11,0,0,0,0,0,0,0,0,0,0,0,'',0),(1654,0,11,0,0,0,0,0,0,0,0,0,0,0,'',0),(1655,0,11,0,0,0,0,0,0,0,0,0,0,0,'',0),(1656,0,11,0,0,0,0,0,0,0,0,0,0,0,'',0),(1657,0,11,0,0,0,0,0,0,0,0,0,0,0,'',0),(1658,0,11,0,0,0,0,0,0,0,0,0,0,0,'',0),(1659,0,11,0,0,0,0,0,0,0,0,0,0,0,'',0),(1660,0,11,0,0,0,0,0,0,0,0,0,0,0,'',0),(1661,0,11,0,0,0,0,0,0,0,0,0,0,0,'',0),(1662,0,11,0,0,0,0,0,0,0,0,0,0,0,'',0),(1663,0,11,0,0,0,0,0,0,0,0,0,0,0,'',0),(1664,0,11,0,0,0,0,0,0,0,0,0,0,0,'',0),(1665,0,11,0,0,0,0,0,0,0,0,0,0,0,'',0),(1666,0,11,0,0,0,0,0,0,0,0,0,0,0,'',0),(1667,0,11,0,0,0,0,0,0,0,0,0,0,0,'',0),(1668,0,11,0,0,0,0,0,0,0,0,0,0,0,'',0),(1669,0,11,0,0,0,0,0,0,0,0,0,0,0,'',0),(1670,0,11,0,0,0,0,0,0,0,0,0,0,0,'',0),(1671,0,11,0,0,0,0,0,0,0,0,0,0,0,'',0),(1672,0,11,0,0,0,0,0,0,0,0,0,0,0,'',0),(1673,0,11,0,0,0,0,0,0,0,0,0,0,0,'',0),(1674,0,11,0,0,0,0,0,0,0,0,0,0,0,'',0),(1675,0,11,0,0,0,0,0,0,0,0,0,0,0,'',0),(1676,0,11,0,0,0,0,0,0,0,0,0,0,0,'',0),(1677,0,11,0,0,0,0,0,0,0,0,0,0,0,'',0),(1678,0,11,0,0,0,0,0,0,0,0,0,0,0,'',0),(1679,0,11,0,0,0,0,0,0,0,0,0,0,0,'',0),(1680,0,11,0,0,0,0,0,0,0,0,0,0,0,'',0),(1681,0,11,0,0,0,0,0,0,0,0,0,0,0,'',0),(1682,0,11,0,0,0,0,0,0,0,0,0,0,0,'',0),(1683,0,11,0,0,0,0,0,0,0,0,0,0,0,'',0),(1684,0,11,0,0,0,0,0,0,0,0,0,0,0,'',0),(1685,0,11,0,0,0,0,0,0,0,0,0,0,0,'',0),(1686,0,11,0,0,0,0,0,0,0,0,0,0,0,'',0),(1687,0,11,0,0,0,0,0,0,0,0,0,0,0,'',0),(1688,0,11,0,0,0,0,0,0,0,0,0,0,0,'',0),(1689,0,11,0,0,0,0,0,0,0,0,0,0,0,'',0),(1690,0,11,0,0,0,0,0,0,0,0,0,0,0,'',0),(1691,0,11,0,0,0,0,0,0,0,0,0,0,0,'',0),(1692,0,11,0,0,0,0,0,0,0,0,0,0,0,'',0),(1693,0,11,0,0,0,0,0,0,0,0,0,0,0,'',0),(1694,0,11,0,0,0,0,0,0,0,0,0,0,0,'',0),(1695,0,11,0,0,0,0,0,0,0,0,0,0,0,'',0),(1696,0,11,0,0,0,0,0,0,0,0,0,0,0,'',0),(1697,0,11,0,0,0,0,0,0,0,0,0,0,0,'',0),(1698,0,11,0,0,0,0,0,0,0,0,0,0,0,'',0),(1699,0,11,0,0,0,0,0,0,0,0,0,0,0,'',0),(1700,0,11,0,0,0,0,0,0,0,0,0,0,0,'',0),(1701,0,11,0,0,0,0,0,0,0,0,0,0,0,'',0),(1702,0,11,0,0,0,0,0,0,0,0,0,0,0,'',0),(1703,0,11,0,0,0,0,0,0,0,0,0,0,0,'',0),(1704,0,11,0,0,0,0,0,0,0,0,0,0,0,'',0),(1705,0,11,0,0,0,0,0,0,0,0,0,0,0,'',0),(1706,0,11,0,0,0,0,0,0,0,0,0,0,0,'',0),(1707,0,11,0,0,0,0,0,0,0,0,0,0,0,'',0),(1708,0,11,0,0,0,0,0,0,0,0,0,0,0,'',0),(1709,0,11,0,0,0,0,0,0,0,0,0,0,0,'',0),(1710,0,11,0,0,0,0,0,0,0,0,0,0,0,'',0),(1711,0,11,0,0,0,0,0,0,0,0,0,0,0,'',0),(1712,0,11,0,0,0,0,0,0,0,0,0,0,0,'',0),(1713,0,11,0,0,0,0,0,0,0,0,0,0,0,'',0),(1714,0,11,0,0,0,0,0,0,0,0,0,0,0,'',0),(1715,0,11,0,0,0,0,0,0,0,0,0,0,0,'',0),(1716,0,11,0,0,0,0,0,0,0,0,0,0,0,'',0),(1717,0,11,0,0,0,0,0,0,0,0,0,0,0,'',0),(1718,0,11,0,0,0,0,0,0,0,0,0,0,0,'',0),(1719,0,11,0,0,0,0,0,0,0,0,0,0,0,'',0),(1720,0,11,0,0,0,0,0,0,0,0,0,0,0,'',0),(1721,0,11,0,0,0,0,0,0,0,0,0,0,0,'',0),(1722,0,11,0,0,0,0,0,0,0,0,0,0,0,'',0),(1723,0,11,0,0,0,0,0,0,0,0,0,0,0,'',0),(1724,0,11,0,0,0,0,0,0,0,0,0,0,0,'',0),(1725,0,11,0,0,0,0,0,0,0,0,0,0,0,'',0),(1726,0,11,0,0,0,0,0,0,0,0,0,0,0,'',0),(1727,0,11,0,0,0,0,0,0,0,0,0,0,0,'',0),(1728,0,11,0,0,0,0,0,0,0,0,0,0,0,'',0),(1729,0,11,0,0,0,0,0,0,0,0,0,0,0,'',0),(1730,0,11,0,0,0,0,0,0,0,0,0,0,0,'',0),(1731,0,11,0,0,0,0,0,0,0,0,0,0,0,'',0),(1732,0,11,0,0,0,0,0,0,0,0,0,0,0,'',0),(1733,0,11,0,0,0,0,0,0,0,0,0,0,0,'',0),(1734,0,11,0,0,0,0,0,0,0,0,0,0,0,'',0),(1735,0,11,0,0,0,0,0,0,0,0,0,0,0,'',0),(1736,0,11,0,0,0,0,0,0,0,0,0,0,0,'',0),(1737,0,11,0,0,0,0,0,0,0,0,0,0,0,'',0),(1738,0,11,0,0,0,0,0,0,0,0,0,0,0,'',0),(1739,0,11,0,0,0,0,0,0,0,0,0,0,0,'',0),(1740,0,11,0,0,0,0,0,0,0,0,0,0,0,'',0),(1741,0,11,0,0,0,0,0,0,0,0,0,0,0,'',0),(1742,0,11,0,0,0,0,0,0,0,0,0,0,0,'',0),(1743,0,11,0,0,0,0,0,0,0,0,0,0,0,'',0),(1744,0,11,0,0,0,0,0,0,0,0,0,0,0,'',0),(1745,0,11,0,0,0,0,0,0,0,0,0,0,0,'',0),(1746,0,11,0,0,0,0,0,0,0,0,0,0,0,'',0),(1747,0,11,0,0,0,0,0,0,0,0,0,0,0,'',0),(1748,0,11,0,0,0,0,0,0,0,0,0,0,0,'',0),(1749,0,11,0,0,0,0,0,0,0,0,0,0,0,'',0),(1750,0,11,0,0,0,0,0,0,0,0,0,0,0,'',0),(1751,0,11,0,0,0,0,0,0,0,0,0,0,0,'',0),(1752,0,11,0,0,0,0,0,0,0,0,0,0,0,'',0),(1753,0,11,0,0,0,0,0,0,0,0,0,0,0,'',0),(1754,0,11,0,0,0,0,0,0,0,0,0,0,0,'',0),(1755,0,11,0,0,0,0,0,0,0,0,0,0,0,'',0),(1756,0,11,0,0,0,0,0,0,0,0,0,0,0,'',0),(1757,0,11,0,0,0,0,0,0,0,0,0,0,0,'',0),(1758,0,11,0,0,0,0,0,0,0,0,0,0,0,'',0),(1759,0,11,0,0,0,0,0,0,0,0,0,0,0,'',0),(1760,0,11,0,0,0,0,0,0,0,0,0,0,0,'',0),(1761,0,11,0,0,0,0,0,0,0,0,0,0,0,'',0),(1762,0,11,0,0,0,0,0,0,0,0,0,0,0,'',0),(1763,0,11,0,0,0,0,0,0,0,0,0,0,0,'',0),(1764,0,11,0,0,0,0,0,0,0,0,0,0,0,'',0),(1765,0,11,0,0,0,0,0,0,0,0,0,0,0,'',0),(1766,0,11,0,0,0,0,0,0,0,0,0,0,0,'',0),(1767,0,11,0,0,0,0,0,0,0,0,0,0,0,'',0),(1768,0,11,0,0,0,0,0,0,0,0,0,0,0,'',0),(1769,0,11,0,0,0,0,0,0,0,0,0,0,0,'',0),(1770,0,11,0,0,0,0,0,0,0,0,0,0,0,'',0),(1771,0,11,0,0,0,0,0,0,0,0,0,0,0,'',0),(1772,0,11,0,0,0,0,0,0,0,0,0,0,0,'',0),(1773,0,11,0,0,0,0,0,0,0,0,0,0,0,'',0),(1774,0,11,0,0,0,0,0,0,0,0,0,0,0,'',0),(1775,0,11,0,0,0,0,0,0,0,0,0,0,0,'',0),(1776,0,11,0,0,0,0,0,0,0,0,0,0,0,'',0),(1777,0,11,0,0,0,0,0,0,0,0,0,0,0,'',0),(1778,0,11,0,0,0,0,0,0,0,0,0,0,0,'',0),(1779,0,11,0,0,0,0,0,0,0,0,0,0,0,'',0),(1780,0,11,0,0,0,0,0,0,0,0,0,0,0,'',0),(1781,0,11,0,0,0,0,0,0,0,0,0,0,0,'',0),(1782,0,11,0,0,0,0,0,0,0,0,0,0,0,'',0),(1783,0,11,0,0,0,0,0,0,0,0,0,0,0,'',0),(1784,0,11,0,0,0,0,0,0,0,0,0,0,0,'',0),(1785,0,11,0,0,0,0,0,0,0,0,0,0,0,'',0),(1786,0,11,0,0,0,0,0,0,0,0,0,0,0,'',0),(1787,0,11,0,0,0,0,0,0,0,0,0,0,0,'',0),(1788,0,11,0,0,0,0,0,0,0,0,0,0,0,'',0),(1789,0,11,0,0,0,0,0,0,0,0,0,0,0,'',0),(1790,0,11,0,0,0,0,0,0,0,0,0,0,0,'',0),(1791,0,11,0,0,0,0,0,0,0,0,0,0,0,'',0),(1792,0,11,0,0,0,0,0,0,0,0,0,0,0,'',0),(1793,0,11,0,0,0,0,0,0,0,0,0,0,0,'',0),(1794,0,11,0,0,0,0,0,0,0,0,0,0,0,'',0),(1795,0,11,0,0,0,0,0,0,0,0,0,0,0,'',0),(1796,0,11,0,0,0,0,0,0,0,0,0,0,0,'',0),(1797,0,11,0,0,0,0,0,0,0,0,0,0,0,'',0),(1798,0,11,0,0,0,0,0,0,0,0,0,0,0,'',0),(1799,0,11,0,0,0,0,0,0,0,0,0,0,0,'',0),(1800,0,11,0,0,0,0,0,0,0,0,0,0,0,'',0),(1801,0,11,0,0,0,0,0,0,0,0,0,0,0,'',0),(1802,0,11,0,0,0,0,0,0,0,0,0,0,0,'',0),(1803,0,11,0,0,0,0,0,0,0,0,0,0,0,'',0),(1804,0,11,0,0,0,0,0,0,0,0,0,0,0,'',0),(1805,0,11,0,0,0,0,0,0,0,0,0,0,0,'',0),(1806,0,11,0,0,0,0,0,0,0,0,0,0,0,'',0),(1807,0,11,0,0,0,0,0,0,0,0,0,0,0,'',0),(1808,0,11,0,0,0,0,0,0,0,0,0,0,0,'',0),(1809,0,11,0,0,0,0,0,0,0,0,0,0,0,'',0),(1810,0,11,0,0,0,0,0,0,0,0,0,0,0,'',0),(1811,0,11,0,0,0,0,0,0,0,0,0,0,0,'',0),(1812,0,11,0,0,0,0,0,0,0,0,0,0,0,'',0),(1813,0,11,0,0,0,0,0,0,0,0,0,0,0,'',0),(1814,0,11,0,0,0,0,0,0,0,0,0,0,0,'',0),(1815,0,11,0,0,0,0,0,0,0,0,0,0,0,'',0),(1816,0,11,0,0,0,0,0,0,0,0,0,0,0,'',0),(1817,0,11,0,0,0,0,0,0,0,0,0,0,0,'',0),(1818,0,11,0,0,0,0,0,0,0,0,0,0,0,'',0),(1819,0,11,0,0,0,0,0,0,0,0,0,0,0,'',0),(1820,0,11,0,0,0,0,0,0,0,0,0,0,0,'',0),(1821,0,11,0,0,0,0,0,0,0,0,0,0,0,'',0),(1822,0,11,0,0,0,0,0,0,0,0,0,0,0,'',0),(1823,0,11,0,0,0,0,0,0,0,0,0,0,0,'',0),(1824,0,11,0,0,0,0,0,0,0,0,0,0,0,'',0),(1825,0,11,0,0,0,0,0,0,0,0,0,0,0,'',0),(1826,0,11,0,0,0,0,0,0,0,0,0,0,0,'',0),(1827,0,11,0,0,0,0,0,0,0,0,0,0,0,'',0),(1828,0,11,0,0,0,0,0,0,0,0,0,0,0,'',0),(1829,0,11,0,0,0,0,0,0,0,0,0,0,0,'',0),(1830,0,11,0,0,0,0,0,0,0,0,0,0,0,'',0),(1831,0,11,0,0,0,0,0,0,0,0,0,0,0,'',0),(1832,0,11,0,0,0,0,0,0,0,0,0,0,0,'',0),(1833,0,11,0,0,0,0,0,0,0,0,0,0,0,'',0),(1834,0,11,0,0,0,0,0,0,0,0,0,0,0,'',0),(1835,0,11,0,0,0,0,0,0,0,0,0,0,0,'',0),(1836,0,11,0,0,0,0,0,0,0,0,0,0,0,'',0),(1837,0,11,0,0,0,0,0,0,0,0,0,0,0,'',0),(1838,0,11,0,0,0,0,0,0,0,0,0,0,0,'',0),(1839,0,11,0,0,0,0,0,0,0,0,0,0,0,'',0),(1840,0,11,0,0,0,0,0,0,0,0,0,0,0,'',0),(1841,0,11,0,0,0,0,0,0,0,0,0,0,0,'',0),(1842,0,11,0,0,0,0,0,0,0,0,0,0,0,'',0),(1843,0,11,0,0,0,0,0,0,0,0,0,0,0,'',0),(1844,0,11,0,0,0,0,0,0,0,0,0,0,0,'',0),(1845,0,11,0,0,0,0,0,0,0,0,0,0,0,'',0),(1846,0,11,0,0,0,0,0,0,0,0,0,0,0,'',0),(1847,0,11,0,0,0,0,0,0,0,0,0,0,0,'',0),(1848,0,11,0,0,0,0,0,0,0,0,0,0,0,'',0),(1849,0,11,0,0,0,0,0,0,0,0,0,0,0,'',0),(1850,0,11,0,0,0,0,0,0,0,0,0,0,0,'',0),(1851,0,11,0,0,0,0,0,0,0,0,0,0,0,'',0),(1852,0,11,0,0,0,0,0,0,0,0,0,0,0,'',0),(1853,0,11,0,0,0,0,0,0,0,0,0,0,0,'',0),(1854,0,11,0,0,0,0,0,0,0,0,0,0,0,'',0),(1855,0,11,0,0,0,0,0,0,0,0,0,0,0,'',0),(1856,0,11,0,0,0,0,0,0,0,0,0,0,0,'',0),(1857,0,11,0,0,0,0,0,0,0,0,0,0,0,'',0),(1858,0,11,0,0,0,0,0,0,0,0,0,0,0,'',0),(1859,0,11,0,0,0,0,0,0,0,0,0,0,0,'',0),(1860,0,11,0,0,0,0,0,0,0,0,0,0,0,'',0),(1861,0,11,0,0,0,0,0,0,0,0,0,0,0,'',0),(1862,0,11,0,0,0,0,0,0,0,0,0,0,0,'',0),(1863,0,11,0,0,0,0,0,0,0,0,0,0,0,'',0),(1864,0,11,0,0,0,0,0,0,0,0,0,0,0,'',0),(1865,0,11,0,0,0,0,0,0,0,0,0,0,0,'',0),(1866,0,11,0,0,0,0,0,0,0,0,0,0,0,'',0),(1867,0,11,0,0,0,0,0,0,0,0,0,0,0,'',0),(1868,0,11,0,0,0,0,0,0,0,0,0,0,0,'',0),(1869,0,11,0,0,0,0,0,0,0,0,0,0,0,'',0),(1870,0,11,0,0,0,0,0,0,0,0,0,0,0,'',0),(1871,0,11,0,0,0,0,0,0,0,0,0,0,0,'',0),(1872,0,11,0,0,0,0,0,0,0,0,0,0,0,'',0),(1873,0,11,0,0,0,0,0,0,0,0,0,0,0,'',0),(1874,0,11,0,0,0,0,0,0,0,0,0,0,0,'',0),(1875,0,11,0,0,0,0,0,0,0,0,0,0,0,'',0),(1876,0,11,0,0,0,0,0,0,0,0,0,0,0,'',0),(1877,0,11,0,0,0,0,0,0,0,0,0,0,0,'',0),(1878,0,11,0,0,0,0,0,0,0,0,0,0,0,'',0),(1879,0,11,0,0,0,0,0,0,0,0,0,0,0,'',0),(1880,0,11,0,0,0,0,0,0,0,0,0,0,0,'',0),(1881,0,11,0,0,0,0,0,0,0,0,0,0,0,'',0),(1882,0,11,0,0,0,0,0,0,0,0,0,0,0,'',0),(1883,0,11,0,0,0,0,0,0,0,0,0,0,0,'',0),(1884,0,11,0,0,0,0,0,0,0,0,0,0,0,'',0),(1885,0,11,0,0,0,0,0,0,0,0,0,0,0,'',0),(1886,0,11,0,0,0,0,0,0,0,0,0,0,0,'',0),(1887,0,11,0,0,0,0,0,0,0,0,0,0,0,'',0),(1888,0,11,0,0,0,0,0,0,0,0,0,0,0,'',0),(1889,0,11,0,0,0,0,0,0,0,0,0,0,0,'',0),(1890,0,11,0,0,0,0,0,0,0,0,0,0,0,'',0),(1891,0,11,0,0,0,0,0,0,0,0,0,0,0,'',0),(1892,0,11,0,0,0,0,0,0,0,0,0,0,0,'',0),(1893,0,11,0,0,0,0,0,0,0,0,0,0,0,'',0),(1894,0,11,0,0,0,0,0,0,0,0,0,0,0,'',0),(1895,0,11,0,0,0,0,0,0,0,0,0,0,0,'',0),(1896,0,11,0,0,0,0,0,0,0,0,0,0,0,'',0),(1897,0,11,0,0,0,0,0,0,0,0,0,0,0,'',0),(1898,0,11,0,0,0,0,0,0,0,0,0,0,0,'',0),(1899,0,11,0,0,0,0,0,0,0,0,0,0,0,'',0),(1900,0,11,0,0,0,0,0,0,0,0,0,0,0,'',0),(1901,0,11,0,0,0,0,0,0,0,0,0,0,0,'',0),(1902,0,11,0,0,0,0,0,0,0,0,0,0,0,'',0),(1903,0,11,0,0,0,0,0,0,0,0,0,0,0,'',0),(1904,0,11,0,0,0,0,0,0,0,0,0,0,0,'',0),(1905,0,11,0,0,0,0,0,0,0,0,0,0,0,'',0),(1906,0,11,0,0,0,0,0,0,0,0,0,0,0,'',0),(1907,0,11,0,0,0,0,0,0,0,0,0,0,0,'',0),(1908,0,11,0,0,0,0,0,0,0,0,0,0,0,'',0),(1909,0,11,0,0,0,0,0,0,0,0,0,0,0,'',0),(1910,0,11,0,0,0,0,0,0,0,0,0,0,0,'',0),(1911,0,11,0,0,0,0,0,0,0,0,0,0,0,'',0),(1912,0,11,0,0,0,0,0,0,0,0,0,0,0,'',0),(1913,0,11,0,0,0,0,0,0,0,0,0,0,0,'',0),(1914,0,11,0,0,0,0,0,0,0,0,0,0,0,'',0),(1915,0,11,0,0,0,0,0,0,0,0,0,0,0,'',0),(1916,0,11,0,0,0,0,0,0,0,0,0,0,0,'',0),(1917,0,11,0,0,0,0,0,0,0,0,0,0,0,'',0),(1918,0,11,0,0,0,0,0,0,0,0,0,0,0,'',0),(1919,0,11,0,0,0,0,0,0,0,0,0,0,0,'',0),(1920,0,11,0,0,0,0,0,0,0,0,0,0,0,'',0),(1921,0,11,0,0,0,0,0,0,0,0,0,0,0,'',0),(1922,0,11,0,0,0,0,0,0,0,0,0,0,0,'',0),(1923,0,11,0,0,0,0,0,0,0,0,0,0,0,'',0),(1924,0,11,0,0,0,0,0,0,0,0,0,0,0,'',0),(1925,0,11,0,0,0,0,0,0,0,0,0,0,0,'',0),(1926,0,11,0,0,0,0,0,0,0,0,0,0,0,'',0),(1927,0,11,0,0,0,0,0,0,0,0,0,0,0,'',0),(1928,0,11,0,0,0,0,0,0,0,0,0,0,0,'',0),(1929,0,11,0,0,0,0,0,0,0,0,0,0,0,'',0),(1930,0,11,0,0,0,0,0,0,0,0,0,0,0,'',0),(1931,0,11,0,0,0,0,0,0,0,0,0,0,0,'',0),(1932,0,11,0,0,0,0,0,0,0,0,0,0,0,'',0),(1933,0,11,0,0,0,0,0,0,0,0,0,0,0,'',0),(1934,0,11,0,0,0,0,0,0,0,0,0,0,0,'',0),(1935,0,11,0,0,0,0,0,0,0,0,0,0,0,'',0),(1936,0,11,0,0,0,0,0,0,0,0,0,0,0,'',0),(1937,0,11,0,0,0,0,0,0,0,0,0,0,0,'',0),(1938,0,11,0,0,0,0,0,0,0,0,0,0,0,'',0),(1939,0,11,0,0,0,0,0,0,0,0,0,0,0,'',0),(1940,0,11,0,0,0,0,0,0,0,0,0,0,0,'',0),(1941,0,11,0,0,0,0,0,0,0,0,0,0,0,'',0),(1942,0,11,0,0,0,0,0,0,0,0,0,0,0,'',0),(1943,0,11,0,0,0,0,0,0,0,0,0,0,0,'',0),(1944,0,11,0,0,0,0,0,0,0,0,0,0,0,'',0),(1945,0,11,0,0,0,0,0,0,0,0,0,0,0,'',0),(1946,0,11,0,0,0,0,0,0,0,0,0,0,0,'',0),(1947,0,11,0,0,0,0,0,0,0,0,0,0,0,'',0),(1948,0,11,0,0,0,0,0,0,0,0,0,0,0,'',0),(1949,0,11,0,0,0,0,0,0,0,0,0,0,0,'',0),(1950,0,11,0,0,0,0,0,0,0,0,0,0,0,'',0),(1951,0,11,0,0,0,0,0,0,0,0,0,0,0,'',0),(1952,0,11,0,0,0,0,0,0,0,0,0,0,0,'',0),(1953,0,11,0,0,0,0,0,0,0,0,0,0,0,'',0),(1954,0,11,0,0,0,0,0,0,0,0,0,0,0,'',0),(1955,0,11,0,0,0,0,0,0,0,0,0,0,0,'',0),(1956,0,11,0,0,0,0,0,0,0,0,0,0,0,'',0),(1957,0,11,0,0,0,0,0,0,0,0,0,0,0,'',0),(1958,0,11,0,0,0,0,0,0,0,0,0,0,0,'',0),(1959,0,11,0,0,0,0,0,0,0,0,0,0,0,'',0),(1960,0,11,0,0,0,0,0,0,0,0,0,0,0,'',0),(1961,0,11,0,0,0,0,0,0,0,0,0,0,0,'',0),(1962,0,11,0,0,0,0,0,0,0,0,0,0,0,'',0),(1963,0,11,0,0,0,0,0,0,0,0,0,0,0,'',0),(1964,0,11,0,0,0,0,0,0,0,0,0,0,0,'',0),(1965,0,11,0,0,0,0,0,0,0,0,0,0,0,'',0),(1966,0,11,0,0,0,0,0,0,0,0,0,0,0,'',0),(1967,0,11,0,0,0,0,0,0,0,0,0,0,0,'',0),(1968,0,11,0,0,0,0,0,0,0,0,0,0,0,'',0),(1969,0,11,0,0,0,0,0,0,0,0,0,0,0,'',0),(1970,0,11,0,0,0,0,0,0,0,0,0,0,0,'',0),(1971,0,11,0,0,0,0,0,0,0,0,0,0,0,'',0),(1972,0,11,0,0,0,0,0,0,0,0,0,0,0,'',0),(1973,0,11,0,0,0,0,0,0,0,0,0,0,0,'',0),(1974,0,11,0,0,0,0,0,0,0,0,0,0,0,'',0),(1975,0,11,0,0,0,0,0,0,0,0,0,0,0,'',0),(1976,0,11,0,0,0,0,0,0,0,0,0,0,0,'',0),(1977,0,11,0,0,0,0,0,0,0,0,0,0,0,'',0),(1978,0,11,0,0,0,0,0,0,0,0,0,0,0,'',0),(1979,0,11,0,0,0,0,0,0,0,0,0,0,0,'',0),(1980,0,11,0,0,0,0,0,0,0,0,0,0,0,'',0),(1981,0,11,0,0,0,0,0,0,0,0,0,0,0,'',0),(1982,0,11,0,0,0,0,0,0,0,0,0,0,0,'',0),(1983,0,11,0,0,0,0,0,0,0,0,0,0,0,'',0),(1984,0,11,0,0,0,0,0,0,0,0,0,0,0,'',0),(1985,0,11,0,0,0,0,0,0,0,0,0,0,0,'',0),(1986,0,11,0,0,0,0,0,0,0,0,0,0,0,'',0),(1987,0,11,0,0,0,0,0,0,0,0,0,0,0,'',0),(1988,0,11,0,0,0,0,0,0,0,0,0,0,0,'',0),(1989,0,11,0,0,0,0,0,0,0,0,0,0,0,'',0),(1990,0,11,0,0,0,0,0,0,0,0,0,0,0,'',0),(1991,0,11,0,0,0,0,0,0,0,0,0,0,0,'',0),(1992,0,11,0,0,0,0,0,0,0,0,0,0,0,'',0),(1993,0,11,0,0,0,0,0,0,0,0,0,0,0,'',0),(1994,0,11,0,0,0,0,0,0,0,0,0,0,0,'',0),(1995,0,11,0,0,0,0,0,0,0,0,0,0,0,'',0),(1996,0,11,0,0,0,0,0,0,0,0,0,0,0,'',0),(1997,0,11,0,0,0,0,0,0,0,0,0,0,0,'',0),(1998,0,11,0,0,0,0,0,0,0,0,0,0,0,'',0),(1999,0,11,0,0,0,0,0,0,0,0,0,0,0,'',0),(2000,0,11,0,0,0,0,0,0,0,0,0,0,0,'',0),(2001,0,11,0,0,0,0,0,0,0,0,0,0,0,'',0),(2002,0,11,0,0,0,0,0,0,0,0,0,0,0,'',0),(2003,0,11,0,0,0,0,0,0,0,0,0,0,0,'',0),(2004,0,11,0,0,0,0,0,0,0,0,0,0,0,'',0),(2005,0,11,0,0,0,0,0,0,0,0,0,0,0,'',0),(2006,0,11,0,0,0,0,0,0,0,0,0,0,0,'',0),(2007,0,11,0,0,0,0,0,0,0,0,0,0,0,'',0),(2008,0,11,0,0,0,0,0,0,0,0,0,0,0,'',0),(2009,0,11,0,0,0,0,0,0,0,0,0,0,0,'',0),(2010,0,11,0,0,0,0,0,0,0,0,0,0,0,'',0),(2011,0,11,0,0,0,0,0,0,0,0,0,0,0,'',0),(2012,0,11,0,0,0,0,0,0,0,0,0,0,0,'',0),(2013,0,11,0,0,0,0,0,0,0,0,0,0,0,'',0),(2014,0,11,0,0,0,0,0,0,0,0,0,0,0,'',0),(2015,0,11,0,0,0,0,0,0,0,0,0,0,0,'',0),(2016,0,11,0,0,0,0,0,0,0,0,0,0,0,'',0),(2017,0,11,0,0,0,0,0,0,0,0,0,0,0,'',0),(2018,0,11,0,0,0,0,0,0,0,0,0,0,0,'',0),(2019,0,11,0,0,0,0,0,0,0,0,0,0,0,'',0),(2020,0,11,0,0,0,0,0,0,0,0,0,0,0,'',0),(2021,0,11,0,0,0,0,0,0,0,0,0,0,0,'',0),(2022,0,11,0,0,0,0,0,0,0,0,0,0,0,'',0),(2023,0,11,0,0,0,0,0,0,0,0,0,0,0,'',0),(2024,0,11,0,0,0,0,0,0,0,0,0,0,0,'',0),(2025,0,11,0,0,0,0,0,0,0,0,0,0,0,'',0),(2026,0,11,0,0,0,0,0,0,0,0,0,0,0,'',0),(2027,0,11,0,0,0,0,0,0,0,0,0,0,0,'',0),(2028,0,11,0,0,0,0,0,0,0,0,0,0,0,'',0),(2029,0,11,0,0,0,0,0,0,0,0,0,0,0,'',0),(2030,0,11,0,0,0,0,0,0,0,0,0,0,0,'',0),(2031,0,11,0,0,0,0,0,0,0,0,0,0,0,'',0),(2032,0,11,0,0,0,0,0,0,0,0,0,0,0,'',0),(2033,0,11,0,0,0,0,0,0,0,0,0,0,0,'',0),(2034,0,11,0,0,0,0,0,0,0,0,0,0,0,'',0),(2035,0,11,0,0,0,0,0,0,0,0,0,0,0,'',0),(2036,0,11,0,0,0,0,0,0,0,0,0,0,0,'',0),(2037,0,11,0,0,0,0,0,0,0,0,0,0,0,'',0),(2038,0,11,0,0,0,0,0,0,0,0,0,0,0,'',0),(2039,0,11,0,0,0,0,0,0,0,0,0,0,0,'',0),(2040,0,11,0,0,0,0,0,0,0,0,0,0,0,'',0),(2041,0,11,0,0,0,0,0,0,0,0,0,0,0,'',0),(2042,0,11,0,0,0,0,0,0,0,0,0,0,0,'',0),(2043,0,11,0,0,0,0,0,0,0,0,0,0,0,'',0),(2044,0,11,0,0,0,0,0,0,0,0,0,0,0,'',0),(2045,0,11,0,0,0,0,0,0,0,0,0,0,0,'',0),(2046,0,11,0,0,0,0,0,0,0,0,0,0,0,'',0),(2047,0,11,0,0,0,0,0,0,0,0,0,0,0,'',0),(2048,0,11,0,0,0,0,0,0,0,0,0,0,0,'',0),(2049,0,11,0,0,0,0,0,0,0,0,0,0,0,'',0),(2050,0,11,0,0,0,0,0,0,0,0,0,0,0,'',0),(2051,0,11,0,0,0,0,0,0,0,0,0,0,0,'',0),(2052,0,11,0,0,0,0,0,0,0,0,0,0,0,'',0),(2053,0,11,0,0,0,0,0,0,0,0,0,0,0,'',0),(2054,0,11,0,0,0,0,0,0,0,0,0,0,0,'',0),(2055,0,11,0,0,0,0,0,0,0,0,0,0,0,'',0),(2056,0,11,0,0,0,0,0,0,0,0,0,0,0,'',0),(2057,0,11,0,0,0,0,0,0,0,0,0,0,0,'',0),(2058,0,11,0,0,0,0,0,0,0,0,0,0,0,'',0),(2059,0,11,0,0,0,0,0,0,0,0,0,0,0,'',0),(2060,0,11,0,0,0,0,0,0,0,0,0,0,0,'',0),(2061,0,11,0,0,0,0,0,0,0,0,0,0,0,'',0),(2062,0,11,0,0,0,0,0,0,0,0,0,0,0,'',0),(2063,0,11,0,0,0,0,0,0,0,0,0,0,0,'',0),(2064,0,11,0,0,0,0,0,0,0,0,0,0,0,'',0),(2065,0,11,0,0,0,0,0,0,0,0,0,0,0,'',0),(2066,0,11,0,0,0,0,0,0,0,0,0,0,0,'',0),(2067,0,11,0,0,0,0,0,0,0,0,0,0,0,'',0),(2068,0,11,0,0,0,0,0,0,0,0,0,0,0,'',0),(2069,0,11,0,0,0,0,0,0,0,0,0,0,0,'',0),(2070,0,11,0,0,0,0,0,0,0,0,0,0,0,'',0),(2071,0,11,0,0,0,0,0,0,0,0,0,0,0,'',0),(2072,0,11,0,0,0,0,0,0,0,0,0,0,0,'',0),(2073,0,11,0,0,0,0,0,0,0,0,0,0,0,'',0),(2074,0,11,0,0,0,0,0,0,0,0,0,0,0,'',0),(2075,0,11,0,0,0,0,0,0,0,0,0,0,0,'',0),(2076,0,11,0,0,0,0,0,0,0,0,0,0,0,'',0),(2077,0,11,0,0,0,0,0,0,0,0,0,0,0,'',0),(2078,0,11,0,0,0,0,0,0,0,0,0,0,0,'',0),(2079,0,11,0,0,0,0,0,0,0,0,0,0,0,'',0),(2080,0,11,0,0,0,0,0,0,0,0,0,0,0,'',0),(2081,0,11,0,0,0,0,0,0,0,0,0,0,0,'',0),(2082,0,11,0,0,0,0,0,0,0,0,0,0,0,'',0),(2083,0,11,0,0,0,0,0,0,0,0,0,0,0,'',0),(2084,0,11,0,0,0,0,0,0,0,0,0,0,0,'',0),(2085,0,11,0,0,0,0,0,0,0,0,0,0,0,'',0),(2086,0,11,0,0,0,0,0,0,0,0,0,0,0,'',0),(2087,0,11,0,0,0,0,0,0,0,0,0,0,0,'',0),(2088,0,11,0,0,0,0,0,0,0,0,0,0,0,'',0),(2089,0,11,0,0,0,0,0,0,0,0,0,0,0,'',0),(2090,0,11,0,0,0,0,0,0,0,0,0,0,0,'',0),(2091,0,11,0,0,0,0,0,0,0,0,0,0,0,'',0),(2092,0,11,0,0,0,0,0,0,0,0,0,0,0,'',0),(2093,0,11,0,0,0,0,0,0,0,0,0,0,0,'',0),(2094,0,11,0,0,0,0,0,0,0,0,0,0,0,'',0),(2095,0,11,0,0,0,0,0,0,0,0,0,0,0,'',0),(2096,0,11,0,0,0,0,0,0,0,0,0,0,0,'',0),(2097,0,11,0,0,0,0,0,0,0,0,0,0,0,'',0),(2098,0,11,0,0,0,0,0,0,0,0,0,0,0,'',0),(2099,0,11,0,0,0,0,0,0,0,0,0,0,0,'',0),(2100,0,11,0,0,0,0,0,0,0,0,0,0,0,'',0),(2101,0,11,0,0,0,0,0,0,0,0,0,0,0,'',0),(2102,0,11,0,0,0,0,0,0,0,0,0,0,0,'',0),(2103,0,11,0,0,0,0,0,0,0,0,0,0,0,'',0),(2104,0,11,0,0,0,0,0,0,0,0,0,0,0,'',0),(2105,0,11,0,0,0,0,0,0,0,0,0,0,0,'',0),(2106,0,11,0,0,0,0,0,0,0,0,0,0,0,'',0),(2107,0,11,0,0,0,0,0,0,0,0,0,0,0,'',0),(2108,0,11,0,0,0,0,0,0,0,0,0,0,0,'',0),(2109,0,11,0,0,0,0,0,0,0,0,0,0,0,'',0),(2110,0,11,0,0,0,0,0,0,0,0,0,0,0,'',0),(2111,0,11,0,0,0,0,0,0,0,0,0,0,0,'',0),(2112,0,11,0,0,0,0,0,0,0,0,0,0,0,'',0),(2113,0,11,0,0,0,0,0,0,0,0,0,0,0,'',0),(2114,0,11,0,0,0,0,0,0,0,0,0,0,0,'',0),(2115,0,11,0,0,0,0,0,0,0,0,0,0,0,'',0),(2116,0,11,0,0,0,0,0,0,0,0,0,0,0,'',0),(2117,0,11,0,0,0,0,0,0,0,0,0,0,0,'',0),(2118,0,11,0,0,0,0,0,0,0,0,0,0,0,'',0),(2119,0,11,0,0,0,0,0,0,0,0,0,0,0,'',0),(2120,0,11,0,0,0,0,0,0,0,0,0,0,0,'',0),(2121,0,11,0,0,0,0,0,0,0,0,0,0,0,'',0),(2122,0,11,0,0,0,0,0,0,0,0,0,0,0,'',0),(2123,0,11,0,0,0,0,0,0,0,0,0,0,0,'',0),(2124,0,11,0,0,0,0,0,0,0,0,0,0,0,'',0),(2125,0,11,0,0,0,0,0,0,0,0,0,0,0,'',0),(2126,0,11,0,0,0,0,0,0,0,0,0,0,0,'',0),(2127,0,11,0,0,0,0,0,0,0,0,0,0,0,'',0),(2128,0,11,0,0,0,0,0,0,0,0,0,0,0,'',0),(2129,0,11,0,0,0,0,0,0,0,0,0,0,0,'',0),(2130,0,11,0,0,0,0,0,0,0,0,0,0,0,'',0),(2131,0,11,0,0,0,0,0,0,0,0,0,0,0,'',0),(2132,0,11,0,0,0,0,0,0,0,0,0,0,0,'',0),(2133,0,11,0,0,0,0,0,0,0,0,0,0,0,'',0),(2134,0,11,0,0,0,0,0,0,0,0,0,0,0,'',0),(2135,0,11,0,0,0,0,0,0,0,0,0,0,0,'',0),(2136,0,11,0,0,0,0,0,0,0,0,0,0,0,'',0),(2137,0,11,0,0,0,0,0,0,0,0,0,0,0,'',0),(2138,0,11,0,0,0,0,0,0,0,0,0,0,0,'',0),(2139,0,11,0,0,0,0,0,0,0,0,0,0,0,'',0),(2140,0,11,0,0,0,0,0,0,0,0,0,0,0,'',0),(2141,0,11,0,0,0,0,0,0,0,0,0,0,0,'',0),(2142,0,11,0,0,0,0,0,0,0,0,0,0,0,'',0),(2143,0,11,0,0,0,0,0,0,0,0,0,0,0,'',0),(2144,0,11,0,0,0,0,0,0,0,0,0,0,0,'',0),(2145,0,11,0,0,0,0,0,0,0,0,0,0,0,'',0),(2146,0,11,0,0,0,0,0,0,0,0,0,0,0,'',0),(2147,0,11,0,0,0,0,0,0,0,0,0,0,0,'',0),(2148,0,11,0,0,0,0,0,0,0,0,0,0,0,'',0),(2149,0,11,0,0,0,0,0,0,0,0,0,0,0,'',0),(2150,0,11,0,0,0,0,0,0,0,0,0,0,0,'',0),(2151,0,11,0,0,0,0,0,0,0,0,0,0,0,'',0),(2152,0,11,0,0,0,0,0,0,0,0,0,0,0,'',0),(2153,0,11,0,0,0,0,0,0,0,0,0,0,0,'',0),(2154,0,11,0,0,0,0,0,0,0,0,0,0,0,'',0),(2155,0,11,0,0,0,0,0,0,0,0,0,0,0,'',0),(2156,0,11,0,0,0,0,0,0,0,0,0,0,0,'',0),(2157,0,11,0,0,0,0,0,0,0,0,0,0,0,'',0),(2158,0,11,0,0,0,0,0,0,0,0,0,0,0,'',0),(2159,0,11,0,0,0,0,0,0,0,0,0,0,0,'',0),(2160,0,11,0,0,0,0,0,0,0,0,0,0,0,'',0),(2161,0,11,0,0,0,0,0,0,0,0,0,0,0,'',0),(2162,0,11,0,0,0,0,0,0,0,0,0,0,0,'',0),(2163,0,11,0,0,0,0,0,0,0,0,0,0,0,'',0),(2164,0,11,0,0,0,0,0,0,0,0,0,0,0,'',0),(2165,0,11,0,0,0,0,0,0,0,0,0,0,0,'',0),(2166,0,11,0,0,0,0,0,0,0,0,0,0,0,'',0),(2167,0,11,0,0,0,0,0,0,0,0,0,0,0,'',0),(2168,0,11,0,0,0,0,0,0,0,0,0,0,0,'',0),(2169,0,11,0,0,0,0,0,0,0,0,0,0,0,'',0),(2170,0,11,0,0,0,0,0,0,0,0,0,0,0,'',0),(2171,0,11,0,0,0,0,0,0,0,0,0,0,0,'',0),(2172,0,11,0,0,0,0,0,0,0,0,0,0,0,'',0),(2173,0,11,0,0,0,0,0,0,0,0,0,0,0,'',0),(2174,0,11,0,0,0,0,0,0,0,0,0,0,0,'',0),(2175,0,11,0,0,0,0,0,0,0,0,0,0,0,'',0),(2176,0,11,0,0,0,0,0,0,0,0,0,0,0,'',0),(2177,0,11,0,0,0,0,0,0,0,0,0,0,0,'',0),(2178,0,11,0,0,0,0,0,0,0,0,0,0,0,'',0),(2179,0,11,0,0,0,0,0,0,0,0,0,0,0,'',0),(2180,0,11,0,0,0,0,0,0,0,0,0,0,0,'',0),(2181,0,11,0,0,0,0,0,0,0,0,0,0,0,'',0),(2182,0,11,0,0,0,0,0,0,0,0,0,0,0,'',0),(2183,0,11,0,0,0,0,0,0,0,0,0,0,0,'',0),(2184,0,11,0,0,0,0,0,0,0,0,0,0,0,'',0),(2185,0,11,0,0,0,0,0,0,0,0,0,0,0,'',0),(2186,0,11,0,0,0,0,0,0,0,0,0,0,0,'',0),(2187,0,11,0,0,0,0,0,0,0,0,0,0,0,'',0),(2188,0,11,0,0,0,0,0,0,0,0,0,0,0,'',0),(2189,0,11,0,0,0,0,0,0,0,0,0,0,0,'',0),(2190,0,11,0,0,0,0,0,0,0,0,0,0,0,'',0),(2191,0,11,0,0,0,0,0,0,0,0,0,0,0,'',0),(2192,0,11,0,0,0,0,0,0,0,0,0,0,0,'',0),(2193,0,11,0,0,0,0,0,0,0,0,0,0,0,'',0),(2194,0,11,0,0,0,0,0,0,0,0,0,0,0,'',0),(2195,0,11,0,0,0,0,0,0,0,0,0,0,0,'',0),(2196,0,11,0,0,0,0,0,0,0,0,0,0,0,'',0),(2197,0,11,0,0,0,0,0,0,0,0,0,0,0,'',0),(2198,0,11,0,0,0,0,0,0,0,0,0,0,0,'',0),(2199,0,11,0,0,0,0,0,0,0,0,0,0,0,'',0),(2200,0,11,0,0,0,0,0,0,0,0,0,0,0,'',0),(2201,0,11,0,0,0,0,0,0,0,0,0,0,0,'',0),(2202,0,11,0,0,0,0,0,0,0,0,0,0,0,'',0),(2203,0,11,0,0,0,0,0,0,0,0,0,0,0,'',0),(2204,0,11,0,0,0,0,0,0,0,0,0,0,0,'',0),(2205,0,11,0,0,0,0,0,0,0,0,0,0,0,'',0),(2206,0,11,0,0,0,0,0,0,0,0,0,0,0,'',0),(2207,0,11,0,0,0,0,0,0,0,0,0,0,0,'',0),(2208,0,11,0,0,0,0,0,0,0,0,0,0,0,'',0),(2209,0,11,0,0,0,0,0,0,0,0,0,0,0,'',0),(2210,0,11,0,0,0,0,0,0,0,0,0,0,0,'',0),(2211,0,11,0,0,0,0,0,0,0,0,0,0,0,'',0),(2212,0,11,0,0,0,0,0,0,0,0,0,0,0,'',0),(2213,0,11,0,0,0,0,0,0,0,0,0,0,0,'',0),(2214,0,11,0,0,0,0,0,0,0,0,0,0,0,'',0),(2215,0,11,0,0,0,0,0,0,0,0,0,0,0,'',0),(2216,0,11,0,0,0,0,0,0,0,0,0,0,0,'',0),(2217,0,11,0,0,0,0,0,0,0,0,0,0,0,'',0),(2218,0,11,0,0,0,0,0,0,0,0,0,0,0,'',0),(2219,0,11,0,0,0,0,0,0,0,0,0,0,0,'',0),(2220,0,11,0,0,0,0,0,0,0,0,0,0,0,'',0),(2221,0,11,0,0,0,0,0,0,0,0,0,0,0,'',0),(2222,0,11,0,0,0,0,0,0,0,0,0,0,0,'',0),(2223,0,11,0,0,0,0,0,0,0,0,0,0,0,'',0),(2224,0,11,0,0,0,0,0,0,0,0,0,0,0,'',0),(2225,0,11,0,0,0,0,0,0,0,0,0,0,0,'',0),(2226,0,11,0,0,0,0,0,0,0,0,0,0,0,'',0),(2227,0,11,0,0,0,0,0,0,0,0,0,0,0,'',0),(2228,0,11,0,0,0,0,0,0,0,0,0,0,0,'',0),(2229,0,11,0,0,0,0,0,0,0,0,0,0,0,'',0),(2230,0,11,0,0,0,0,0,0,0,0,0,0,0,'',0),(2231,0,11,0,0,0,0,0,0,0,0,0,0,0,'',0),(2232,0,11,0,0,0,0,0,0,0,0,0,0,0,'',0),(2233,0,11,0,0,0,0,0,0,0,0,0,0,0,'',0),(2234,0,11,0,0,0,0,0,0,0,0,0,0,0,'',0),(2235,0,11,0,0,0,0,0,0,0,0,0,0,0,'',0),(2236,0,11,0,0,0,0,0,0,0,0,0,0,0,'',0),(2237,0,11,0,0,0,0,0,0,0,0,0,0,0,'',0),(2238,0,11,0,0,0,0,0,0,0,0,0,0,0,'',0),(2239,0,11,0,0,0,0,0,0,0,0,0,0,0,'',0),(2240,0,11,0,0,0,0,0,0,0,0,0,0,0,'',0),(2241,0,11,0,0,0,0,0,0,0,0,0,0,0,'',0),(2242,0,11,0,0,0,0,0,0,0,0,0,0,0,'',0),(2243,0,11,0,0,0,0,0,0,0,0,0,0,0,'',0),(2244,0,11,0,0,0,0,0,0,0,0,0,0,0,'',0),(2245,0,11,0,0,0,0,0,0,0,0,0,0,0,'',0),(2246,0,11,0,0,0,0,0,0,0,0,0,0,0,'',0),(2247,0,11,0,0,0,0,0,0,0,0,0,0,0,'',0),(2248,0,11,0,0,0,0,0,0,0,0,0,0,0,'',0),(2249,0,11,0,0,0,0,0,0,0,0,0,0,0,'',0),(2250,0,11,0,0,0,0,0,0,0,0,0,0,0,'',0),(2251,0,11,0,0,0,0,0,0,0,0,0,0,0,'',0),(2252,0,11,0,0,0,0,0,0,0,0,0,0,0,'',0),(2253,0,11,0,0,0,0,0,0,0,0,0,0,0,'',0),(2254,0,11,0,0,0,0,0,0,0,0,0,0,0,'',0),(2255,0,11,0,0,0,0,0,0,0,0,0,0,0,'',0),(2256,0,11,0,0,0,0,0,0,0,0,0,0,0,'',0),(2257,0,11,0,0,0,0,0,0,0,0,0,0,0,'',0),(2258,0,11,0,0,0,0,0,0,0,0,0,0,0,'',0),(2259,0,11,0,0,0,0,0,0,0,0,0,0,0,'',0),(2260,0,11,0,0,0,0,0,0,0,0,0,0,0,'',0),(2261,0,11,0,0,0,0,0,0,0,0,0,0,0,'',0),(2262,0,11,0,0,0,0,0,0,0,0,0,0,0,'',0),(2263,0,11,0,0,0,0,0,0,0,0,0,0,0,'',0),(2264,0,11,0,0,0,0,0,0,0,0,0,0,0,'',0),(2265,0,11,0,0,0,0,0,0,0,0,0,0,0,'',0),(2266,0,11,0,0,0,0,0,0,0,0,0,0,0,'',0),(2267,0,11,0,0,0,0,0,0,0,0,0,0,0,'',0),(2268,0,11,0,0,0,0,0,0,0,0,0,0,0,'',0),(2269,0,11,0,0,0,0,0,0,0,0,0,0,0,'',0),(2270,0,11,0,0,0,0,0,0,0,0,0,0,0,'',0),(2271,0,11,0,0,0,0,0,0,0,0,0,0,0,'',0),(2272,0,11,0,0,0,0,0,0,0,0,0,0,0,'',0),(2273,0,11,0,0,0,0,0,0,0,0,0,0,0,'',0),(2274,0,11,0,0,0,0,0,0,0,0,0,0,0,'',0),(2275,0,11,0,0,0,0,0,0,0,0,0,0,0,'',0),(2276,0,11,0,0,0,0,0,0,0,0,0,0,0,'',0),(2277,0,11,0,0,0,0,0,0,0,0,0,0,0,'',0),(2278,0,11,0,0,0,0,0,0,0,0,0,0,0,'',0),(2279,0,11,0,0,0,0,0,0,0,0,0,0,0,'',0),(2280,0,11,0,0,0,0,0,0,0,0,0,0,0,'',0),(2281,0,11,0,0,0,0,0,0,0,0,0,0,0,'',0),(2282,0,11,0,0,0,0,0,0,0,0,0,0,0,'',0),(2283,0,11,0,0,0,0,0,0,0,0,0,0,0,'',0),(2284,0,11,0,0,0,0,0,0,0,0,0,0,0,'',0),(2285,0,11,0,0,0,0,0,0,0,0,0,0,0,'',0),(2286,0,11,0,0,0,0,0,0,0,0,0,0,0,'',0),(2287,0,11,0,0,0,0,0,0,0,0,0,0,0,'',0),(2288,0,11,0,0,0,0,0,0,0,0,0,0,0,'',0),(2289,0,11,0,0,0,0,0,0,0,0,0,0,0,'',0),(2290,0,11,0,0,0,0,0,0,0,0,0,0,0,'',0),(2291,0,11,0,0,0,0,0,0,0,0,0,0,0,'',0),(2292,0,11,0,0,0,0,0,0,0,0,0,0,0,'',0),(2293,0,11,0,0,0,0,0,0,0,0,0,0,0,'',0),(2294,0,11,0,0,0,0,0,0,0,0,0,0,0,'',0),(2295,0,11,0,0,0,0,0,0,0,0,0,0,0,'',0),(2296,0,11,0,0,0,0,0,0,0,0,0,0,0,'',0),(2297,0,11,0,0,0,0,0,0,0,0,0,0,0,'',0),(2298,0,11,0,0,0,0,0,0,0,0,0,0,0,'',0),(2299,0,11,0,0,0,0,0,0,0,0,0,0,0,'',0),(2300,0,11,0,0,0,0,0,0,0,0,0,0,0,'',0),(2301,0,11,0,0,0,0,0,0,0,0,0,0,0,'',0),(2302,0,11,0,0,0,0,0,0,0,0,0,0,0,'',0),(2303,0,11,0,0,0,0,0,0,0,0,0,0,0,'',0),(2304,0,11,0,0,0,0,0,0,0,0,0,0,0,'',0),(2305,0,11,0,0,0,0,0,0,0,0,0,0,0,'',0),(2306,0,11,0,0,0,0,0,0,0,0,0,0,0,'',0),(2307,0,11,0,0,0,0,0,0,0,0,0,0,0,'',0),(2308,0,11,0,0,0,0,0,0,0,0,0,0,0,'',0),(2309,0,11,0,0,0,0,0,0,0,0,0,0,0,'',0),(2310,0,11,0,0,0,0,0,0,0,0,0,0,0,'',0),(2311,0,11,0,0,0,0,0,0,0,0,0,0,0,'',0),(2312,0,11,0,0,0,0,0,0,0,0,0,0,0,'',0),(2313,0,11,0,0,0,0,0,0,0,0,0,0,0,'',0),(2314,0,11,0,0,0,0,0,0,0,0,0,0,0,'',0),(2315,0,11,0,0,0,0,0,0,0,0,0,0,0,'',0),(2316,0,11,0,0,0,0,0,0,0,0,0,0,0,'',0),(2317,0,11,0,0,0,0,0,0,0,0,0,0,0,'',0),(2318,0,11,0,0,0,0,0,0,0,0,0,0,0,'',0),(2319,0,11,0,0,0,0,0,0,0,0,0,0,0,'',0),(2320,0,11,0,0,0,0,0,0,0,0,0,0,0,'',0),(2321,0,11,0,0,0,0,0,0,0,0,0,0,0,'',0),(2322,0,11,0,0,0,0,0,0,0,0,0,0,0,'',0),(2323,0,11,0,0,0,0,0,0,0,0,0,0,0,'',0),(2324,0,11,0,0,0,0,0,0,0,0,0,0,0,'',0),(2325,0,11,0,0,0,0,0,0,0,0,0,0,0,'',0),(2326,0,11,0,0,0,0,0,0,0,0,0,0,0,'',0),(2327,0,11,0,0,0,0,0,0,0,0,0,0,0,'',0),(2328,0,11,0,0,0,0,0,0,0,0,0,0,0,'',0),(2329,0,11,0,0,0,0,0,0,0,0,0,0,0,'',0),(2330,0,11,0,0,0,0,0,0,0,0,0,0,0,'',0),(2331,0,11,0,0,0,0,0,0,0,0,0,0,0,'',0),(2332,0,11,0,0,0,0,0,0,0,0,0,0,0,'',0),(2333,0,11,0,0,0,0,0,0,0,0,0,0,0,'',0),(2334,0,11,0,0,0,0,0,0,0,0,0,0,0,'',0),(2335,0,11,0,0,0,0,0,0,0,0,0,0,0,'',0),(2336,0,11,0,0,0,0,0,0,0,0,0,0,0,'',0),(2337,0,11,0,0,0,0,0,0,0,0,0,0,0,'',0),(2338,0,11,0,0,0,0,0,0,0,0,0,0,0,'',0),(2339,0,11,0,0,0,0,0,0,0,0,0,0,0,'',0),(2340,0,11,0,0,0,0,0,0,0,0,0,0,0,'',0),(2341,0,11,0,0,0,0,0,0,0,0,0,0,0,'',0),(2342,0,11,0,0,0,0,0,0,0,0,0,0,0,'',0),(2343,0,11,0,0,0,0,0,0,0,0,0,0,0,'',0),(2344,0,11,0,0,0,0,0,0,0,0,0,0,0,'',0),(2345,0,11,0,0,0,0,0,0,0,0,0,0,0,'',0),(2346,0,11,0,0,0,0,0,0,0,0,0,0,0,'',0),(2347,0,11,0,0,0,0,0,0,0,0,0,0,0,'',0),(2348,0,11,0,0,0,0,0,0,0,0,0,0,0,'',0),(2349,0,11,0,0,0,0,0,0,0,0,0,0,0,'',0),(2350,0,11,0,0,0,0,0,0,0,0,0,0,0,'',0),(2351,0,11,0,0,0,0,0,0,0,0,0,0,0,'',0),(2352,0,11,0,0,0,0,0,0,0,0,0,0,0,'',0),(2353,0,11,0,0,0,0,0,0,0,0,0,0,0,'',0),(2354,0,11,0,0,0,0,0,0,0,0,0,0,0,'',0),(2355,0,11,0,0,0,0,0,0,0,0,0,0,0,'',0),(2356,0,11,0,0,0,0,0,0,0,0,0,0,0,'',0),(2357,0,11,0,0,0,0,0,0,0,0,0,0,0,'',0),(2358,0,11,0,0,0,0,0,0,0,0,0,0,0,'',0),(2359,0,11,0,0,0,0,0,0,0,0,0,0,0,'',0),(2360,0,11,0,0,0,0,0,0,0,0,0,0,0,'',0),(2361,0,11,0,0,0,0,0,0,0,0,0,0,0,'',0),(2362,0,11,0,0,0,0,0,0,0,0,0,0,0,'',0),(2363,0,11,0,0,0,0,0,0,0,0,0,0,0,'',0),(2364,0,11,0,0,0,0,0,0,0,0,0,0,0,'',0),(2365,0,11,0,0,0,0,0,0,0,0,0,0,0,'',0),(2366,0,11,0,0,0,0,0,0,0,0,0,0,0,'',0),(2367,0,11,0,0,0,0,0,0,0,0,0,0,0,'',0),(2368,0,11,0,0,0,0,0,0,0,0,0,0,0,'',0),(2369,0,11,0,0,0,0,0,0,0,0,0,0,0,'',0),(2370,0,11,0,0,0,0,0,0,0,0,0,0,0,'',0),(2371,0,11,0,0,0,0,0,0,0,0,0,0,0,'',0),(2372,0,11,0,0,0,0,0,0,0,0,0,0,0,'',0),(2373,0,11,0,0,0,0,0,0,0,0,0,0,0,'',0),(2374,0,11,0,0,0,0,0,0,0,0,0,0,0,'',0),(2375,0,11,0,0,0,0,0,0,0,0,0,0,0,'',0),(2376,0,11,0,0,0,0,0,0,0,0,0,0,0,'',0),(2377,0,11,0,0,0,0,0,0,0,0,0,0,0,'',0),(2378,0,11,0,0,0,0,0,0,0,0,0,0,0,'',0),(2379,0,11,0,0,0,0,0,0,0,0,0,0,0,'',0),(2380,0,11,0,0,0,0,0,0,0,0,0,0,0,'',0),(2381,0,11,0,0,0,0,0,0,0,0,0,0,0,'',0),(2382,0,11,0,0,0,0,0,0,0,0,0,0,0,'',0),(2383,0,11,0,0,0,0,0,0,0,0,0,0,0,'',0),(2384,0,11,0,0,0,0,0,0,0,0,0,0,0,'',0),(2385,0,11,0,0,0,0,0,0,0,0,0,0,0,'',0),(2386,0,11,0,0,0,0,0,0,0,0,0,0,0,'',0),(2387,0,11,0,0,0,0,0,0,0,0,0,0,0,'',0),(2388,0,11,0,0,0,0,0,0,0,0,0,0,0,'',0),(2389,0,11,0,0,0,0,0,0,0,0,0,0,0,'',0),(2390,0,11,0,0,0,0,0,0,0,0,0,0,0,'',0),(2391,0,11,0,0,0,0,0,0,0,0,0,0,0,'',0),(2392,0,11,0,0,0,0,0,0,0,0,0,0,0,'',0),(2393,0,11,0,0,0,0,0,0,0,0,0,0,0,'',0),(2394,0,11,0,0,0,0,0,0,0,0,0,0,0,'',0),(2395,0,11,0,0,0,0,0,0,0,0,0,0,0,'',0),(2396,0,11,0,0,0,0,0,0,0,0,0,0,0,'',0),(2397,0,11,0,0,0,0,0,0,0,0,0,0,0,'',0),(2398,0,11,0,0,0,0,0,0,0,0,0,0,0,'',0),(2399,0,11,0,0,0,0,0,0,0,0,0,0,0,'',0),(2400,0,11,0,0,0,0,0,0,0,0,0,0,0,'',0),(2401,0,11,0,0,0,0,0,0,0,0,0,0,0,'',0),(2402,0,11,0,0,0,0,0,0,0,0,0,0,0,'',0),(2403,0,11,0,0,0,0,0,0,0,0,0,0,0,'',0),(2404,0,11,0,0,0,0,0,0,0,0,0,0,0,'',0),(2405,0,11,0,0,0,0,0,0,0,0,0,0,0,'',0),(2406,0,11,0,0,0,0,0,0,0,0,0,0,0,'',0),(2407,0,11,0,0,0,0,0,0,0,0,0,0,0,'',0),(2408,0,11,0,0,0,0,0,0,0,0,0,0,0,'',0),(2409,0,11,0,0,0,0,0,0,0,0,0,0,0,'',0),(2410,0,11,0,0,0,0,0,0,0,0,0,0,0,'',0),(2411,0,11,0,0,0,0,0,0,0,0,0,0,0,'',0),(2412,0,11,0,0,0,0,0,0,0,0,0,0,0,'',0),(2413,0,11,0,0,0,0,0,0,0,0,0,0,0,'',0),(2414,0,11,0,0,0,0,0,0,0,0,0,0,0,'',0),(2415,0,11,0,0,0,0,0,0,0,0,0,0,0,'',0),(2416,0,11,0,0,0,0,0,0,0,0,0,0,0,'',0),(2417,0,11,0,0,0,0,0,0,0,0,0,0,0,'',0),(2418,0,11,0,0,0,0,0,0,0,0,0,0,0,'',0),(2419,0,11,0,0,0,0,0,0,0,0,0,0,0,'',0),(2420,0,11,0,0,0,0,0,0,0,0,0,0,0,'',0),(2421,0,11,0,0,0,0,0,0,0,0,0,0,0,'',0),(2422,0,11,0,0,0,0,0,0,0,0,0,0,0,'',0),(2423,0,11,0,0,0,0,0,0,0,0,0,0,0,'',0),(2424,0,11,0,0,0,0,0,0,0,0,0,0,0,'',0),(2425,0,11,0,0,0,0,0,0,0,0,0,0,0,'',0),(2426,0,11,0,0,0,0,0,0,0,0,0,0,0,'',0),(2427,0,11,0,0,0,0,0,0,0,0,0,0,0,'',0),(2428,0,11,0,0,0,0,0,0,0,0,0,0,0,'',0),(2429,0,11,0,0,0,0,0,0,0,0,0,0,0,'',0),(2430,0,11,0,0,0,0,0,0,0,0,0,0,0,'',0),(2431,0,11,0,0,0,0,0,0,0,0,0,0,0,'',0),(2432,0,11,0,0,0,0,0,0,0,0,0,0,0,'',0),(2433,0,11,0,0,0,0,0,0,0,0,0,0,0,'',0),(2434,0,11,0,0,0,0,0,0,0,0,0,0,0,'',0),(2435,0,11,0,0,0,0,0,0,0,0,0,0,0,'',0),(2436,0,11,0,0,0,0,0,0,0,0,0,0,0,'',0),(2437,0,11,0,0,0,0,0,0,0,0,0,0,0,'',0),(2438,0,11,0,0,0,0,0,0,0,0,0,0,0,'',0),(2439,0,11,0,0,0,0,0,0,0,0,0,0,0,'',0),(2440,0,11,0,0,0,0,0,0,0,0,0,0,0,'',0),(2441,0,11,0,0,0,0,0,0,0,0,0,0,0,'',0),(2442,0,11,0,0,0,0,0,0,0,0,0,0,0,'',0),(2443,0,11,0,0,0,0,0,0,0,0,0,0,0,'',0),(2444,0,11,0,0,0,0,0,0,0,0,0,0,0,'',0),(2445,0,11,0,0,0,0,0,0,0,0,0,0,0,'',0),(2446,0,11,0,0,0,0,0,0,0,0,0,0,0,'',0),(2447,0,11,0,0,0,0,0,0,0,0,0,0,0,'',0),(2448,0,11,0,0,0,0,0,0,0,0,0,0,0,'',0),(2449,0,11,0,0,0,0,0,0,0,0,0,0,0,'',0),(2450,0,11,0,0,0,0,0,0,0,0,0,0,0,'',0),(2451,0,11,0,0,0,0,0,0,0,0,0,0,0,'',0),(2452,0,11,0,0,0,0,0,0,0,0,0,0,0,'',0),(2453,0,11,0,0,0,0,0,0,0,0,0,0,0,'',0),(2454,0,11,0,0,0,0,0,0,0,0,0,0,0,'',0),(2455,0,11,0,0,0,0,0,0,0,0,0,0,0,'',0),(2456,0,11,0,0,0,0,0,0,0,0,0,0,0,'',0),(2457,0,11,0,0,0,0,0,0,0,0,0,0,0,'',0),(2458,0,11,0,0,0,0,0,0,0,0,0,0,0,'',0),(2459,0,11,0,0,0,0,0,0,0,0,0,0,0,'',0),(2460,0,11,0,0,0,0,0,0,0,0,0,0,0,'',0),(2461,0,11,0,0,0,0,0,0,0,0,0,0,0,'',0),(2462,0,11,0,0,0,0,0,0,0,0,0,0,0,'',0),(2463,0,11,0,0,0,0,0,0,0,0,0,0,0,'',0),(2464,0,11,0,0,0,0,0,0,0,0,0,0,0,'',0),(2465,0,11,0,0,0,0,0,0,0,0,0,0,0,'',0),(2466,0,11,0,0,0,0,0,0,0,0,0,0,0,'',0),(2467,0,11,0,0,0,0,0,0,0,0,0,0,0,'',0),(2468,0,11,0,0,0,0,0,0,0,0,0,0,0,'',0),(2469,0,11,0,0,0,0,0,0,0,0,0,0,0,'',0),(2470,0,11,0,0,0,0,0,0,0,0,0,0,0,'',0),(2471,0,11,0,0,0,0,0,0,0,0,0,0,0,'',0),(2472,0,11,0,0,0,0,0,0,0,0,0,0,0,'',0),(2473,0,11,0,0,0,0,0,0,0,0,0,0,0,'',0),(2474,0,11,0,0,0,0,0,0,0,0,0,0,0,'',0),(2475,0,11,0,0,0,0,0,0,0,0,0,0,0,'',0),(2476,0,11,0,0,0,0,0,0,0,0,0,0,0,'',0),(2477,0,11,0,0,0,0,0,0,0,0,0,0,0,'',0),(2478,0,11,0,0,0,0,0,0,0,0,0,0,0,'',0),(2479,0,11,0,0,0,0,0,0,0,0,0,0,0,'',0),(2480,0,11,0,0,0,0,0,0,0,0,0,0,0,'',0),(2481,0,11,0,0,0,0,0,0,0,0,0,0,0,'',0),(2482,0,11,0,0,0,0,0,0,0,0,0,0,0,'',0),(2483,0,11,0,0,0,0,0,0,0,0,0,0,0,'',0),(2484,0,11,0,0,0,0,0,0,0,0,0,0,0,'',0),(2485,0,11,0,0,0,0,0,0,0,0,0,0,0,'',0),(2486,0,11,0,0,0,0,0,0,0,0,0,0,0,'',0),(2487,0,11,0,0,0,0,0,0,0,0,0,0,0,'',0),(2488,0,11,0,0,0,0,0,0,0,0,0,0,0,'',0),(2489,0,11,0,0,0,0,0,0,0,0,0,0,0,'',0),(2490,0,11,0,0,0,0,0,0,0,0,0,0,0,'',0),(2491,0,11,0,0,0,0,0,0,0,0,0,0,0,'',0),(2492,0,11,0,0,0,0,0,0,0,0,0,0,0,'',0),(2493,0,11,0,0,0,0,0,0,0,0,0,0,0,'',0),(2494,0,11,0,0,0,0,0,0,0,0,0,0,0,'',0),(2495,0,11,0,0,0,0,0,0,0,0,0,0,0,'',0),(2496,0,11,0,0,0,0,0,0,0,0,0,0,0,'',0),(2497,0,11,0,0,0,0,0,0,0,0,0,0,0,'',0),(2498,0,11,0,0,0,0,0,0,0,0,0,0,0,'',0),(2499,0,11,0,0,0,0,0,0,0,0,0,0,0,'',0),(2500,0,11,0,0,0,0,0,0,0,0,0,0,0,'',0),(2501,0,11,0,0,0,0,0,0,0,0,0,0,0,'',0),(2502,0,11,0,0,0,0,0,0,0,0,0,0,0,'',0),(2503,0,11,0,0,0,0,0,0,0,0,0,0,0,'',0),(2504,0,11,0,0,0,0,0,0,0,0,0,0,0,'',0),(2505,0,11,0,0,0,0,0,0,0,0,0,0,0,'',0),(2506,0,11,0,0,0,0,0,0,0,0,0,0,0,'',0),(2507,0,11,0,0,0,0,0,0,0,0,0,0,0,'',0),(2508,0,11,0,0,0,0,0,0,0,0,0,0,0,'',0),(2509,0,11,0,0,0,0,0,0,0,0,0,0,0,'',0),(2510,0,11,0,0,0,0,0,0,0,0,0,0,0,'',0),(2511,0,11,0,0,0,0,0,0,0,0,0,0,0,'',0),(2512,0,11,0,0,0,0,0,0,0,0,0,0,0,'',0),(2513,0,11,0,0,0,0,0,0,0,0,0,0,0,'',0),(2514,0,11,0,0,0,0,0,0,0,0,0,0,0,'',0),(2515,0,11,0,0,0,0,0,0,0,0,0,0,0,'',0),(2516,0,11,0,0,0,0,0,0,0,0,0,0,0,'',0),(2517,0,11,0,0,0,0,0,0,0,0,0,0,0,'',0),(2518,0,11,0,0,0,0,0,0,0,0,0,0,0,'',0),(2519,0,11,0,0,0,0,0,0,0,0,0,0,0,'',0),(2520,0,11,0,0,0,0,0,0,0,0,0,0,0,'',0),(2521,0,11,0,0,0,0,0,0,0,0,0,0,0,'',0),(2522,0,11,0,0,0,0,0,0,0,0,0,0,0,'',0),(2523,0,11,0,0,0,0,0,0,0,0,0,0,0,'',0),(2524,0,11,0,0,0,0,0,0,0,0,0,0,0,'',0),(2525,0,11,0,0,0,0,0,0,0,0,0,0,0,'',0),(2526,0,11,0,0,0,0,0,0,0,0,0,0,0,'',0),(2527,0,11,0,0,0,0,0,0,0,0,0,0,0,'',0),(2528,0,11,0,0,0,0,0,0,0,0,0,0,0,'',0),(2529,0,11,0,0,0,0,0,0,0,0,0,0,0,'',0),(2530,0,11,0,0,0,0,0,0,0,0,0,0,0,'',0),(2531,0,11,0,0,0,0,0,0,0,0,0,0,0,'',0),(2532,0,11,0,0,0,0,0,0,0,0,0,0,0,'',0),(2533,0,11,0,0,0,0,0,0,0,0,0,0,0,'',0),(2534,0,11,0,0,0,0,0,0,0,0,0,0,0,'',0),(2535,0,11,0,0,0,0,0,0,0,0,0,0,0,'',0),(2536,0,11,0,0,0,0,0,0,0,0,0,0,0,'',0),(2537,0,11,0,0,0,0,0,0,0,0,0,0,0,'',0),(2538,0,11,0,0,0,0,0,0,0,0,0,0,0,'',0),(2539,0,11,0,0,0,0,0,0,0,0,0,0,0,'',0),(2540,0,11,0,0,0,0,0,0,0,0,0,0,0,'',0),(2541,0,11,0,0,0,0,0,0,0,0,0,0,0,'',0),(2542,0,11,0,0,0,0,0,0,0,0,0,0,0,'',0),(2543,0,11,0,0,0,0,0,0,0,0,0,0,0,'',0),(2544,0,11,0,0,0,0,0,0,0,0,0,0,0,'',0),(2545,0,11,0,0,0,0,0,0,0,0,0,0,0,'',0),(2546,0,11,0,0,0,0,0,0,0,0,0,0,0,'',0),(2547,0,11,0,0,0,0,0,0,0,0,0,0,0,'',0),(2548,0,11,0,0,0,0,0,0,0,0,0,0,0,'',0),(2549,0,11,0,0,0,0,0,0,0,0,0,0,0,'',0),(2550,0,11,0,0,0,0,0,0,0,0,0,0,0,'',0),(2551,0,11,0,0,0,0,0,0,0,0,0,0,0,'',0),(2552,0,11,0,0,0,0,0,0,0,0,0,0,0,'',0),(2553,0,11,0,0,0,0,0,0,0,0,0,0,0,'',0),(2554,0,11,0,0,0,0,0,0,0,0,0,0,0,'',0),(2555,0,11,0,0,0,0,0,0,0,0,0,0,0,'',0),(2556,0,11,0,0,0,0,0,0,0,0,0,0,0,'',0),(2557,0,11,0,0,0,0,0,0,0,0,0,0,0,'',0),(2558,0,11,0,0,0,0,0,0,0,0,0,0,0,'',0),(2559,0,11,0,0,0,0,0,0,0,0,0,0,0,'',0),(2560,0,11,0,0,0,0,0,0,0,0,0,0,0,'',0),(2561,0,11,0,0,0,0,0,0,0,0,0,0,0,'',0),(2562,0,11,0,0,0,0,0,0,0,0,0,0,0,'',0),(2563,0,11,0,0,0,0,0,0,0,0,0,0,0,'',0),(2564,0,11,0,0,0,0,0,0,0,0,0,0,0,'',0),(2565,0,11,0,0,0,0,0,0,0,0,0,0,0,'',0),(2566,0,11,0,0,0,0,0,0,0,0,0,0,0,'',0),(2567,0,11,0,0,0,0,0,0,0,0,0,0,0,'',0),(2568,0,11,0,0,0,0,0,0,0,0,0,0,0,'',0),(2569,0,11,0,0,0,0,0,0,0,0,0,0,0,'',0),(2570,0,11,0,0,0,0,0,0,0,0,0,0,0,'',0),(2571,0,11,0,0,0,0,0,0,0,0,0,0,0,'',0),(2572,0,11,0,0,0,0,0,0,0,0,0,0,0,'',0),(2573,0,11,0,0,0,0,0,0,0,0,0,0,0,'',0),(2574,0,11,0,0,0,0,0,0,0,0,0,0,0,'',0),(2575,0,11,0,0,0,0,0,0,0,0,0,0,0,'',0),(2576,0,11,0,0,0,0,0,0,0,0,0,0,0,'',0),(2577,0,11,0,0,0,0,0,0,0,0,0,0,0,'',0),(2578,0,11,0,0,0,0,0,0,0,0,0,0,0,'',0),(2579,0,11,0,0,0,0,0,0,0,0,0,0,0,'',0),(2580,0,11,0,0,0,0,0,0,0,0,0,0,0,'',0),(2581,0,11,0,0,0,0,0,0,0,0,0,0,0,'',0),(2582,0,11,0,0,0,0,0,0,0,0,0,0,0,'',0),(2583,0,11,0,0,0,0,0,0,0,0,0,0,0,'',0),(2584,0,11,0,0,0,0,0,0,0,0,0,0,0,'',0),(2585,0,11,0,0,0,0,0,0,0,0,0,0,0,'',0),(2586,0,11,0,0,0,0,0,0,0,0,0,0,0,'',0),(2587,0,11,0,0,0,0,0,0,0,0,0,0,0,'',0),(2588,0,11,0,0,0,0,0,0,0,0,0,0,0,'',0),(2589,0,11,0,0,0,0,0,0,0,0,0,0,0,'',0),(2590,0,11,0,0,0,0,0,0,0,0,0,0,0,'',0),(2591,0,11,0,0,0,0,0,0,0,0,0,0,0,'',0),(2592,0,11,0,0,0,0,0,0,0,0,0,0,0,'',0),(2593,0,11,0,0,0,0,0,0,0,0,0,0,0,'',0),(2594,0,11,0,0,0,0,0,0,0,0,0,0,0,'',0),(2595,0,11,0,0,0,0,0,0,0,0,0,0,0,'',0),(2596,0,11,0,0,0,0,0,0,0,0,0,0,0,'',0),(2597,0,11,0,0,0,0,0,0,0,0,0,0,0,'',0),(2598,0,11,0,0,0,0,0,0,0,0,0,0,0,'',0),(2599,0,11,0,0,0,0,0,0,0,0,0,0,0,'',0),(2600,0,11,0,0,0,0,0,0,0,0,0,0,0,'',0),(2601,0,11,0,0,0,0,0,0,0,0,0,0,0,'',0),(2602,0,11,0,0,0,0,0,0,0,0,0,0,0,'',0),(2603,0,11,0,0,0,0,0,0,0,0,0,0,0,'',0),(2604,0,11,0,0,0,0,0,0,0,0,0,0,0,'',0),(2605,0,11,0,0,0,0,0,0,0,0,0,0,0,'',0),(2606,0,11,0,0,0,0,0,0,0,0,0,0,0,'',0),(2607,0,11,0,0,0,0,0,0,0,0,0,0,0,'',0),(2608,0,11,0,0,0,0,0,0,0,0,0,0,0,'',0),(2609,0,11,0,0,0,0,0,0,0,0,0,0,0,'',0),(2610,0,11,0,0,0,0,0,0,0,0,0,0,0,'',0),(2611,0,11,0,0,0,0,0,0,0,0,0,0,0,'',0),(2612,0,11,0,0,0,0,0,0,0,0,0,0,0,'',0),(2613,0,11,0,0,0,0,0,0,0,0,0,0,0,'',0),(2614,0,11,0,0,0,0,0,0,0,0,0,0,0,'',0),(2615,0,11,0,0,0,0,0,0,0,0,0,0,0,'',0),(2616,0,11,0,0,0,0,0,0,0,0,0,0,0,'',0),(2617,0,11,0,0,0,0,0,0,0,0,0,0,0,'',0),(2618,0,11,0,0,0,0,0,0,0,0,0,0,0,'',0),(2619,0,11,0,0,0,0,0,0,0,0,0,0,0,'',0),(2620,0,11,0,0,0,0,0,0,0,0,0,0,0,'',0),(2621,0,11,0,0,0,0,0,0,0,0,0,0,0,'',0),(2622,0,11,0,0,0,0,0,0,0,0,0,0,0,'',0),(2623,0,11,0,0,0,0,0,0,0,0,0,0,0,'',0),(2624,0,11,0,0,0,0,0,0,0,0,0,0,0,'',0),(2625,0,11,0,0,0,0,0,0,0,0,0,0,0,'',0),(2626,0,11,0,0,0,0,0,0,0,0,0,0,0,'',0),(2627,0,11,0,0,0,0,0,0,0,0,0,0,0,'',0),(2628,0,11,0,0,0,0,0,0,0,0,0,0,0,'',0),(2629,0,11,0,0,0,0,0,0,0,0,0,0,0,'',0),(2630,0,11,0,0,0,0,0,0,0,0,0,0,0,'',0),(2631,0,11,0,0,0,0,0,0,0,0,0,0,0,'',0),(2632,0,11,0,0,0,0,0,0,0,0,0,0,0,'',0),(2633,0,11,0,0,0,0,0,0,0,0,0,0,0,'',0),(2634,0,11,0,0,0,0,0,0,0,0,0,0,0,'',0),(2635,0,11,0,0,0,0,0,0,0,0,0,0,0,'',0),(2636,0,11,0,0,0,0,0,0,0,0,0,0,0,'',0),(2637,0,11,0,0,0,0,0,0,0,0,0,0,0,'',0),(2638,0,11,0,0,0,0,0,0,0,0,0,0,0,'',0),(2639,0,11,0,0,0,0,0,0,0,0,0,0,0,'',0),(2640,0,11,0,0,0,0,0,0,0,0,0,0,0,'',0),(2641,0,11,0,0,0,0,0,0,0,0,0,0,0,'',0),(2642,0,11,0,0,0,0,0,0,0,0,0,0,0,'',0),(2643,0,11,0,0,0,0,0,0,0,0,0,0,0,'',0),(2644,0,11,0,0,0,0,0,0,0,0,0,0,0,'',0),(2645,0,11,0,0,0,0,0,0,0,0,0,0,0,'',0),(2646,0,11,0,0,0,0,0,0,0,0,0,0,0,'',0),(2647,0,11,0,0,0,0,0,0,0,0,0,0,0,'',0),(2648,0,11,0,0,0,0,0,0,0,0,0,0,0,'',0),(2649,0,11,0,0,0,0,0,0,0,0,0,0,0,'',0),(2650,0,11,0,0,0,0,0,0,0,0,0,0,0,'',0),(2651,0,11,0,0,0,0,0,0,0,0,0,0,0,'',0),(2652,0,11,0,0,0,0,0,0,0,0,0,0,0,'',0),(2653,0,11,0,0,0,0,0,0,0,0,0,0,0,'',0),(2654,0,11,0,0,0,0,0,0,0,0,0,0,0,'',0),(2655,0,11,0,0,0,0,0,0,0,0,0,0,0,'',0),(2656,0,11,0,0,0,0,0,0,0,0,0,0,0,'',0),(2657,0,11,0,0,0,0,0,0,0,0,0,0,0,'',0),(2658,0,11,0,0,0,0,0,0,0,0,0,0,0,'',0),(2659,0,11,0,0,0,0,0,0,0,0,0,0,0,'',0),(2660,0,11,0,0,0,0,0,0,0,0,0,0,0,'',0),(2661,0,11,0,0,0,0,0,0,0,0,0,0,0,'',0),(2662,0,11,0,0,0,0,0,0,0,0,0,0,0,'',0),(2663,0,11,0,0,0,0,0,0,0,0,0,0,0,'',0),(2664,0,11,0,0,0,0,0,0,0,0,0,0,0,'',0),(2665,0,11,0,0,0,0,0,0,0,0,0,0,0,'',0),(2666,0,11,0,0,0,0,0,0,0,0,0,0,0,'',0),(2667,0,11,0,0,0,0,0,0,0,0,0,0,0,'',0),(2668,0,11,0,0,0,0,0,0,0,0,0,0,0,'',0),(2669,0,11,0,0,0,0,0,0,0,0,0,0,0,'',0),(2670,0,11,0,0,0,0,0,0,0,0,0,0,0,'',0),(2671,0,11,0,0,0,0,0,0,0,0,0,0,0,'',0),(2672,0,11,0,0,0,0,0,0,0,0,0,0,0,'',0),(2673,0,11,0,0,0,0,0,0,0,0,0,0,0,'',0),(2674,0,11,0,0,0,0,0,0,0,0,0,0,0,'',0),(2675,0,11,0,0,0,0,0,0,0,0,0,0,0,'',0),(2676,0,11,0,0,0,0,0,0,0,0,0,0,0,'',0),(2677,0,11,0,0,0,0,0,0,0,0,0,0,0,'',0),(2678,0,11,0,0,0,0,0,0,0,0,0,0,0,'',0),(2679,0,11,0,0,0,0,0,0,0,0,0,0,0,'',0),(2680,0,11,0,0,0,0,0,0,0,0,0,0,0,'',0),(2681,0,11,0,0,0,0,0,0,0,0,0,0,0,'',0),(2682,0,11,0,0,0,0,0,0,0,0,0,0,0,'',0),(2683,0,11,0,0,0,0,0,0,0,0,0,0,0,'',0),(2684,0,11,0,0,0,0,0,0,0,0,0,0,0,'',0),(2685,0,11,0,0,0,0,0,0,0,0,0,0,0,'',0),(2686,0,11,0,0,0,0,0,0,0,0,0,0,0,'',0),(2687,0,11,0,0,0,0,0,0,0,0,0,0,0,'',0),(2688,0,11,0,0,0,0,0,0,0,0,0,0,0,'',0),(2689,0,11,0,0,0,0,0,0,0,0,0,0,0,'',0),(2690,0,11,0,0,0,0,0,0,0,0,0,0,0,'',0),(2691,0,11,0,0,0,0,0,0,0,0,0,0,0,'',0),(2692,0,11,0,0,0,0,0,0,0,0,0,0,0,'',0),(2693,0,11,0,0,0,0,0,0,0,0,0,0,0,'',0),(2694,0,11,0,0,0,0,0,0,0,0,0,0,0,'',0),(2695,0,11,0,0,0,0,0,0,0,0,0,0,0,'',0),(2696,0,11,0,0,0,0,0,0,0,0,0,0,0,'',0),(2697,0,11,0,0,0,0,0,0,0,0,0,0,0,'',0),(2698,0,11,0,0,0,0,0,0,0,0,0,0,0,'',0),(2699,0,11,0,0,0,0,0,0,0,0,0,0,0,'',0),(2700,0,11,0,0,0,0,0,0,0,0,0,0,0,'',0),(2701,0,11,0,0,0,0,0,0,0,0,0,0,0,'',0),(2702,0,11,0,0,0,0,0,0,0,0,0,0,0,'',0),(2703,0,11,0,0,0,0,0,0,0,0,0,0,0,'',0),(2704,0,11,0,0,0,0,0,0,0,0,0,0,0,'',0),(2705,0,11,0,0,0,0,0,0,0,0,0,0,0,'',0),(2706,0,11,0,0,0,0,0,0,0,0,0,0,0,'',0),(2707,0,11,0,0,0,0,0,0,0,0,0,0,0,'',0),(2708,0,11,0,0,0,0,0,0,0,0,0,0,0,'',0),(2709,0,11,0,0,0,0,0,0,0,0,0,0,0,'',0),(2710,0,11,0,0,0,0,0,0,0,0,0,0,0,'',0),(2711,0,11,0,0,0,0,0,0,0,0,0,0,0,'',0),(2712,0,11,0,0,0,0,0,0,0,0,0,0,0,'',0),(2713,0,11,0,0,0,0,0,0,0,0,0,0,0,'',0),(2714,0,11,0,0,0,0,0,0,0,0,0,0,0,'',0),(2715,0,11,0,0,0,0,0,0,0,0,0,0,0,'',0),(2716,0,11,0,0,0,0,0,0,0,0,0,0,0,'',0),(2717,0,11,0,0,0,0,0,0,0,0,0,0,0,'',0),(2718,0,11,0,0,0,0,0,0,0,0,0,0,0,'',0),(2719,0,11,0,0,0,0,0,0,0,0,0,0,0,'',0),(2720,0,11,0,0,0,0,0,0,0,0,0,0,0,'',0),(2721,0,11,0,0,0,0,0,0,0,0,0,0,0,'',0),(2722,0,11,0,0,0,0,0,0,0,0,0,0,0,'',0),(2723,0,11,0,0,0,0,0,0,0,0,0,0,0,'',0),(2724,0,11,0,0,0,0,0,0,0,0,0,0,0,'',0),(2725,0,11,0,0,0,0,0,0,0,0,0,0,0,'',0),(2726,0,11,0,0,0,0,0,0,0,0,0,0,0,'',0),(2727,0,11,0,0,0,0,0,0,0,0,0,0,0,'',0),(2728,0,11,0,0,0,0,0,0,0,0,0,0,0,'',0),(2729,0,11,0,0,0,0,0,0,0,0,0,0,0,'',0),(2730,0,11,0,0,0,0,0,0,0,0,0,0,0,'',0),(2731,0,11,0,0,0,0,0,0,0,0,0,0,0,'',0),(2732,0,11,0,0,0,0,0,0,0,0,0,0,0,'',0),(2733,0,11,0,0,0,0,0,0,0,0,0,0,0,'',0),(2734,0,11,0,0,0,0,0,0,0,0,0,0,0,'',0),(2735,0,11,0,0,0,0,0,0,0,0,0,0,0,'',0),(2736,0,11,0,0,0,0,0,0,0,0,0,0,0,'',0),(2737,0,11,0,0,0,0,0,0,0,0,0,0,0,'',0),(2738,0,11,0,0,0,0,0,0,0,0,0,0,0,'',0),(2739,0,11,0,0,0,0,0,0,0,0,0,0,0,'',0),(2740,0,11,0,0,0,0,0,0,0,0,0,0,0,'',0),(2741,0,11,0,0,0,0,0,0,0,0,0,0,0,'',0),(2742,0,11,0,0,0,0,0,0,0,0,0,0,0,'',0),(2743,0,11,0,0,0,0,0,0,0,0,0,0,0,'',0),(2744,0,11,0,0,0,0,0,0,0,0,0,0,0,'',0),(2745,0,11,0,0,0,0,0,0,0,0,0,0,0,'',0),(2746,0,11,0,0,0,0,0,0,0,0,0,0,0,'',0),(2747,0,11,0,0,0,0,0,0,0,0,0,0,0,'',0),(2748,0,11,0,0,0,0,0,0,0,0,0,0,0,'',0),(2749,0,11,0,0,0,0,0,0,0,0,0,0,0,'',0),(2750,0,11,0,0,0,0,0,0,0,0,0,0,0,'',0),(2751,0,11,0,0,0,0,0,0,0,0,0,0,0,'',0),(2752,0,11,0,0,0,0,0,0,0,0,0,0,0,'',0),(2753,0,11,0,0,0,0,0,0,0,0,0,0,0,'',0),(2754,0,11,0,0,0,0,0,0,0,0,0,0,0,'',0),(2755,0,11,0,0,0,0,0,0,0,0,0,0,0,'',0),(2756,0,11,0,0,0,0,0,0,0,0,0,0,0,'',0),(2757,0,11,0,0,0,0,0,0,0,0,0,0,0,'',0),(2758,0,11,0,0,0,0,0,0,0,0,0,0,0,'',0),(2759,0,11,0,0,0,0,0,0,0,0,0,0,0,'',0),(2760,0,11,0,0,0,0,0,0,0,0,0,0,0,'',0),(2761,0,11,0,0,0,0,0,0,0,0,0,0,0,'',0),(2762,0,11,0,0,0,0,0,0,0,0,0,0,0,'',0),(2763,0,11,0,0,0,0,0,0,0,0,0,0,0,'',0),(2764,0,11,0,0,0,0,0,0,0,0,0,0,0,'',0),(2765,0,11,0,0,0,0,0,0,0,0,0,0,0,'',0),(2766,0,11,0,0,0,0,0,0,0,0,0,0,0,'',0),(2767,0,11,0,0,0,0,0,0,0,0,0,0,0,'',0),(2768,0,11,0,0,0,0,0,0,0,0,0,0,0,'',0),(2769,0,11,0,0,0,0,0,0,0,0,0,0,0,'',0),(2770,0,11,0,0,0,0,0,0,0,0,0,0,0,'',0),(2771,0,11,0,0,0,0,0,0,0,0,0,0,0,'',0),(2772,0,11,0,0,0,0,0,0,0,0,0,0,0,'',0),(2773,0,11,0,0,0,0,0,0,0,0,0,0,0,'',0),(2774,0,11,0,0,0,0,0,0,0,0,0,0,0,'',0),(2775,0,11,0,0,0,0,0,0,0,0,0,0,0,'',0),(2776,0,11,0,0,0,0,0,0,0,0,0,0,0,'',0),(2777,0,11,0,0,0,0,0,0,0,0,0,0,0,'',0),(2778,0,11,0,0,0,0,0,0,0,0,0,0,0,'',0),(2779,0,11,0,0,0,0,0,0,0,0,0,0,0,'',0),(2780,0,11,0,0,0,0,0,0,0,0,0,0,0,'',0),(2781,0,11,0,0,0,0,0,0,0,0,0,0,0,'',0),(2782,0,11,0,0,0,0,0,0,0,0,0,0,0,'',0),(2783,0,11,0,0,0,0,0,0,0,0,0,0,0,'',0),(2784,0,11,0,0,0,0,0,0,0,0,0,0,0,'',0),(2785,0,11,0,0,0,0,0,0,0,0,0,0,0,'',0),(2786,0,11,0,0,0,0,0,0,0,0,0,0,0,'',0),(2787,0,11,0,0,0,0,0,0,0,0,0,0,0,'',0),(2788,0,11,0,0,0,0,0,0,0,0,0,0,0,'',0),(2789,0,11,0,0,0,0,0,0,0,0,0,0,0,'',0),(2790,0,11,0,0,0,0,0,0,0,0,0,0,0,'',0),(2791,0,11,0,0,0,0,0,0,0,0,0,0,0,'',0),(2792,0,11,0,0,0,0,0,0,0,0,0,0,0,'',0),(2793,0,11,0,0,0,0,0,0,0,0,0,0,0,'',0),(2794,0,11,0,0,0,0,0,0,0,0,0,0,0,'',0),(2795,0,11,0,0,0,0,0,0,0,0,0,0,0,'',0),(2796,0,11,0,0,0,0,0,0,0,0,0,0,0,'',0),(2797,0,11,0,0,0,0,0,0,0,0,0,0,0,'',0),(2798,0,11,0,0,0,0,0,0,0,0,0,0,0,'',0),(2799,0,11,0,0,0,0,0,0,0,0,0,0,0,'',0),(2800,0,11,0,0,0,0,0,0,0,0,0,0,0,'',0),(2801,0,11,0,0,0,0,0,0,0,0,0,0,0,'',0),(2802,0,11,0,0,0,0,0,0,0,0,0,0,0,'',0),(2803,0,11,0,0,0,0,0,0,0,0,0,0,0,'',0),(2804,0,11,0,0,0,0,0,0,0,0,0,0,0,'',0),(2805,0,11,0,0,0,0,0,0,0,0,0,0,0,'',0),(2806,0,11,0,0,0,0,0,0,0,0,0,0,0,'',0),(2807,0,11,0,0,0,0,0,0,0,0,0,0,0,'',0),(2808,0,11,0,0,0,0,0,0,0,0,0,0,0,'',0),(2809,0,11,0,0,0,0,0,0,0,0,0,0,0,'',0),(2810,0,11,0,0,0,0,0,0,0,0,0,0,0,'',0),(2811,0,11,0,0,0,0,0,0,0,0,0,0,0,'',0),(2812,0,11,0,0,0,0,0,0,0,0,0,0,0,'',0),(2813,0,11,0,0,0,0,0,0,0,0,0,0,0,'',0),(2814,0,11,0,0,0,0,0,0,0,0,0,0,0,'',0),(2815,0,11,0,0,0,0,0,0,0,0,0,0,0,'',0),(2816,0,11,0,0,0,0,0,0,0,0,0,0,0,'',0),(2817,0,11,0,0,0,0,0,0,0,0,0,0,0,'',0),(2818,0,11,0,0,0,0,0,0,0,0,0,0,0,'',0),(2819,0,11,0,0,0,0,0,0,0,0,0,0,0,'',0),(2820,0,11,0,0,0,0,0,0,0,0,0,0,0,'',0),(2821,0,11,0,0,0,0,0,0,0,0,0,0,0,'',0),(2822,0,11,0,0,0,0,0,0,0,0,0,0,0,'',0),(2823,0,11,0,0,0,0,0,0,0,0,0,0,0,'',0),(2824,0,11,0,0,0,0,0,0,0,0,0,0,0,'',0),(2825,0,11,0,0,0,0,0,0,0,0,0,0,0,'',0),(2826,0,11,0,0,0,0,0,0,0,0,0,0,0,'',0),(2827,0,11,0,0,0,0,0,0,0,0,0,0,0,'',0),(2828,0,11,0,0,0,0,0,0,0,0,0,0,0,'',0),(2829,0,11,0,0,0,0,0,0,0,0,0,0,0,'',0),(2830,0,11,0,0,0,0,0,0,0,0,0,0,0,'',0),(2831,0,11,0,0,0,0,0,0,0,0,0,0,0,'',0),(2832,0,11,0,0,0,0,0,0,0,0,0,0,0,'',0),(2833,0,11,0,0,0,0,0,0,0,0,0,0,0,'',0),(2834,0,11,0,0,0,0,0,0,0,0,0,0,0,'',0),(2835,0,11,0,0,0,0,0,0,0,0,0,0,0,'',0),(2836,0,11,0,0,0,0,0,0,0,0,0,0,0,'',0),(2837,0,11,0,0,0,0,0,0,0,0,0,0,0,'',0),(2838,0,11,0,0,0,0,0,0,0,0,0,0,0,'',0),(2839,0,11,0,0,0,0,0,0,0,0,0,0,0,'',0),(2840,0,11,0,0,0,0,0,0,0,0,0,0,0,'',0),(2841,0,11,0,0,0,0,0,0,0,0,0,0,0,'',0),(2842,0,11,0,0,0,0,0,0,0,0,0,0,0,'',0),(2843,0,11,0,0,0,0,0,0,0,0,0,0,0,'',0),(2844,0,11,0,0,0,0,0,0,0,0,0,0,0,'',0),(2845,0,11,0,0,0,0,0,0,0,0,0,0,0,'',0),(2846,0,11,0,0,0,0,0,0,0,0,0,0,0,'',0),(2847,0,11,0,0,0,0,0,0,0,0,0,0,0,'',0),(2848,0,11,0,0,0,0,0,0,0,0,0,0,0,'',0),(2849,0,11,0,0,0,0,0,0,0,0,0,0,0,'',0),(2850,0,11,0,0,0,0,0,0,0,0,0,0,0,'',0),(2851,0,11,0,0,0,0,0,0,0,0,0,0,0,'',0),(2852,0,11,0,0,0,0,0,0,0,0,0,0,0,'',0),(2853,0,11,0,0,0,0,0,0,0,0,0,0,0,'',0),(2854,0,11,0,0,0,0,0,0,0,0,0,0,0,'',0),(2855,0,11,0,0,0,0,0,0,0,0,0,0,0,'',0),(2856,0,11,0,0,0,0,0,0,0,0,0,0,0,'',0),(2857,0,11,0,0,0,0,0,0,0,0,0,0,0,'',0),(2858,0,11,0,0,0,0,0,0,0,0,0,0,0,'',0),(2859,0,11,0,0,0,0,0,0,0,0,0,0,0,'',0),(2860,0,11,0,0,0,0,0,0,0,0,0,0,0,'',0),(2861,0,11,0,0,0,0,0,0,0,0,0,0,0,'',0),(2862,0,11,0,0,0,0,0,0,0,0,0,0,0,'',0),(2863,0,11,0,0,0,0,0,0,0,0,0,0,0,'',0),(2864,0,11,0,0,0,0,0,0,0,0,0,0,0,'',0),(2865,0,11,0,0,0,0,0,0,0,0,0,0,0,'',0),(2866,0,11,0,0,0,0,0,0,0,0,0,0,0,'',0),(2867,0,11,0,0,0,0,0,0,0,0,0,0,0,'',0),(2868,0,11,0,0,0,0,0,0,0,0,0,0,0,'',0),(2869,0,11,0,0,0,0,0,0,0,0,0,0,0,'',0),(2870,0,11,0,0,0,0,0,0,0,0,0,0,0,'',0),(2871,0,11,0,0,0,0,0,0,0,0,0,0,0,'',0),(2872,0,11,0,0,0,0,0,0,0,0,0,0,0,'',0),(2873,0,11,0,0,0,0,0,0,0,0,0,0,0,'',0),(2874,0,11,0,0,0,0,0,0,0,0,0,0,0,'',0),(2875,0,11,0,0,0,0,0,0,0,0,0,0,0,'',0),(2876,0,11,0,0,0,0,0,0,0,0,0,0,0,'',0),(2877,0,11,0,0,0,0,0,0,0,0,0,0,0,'',0),(2878,0,11,0,0,0,0,0,0,0,0,0,0,0,'',0),(2879,0,11,0,0,0,0,0,0,0,0,0,0,0,'',0),(2880,0,11,0,0,0,0,0,0,0,0,0,0,0,'',0),(2881,0,11,0,0,0,0,0,0,0,0,0,0,0,'',0),(2882,0,11,0,0,0,0,0,0,0,0,0,0,0,'',0),(2883,0,11,0,0,0,0,0,0,0,0,0,0,0,'',0),(2884,0,11,0,0,0,0,0,0,0,0,0,0,0,'',0),(2885,0,11,0,0,0,0,0,0,0,0,0,0,0,'',0),(2886,0,11,0,0,0,0,0,0,0,0,0,0,0,'',0),(2887,0,11,0,0,0,0,0,0,0,0,0,0,0,'',0),(2888,0,11,0,0,0,0,0,0,0,0,0,0,0,'',0),(2889,0,11,0,0,0,0,0,0,0,0,0,0,0,'',0),(2890,0,11,0,0,0,0,0,0,0,0,0,0,0,'',0),(2891,0,11,0,0,0,0,0,0,0,0,0,0,0,'',0),(2892,0,11,0,0,0,0,0,0,0,0,0,0,0,'',0),(2893,0,11,0,0,0,0,0,0,0,0,0,0,0,'',0),(2894,0,11,0,0,0,0,0,0,0,0,0,0,0,'',0),(2895,0,11,0,0,0,0,0,0,0,0,0,0,0,'',0),(2896,0,11,0,0,0,0,0,0,0,0,0,0,0,'',0),(2897,0,11,0,0,0,0,0,0,0,0,0,0,0,'',0),(2898,0,11,0,0,0,0,0,0,0,0,0,0,0,'',0),(2899,0,11,0,0,0,0,0,0,0,0,0,0,0,'',0),(2900,0,11,0,0,0,0,0,0,0,0,0,0,0,'',0),(2901,0,11,0,0,0,0,0,0,0,0,0,0,0,'',0),(2902,0,11,0,0,0,0,0,0,0,0,0,0,0,'',0),(2903,0,11,0,0,0,0,0,0,0,0,0,0,0,'',0),(2904,0,11,0,0,0,0,0,0,0,0,0,0,0,'',0),(2905,0,11,0,0,0,0,0,0,0,0,0,0,0,'',0),(2906,0,11,0,0,0,0,0,0,0,0,0,0,0,'',0),(2907,0,11,0,0,0,0,0,0,0,0,0,0,0,'',0),(2908,0,11,0,0,0,0,0,0,0,0,0,0,0,'',0),(2909,0,11,0,0,0,0,0,0,0,0,0,0,0,'',0),(2910,0,11,0,0,0,0,0,0,0,0,0,0,0,'',0),(2911,0,11,0,0,0,0,0,0,0,0,0,0,0,'',0),(2912,0,11,0,0,0,0,0,0,0,0,0,0,0,'',0),(2913,0,11,0,0,0,0,0,0,0,0,0,0,0,'',0),(2914,0,11,0,0,0,0,0,0,0,0,0,0,0,'',0),(2915,0,11,0,0,0,0,0,0,0,0,0,0,0,'',0),(2916,0,11,0,0,0,0,0,0,0,0,0,0,0,'',0),(2917,0,11,0,0,0,0,0,0,0,0,0,0,0,'',0),(2918,0,11,0,0,0,0,0,0,0,0,0,0,0,'',0),(2919,0,11,0,0,0,0,0,0,0,0,0,0,0,'',0),(2920,0,11,0,0,0,0,0,0,0,0,0,0,0,'',0),(2921,0,11,0,0,0,0,0,0,0,0,0,0,0,'',0),(2922,0,11,0,0,0,0,0,0,0,0,0,0,0,'',0),(2923,0,11,0,0,0,0,0,0,0,0,0,0,0,'',0),(2924,0,11,0,0,0,0,0,0,0,0,0,0,0,'',0),(2925,0,11,0,0,0,0,0,0,0,0,0,0,0,'',0),(2926,0,11,0,0,0,0,0,0,0,0,0,0,0,'',0),(2927,0,11,0,0,0,0,0,0,0,0,0,0,0,'',0),(2928,0,11,0,0,0,0,0,0,0,0,0,0,0,'',0),(2929,0,11,0,0,0,0,0,0,0,0,0,0,0,'',0),(2930,0,11,0,0,0,0,0,0,0,0,0,0,0,'',0),(2931,0,11,0,0,0,0,0,0,0,0,0,0,0,'',0),(2932,0,11,0,0,0,0,0,0,0,0,0,0,0,'',0),(2933,0,11,0,0,0,0,0,0,0,0,0,0,0,'',0),(2934,0,11,0,0,0,0,0,0,0,0,0,0,0,'',0),(2935,0,11,0,0,0,0,0,0,0,0,0,0,0,'',0),(2936,0,11,0,0,0,0,0,0,0,0,0,0,0,'',0),(2937,0,11,0,0,0,0,0,0,0,0,0,0,0,'',0),(2938,0,11,0,0,0,0,0,0,0,0,0,0,0,'',0),(2939,0,11,0,0,0,0,0,0,0,0,0,0,0,'',0),(2940,0,11,0,0,0,0,0,0,0,0,0,0,0,'',0),(2941,0,11,0,0,0,0,0,0,0,0,0,0,0,'',0),(2942,0,11,0,0,0,0,0,0,0,0,0,0,0,'',0),(2943,0,11,0,0,0,0,0,0,0,0,0,0,0,'',0),(2944,0,11,0,0,0,0,0,0,0,0,0,0,0,'',0),(2945,0,11,0,0,0,0,0,0,0,0,0,0,0,'',0),(2946,0,11,0,0,0,0,0,0,0,0,0,0,0,'',0),(2947,0,11,0,0,0,0,0,0,0,0,0,0,0,'',0),(2948,0,11,0,0,0,0,0,0,0,0,0,0,0,'',0),(2949,0,11,0,0,0,0,0,0,0,0,0,0,0,'',0),(2950,0,11,0,0,0,0,0,0,0,0,0,0,0,'',0),(2951,0,11,0,0,0,0,0,0,0,0,0,0,0,'',0),(2952,0,11,0,0,0,0,0,0,0,0,0,0,0,'',0),(2953,0,11,0,0,0,0,0,0,0,0,0,0,0,'',0),(2954,0,11,0,0,0,0,0,0,0,0,0,0,0,'',0),(2955,0,11,0,0,0,0,0,0,0,0,0,0,0,'',0),(2956,0,11,0,0,0,0,0,0,0,0,0,0,0,'',0),(2957,0,11,0,0,0,0,0,0,0,0,0,0,0,'',0),(2958,0,11,0,0,0,0,0,0,0,0,0,0,0,'',0),(2959,0,11,0,0,0,0,0,0,0,0,0,0,0,'',0),(2960,0,11,0,0,0,0,0,0,0,0,0,0,0,'',0),(2961,0,11,0,0,0,0,0,0,0,0,0,0,0,'',0),(2962,0,11,0,0,0,0,0,0,0,0,0,0,0,'',0),(2963,0,11,0,0,0,0,0,0,0,0,0,0,0,'',0),(2964,0,11,0,0,0,0,0,0,0,0,0,0,0,'',0),(2965,0,11,0,0,0,0,0,0,0,0,0,0,0,'',0),(2966,0,11,0,0,0,0,0,0,0,0,0,0,0,'',0),(2967,0,11,0,0,0,0,0,0,0,0,0,0,0,'',0),(2968,0,11,0,0,0,0,0,0,0,0,0,0,0,'',0),(2969,0,11,0,0,0,0,0,0,0,0,0,0,0,'',0),(2970,0,11,0,0,0,0,0,0,0,0,0,0,0,'',0),(2971,0,11,0,0,0,0,0,0,0,0,0,0,0,'',0),(2972,0,11,0,0,0,0,0,0,0,0,0,0,0,'',0),(2973,0,11,0,0,0,0,0,0,0,0,0,0,0,'',0),(2974,0,11,0,0,0,0,0,0,0,0,0,0,0,'',0),(2975,0,11,0,0,0,0,0,0,0,0,0,0,0,'',0),(2976,0,11,0,0,0,0,0,0,0,0,0,0,0,'',0),(2977,0,11,0,0,0,0,0,0,0,0,0,0,0,'',0),(2978,0,11,0,0,0,0,0,0,0,0,0,0,0,'',0),(2979,0,11,0,0,0,0,0,0,0,0,0,0,0,'',0),(2980,0,11,0,0,0,0,0,0,0,0,0,0,0,'',0),(2981,0,11,0,0,0,0,0,0,0,0,0,0,0,'',0),(2982,0,11,0,0,0,0,0,0,0,0,0,0,0,'',0),(2983,0,11,0,0,0,0,0,0,0,0,0,0,0,'',0),(2984,0,11,0,0,0,0,0,0,0,0,0,0,0,'',0),(2985,0,11,0,0,0,0,0,0,0,0,0,0,0,'',0),(2986,0,11,0,0,0,0,0,0,0,0,0,0,0,'',0),(2987,0,11,0,0,0,0,0,0,0,0,0,0,0,'',0),(2988,0,11,0,0,0,0,0,0,0,0,0,0,0,'',0),(2989,0,11,0,0,0,0,0,0,0,0,0,0,0,'',0),(2990,0,11,0,0,0,0,0,0,0,0,0,0,0,'',0),(2991,0,11,0,0,0,0,0,0,0,0,0,0,0,'',0),(2992,0,11,0,0,0,0,0,0,0,0,0,0,0,'',0),(2993,0,11,0,0,0,0,0,0,0,0,0,0,0,'',0),(2994,0,11,0,0,0,0,0,0,0,0,0,0,0,'',0),(2995,0,11,0,0,0,0,0,0,0,0,0,0,0,'',0),(2996,0,11,0,0,0,0,0,0,0,0,0,0,0,'',0),(2997,0,11,0,0,0,0,0,0,0,0,0,0,0,'',0),(2998,0,11,0,0,0,0,0,0,0,0,0,0,0,'',0),(2999,0,11,0,0,0,0,0,0,0,0,0,0,0,'',0),(3000,0,11,0,0,0,0,0,0,0,0,0,0,0,'',0),(3001,0,11,0,0,0,0,0,0,0,0,0,0,0,'',0),(3002,0,11,0,0,0,0,0,0,0,0,0,0,0,'',0),(3003,0,11,0,0,0,0,0,0,0,0,0,0,0,'',0),(3004,0,11,0,0,0,0,0,0,0,0,0,0,0,'',0),(3005,0,11,0,0,0,0,0,0,0,0,0,0,0,'',0),(3006,0,11,0,0,0,0,0,0,0,0,0,0,0,'',0),(3007,0,11,0,0,0,0,0,0,0,0,0,0,0,'',0),(3008,0,11,0,0,0,0,0,0,0,0,0,0,0,'',0),(3009,0,11,0,0,0,0,0,0,0,0,0,0,0,'',0),(3010,0,11,0,0,0,0,0,0,0,0,0,0,0,'',0),(3011,0,11,0,0,0,0,0,0,0,0,0,0,0,'',0),(3012,0,11,0,0,0,0,0,0,0,0,0,0,0,'',0),(3013,0,11,0,0,0,0,0,0,0,0,0,0,0,'',0),(3014,0,11,0,0,0,0,0,0,0,0,0,0,0,'',0),(3015,0,11,0,0,0,0,0,0,0,0,0,0,0,'',0),(3016,0,11,0,0,0,0,0,0,0,0,0,0,0,'',0),(3017,0,11,0,0,0,0,0,0,0,0,0,0,0,'',0),(3018,0,11,0,0,0,0,0,0,0,0,0,0,0,'',0),(3019,0,11,0,0,0,0,0,0,0,0,0,0,0,'',0),(3020,0,11,0,0,0,0,0,0,0,0,0,0,0,'',0),(3021,0,11,0,0,0,0,0,0,0,0,0,0,0,'',0),(3022,0,11,0,0,0,0,0,0,0,0,0,0,0,'',0),(3023,0,11,0,0,0,0,0,0,0,0,0,0,0,'',0),(3024,0,11,0,0,0,0,0,0,0,0,0,0,0,'',0),(3025,0,11,0,0,0,0,0,0,0,0,0,0,0,'',0),(3026,0,11,0,0,0,0,0,0,0,0,0,0,0,'',0),(3027,0,11,0,0,0,0,0,0,0,0,0,0,0,'',0),(3028,0,11,0,0,0,0,0,0,0,0,0,0,0,'',0),(3029,0,11,0,0,0,0,0,0,0,0,0,0,0,'',0),(3030,0,11,0,0,0,0,0,0,0,0,0,0,0,'',0),(3031,0,11,0,0,0,0,0,0,0,0,0,0,0,'',0),(3032,0,11,0,0,0,0,0,0,0,0,0,0,0,'',0),(3033,0,11,0,0,0,0,0,0,0,0,0,0,0,'',0),(3034,0,11,0,0,0,0,0,0,0,0,0,0,0,'',0),(3035,0,11,0,0,0,0,0,0,0,0,0,0,0,'',0),(3036,0,11,0,0,0,0,0,0,0,0,0,0,0,'',0),(3037,0,11,0,0,0,0,0,0,0,0,0,0,0,'',0),(3038,0,11,0,0,0,0,0,0,0,0,0,0,0,'',0),(3039,0,11,0,0,0,0,0,0,0,0,0,0,0,'',0),(3040,0,11,0,0,0,0,0,0,0,0,0,0,0,'',0),(3041,0,11,0,0,0,0,0,0,0,0,0,0,0,'',0),(3042,0,11,0,0,0,0,0,0,0,0,0,0,0,'',0),(3043,0,11,0,0,0,0,0,0,0,0,0,0,0,'',0),(3044,0,11,0,0,0,0,0,0,0,0,0,0,0,'',0),(3045,0,11,0,0,0,0,0,0,0,0,0,0,0,'',0),(3046,0,11,0,0,0,0,0,0,0,0,0,0,0,'',0),(3047,0,11,0,0,0,0,0,0,0,0,0,0,0,'',0),(3048,0,11,0,0,0,0,0,0,0,0,0,0,0,'',0),(3049,0,11,0,0,0,0,0,0,0,0,0,0,0,'',0),(3050,0,11,0,0,0,0,0,0,0,0,0,0,0,'',0),(3051,0,11,0,0,0,0,0,0,0,0,0,0,0,'',0),(3052,0,11,0,0,0,0,0,0,0,0,0,0,0,'',0),(3053,0,11,0,0,0,0,0,0,0,0,0,0,0,'',0),(3054,0,11,0,0,0,0,0,0,0,0,0,0,0,'',0),(3055,0,11,0,0,0,0,0,0,0,0,0,0,0,'',0),(3056,0,11,0,0,0,0,0,0,0,0,0,0,0,'',0),(3057,0,11,0,0,0,0,0,0,0,0,0,0,0,'',0),(3058,0,11,0,0,0,0,0,0,0,0,0,0,0,'',0),(3059,0,11,0,0,0,0,0,0,0,0,0,0,0,'',0),(3060,0,11,0,0,0,0,0,0,0,0,0,0,0,'',0),(3061,0,11,0,0,0,0,0,0,0,0,0,0,0,'',0),(3062,0,11,0,0,0,0,0,0,0,0,0,0,0,'',0),(3063,0,11,0,0,0,0,0,0,0,0,0,0,0,'',0),(3064,0,11,0,0,0,0,0,0,0,0,0,0,0,'',0),(3065,0,11,0,0,0,0,0,0,0,0,0,0,0,'',0),(3066,0,11,0,0,0,0,0,0,0,0,0,0,0,'',0),(3067,0,11,0,0,0,0,0,0,0,0,0,0,0,'',0),(3068,0,11,0,0,0,0,0,0,0,0,0,0,0,'',0),(3069,0,11,0,0,0,0,0,0,0,0,0,0,0,'',0),(3070,0,11,0,0,0,0,0,0,0,0,0,0,0,'',0),(3071,0,11,0,0,0,0,0,0,0,0,0,0,0,'',0),(3072,0,11,0,0,0,0,0,0,0,0,0,0,0,'',0),(3073,0,11,0,0,0,0,0,0,0,0,0,0,0,'',0),(3074,0,11,0,0,0,0,0,0,0,0,0,0,0,'',0),(3075,0,11,0,0,0,0,0,0,0,0,0,0,0,'',0),(3076,0,11,0,0,0,0,0,0,0,0,0,0,0,'',0),(3077,0,11,0,0,0,0,0,0,0,0,0,0,0,'',0),(3078,0,11,0,0,0,0,0,0,0,0,0,0,0,'',0),(3079,0,11,0,0,0,0,0,0,0,0,0,0,0,'',0),(3080,0,11,0,0,0,0,0,0,0,0,0,0,0,'',0),(3081,0,11,0,0,0,0,0,0,0,0,0,0,0,'',0),(3082,0,11,0,0,0,0,0,0,0,0,0,0,0,'',0),(3083,0,11,0,0,0,0,0,0,0,0,0,0,0,'',0),(3084,0,11,0,0,0,0,0,0,0,0,0,0,0,'',0),(3085,0,11,0,0,0,0,0,0,0,0,0,0,0,'',0),(3086,0,11,0,0,0,0,0,0,0,0,0,0,0,'',0),(3087,0,11,0,0,0,0,0,0,0,0,0,0,0,'',0),(3088,0,11,0,0,0,0,0,0,0,0,0,0,0,'',0),(3089,0,11,0,0,0,0,0,0,0,0,0,0,0,'',0),(3090,0,11,0,0,0,0,0,0,0,0,0,0,0,'',0),(3091,0,11,0,0,0,0,0,0,0,0,0,0,0,'',0),(3092,0,11,0,0,0,0,0,0,0,0,0,0,0,'',0),(3093,0,11,0,0,0,0,0,0,0,0,0,0,0,'',0),(3094,0,11,0,0,0,0,0,0,0,0,0,0,0,'',0),(3095,0,11,0,0,0,0,0,0,0,0,0,0,0,'',0),(3096,0,11,0,0,0,0,0,0,0,0,0,0,0,'',0),(3097,0,11,0,0,0,0,0,0,0,0,0,0,0,'',0),(3098,0,11,0,0,0,0,0,0,0,0,0,0,0,'',0),(3099,0,11,0,0,0,0,0,0,0,0,0,0,0,'',0),(3100,0,11,0,0,0,0,0,0,0,0,0,0,0,'',0),(3101,0,11,0,0,0,0,0,0,0,0,0,0,0,'',0),(3102,0,11,0,0,0,0,0,0,0,0,0,0,0,'',0),(3103,0,11,0,0,0,0,0,0,0,0,0,0,0,'',0),(3104,0,11,0,0,0,0,0,0,0,0,0,0,0,'',0),(3105,0,11,0,0,0,0,0,0,0,0,0,0,0,'',0),(3106,0,11,0,0,0,0,0,0,0,0,0,0,0,'',0),(3107,0,11,0,0,0,0,0,0,0,0,0,0,0,'',0),(3108,0,11,0,0,0,0,0,0,0,0,0,0,0,'',0),(3109,0,11,0,0,0,0,0,0,0,0,0,0,0,'',0),(3110,0,11,0,0,0,0,0,0,0,0,0,0,0,'',0),(3111,0,11,0,0,0,0,0,0,0,0,0,0,0,'',0),(3112,0,11,0,0,0,0,0,0,0,0,0,0,0,'',0),(3113,0,11,0,0,0,0,0,0,0,0,0,0,0,'',0),(3114,0,11,0,0,0,0,0,0,0,0,0,0,0,'',0),(3115,0,11,0,0,0,0,0,0,0,0,0,0,0,'',0),(3116,0,11,0,0,0,0,0,0,0,0,0,0,0,'',0),(3117,0,11,0,0,0,0,0,0,0,0,0,0,0,'',0),(3118,0,11,0,0,0,0,0,0,0,0,0,0,0,'',0),(3119,0,11,0,0,0,0,0,0,0,0,0,0,0,'',0),(3120,0,11,0,0,0,0,0,0,0,0,0,0,0,'',0),(3121,0,11,0,0,0,0,0,0,0,0,0,0,0,'',0),(3122,0,11,0,0,0,0,0,0,0,0,0,0,0,'',0),(3123,0,11,0,0,0,0,0,0,0,0,0,0,0,'',0),(3124,0,11,0,0,0,0,0,0,0,0,0,0,0,'',0),(3125,0,11,0,0,0,0,0,0,0,0,0,0,0,'',0),(3126,0,11,0,0,0,0,0,0,0,0,0,0,0,'',0),(3127,0,11,0,0,0,0,0,0,0,0,0,0,0,'',0),(3128,0,11,0,0,0,0,0,0,0,0,0,0,0,'',0),(3129,0,11,0,0,0,0,0,0,0,0,0,0,0,'',0),(3130,0,11,0,0,0,0,0,0,0,0,0,0,0,'',0),(3131,0,11,0,0,0,0,0,0,0,0,0,0,0,'',0),(3132,0,11,0,0,0,0,0,0,0,0,0,0,0,'',0),(3133,0,11,0,0,0,0,0,0,0,0,0,0,0,'',0),(3134,0,11,0,0,0,0,0,0,0,0,0,0,0,'',0),(3135,0,11,0,0,0,0,0,0,0,0,0,0,0,'',0),(3136,0,11,0,0,0,0,0,0,0,0,0,0,0,'',0),(3137,0,11,0,0,0,0,0,0,0,0,0,0,0,'',0),(3138,0,11,0,0,0,0,0,0,0,0,0,0,0,'',0),(3139,0,11,0,0,0,0,0,0,0,0,0,0,0,'',0),(3140,0,11,0,0,0,0,0,0,0,0,0,0,0,'',0),(3141,0,11,0,0,0,0,0,0,0,0,0,0,0,'',0),(3142,0,11,0,0,0,0,0,0,0,0,0,0,0,'',0),(3143,0,11,0,0,0,0,0,0,0,0,0,0,0,'',0),(3144,0,11,0,0,0,0,0,0,0,0,0,0,0,'',0),(3145,0,11,0,0,0,0,0,0,0,0,0,0,0,'',0),(3146,0,11,0,0,0,0,0,0,0,0,0,0,0,'',0),(3147,0,11,0,0,0,0,0,0,0,0,0,0,0,'',0),(3148,0,11,0,0,0,0,0,0,0,0,0,0,0,'',0),(3149,0,11,0,0,0,0,0,0,0,0,0,0,0,'',0),(3150,0,11,0,0,0,0,0,0,0,0,0,0,0,'',0),(3151,0,11,0,0,0,0,0,0,0,0,0,0,0,'',0),(3152,0,11,0,0,0,0,0,0,0,0,0,0,0,'',0),(3153,0,11,0,0,0,0,0,0,0,0,0,0,0,'',0),(3154,0,11,0,0,0,0,0,0,0,0,0,0,0,'',0),(3155,0,11,0,0,0,0,0,0,0,0,0,0,0,'',0),(3156,0,11,0,0,0,0,0,0,0,0,0,0,0,'',0),(3157,0,11,0,0,0,0,0,0,0,0,0,0,0,'',0),(3158,0,11,0,0,0,0,0,0,0,0,0,0,0,'',0),(3159,0,11,0,0,0,0,0,0,0,0,0,0,0,'',0),(3160,0,11,0,0,0,0,0,0,0,0,0,0,0,'',0),(3161,0,11,0,0,0,0,0,0,0,0,0,0,0,'',0),(3162,0,11,0,0,0,0,0,0,0,0,0,0,0,'',0),(3163,0,11,0,0,0,0,0,0,0,0,0,0,0,'',0),(3164,0,11,0,0,0,0,0,0,0,0,0,0,0,'',0),(3165,0,11,0,0,0,0,0,0,0,0,0,0,0,'',0),(3166,0,11,0,0,0,0,0,0,0,0,0,0,0,'',0),(3167,0,11,0,0,0,0,0,0,0,0,0,0,0,'',0),(3168,0,11,0,0,0,0,0,0,0,0,0,0,0,'',0),(3169,0,11,0,0,0,0,0,0,0,0,0,0,0,'',0),(3170,0,11,0,0,0,0,0,0,0,0,0,0,0,'',0),(3171,0,11,0,0,0,0,0,0,0,0,0,0,0,'',0),(3172,0,11,0,0,0,0,0,0,0,0,0,0,0,'',0),(3173,0,11,0,0,0,0,0,0,0,0,0,0,0,'',0),(3174,0,11,0,0,0,0,0,0,0,0,0,0,0,'',0),(3175,0,11,0,0,0,0,0,0,0,0,0,0,0,'',0),(3176,0,11,0,0,0,0,0,0,0,0,0,0,0,'',0),(3177,0,11,0,0,0,0,0,0,0,0,0,0,0,'',0),(3178,0,11,0,0,0,0,0,0,0,0,0,0,0,'',0),(3179,0,11,0,0,0,0,0,0,0,0,0,0,0,'',0),(3180,0,11,0,0,0,0,0,0,0,0,0,0,0,'',0),(3181,0,11,0,0,0,0,0,0,0,0,0,0,0,'',0),(3182,0,11,0,0,0,0,0,0,0,0,0,0,0,'',0),(3183,0,11,0,0,0,0,0,0,0,0,0,0,0,'',0),(3184,0,11,0,0,0,0,0,0,0,0,0,0,0,'',0),(3185,0,11,0,0,0,0,0,0,0,0,0,0,0,'',0),(3186,0,11,0,0,0,0,0,0,0,0,0,0,0,'',0),(3187,0,11,0,0,0,0,0,0,0,0,0,0,0,'',0),(3188,0,11,0,0,0,0,0,0,0,0,0,0,0,'',0),(3189,0,11,0,0,0,0,0,0,0,0,0,0,0,'',0),(3190,0,11,0,0,0,0,0,0,0,0,0,0,0,'',0),(3191,0,11,0,0,0,0,0,0,0,0,0,0,0,'',0),(3192,0,11,0,0,0,0,0,0,0,0,0,0,0,'',0),(3193,0,11,0,0,0,0,0,0,0,0,0,0,0,'',0),(3194,0,11,0,0,0,0,0,0,0,0,0,0,0,'',0),(3195,0,11,0,0,0,0,0,0,0,0,0,0,0,'',0),(3196,0,11,0,0,0,0,0,0,0,0,0,0,0,'',0),(3197,0,11,0,0,0,0,0,0,0,0,0,0,0,'',0),(3198,0,11,0,0,0,0,0,0,0,0,0,0,0,'',0),(3199,0,11,0,0,0,0,0,0,0,0,0,0,0,'',0),(3200,0,11,0,0,0,0,0,0,0,0,0,0,0,'',0),(3201,0,11,0,0,0,0,0,0,0,0,0,0,0,'',0),(3202,0,11,0,0,0,0,0,0,0,0,0,0,0,'',0),(3203,0,11,0,0,0,0,0,0,0,0,0,0,0,'',0),(3204,0,11,0,0,0,0,0,0,0,0,0,0,0,'',0),(3205,0,11,0,0,0,0,0,0,0,0,0,0,0,'',0),(3206,0,11,0,0,0,0,0,0,0,0,0,0,0,'',0),(3207,0,11,0,0,0,0,0,0,0,0,0,0,0,'',0),(3208,0,11,0,0,0,0,0,0,0,0,0,0,0,'',0),(3209,0,11,0,0,0,0,0,0,0,0,0,0,0,'',0),(3210,0,11,0,0,0,0,0,0,0,0,0,0,0,'',0),(3211,0,11,0,0,0,0,0,0,0,0,0,0,0,'',0),(3212,0,11,0,0,0,0,0,0,0,0,0,0,0,'',0),(3213,0,11,0,0,0,0,0,0,0,0,0,0,0,'',0),(3214,0,11,0,0,0,0,0,0,0,0,0,0,0,'',0),(3215,0,11,0,0,0,0,0,0,0,0,0,0,0,'',0),(3216,0,11,0,0,0,0,0,0,0,0,0,0,0,'',0),(3217,0,11,0,0,0,0,0,0,0,0,0,0,0,'',0),(3218,0,11,0,0,0,0,0,0,0,0,0,0,0,'',0),(3219,0,11,0,0,0,0,0,0,0,0,0,0,0,'',0),(3220,0,11,0,0,0,0,0,0,0,0,0,0,0,'',0),(3221,0,11,0,0,0,0,0,0,0,0,0,0,0,'',0),(3222,0,11,0,0,0,0,0,0,0,0,0,0,0,'',0),(3223,0,11,0,0,0,0,0,0,0,0,0,0,0,'',0),(3224,0,11,0,0,0,0,0,0,0,0,0,0,0,'',0),(3225,0,11,0,0,0,0,0,0,0,0,0,0,0,'',0),(3226,0,11,0,0,0,0,0,0,0,0,0,0,0,'',0),(3227,0,11,0,0,0,0,0,0,0,0,0,0,0,'',0),(3228,0,11,0,0,0,0,0,0,0,0,0,0,0,'',0),(3229,0,11,0,0,0,0,0,0,0,0,0,0,0,'',0),(3230,0,11,0,0,0,0,0,0,0,0,0,0,0,'',0),(3231,0,11,0,0,0,0,0,0,0,0,0,0,0,'',0),(3232,0,11,0,0,0,0,0,0,0,0,0,0,0,'',0),(3233,0,11,0,0,0,0,0,0,0,0,0,0,0,'',0),(3234,0,11,0,0,0,0,0,0,0,0,0,0,0,'',0),(3235,0,11,0,0,0,0,0,0,0,0,0,0,0,'',0),(3236,0,11,0,0,0,0,0,0,0,0,0,0,0,'',0),(3237,0,11,0,0,0,0,0,0,0,0,0,0,0,'',0),(3238,0,11,0,0,0,0,0,0,0,0,0,0,0,'',0),(3239,0,11,0,0,0,0,0,0,0,0,0,0,0,'',0),(3240,0,11,0,0,0,0,0,0,0,0,0,0,0,'',0),(3241,0,11,0,0,0,0,0,0,0,0,0,0,0,'',0),(3242,0,11,0,0,0,0,0,0,0,0,0,0,0,'',0),(3243,0,11,0,0,0,0,0,0,0,0,0,0,0,'',0),(3244,0,11,0,0,0,0,0,0,0,0,0,0,0,'',0),(3245,0,11,0,0,0,0,0,0,0,0,0,0,0,'',0),(3246,0,11,0,0,0,0,0,0,0,0,0,0,0,'',0),(3247,0,11,0,0,0,0,0,0,0,0,0,0,0,'',0),(3248,0,11,0,0,0,0,0,0,0,0,0,0,0,'',0),(3249,0,11,0,0,0,0,0,0,0,0,0,0,0,'',0),(3250,0,11,0,0,0,0,0,0,0,0,0,0,0,'',0),(3251,0,11,0,0,0,0,0,0,0,0,0,0,0,'',0),(3252,0,11,0,0,0,0,0,0,0,0,0,0,0,'',0),(3253,0,11,0,0,0,0,0,0,0,0,0,0,0,'',0),(3254,0,11,0,0,0,0,0,0,0,0,0,0,0,'',0),(3255,0,11,0,0,0,0,0,0,0,0,0,0,0,'',0),(3256,0,11,0,0,0,0,0,0,0,0,0,0,0,'',0),(3257,0,11,0,0,0,0,0,0,0,0,0,0,0,'',0),(3258,0,11,0,0,0,0,0,0,0,0,0,0,0,'',0),(3259,0,11,0,0,0,0,0,0,0,0,0,0,0,'',0),(3260,0,11,0,0,0,0,0,0,0,0,0,0,0,'',0),(3261,0,11,0,0,0,0,0,0,0,0,0,0,0,'',0),(3262,0,11,0,0,0,0,0,0,0,0,0,0,0,'',0),(3263,0,11,0,0,0,0,0,0,0,0,0,0,0,'',0),(3264,0,11,0,0,0,0,0,0,0,0,0,0,0,'',0),(3265,0,11,0,0,0,0,0,0,0,0,0,0,0,'',0),(3266,0,11,0,0,0,0,0,0,0,0,0,0,0,'',0),(3267,0,11,0,0,0,0,0,0,0,0,0,0,0,'',0),(3268,0,11,0,0,0,0,0,0,0,0,0,0,0,'',0),(3269,0,11,0,0,0,0,0,0,0,0,0,0,0,'',0),(3270,0,11,0,0,0,0,0,0,0,0,0,0,0,'',0),(3271,0,11,0,0,0,0,0,0,0,0,0,0,0,'',0),(3272,0,11,0,0,0,0,0,0,0,0,0,0,0,'',0),(3273,0,11,0,0,0,0,0,0,0,0,0,0,0,'',0),(3274,0,11,0,0,0,0,0,0,0,0,0,0,0,'',0),(3275,0,11,0,0,0,0,0,0,0,0,0,0,0,'',0),(3276,0,11,0,0,0,0,0,0,0,0,0,0,0,'',0),(3277,0,11,0,0,0,0,0,0,0,0,0,0,0,'',0),(3278,0,11,0,0,0,0,0,0,0,0,0,0,0,'',0),(3279,0,11,0,0,0,0,0,0,0,0,0,0,0,'',0),(3280,0,11,0,0,0,0,0,0,0,0,0,0,0,'',0),(3281,0,11,0,0,0,0,0,0,0,0,0,0,0,'',0),(3282,0,11,0,0,0,0,0,0,0,0,0,0,0,'',0),(3283,0,11,0,0,0,0,0,0,0,0,0,0,0,'',0),(3284,0,11,0,0,0,0,0,0,0,0,0,0,0,'',0),(3285,0,11,0,0,0,0,0,0,0,0,0,0,0,'',0),(3286,0,11,0,0,0,0,0,0,0,0,0,0,0,'',0),(3287,0,11,0,0,0,0,0,0,0,0,0,0,0,'',0),(3288,0,11,0,0,0,0,0,0,0,0,0,0,0,'',0),(3289,0,11,0,0,0,0,0,0,0,0,0,0,0,'',0),(3290,0,11,0,0,0,0,0,0,0,0,0,0,0,'',0),(3291,0,11,0,0,0,0,0,0,0,0,0,0,0,'',0),(3292,0,11,0,0,0,0,0,0,0,0,0,0,0,'',0),(3293,0,11,0,0,0,0,0,0,0,0,0,0,0,'',0),(3294,0,11,0,0,0,0,0,0,0,0,0,0,0,'',0),(3295,0,11,0,0,0,0,0,0,0,0,0,0,0,'',0),(3296,0,11,0,0,0,0,0,0,0,0,0,0,0,'',0),(3297,0,11,0,0,0,0,0,0,0,0,0,0,0,'',0),(3298,0,11,0,0,0,0,0,0,0,0,0,0,0,'',0),(3299,0,11,0,0,0,0,0,0,0,0,0,0,0,'',0),(3300,0,11,0,0,0,0,0,0,0,0,0,0,0,'',0),(3301,0,11,0,0,0,0,0,0,0,0,0,0,0,'',0),(3302,0,11,0,0,0,0,0,0,0,0,0,0,0,'',0),(3303,0,0,0,0,0,0,0,0,0,0,0,0,0,'',0),(3304,0,0,0,0,0,0,0,0,0,0,0,0,0,'',0),(3305,0,0,0,0,0,0,0,0,0,0,0,0,0,'',0),(3307,0,11,0,0,0,0,0,0,0,0,0,0,0,'',0),(3308,0,11,0,0,0,0,0,0,0,0,0,0,0,'',0),(3309,0,11,0,0,0,0,0,0,0,0,0,0,0,'',0),(3310,0,11,0,0,0,0,0,0,0,0,0,0,0,'',0),(3311,0,11,0,0,0,0,0,0,0,0,0,0,0,'',0),(3312,0,11,0,0,0,0,0,0,0,0,0,0,0,'',0),(3313,0,11,0,0,0,0,0,0,0,0,0,0,0,'',0),(3314,0,11,0,0,0,0,0,0,0,0,0,0,0,'',0),(3315,0,11,0,0,0,0,0,0,0,0,0,0,0,'',0),(3316,0,11,0,0,0,0,0,0,0,0,0,0,0,'',0),(3317,0,11,0,0,0,0,0,0,0,0,0,0,0,'',0),(3318,0,11,0,0,0,0,0,0,0,0,0,0,0,'',0),(3319,0,11,0,0,0,0,0,0,0,0,0,0,0,'',0),(3320,0,11,0,0,0,0,0,0,0,0,0,0,0,'',0),(3321,0,11,0,0,0,0,0,0,0,0,0,0,0,'',0),(3322,0,11,0,0,0,0,0,0,0,0,0,0,0,'',0),(3323,0,11,0,0,0,0,0,0,0,0,0,0,0,'',0),(3324,0,11,0,0,0,0,0,0,0,0,0,0,0,'',0),(3325,0,11,0,0,0,0,0,0,0,0,0,0,0,'',0),(3326,0,11,0,0,0,0,0,0,0,0,0,0,0,'',0),(3327,0,11,0,0,0,0,0,0,0,0,0,0,0,'',0),(3328,0,11,0,0,0,0,0,0,0,0,0,0,0,'',0),(3329,0,11,0,0,0,0,0,0,0,0,0,0,0,'',0),(3330,0,11,0,0,0,0,0,0,0,0,0,0,0,'',0),(3331,0,11,0,0,0,0,0,0,0,0,0,0,0,'',0),(3332,7,11,0,0,0,0,0,0,0,0,0,0,0,'fr',0),(3333,6,11,0,0,0,0,0,0,0,0,0,0,0,'fr',0),(3334,7,11,0,0,0,0,0,0,0,0,0,0,0,'fr',0),(3336,6,11,0,0,0,0,0,0,0,0,0,0,0,'fr',0),(3337,7,1,0,0,0,0,0,0,0,0,0,0,0,'fr',0),(3338,7,1,0,0,0,0,0,0,0,0,0,0,0,'fr',0),(3339,7,1,0,0,0,0,0,0,0,0,0,0,0,'fr',0),(3340,7,1,0,0,0,0,0,0,0,0,0,0,0,'fr',0),(3341,7,11,0,0,0,0,0,0,0,0,0,0,0,'fr',0),(3342,7,11,0,0,0,0,0,0,0,0,0,0,0,'fr',0),(3343,7,11,0,0,0,0,0,0,0,0,0,0,0,'fr',0),(3344,7,11,0,0,0,0,0,0,0,0,0,0,0,'fr',0),(3345,7,11,0,0,0,0,0,0,0,0,0,0,0,'fr',0),(3346,7,11,0,0,0,0,0,0,0,0,0,0,0,'fr',0),(3347,7,11,0,0,0,0,0,0,0,0,0,0,0,'fr',0),(3348,7,11,0,0,0,0,0,0,0,0,0,0,0,'fr',0),(3349,7,11,0,0,0,0,0,0,0,0,0,0,0,'fr',0),(3350,7,11,0,0,0,0,0,0,0,0,0,0,0,'fr',0),(3351,7,11,0,0,0,0,0,0,0,0,0,0,0,'fr',0),(3352,7,11,0,0,0,0,0,0,0,0,0,0,0,'fr',0),(3353,7,11,0,0,0,0,0,0,0,0,0,0,0,'fr',0),(3354,7,11,0,0,0,0,0,0,0,0,0,0,0,'fr',0),(3355,7,11,0,0,0,0,0,0,0,0,0,0,0,'fr',0),(3356,7,11,0,0,0,0,0,0,0,0,0,0,0,'fr',0),(3357,7,11,0,0,0,0,0,0,0,0,0,0,0,'fr',0),(3358,7,11,0,0,0,0,0,0,0,0,0,0,0,'fr',0),(3359,7,11,0,0,0,0,0,0,0,0,0,0,0,'fr',0),(3360,7,11,0,0,0,0,0,0,0,0,0,0,0,'fr',0);

--
-- Table structure for table `ps_homeslider`
--

CREATE TABLE `ps_homeslider` (
  `id_homeslider_slides` int unsigned NOT NULL AUTO_INCREMENT,
  `id_shop` int unsigned NOT NULL,
  PRIMARY KEY (`id_homeslider_slides`,`id_shop`)
) ENGINE=InnoDB AUTO_INCREMENT=4 DEFAULT CHARSET=utf8mb3;

--
-- Dumping data for table `ps_homeslider`
--

INSERT INTO `ps_homeslider` VALUES (1,1),(2,1),(3,1);

--
-- Table structure for table `ps_homeslider_slides`
--

CREATE TABLE `ps_homeslider_slides` (
  `id_homeslider_slides` int unsigned NOT NULL AUTO_INCREMENT,
  `position` int unsigned NOT NULL DEFAULT '0',
  `active` tinyint unsigned NOT NULL DEFAULT '0',
  PRIMARY KEY (`id_homeslider_slides`)
) ENGINE=InnoDB AUTO_INCREMENT=4 DEFAULT CHARSET=utf8mb3;

--
-- Dumping data for table `ps_homeslider_slides`
--

INSERT INTO `ps_homeslider_slides` VALUES (1,1,1),(2,2,1),(3,3,1);

--
-- Table structure for table `ps_homeslider_slides_lang`
--

CREATE TABLE `ps_homeslider_slides_lang` (
  `id_homeslider_slides` int unsigned NOT NULL,
  `id_lang` int unsigned NOT NULL,
  `title` varchar(255) NOT NULL,
  `description` text NOT NULL,
  `legend` varchar(255) NOT NULL,
  `url` varchar(255) NOT NULL,
  `image` varchar(255) NOT NULL,
  PRIMARY KEY (`id_homeslider_slides`,`id_lang`)
) ENGINE=InnoDB DEFAULT CHARSET=utf8mb3;

--
-- Dumping data for table `ps_homeslider_slides_lang`
--

INSERT INTO `ps_homeslider_slides_lang` VALUES (1,1,'Sample 1','<h3>EXCEPTEUR OCCAECAT</h3>\n                <p>Lorem ipsum dolor sit amet, consectetur adipiscing elit. Proin tristique in tortor et dignissim. Quisque non tempor leo. Maecenas egestas sem elit</p>','sample-1','http://www.prestashop.com/?utm_source=back-office&utm_medium=v17_homeslider&utm_campaign=back-office-FR&utm_content=download','sample-1.jpg'),(2,1,'Sample 2','<h3>EXCEPTEUR OCCAECAT</h3>\n                <p>Lorem ipsum dolor sit amet, consectetur adipiscing elit. Proin tristique in tortor et dignissim. Quisque non tempor leo. Maecenas egestas sem elit</p>','sample-2','http://www.prestashop.com/?utm_source=back-office&utm_medium=v17_homeslider&utm_campaign=back-office-FR&utm_content=download','sample-2.jpg'),(3,1,'Sample 3','<h3>EXCEPTEUR OCCAECAT</h3>\n                <p>Lorem ipsum dolor sit amet, consectetur adipiscing elit. Proin tristique in tortor et dignissim. Quisque non tempor leo. Maecenas egestas sem elit</p>','sample-3','http://www.prestashop.com/?utm_source=back-office&utm_medium=v17_homeslider&utm_campaign=back-office-FR&utm_content=download','sample-3.jpg');

--
-- Table structure for table `ps_hook`
--

CREATE TABLE `ps_hook` (
  `id_hook` int unsigned NOT NULL AUTO_INCREMENT,
  `name` varchar(191) CHARACTER SET utf8mb4 COLLATE utf8mb4_general_ci NOT NULL,
  `title` varchar(255) CHARACTER SET utf8mb4 COLLATE utf8mb4_general_ci NOT NULL,
  `description` text CHARACTER SET utf8mb4 COLLATE utf8mb4_general_ci,
  `active` tinyint unsigned NOT NULL DEFAULT '1',
  `position` tinyint(1) NOT NULL DEFAULT '1',
  PRIMARY KEY (`id_hook`),
  UNIQUE KEY `hook_name` (`name`)
) ENGINE=InnoDB AUTO_INCREMENT=784 DEFAULT CHARSET=utf8mb4 COLLATE=utf8mb4_general_ci;

--
-- Dumping data for table `ps_hook`
--

INSERT INTO `ps_hook` VALUES (1,'actionValidateOrder','New orders','',1,1),(2,'displayMaintenance','Maintenance Page','This hook displays new elements on the maintenance page',1,1),(3,'displayCartModalContent','Content of Add-to-cart modal','This hook displays content in the middle of the window that appears after adding product to cart',1,1),(4,'displayCartModalFooter','Bottom of Add-to-cart modal','This hook displays content in the bottom of window that appears after adding product to cart',1,1),(5,'displayProductPageDrawer','Product Page Drawer','This hook displays content in the right sidebar of the product page',1,1),(6,'actionPaymentConfirmation','Payment confirmation','This hook displays new elements after the payment is validated',1,1),(7,'displayPaymentReturn','Payment return','',1,1),(8,'actionUpdateQuantity','Quantity update','Quantity is updated only when a customer effectively places their order',1,1),(9,'displayRightColumn','Right column blocks','This hook displays new elements in the right-hand column',1,1),(10,'displayWrapperTop','Main wrapper section (top)','This hook displays new elements in the top of the main wrapper',1,1),(11,'displayWrapperBottom','Main wrapper section (bottom)','This hook displays new elements in the bottom of the main wrapper',1,1),(12,'displayContentWrapperTop','Content wrapper section (top)','This hook displays new elements in the top of the content wrapper',1,1),(13,'displayContentWrapperBottom','Content wrapper section (bottom)','This hook displays new elements in the bottom of the content wrapper',1,1),(14,'displayLeftColumn','Left column blocks','This hook displays new elements in the left-hand column',1,1),(15,'displayHome','Homepage content','This hook displays new elements on the homepage',1,1),(16,'displayHeader','Pages html head section','This hook adds additional elements in the head section of your pages (head section of html)',1,1),(17,'actionCartSave','Cart creation and update','This hook is displayed when a product is added to the cart or if the cart\'s content is modified',1,1),(18,'actionAuthentication','Successful customer authentication','This hook is displayed after a customer successfully signs in',1,1),(19,'actionProductAdd','Product creation','This hook is displayed after a product is created',1,1),(20,'actionProductUpdate','Product update','This hook is displayed after a product has been updated',1,1),(21,'displayAfterTitleTag','After title tag','Use this hook to add content after title tag',1,1),(22,'displayAfterBodyOpeningTag','Very top of pages','Use this hook for advertisement or modals you want to load first',1,1),(23,'displayBanner','Very top of pages','Use this hook for banners on top of every pages',1,1),(24,'displayBeforeBodyClosingTag','Very bottom of pages','Use this hook for your modals or any content you want to load at the very end',1,1),(25,'displayTop','Top of pages','This hook displays additional elements at the top of your pages',1,1),(26,'displayNavFullWidth','Navigation','This hook displays full width navigation menu at the top of your pages',1,1),(27,'displayRightColumnProduct','New elements on the product page (right column)','This hook displays new elements in the right-hand column of the product page',1,1),(28,'actionProductDelete','Product deletion','This hook is called when a product is deleted',1,1),(29,'actionObjectProductInCartDeleteBefore','Cart product removal','This hook is called before a product is removed from a cart',1,1),(30,'actionObjectProductInCartDeleteAfter','Cart product removal','This hook is called after a product is removed from a cart',1,1),(31,'displayFooterProduct','Product footer','This hook adds new blocks under the product\'s description',1,1),(32,'displayInvoice','Invoice','This hook displays new blocks on the invoice (order)',1,1),(33,'actionOrderStatusUpdate','Order status update - Event','This hook launches modules when the status of an order changes',1,1),(34,'displayAdminGridTableBefore','Display before Grid table','This hook adds new blocks before Grid component table',1,1),(35,'displayAdminGridTableAfter','Display after Grid table','This hook adds new blocks after Grid component table',1,1),(36,'displayAdminOrder','Display new elements in the Back Office, tab AdminOrder','This hook launches modules when the AdminOrder tab is displayed in the Back Office',1,1),(37,'displayAdminOrderTabOrder','Display new elements in Back Office, AdminOrder, panel Order','This hook launches modules when the AdminOrder tab is displayed in the Back Office and extends / override Order panel tabs',1,1),(38,'displayAdminOrderTabShip','Display new elements in Back Office, AdminOrder, panel Shipping','This hook launches modules when the AdminOrder tab is displayed in the Back Office and extends / override Shipping panel tabs',1,1),(39,'displayAdminOrderContentOrder','Display new elements in Back Office, AdminOrder, panel Order','This hook launches modules when the AdminOrder tab is displayed in the Back Office and extends / override Order panel content',1,1),(40,'displayAdminOrderContentShip','Display new elements in Back Office, AdminOrder, panel Shipping','This hook launches modules when the AdminOrder tab is displayed in the Back Office and extends / override Shipping panel content',1,1),(41,'displayFooter','Footer','This hook displays new blocks in the footer',1,1),(42,'displayPDFInvoice','PDF Invoice','This hook allows you to display additional information on PDF invoices',1,1),(43,'displayInvoiceLegalFreeText','PDF Invoice - Legal Free Text','This hook allows you to modify the legal free text on PDF invoices',1,1),(44,'displayAdminCustomers','Display new elements in the Back Office, tab AdminCustomers','This hook launches modules when the AdminCustomers tab is displayed in the Back Office',1,1),(45,'displayAdminCustomersAddressesItemAction','Display new elements in the Back Office, tab AdminCustomers, Addresses actions','This hook launches modules when the Addresses list into the AdminCustomers tab is displayed in the Back Office',1,1),(46,'displayOrderConfirmation','Order confirmation page','This hook is called within an order\'s confirmation page',1,1),(47,'actionCustomerAccountAdd','Successful customer account creation','This hook is called when a new customer creates an account successfully',1,1),(48,'actionCustomerAccountUpdate','Successful customer account update','This hook is called when a customer updates its account successfully',1,1),(49,'displayCustomerAccount','Customer account displayed in Front Office','This hook displays new elements on the customer account page',1,1),(50,'actionOrderSlipAdd','Order slip creation','This hook is called when a new credit slip is added regarding client order',1,1),(51,'displayShoppingCartFooter','Shopping cart footer','This hook displays some specific information on the shopping cart\'s page',1,1),(52,'displayCreateAccountEmailFormBottom','Customer authentication form','This hook displays some information on the bottom of the email form',1,1),(53,'displayAuthenticateFormBottom','Customer authentication form','This hook displays some information on the bottom of the authentication form',1,1),(54,'displayCustomerAccountForm','Customer account creation form','This hook displays some information on the form to create a customer account',1,1),(55,'displayAdminStatsModules','Stats - Modules','',1,1),(56,'displayAdminStatsGraphEngine','Graph engines','',1,1),(57,'actionOrderReturn','Returned product','This hook is displayed when a customer returns a product ',1,1),(58,'displayProductAdditionalInfo','Product page additional info','This hook adds additional information on the product page',1,1),(59,'displayBackOfficeHome','Administration panel homepage','This hook is displayed on the admin panel\'s homepage',1,1),(60,'displayAdminStatsGridEngine','Grid engines','',1,1),(61,'actionWatermark','Watermark','',1,1),(62,'actionProductCancel','Product cancelled','This hook is called when you cancel a product in an order',1,1),(63,'displayLeftColumnProduct','New elements on the product page (left column)','This hook displays new elements in the left-hand column of the product page',1,1),(64,'actionProductOutOfStock','Out-of-stock product','This hook displays new action buttons if a product is out of stock',1,1),(65,'actionProductAttributeUpdate','Product attribute update','This hook is displayed when a product\'s attribute is updated',1,1),(66,'displayCarrierList','Extra carrier (module mode)','',1,1),(67,'displayShoppingCart','Shopping cart - Additional button','This hook displays new action buttons within the shopping cart',1,1),(68,'actionCarrierUpdate','Carrier Update','This hook is called when a carrier is updated',1,1),(69,'actionOrderStatusPostUpdate','Post update of order status','',1,1),(70,'displayCustomerAccountFormTop','Block above the form for create an account','This hook is displayed above the customer\'s account creation form',1,1),(71,'displayBackOfficeHeader','Administration panel header','This hook is displayed in the header of the admin panel',1,1),(72,'displayBackOfficeTop','Administration panel hover the tabs','This hook is displayed on the roll hover of the tabs within the admin panel',1,1),(73,'displayAdminEndContent','Administration end of content','This hook is displayed at the end of the main content, before the footer',1,1),(74,'displayBackOfficeFooter','Administration panel footer','This hook is displayed within the admin panel\'s footer',1,1),(75,'actionProductAttributeDelete','Product attribute deletion','This hook is displayed when a product\'s attribute is deleted',1,1),(76,'actionCarrierProcess','Carrier process','',1,1),(77,'displayBeforeCarrier','Before carriers list','This hook is displayed before the carrier list in Front Office',1,1),(78,'displayAfterCarrier','After carriers list','This hook is displayed after the carrier list in Front Office',1,1),(79,'displayOrderDetail','Order detail','This hook is displayed within the order\'s details in Front Office',1,1),(80,'actionPaymentCCAdd','Payment CC added','',1,1),(81,'actionCategoryAdd','Category creation','This hook is displayed when a category is created',1,1),(82,'actionCategoryUpdate','Category modification','This hook is displayed when a category is modified',1,1),(83,'actionCategoryDelete','Category deletion','This hook is displayed when a category is deleted',1,1),(84,'displayPaymentTop','Top of payment page','This hook is displayed at the top of the payment page',1,1),(85,'actionHtaccessCreate','After htaccess creation','This hook is displayed after the htaccess creation',1,1),(86,'actionAdminMetaSave','After saving the configuration in AdminMeta','This hook is displayed after saving the configuration in AdminMeta',1,1),(87,'displayAttributeGroupForm','Add fields to the form \'attribute group\'','This hook adds fields to the form \'attribute group\'',1,1),(88,'actionAttributeGroupSave','Saving an attribute group','This hook is called while saving an attributes group',1,1),(89,'actionAttributeGroupDelete','Deleting attribute group','This hook is called while deleting an attributes  group',1,1),(90,'displayFeatureForm','Add fields to the form \'feature\'','This hook adds fields to the form \'feature\'',1,1),(91,'actionFeatureSave','Saving attributes\' features','This hook is called while saving an attributes features',1,1),(92,'actionFeatureDelete','Deleting attributes\' features','This hook is called while deleting an attributes features',1,1),(93,'actionProductSave','Saving products','This hook is called while saving products',1,1),(94,'displayAttributeGroupPostProcess','On post-process in admin attribute group','This hook is called on post-process in admin attribute group',1,1),(95,'displayFeaturePostProcess','On post-process in admin feature','This hook is called on post-process in admin feature',1,1),(96,'displayFeatureValueForm','Add fields to the form \'feature value\'','This hook adds fields to the form \'feature value\'',1,1),(97,'displayFeatureValuePostProcess','On post-process in admin feature value','This hook is called on post-process in admin feature value',1,1),(98,'actionFeatureValueDelete','Deleting attributes\' features\' values','This hook is called while deleting an attributes features value',1,1),(99,'actionFeatureValueSave','Saving an attributes features value','This hook is called while saving an attributes features value',1,1),(100,'displayAttributeForm','Add fields to the form \'attribute value\'','This hook adds fields to the form \'attribute value\'',1,1),(101,'actionAttributePostProcess','On post-process in admin feature value','This hook is called on post-process in admin feature value',1,1),(102,'actionAttributeDelete','Deleting an attributes features value','This hook is called while deleting an attributes features value',1,1),(103,'actionAttributeSave','Saving an attributes features value','This hook is called while saving an attributes features value',1,1),(104,'actionTaxManager','Tax Manager Factory','',1,1),(105,'displayMyAccountBlock','My account block','This hook displays extra information within the \'my account\' block\"',1,1),(106,'actionModuleInstallBefore','actionModuleInstallBefore','',1,1),(107,'actionModuleInstallAfter','actionModuleInstallAfter','',1,1),(108,'actionModuleUninstallBefore','actionModuleUninstallBefore','',1,1),(109,'actionModuleUninstallAfter','actionModuleUninstallAfter','',1,1),(110,'displayTopColumn','Top column blocks','This hook displays new elements in the top of columns',1,1),(111,'displayBackOfficeCategory','Display new elements in the Back Office, tab AdminCategories','This hook launches modules when the AdminCategories tab is displayed in the Back Office',1,1),(112,'displayProductListFunctionalButtons','Display new elements in the Front Office, products list','This hook launches modules when the products list is displayed in the Front Office',1,1),(113,'displayNav','Navigation','',1,1),(114,'displayOverrideTemplate','Change the default template of current controller','',1,1),(115,'actionAdminLoginControllerSetMedia','Set media on admin login page header','This hook is called after adding media to admin login page header',1,1),(116,'actionOrderEdited','Order edited','This hook is called when an order is edited',1,1),(117,'actionEmailAddBeforeContent','Add extra content before mail content','This hook is called just before fetching mail template',1,1),(118,'actionEmailAddAfterContent','Add extra content after mail content','This hook is called just after fetching mail template',1,1),(119,'sendMailAlterTemplateVars','Alter template vars on the fly','This hook is called when Mail::send() is called',1,1),(120,'displayCartExtraProductActions','Extra buttons in shopping cart','This hook adds extra buttons to the product lines, in the shopping cart',1,1),(121,'displayPaymentByBinaries','Payment form generated by binaries','This hook displays form generated by binaries during the checkout',1,1),(122,'additionalCustomerFormFields','Add fields to the Customer form','This hook returns an array of FormFields to add them to the customer registration form',1,1),(123,'additionalCustomerAddressFields','Add fields to the Customer address form','This hook returns an array of FormFields to add them to the customer address registration form',1,1),(124,'addWebserviceResources','Add extra webservice resource','This hook is called when webservice resources list in webservice controller',1,1),(125,'displayCustomerLoginFormAfter','Display elements after login form','This hook displays new elements after the login form',1,1),(126,'actionClearCache','Clear smarty cache','This hook is called when smarty\'s cache is cleared',1,1),(127,'actionClearCompileCache','Clear smarty compile cache','This hook is called when smarty\'s compile cache is cleared',1,1),(128,'actionClearSf2Cache','Clear Sf2 cache','This hook is called when the Symfony cache is cleared',1,1),(129,'actionValidateCustomerAddressForm','Customer address form validation','This hook is called when a customer submit its address form',1,1),(130,'displayCarrierExtraContent','Display additional content for a carrier (e.g pickup points)','This hook calls only the module related to the carrier, in order to add options when needed',1,1),(131,'validateCustomerFormFields','Customer registration form validation','This hook is called to a module when it has sent additional fields with additionalCustomerFormFields',1,1),(132,'displayProductExtraContent','Display extra content on the product page','This hook expects ProductExtraContent instances, which will be properly displayed by the template on the product page',1,1),(133,'filterCmsContent','Filter the content page','This hook is called just before fetching content page',1,1),(134,'filterCmsCategoryContent','Filter the content page category','This hook is called just before fetching content page category',1,1),(135,'filterProductContent','Filter the content page product','This hook is called just before fetching content page product',1,1),(136,'filterCategoryContent','Filter the content page category','This hook is called just before fetching content page category',1,1),(137,'filterManufacturerContent','Filter the content page manufacturer','This hook is called just before fetching content page manufacturer',1,1),(138,'filterSupplierContent','Filter the content page supplier','This hook is called just before fetching content page supplier',1,1),(139,'filterHtmlContent','Filter HTML field before rending a page','This hook is called just before fetching a page on HTML field',1,1),(140,'displayDashboardTop','Dashboard Top','Displays the content in the dashboard\'s top area',1,1),(141,'actionUpdateLangAfter','Update \"lang\" tables','Update \"lang\" tables after adding or updating a language',1,1),(142,'actionOutputHTMLBefore','Before HTML output','This hook is used to filter the whole HTML page before it is rendered (only front)',1,1),(143,'displayAfterProductThumbs','Display extra content below product thumbs','This hook displays new elements below product images ex. additional media',1,1),(144,'actionDispatcherBefore','Before dispatch','This hook is called at the beginning of the dispatch method of the Dispatcher',1,1),(145,'actionDispatcherAfter','After dispatch','This hook is called at the end of the dispatch method of the Dispatcher',1,1),(146,'filterProductSearch','Filter search products result','This hook is called in order to allow to modify search product result',1,1),(147,'actionProductSearchAfter','Event triggered after search product completed','This hook is called after the product search. Parameters are already filter',1,1),(148,'actionEmailSendBefore','Before sending an email','This hook is used to filter the content or the metadata of an email before sending it or even prevent its sending',1,1),(149,'displayAdminProductsMainStepLeftColumnMiddle','Display new elements in back office product page, left column of the Basic settings tab','This hook launches modules when the back office product page is displayed',1,1),(150,'displayAdminProductsMainStepLeftColumnBottom','Display new elements in back office product page, left column of the Basic settings tab','This hook launches modules when the back office product page is displayed',1,1),(151,'displayAdminProductsMainStepRightColumnBottom','Display new elements in back office product page, right column of the Basic settings tab','This hook launches modules when the back office product page is displayed',1,1),(152,'displayAdminProductsQuantitiesStepBottom','Display new elements in back office product page, Quantities/Combinations tab','This hook launches modules when the back office product page is displayed',1,1),(153,'displayAdminProductsPriceStepBottom','Display new elements in back office product page, Price tab','This hook launches modules when the back office product page is displayed',1,1),(154,'displayAdminProductsOptionsStepTop','Display new elements in back office product page, Options tab','This hook launches modules when the back office product page is displayed',1,1),(155,'displayAdminProductsOptionsStepBottom','Display new elements in back office product page, Options tab','This hook launches modules when the back office product page is displayed',1,1),(156,'displayAdminProductsSeoStepBottom','Display new elements in back office product page, SEO tab','This hook launches modules when the back office product page is displayed',1,1),(157,'displayAdminProductsShippingStepBottom','Display new elements in back office product page, Shipping tab','This hook launches modules when the back office product page is displayed',1,1),(158,'displayAdminProductsExtra','Admin Product Extra Module Tab','This hook displays extra content in the Module tab on the product edit page',1,1),(159,'displayAdminProductsCombinationBottom','Display new elements in back office product page, Combination tab','This hook launches modules when the back office product page is displayed',1,1),(160,'displayDashboardToolbarTopMenu','Display new elements in back office page with a dashboard, on top Menu','This hook launches modules when a page with a dashboard is displayed',1,1),(161,'displayDashboardToolbarIcons','Display new elements in back office page with dashboard, on icons list','This hook launches modules when the back office with dashboard is displayed',1,1),(162,'actionBuildFrontEndObject','Manage elements added to the \"prestashop\" javascript object','This hook allows you to customize the \"prestashop\" javascript object that is included in all front office pages',1,1),(163,'actionFrontControllerInitAfter','Perform actions after front office controller initialization','This hook is launched after the initialization of all front office controllers',1,1),(164,'actionFrontControllerInitBefore','Perform actions before front office controller initialization','This hook is launched before the initialization of all front office controllers',1,1),(165,'actionAdminControllerInitAfter','Perform actions after admin controller initialization','This hook is launched after the initialization of all admin controllers',1,1),(166,'actionAdminControllerInitBefore','Perform actions before admin controller initialization','This hook is launched before the initialization of all admin controllers',1,1),(167,'actionControllerInitAfter','Perform actions after controller initialization','This hook is launched after the initialization of all controllers',1,1),(168,'actionControllerInitBefore','Perform actions before controller initialization','This hook is launched before the initialization of all controllers',1,1),(169,'actionAdminLoginControllerBefore','Perform actions before admin login controller initialization','This hook is launched before the initialization of the login controller',1,1),(170,'actionAdminLoginControllerLoginBefore','Perform actions before admin login controller login action initialization','This hook is launched before the initialization of the login action in login controller',1,1),(171,'actionAdminLoginControllerLoginAfter','Perform actions after admin login controller login action initialization','This hook is launched after the initialization of the login action in login controller',1,1),(172,'actionAdminLoginControllerForgotBefore','Perform actions before admin login controller forgot action initialization','This hook is launched before the initialization of the forgot action in login controller',1,1),(173,'actionAdminLoginControllerForgotAfter','Perform actions after admin login controller forgot action initialization','This hook is launched after the initialization of the forgot action in login controller',1,1),(174,'actionAdminLoginControllerResetBefore','Perform actions before admin login controller reset action initialization','This hook is launched before the initialization of the reset action in login controller',1,1),(175,'actionAdminLoginControllerResetAfter','Perform actions after admin login controller reset action initialization','This hook is launched after the initialization of the reset action in login controller',1,1),(176,'actionAdministrationPageForm','Manage Administration Page form fields','This hook adds, update or remove fields of the Administration Page form',1,1),(177,'actionPerformancePageForm','Manage Performance Page form fields','This hook adds, update or remove fields of the Performance Page form',1,1),(178,'actionMaintenancePageForm','Manage Maintenance Page form fields','This hook adds, update or remove fields of the Maintenance Page form',1,1),(179,'actionWebserviceKeyGridPresenterModifier','Modify Webservice grid view data','This hook allows to alter presented Webservice grid data',1,1),(180,'actionWebserviceKeyGridDefinitionModifier','Modifying Webservice grid definition','This hook allows to alter Webservice grid columns, actions and filters',1,1),(181,'actionWebserviceKeyGridQueryBuilderModifier','Modify Webservice grid query builder','This hook allows to alter Doctrine query builder for Webservice grid',1,1),(182,'actionWebserviceKeyGridFilterFormModifier','Modify filters form for Webservice grid','This hook allows to alter filters form used in Webservice',1,1),(183,'actionSqlRequestGridPresenterModifier','Modify SQL Manager grid view data','This hook allows to alter presented SQL Manager grid data',1,1),(184,'actionSqlRequestGridDefinitionModifier','Modifying SQL Manager grid definition','This hook allows to alter SQL Manager grid columns, actions and filters',1,1),(185,'actionSqlRequestGridQueryBuilderModifier','Modify SQL Manager grid query builder','This hook allows to alter Doctrine query builder for SQL Manager grid',1,1),(186,'actionSqlRequestGridFilterFormModifier','Modify filters form for SQL Manager grid','This hook allows to alter filters form used in SQL Manager',1,1),(187,'actionMetaGridPresenterModifier','Modify SEO and URLs grid view data','This hook allows to alter presented SEO and URLs grid data',1,1),(188,'actionMetaGridDefinitionModifier','Modifying SEO and URLs grid definition','This hook allows to alter SEO and URLs grid columns, actions and filters',1,1),(189,'actionMetaGridQueryBuilderModifier','Modify SEO and URLs grid query builder','This hook allows to alter Doctrine query builder for SEO and URLs grid',1,1),(190,'actionMetaGridFilterFormModifier','Modify filters form for SEO and URLs grid','This hook allows to alter filters form used in SEO and URLs',1,1),(191,'actionLogsGridPresenterModifier','Modify Logs grid view data','This hook allows to alter presented Logs grid data',1,1),(192,'actionLogsGridDefinitionModifier','Modifying Logs grid definition','This hook allows to alter Logs grid columns, actions and filters',1,1),(193,'actionLogsGridQueryBuilderModifier','Modify Logs grid query builder','This hook allows to alter Doctrine query builder for Logs grid',1,1),(194,'actionLogsGridFilterFormModifier','Modify filters form for Logs grid','This hook allows to alter filters form used in Logs',1,1),(195,'actionEmailLogsGridPresenterModifier','Modify E-mail grid view data','This hook allows to alter presented E-mail grid data',1,1),(196,'actionEmailLogsGridDefinitionModifier','Modifying E-mail grid definition','This hook allows to alter E-mail grid columns, actions and filters',1,1),(197,'actionEmailLogsGridQueryBuilderModifier','Modify E-mail grid query builder','This hook allows to alter Doctrine query builder for E-mail grid',1,1),(198,'actionEmailLogsGridFilterFormModifier','Modify filters form for E-mail grid','This hook allows to alter filters form used in E-mail',1,1),(199,'actionBackupGridPresenterModifier','Modify DB Backup grid view data','This hook allows to alter presented DB Backup grid data',1,1),(200,'actionBackupGridDefinitionModifier','Modifying DB Backup grid definition','This hook allows to alter DB Backup grid columns, actions and filters',1,1),(201,'actionBackupGridFilterFormModifier','Modify filters form for DB Backup grid','This hook allows to alter filters form used in DB Backup',1,1),(202,'actionProductFlagsModifier','Customize product labels displayed on the product list on FO','This hook allows to add and remove product labels displayed on top of product images',1,1),(203,'actionListMailThemes','List the available email themes and layouts','This hook allows to add/remove available email themes (ThemeInterface) and/or to add/remove their layouts (LayoutInterface)',1,1),(204,'actionGetMailThemeFolder','Define the folder of an email theme','This hook allows to change the folder of an email theme (useful if you theme is in a module for example)',1,1),(205,'actionBuildMailLayoutVariables','Build the variables used in email layout rendering','This hook allows to change the variables used when an email layout is rendered',1,1),(206,'actionGetMailLayoutTransformations','Define the transformation to apply on layout','This hook allows to add/remove TransformationInterface used to generate an email layout',1,1),(207,'displayProductActions','Display additional action button on the product page','This hook allow additional actions to be triggered, near the add to cart button.',1,1),(208,'displayPersonalInformationTop','Content in the checkout funnel, on top of the personal information panel','Display actions or additional content in the personal details tab of the checkout funnel.',1,1),(209,'actionSqlRequestFormBuilderModifier','Modify sql request identifiable object form','This hook allows to modify sql request identifiable object forms content by modifying form builder data or FormBuilder itself',1,1),(210,'actionCustomerFormBuilderModifier','Modify customer identifiable object form','This hook allows to modify customer identifiable object forms content by modifying form builder data or FormBuilder itself',1,1),(211,'actionLanguageFormBuilderModifier','Modify language identifiable object form','This hook allows to modify language identifiable object forms content by modifying form builder data or FormBuilder itself',1,1),(212,'actionCurrencyFormBuilderModifier','Modify currency identifiable object form','This hook allows to modify currency identifiable object forms content by modifying form builder data or FormBuilder itself',1,1),(213,'actionWebserviceKeyFormBuilderModifier','Modify webservice key identifiable object form','This hook allows to modify webservice key identifiable object forms content by modifying form builder data or FormBuilder itself',1,1),(214,'actionMetaFormBuilderModifier','Modify meta identifiable object form','This hook allows to modify meta identifiable object forms content by modifying form builder data or FormBuilder itself',1,1),(215,'actionCategoryFormBuilderModifier','Modify category identifiable object form','This hook allows to modify category identifiable object forms content by modifying form builder data or FormBuilder itself',1,1),(216,'actionRootCategoryFormBuilderModifier','Modify root category identifiable object form','This hook allows to modify root category identifiable object forms content by modifying form builder data or FormBuilder itself',1,1),(217,'actionContactFormBuilderModifier','Modify contact identifiable object form','This hook allows to modify contact identifiable object forms content by modifying form builder data or FormBuilder itself',1,1),(218,'actionCmsPageCategoryFormBuilderModifier','Modify cms page category identifiable object form','This hook allows to modify cms page category identifiable object forms content by modifying form builder data or FormBuilder itself',1,1),(219,'actionTaxFormBuilderModifier','Modify tax identifiable object form','This hook allows to modify tax identifiable object forms content by modifying form builder data or FormBuilder itself',1,1),(220,'actionManufacturerFormBuilderModifier','Modify manufacturer identifiable object form','This hook allows to modify manufacturer identifiable object forms content by modifying form builder data or FormBuilder itself',1,1),(221,'actionEmployeeFormBuilderModifier','Modify employee identifiable object form','This hook allows to modify employee identifiable object forms content by modifying form builder data or FormBuilder itself',1,1),(222,'actionProfileFormBuilderModifier','Modify profile identifiable object form','This hook allows to modify profile identifiable object forms content by modifying form builder data or FormBuilder itself',1,1),(223,'actionCmsPageFormBuilderModifier','Modify cms page identifiable object form','This hook allows to modify cms page identifiable object forms content by modifying form builder data or FormBuilder itself',1,1),(224,'actionManufacturerAddressFormBuilderModifier','Modify manufacturer address identifiable object form','This hook allows to modify manufacturer address identifiable object forms content by modifying form builder data or FormBuilder itself',1,1),(225,'actionBeforeUpdateSqlRequestFormHandler','Modify sql request identifiable object data before updating it','This hook allows to modify sql request identifiable object forms data before it was updated',1,1),(226,'actionBeforeUpdateCustomerFormHandler','Modify customer identifiable object data before updating it','This hook allows to modify customer identifiable object forms data before it was updated',1,1),(227,'actionBeforeUpdateLanguageFormHandler','Modify language identifiable object data before updating it','This hook allows to modify language identifiable object forms data before it was updated',1,1),(228,'actionBeforeUpdateCurrencyFormHandler','Modify currency identifiable object data before updating it','This hook allows to modify currency identifiable object forms data before it was updated',1,1),(229,'actionBeforeUpdateWebserviceKeyFormHandler','Modify webservice key identifiable object data before updating it','This hook allows to modify webservice key identifiable object forms data before it was updated',1,1),(230,'actionBeforeUpdateMetaFormHandler','Modify meta identifiable object data before updating it','This hook allows to modify meta identifiable object forms data before it was updated',1,1),(231,'actionBeforeUpdateCategoryFormHandler','Modify category identifiable object data before updating it','This hook allows to modify category identifiable object forms data before it was updated',1,1),(232,'actionBeforeUpdateRootCategoryFormHandler','Modify root category identifiable object data before updating it','This hook allows to modify root category identifiable object forms data before it was updated',1,1),(233,'actionBeforeUpdateContactFormHandler','Modify contact identifiable object data before updating it','This hook allows to modify contact identifiable object forms data before it was updated',1,1),(234,'actionBeforeUpdateCmsPageCategoryFormHandler','Modify cms page category identifiable object data before updating it','This hook allows to modify cms page category identifiable object forms data before it was updated',1,1),(235,'actionBeforeUpdateTaxFormHandler','Modify tax identifiable object data before updating it','This hook allows to modify tax identifiable object forms data before it was updated',1,1),(236,'actionBeforeUpdateManufacturerFormHandler','Modify manufacturer identifiable object data before updating it','This hook allows to modify manufacturer identifiable object forms data before it was updated',1,1),(237,'actionBeforeUpdateEmployeeFormHandler','Modify employee identifiable object data before updating it','This hook allows to modify employee identifiable object forms data before it was updated',1,1),(238,'actionBeforeUpdateProfileFormHandler','Modify profile identifiable object data before updating it','This hook allows to modify profile identifiable object forms data before it was updated',1,1),(239,'actionBeforeUpdateCmsPageFormHandler','Modify cms page identifiable object data before updating it','This hook allows to modify cms page identifiable object forms data before it was updated',1,1),(240,'actionBeforeUpdateManufacturerAddressFormHandler','Modify manufacturer address identifiable object data before updating it','This hook allows to modify manufacturer address identifiable object forms data before it was updated',1,1),(241,'actionAfterUpdateSqlRequestFormHandler','Modify sql request identifiable object data after updating it','This hook allows to modify sql request identifiable object forms data after it was updated',1,1),(242,'actionAfterUpdateCustomerFormHandler','Modify customer identifiable object data after updating it','This hook allows to modify customer identifiable object forms data after it was updated',1,1),(243,'actionAfterUpdateLanguageFormHandler','Modify language identifiable object data after updating it','This hook allows to modify language identifiable object forms data after it was updated',1,1),(244,'actionAfterUpdateCurrencyFormHandler','Modify currency identifiable object data after updating it','This hook allows to modify currency identifiable object forms data after it was updated',1,1),(245,'actionAfterUpdateWebserviceKeyFormHandler','Modify webservice key identifiable object data after updating it','This hook allows to modify webservice key identifiable object forms data after it was updated',1,1),(246,'actionAfterUpdateMetaFormHandler','Modify meta identifiable object data after updating it','This hook allows to modify meta identifiable object forms data after it was updated',1,1),(247,'actionAfterUpdateCategoryFormHandler','Modify category identifiable object data after updating it','This hook allows to modify category identifiable object forms data after it was updated',1,1),(248,'actionAfterUpdateRootCategoryFormHandler','Modify root category identifiable object data after updating it','This hook allows to modify root category identifiable object forms data after it was updated',1,1),(249,'actionAfterUpdateContactFormHandler','Modify contact identifiable object data after updating it','This hook allows to modify contact identifiable object forms data after it was updated',1,1),(250,'actionAfterUpdateCmsPageCategoryFormHandler','Modify cms page category identifiable object data after updating it','This hook allows to modify cms page category identifiable object forms data after it was updated',1,1),(251,'actionAfterUpdateTaxFormHandler','Modify tax identifiable object data after updating it','This hook allows to modify tax identifiable object forms data after it was updated',1,1),(252,'actionAfterUpdateManufacturerFormHandler','Modify manufacturer identifiable object data after updating it','This hook allows to modify manufacturer identifiable object forms data after it was updated',1,1),(253,'actionAfterUpdateEmployeeFormHandler','Modify employee identifiable object data after updating it','This hook allows to modify employee identifiable object forms data after it was updated',1,1),(254,'actionAfterUpdateProfileFormHandler','Modify profile identifiable object data after updating it','This hook allows to modify profile identifiable object forms data after it was updated',1,1),(255,'actionAfterUpdateCmsPageFormHandler','Modify cms page identifiable object data after updating it','This hook allows to modify cms page identifiable object forms data after it was updated',1,1),(256,'actionAfterUpdateManufacturerAddressFormHandler','Modify manufacturer address identifiable object data after updating it','This hook allows to modify manufacturer address identifiable object forms data after it was updated',1,1),(257,'actionBeforeCreateSqlRequestFormHandler','Modify sql request identifiable object data before creating it','This hook allows to modify sql request identifiable object forms data before it was created',1,1),(258,'actionBeforeCreateCustomerFormHandler','Modify customer identifiable object data before creating it','This hook allows to modify customer identifiable object forms data before it was created',1,1),(259,'actionBeforeCreateLanguageFormHandler','Modify language identifiable object data before creating it','This hook allows to modify language identifiable object forms data before it was created',1,1),(260,'actionBeforeCreateCurrencyFormHandler','Modify currency identifiable object data before creating it','This hook allows to modify currency identifiable object forms data before it was created',1,1),(261,'actionBeforeCreateWebserviceKeyFormHandler','Modify webservice key identifiable object data before creating it','This hook allows to modify webservice key identifiable object forms data before it was created',1,1),(262,'actionBeforeCreateMetaFormHandler','Modify meta identifiable object data before creating it','This hook allows to modify meta identifiable object forms data before it was created',1,1),(263,'actionBeforeCreateCategoryFormHandler','Modify category identifiable object data before creating it','This hook allows to modify category identifiable object forms data before it was created',1,1),(264,'actionBeforeCreateRootCategoryFormHandler','Modify root category identifiable object data before creating it','This hook allows to modify root category identifiable object forms data before it was created',1,1),(265,'actionBeforeCreateContactFormHandler','Modify contact identifiable object data before creating it','This hook allows to modify contact identifiable object forms data before it was created',1,1),(266,'actionBeforeCreateCmsPageCategoryFormHandler','Modify cms page category identifiable object data before creating it','This hook allows to modify cms page category identifiable object forms data before it was created',1,1),(267,'actionBeforeCreateTaxFormHandler','Modify tax identifiable object data before creating it','This hook allows to modify tax identifiable object forms data before it was created',1,1),(268,'actionBeforeCreateManufacturerFormHandler','Modify manufacturer identifiable object data before creating it','This hook allows to modify manufacturer identifiable object forms data before it was created',1,1),(269,'actionBeforeCreateEmployeeFormHandler','Modify employee identifiable object data before creating it','This hook allows to modify employee identifiable object forms data before it was created',1,1),(270,'actionBeforeCreateProfileFormHandler','Modify profile identifiable object data before creating it','This hook allows to modify profile identifiable object forms data before it was created',1,1),(271,'actionBeforeCreateCmsPageFormHandler','Modify cms page identifiable object data before creating it','This hook allows to modify cms page identifiable object forms data before it was created',1,1),(272,'actionBeforeCreateManufacturerAddressFormHandler','Modify manufacturer address identifiable object data before creating it','This hook allows to modify manufacturer address identifiable object forms data before it was created',1,1),(273,'actionAfterCreateSqlRequestFormHandler','Modify sql request identifiable object data after creating it','This hook allows to modify sql request identifiable object forms data after it was created',1,1),(274,'actionAfterCreateCustomerFormHandler','Modify customer identifiable object data after creating it','This hook allows to modify customer identifiable object forms data after it was created',1,1),(275,'actionAfterCreateLanguageFormHandler','Modify language identifiable object data after creating it','This hook allows to modify language identifiable object forms data after it was created',1,1),(276,'actionAfterCreateCurrencyFormHandler','Modify currency identifiable object data after creating it','This hook allows to modify currency identifiable object forms data after it was created',1,1),(277,'actionAfterCreateWebserviceKeyFormHandler','Modify webservice key identifiable object data after creating it','This hook allows to modify webservice key identifiable object forms data after it was created',1,1),(278,'actionAfterCreateMetaFormHandler','Modify meta identifiable object data after creating it','This hook allows to modify meta identifiable object forms data after it was created',1,1),(279,'actionAfterCreateCategoryFormHandler','Modify category identifiable object data after creating it','This hook allows to modify category identifiable object forms data after it was created',1,1),(280,'actionAfterCreateRootCategoryFormHandler','Modify root category identifiable object data after creating it','This hook allows to modify root category identifiable object forms data after it was created',1,1),(281,'actionAfterCreateContactFormHandler','Modify contact identifiable object data after creating it','This hook allows to modify contact identifiable object forms data after it was created',1,1),(282,'actionAfterCreateCmsPageCategoryFormHandler','Modify cms page category identifiable object data after creating it','This hook allows to modify cms page category identifiable object forms data after it was created',1,1),(283,'actionAfterCreateTaxFormHandler','Modify tax identifiable object data after creating it','This hook allows to modify tax identifiable object forms data after it was created',1,1),(284,'actionAfterCreateManufacturerFormHandler','Modify manufacturer identifiable object data after creating it','This hook allows to modify manufacturer identifiable object forms data after it was created',1,1),(285,'actionAfterCreateEmployeeFormHandler','Modify employee identifiable object data after creating it','This hook allows to modify employee identifiable object forms data after it was created',1,1),(286,'actionAfterCreateProfileFormHandler','Modify profile identifiable object data after creating it','This hook allows to modify profile identifiable object forms data after it was created',1,1),(287,'actionAfterCreateCmsPageFormHandler','Modify cms page identifiable object data after creating it','This hook allows to modify cms page identifiable object forms data after it was created',1,1),(288,'actionAfterCreateManufacturerAddressFormHandler','Modify manufacturer address identifiable object data after creating it','This hook allows to modify manufacturer address identifiable object forms data after it was created',1,1),(289,'actionShippingPreferencesPageForm','Modify shipping preferences page options form content','This hook allows to modify shipping preferences page options form FormBuilder',1,1),(290,'actionOrdersInvoicesByDateForm','Modify orders invoices by date options form content','This hook allows to modify orders invoices by date options form FormBuilder',1,1),(291,'actionOrdersInvoicesByStatusForm','Modify orders invoices by status options form content','This hook allows to modify orders invoices by status options form FormBuilder',1,1),(292,'actionOrdersInvoicesOptionsForm','Modify orders invoices options options form content','This hook allows to modify orders invoices options options form FormBuilder',1,1),(293,'actionCustomerPreferencesPageForm','Modify customer preferences page options form content','This hook allows to modify customer preferences page options form FormBuilder',1,1),(294,'actionOrderPreferencesPageForm','Modify order preferences page options form content','This hook allows to modify order preferences page options form FormBuilder',1,1),(295,'actionProductPreferencesPageForm','Modify product preferences page options form content','This hook allows to modify product preferences page options form FormBuilder',1,1),(296,'actionGeneralPageForm','Modify general page options form content','This hook allows to modify general page options form FormBuilder',1,1),(297,'actionLogsPageForm','Modify logs page options form content','This hook allows to modify logs page options form FormBuilder',1,1),(298,'actionOrderDeliverySlipOptionsForm','Modify order delivery slip options options form content','This hook allows to modify order delivery slip options options form FormBuilder',1,1),(299,'actionOrderDeliverySlipPdfForm','Modify order delivery slip pdf options form content','This hook allows to modify order delivery slip pdf options form FormBuilder',1,1),(300,'actionGeolocationPageForm','Modify geolocation page options form content','This hook allows to modify geolocation page options form FormBuilder',1,1),(301,'actionLocalizationPageForm','Modify localization page options form content','This hook allows to modify localization page options form FormBuilder',1,1),(302,'actionPaymentPreferencesForm','Modify payment preferences options form content','This hook allows to modify payment preferences options form FormBuilder',1,1),(303,'actionEmailConfigurationForm','Modify email configuration options form content','This hook allows to modify email configuration options form FormBuilder',1,1),(304,'actionRequestSqlForm','Modify request sql options form content','This hook allows to modify request sql options form FormBuilder',1,1),(305,'actionBackupForm','Modify backup options form content','This hook allows to modify backup options form FormBuilder',1,1),(306,'actionWebservicePageForm','Modify webservice page options form content','This hook allows to modify webservice page options form FormBuilder',1,1),(307,'actionMetaPageForm','Modify meta page options form content','This hook allows to modify meta page options form FormBuilder',1,1),(308,'actionEmployeeForm','Modify employee options form content','This hook allows to modify employee options form FormBuilder',1,1),(309,'actionCurrencyForm','Modify currency options form content','This hook allows to modify currency options form FormBuilder',1,1),(310,'actionShopLogoForm','Modify shop logo options form content','This hook allows to modify shop logo options form FormBuilder',1,1),(311,'actionTaxForm','Modify tax options form content','This hook allows to modify tax options form FormBuilder',1,1),(312,'actionMailThemeForm','Modify mail theme options form content','This hook allows to modify mail theme options form FormBuilder',1,1),(313,'actionPerformancePageSave','Modify performance page options form saved data','This hook allows to modify data of performance page options form after it was saved',1,1),(314,'actionMaintenancePageSave','Modify maintenance page options form saved data','This hook allows to modify data of maintenance page options form after it was saved',1,1),(315,'actionAdministrationPageSave','Modify administration page options form saved data','This hook allows to modify data of administration page options form after it was saved',1,1),(316,'actionShippingPreferencesPageSave','Modify shipping preferences page options form saved data','This hook allows to modify data of shipping preferences page options form after it was saved',1,1),(317,'actionOrdersInvoicesByDateSave','Modify orders invoices by date options form saved data','This hook allows to modify data of orders invoices by date options form after it was saved',1,1),(318,'actionOrdersInvoicesByStatusSave','Modify orders invoices by status options form saved data','This hook allows to modify data of orders invoices by status options form after it was saved',1,1),(319,'actionOrdersInvoicesOptionsSave','Modify orders invoices options options form saved data','This hook allows to modify data of orders invoices options options form after it was saved',1,1),(320,'actionCustomerPreferencesPageSave','Modify customer preferences page options form saved data','This hook allows to modify data of customer preferences page options form after it was saved',1,1),(321,'actionOrderPreferencesPageSave','Modify order preferences page options form saved data','This hook allows to modify data of order preferences page options form after it was saved',1,1),(322,'actionProductPreferencesPageSave','Modify product preferences page options form saved data','This hook allows to modify data of product preferences page options form after it was saved',1,1),(323,'actionGeneralPageSave','Modify general page options form saved data','This hook allows to modify data of general page options form after it was saved',1,1),(324,'actionLogsPageSave','Modify logs page options form saved data','This hook allows to modify data of logs page options form after it was saved',1,1),(325,'actionOrderDeliverySlipOptionsSave','Modify order delivery slip options options form saved data','This hook allows to modify data of order delivery slip options options form after it was saved',1,1),(326,'actionOrderDeliverySlipPdfSave','Modify order delivery slip pdf options form saved data','This hook allows to modify data of order delivery slip pdf options form after it was saved',1,1),(327,'actionGeolocationPageSave','Modify geolocation page options form saved data','This hook allows to modify data of geolocation page options form after it was saved',1,1),(328,'actionLocalizationPageSave','Modify localization page options form saved data','This hook allows to modify data of localization page options form after it was saved',1,1),(329,'actionPaymentPreferencesSave','Modify payment preferences options form saved data','This hook allows to modify data of payment preferences options form after it was saved',1,1),(330,'actionEmailConfigurationSave','Modify email configuration options form saved data','This hook allows to modify data of email configuration options form after it was saved',1,1),(331,'actionRequestSqlSave','Modify request sql options form saved data','This hook allows to modify data of request sql options form after it was saved',1,1),(332,'actionBackupSave','Modify backup options form saved data','This hook allows to modify data of backup options form after it was saved',1,1),(333,'actionWebservicePageSave','Modify webservice page options form saved data','This hook allows to modify data of webservice page options form after it was saved',1,1),(334,'actionMetaPageSave','Modify meta page options form saved data','This hook allows to modify data of meta page options form after it was saved',1,1),(335,'actionEmployeeSave','Modify employee options form saved data','This hook allows to modify data of employee options form after it was saved',1,1),(336,'actionCurrencySave','Modify currency options form saved data','This hook allows to modify data of currency options form after it was saved',1,1),(337,'actionShopLogoSave','Modify shop logo options form saved data','This hook allows to modify data of shop logo options form after it was saved',1,1),(338,'actionTaxSave','Modify tax options form saved data','This hook allows to modify data of tax options form after it was saved',1,1),(339,'actionMailThemeSave','Modify mail theme options form saved data','This hook allows to modify data of mail theme options form after it was saved',1,1),(340,'actionCategoryGridDefinitionModifier','Modify category grid definition','This hook allows to alter category grid columns, actions and filters',1,1),(341,'actionEmployeeGridDefinitionModifier','Modify employee grid definition','This hook allows to alter employee grid columns, actions and filters',1,1),(342,'actionContactGridDefinitionModifier','Modify contact grid definition','This hook allows to alter contact grid columns, actions and filters',1,1),(343,'actionCustomerGridDefinitionModifier','Modify customer grid definition','This hook allows to alter customer grid columns, actions and filters',1,1),(344,'actionLanguageGridDefinitionModifier','Modify language grid definition','This hook allows to alter language grid columns, actions and filters',1,1),(345,'actionCurrencyGridDefinitionModifier','Modify currency grid definition','This hook allows to alter currency grid columns, actions and filters',1,1),(346,'actionSupplierGridDefinitionModifier','Modify supplier grid definition','This hook allows to alter supplier grid columns, actions and filters',1,1),(347,'actionProfileGridDefinitionModifier','Modify profile grid definition','This hook allows to alter profile grid columns, actions and filters',1,1),(348,'actionCmsPageCategoryGridDefinitionModifier','Modify cms page category grid definition','This hook allows to alter cms page category grid columns, actions and filters',1,1),(349,'actionTaxGridDefinitionModifier','Modify tax grid definition','This hook allows to alter tax grid columns, actions and filters',1,1),(350,'actionManufacturerGridDefinitionModifier','Modify manufacturer grid definition','This hook allows to alter manufacturer grid columns, actions and filters',1,1),(351,'actionManufacturerAddressGridDefinitionModifier','Modify manufacturer address grid definition','This hook allows to alter manufacturer address grid columns, actions and filters',1,1),(352,'actionCmsPageGridDefinitionModifier','Modify cms page grid definition','This hook allows to alter cms page grid columns, actions and filters',1,1),(353,'actionBackupGridQueryBuilderModifier','Modify backup grid query builder','This hook allows to alter Doctrine query builder for backup grid',1,1),(354,'actionCategoryGridQueryBuilderModifier','Modify category grid query builder','This hook allows to alter Doctrine query builder for category grid',1,1),(355,'actionEmployeeGridQueryBuilderModifier','Modify employee grid query builder','This hook allows to alter Doctrine query builder for employee grid',1,1),(356,'actionContactGridQueryBuilderModifier','Modify contact grid query builder','This hook allows to alter Doctrine query builder for contact grid',1,1),(357,'actionCustomerGridQueryBuilderModifier','Modify customer grid query builder','This hook allows to alter Doctrine query builder for customer grid',1,1),(358,'actionLanguageGridQueryBuilderModifier','Modify language grid query builder','This hook allows to alter Doctrine query builder for language grid',1,1),(359,'actionCurrencyGridQueryBuilderModifier','Modify currency grid query builder','This hook allows to alter Doctrine query builder for currency grid',1,1),(360,'actionSupplierGridQueryBuilderModifier','Modify supplier grid query builder','This hook allows to alter Doctrine query builder for supplier grid',1,1),(361,'actionProfileGridQueryBuilderModifier','Modify profile grid query builder','This hook allows to alter Doctrine query builder for profile grid',1,1),(362,'actionCmsPageCategoryGridQueryBuilderModifier','Modify cms page category grid query builder','This hook allows to alter Doctrine query builder for cms page category grid',1,1),(363,'actionTaxGridQueryBuilderModifier','Modify tax grid query builder','This hook allows to alter Doctrine query builder for tax grid',1,1),(364,'actionManufacturerGridQueryBuilderModifier','Modify manufacturer grid query builder','This hook allows to alter Doctrine query builder for manufacturer grid',1,1),(365,'actionManufacturerAddressGridQueryBuilderModifier','Modify manufacturer address grid query builder','This hook allows to alter Doctrine query builder for manufacturer address grid',1,1),(366,'actionCmsPageGridQueryBuilderModifier','Modify cms page grid query builder','This hook allows to alter Doctrine query builder for cms page grid',1,1),(367,'actionLogsGridDataModifier','Modify logs grid data','This hook allows to modify logs grid data',1,1),(368,'actionEmailLogsGridDataModifier','Modify email logs grid data','This hook allows to modify email logs grid data',1,1),(369,'actionSqlRequestGridDataModifier','Modify sql request grid data','This hook allows to modify sql request grid data',1,1),(370,'actionBackupGridDataModifier','Modify backup grid data','This hook allows to modify backup grid data',1,1),(371,'actionWebserviceKeyGridDataModifier','Modify webservice key grid data','This hook allows to modify webservice key grid data',1,1),(372,'actionMetaGridDataModifier','Modify meta grid data','This hook allows to modify meta grid data',1,1),(373,'actionCategoryGridDataModifier','Modify category grid data','This hook allows to modify category grid data',1,1),(374,'actionEmployeeGridDataModifier','Modify employee grid data','This hook allows to modify employee grid data',1,1),(375,'actionContactGridDataModifier','Modify contact grid data','This hook allows to modify contact grid data',1,1),(376,'actionCustomerGridDataModifier','Modify customer grid data','This hook allows to modify customer grid data',1,1),(377,'actionLanguageGridDataModifier','Modify language grid data','This hook allows to modify language grid data',1,1),(378,'actionCurrencyGridDataModifier','Modify currency grid data','This hook allows to modify currency grid data',1,1),(379,'actionSupplierGridDataModifier','Modify supplier grid data','This hook allows to modify supplier grid data',1,1),(380,'actionProfileGridDataModifier','Modify profile grid data','This hook allows to modify profile grid data',1,1),(381,'actionCmsPageCategoryGridDataModifier','Modify cms page category grid data','This hook allows to modify cms page category grid data',1,1),(382,'actionTaxGridDataModifier','Modify tax grid data','This hook allows to modify tax grid data',1,1),(383,'actionManufacturerGridDataModifier','Modify manufacturer grid data','This hook allows to modify manufacturer grid data',1,1),(384,'actionManufacturerAddressGridDataModifier','Modify manufacturer address grid data','This hook allows to modify manufacturer address grid data',1,1),(385,'actionCmsPageGridDataModifier','Modify cms page grid data','This hook allows to modify cms page grid data',1,1),(386,'actionCategoryGridFilterFormModifier','Modify category grid filters','This hook allows to modify filters for category grid',1,1),(387,'actionEmployeeGridFilterFormModifier','Modify employee grid filters','This hook allows to modify filters for employee grid',1,1),(388,'actionContactGridFilterFormModifier','Modify contact grid filters','This hook allows to modify filters for contact grid',1,1),(389,'actionCustomerGridFilterFormModifier','Modify customer grid filters','This hook allows to modify filters for customer grid',1,1),(390,'actionLanguageGridFilterFormModifier','Modify language grid filters','This hook allows to modify filters for language grid',1,1),(391,'actionCurrencyGridFilterFormModifier','Modify currency grid filters','This hook allows to modify filters for currency grid',1,1),(392,'actionSupplierGridFilterFormModifier','Modify supplier grid filters','This hook allows to modify filters for supplier grid',1,1),(393,'actionProfileGridFilterFormModifier','Modify profile grid filters','This hook allows to modify filters for profile grid',1,1),(394,'actionCmsPageCategoryGridFilterFormModifier','Modify cms page category grid filters','This hook allows to modify filters for cms page category grid',1,1),(395,'actionTaxGridFilterFormModifier','Modify tax grid filters','This hook allows to modify filters for tax grid',1,1),(396,'actionManufacturerGridFilterFormModifier','Modify manufacturer grid filters','This hook allows to modify filters for manufacturer grid',1,1),(397,'actionManufacturerAddressGridFilterFormModifier','Modify manufacturer address grid filters','This hook allows to modify filters for manufacturer address grid',1,1),(398,'actionCmsPageGridFilterFormModifier','Modify cms page grid filters','This hook allows to modify filters for cms page grid',1,1),(399,'actionCategoryGridPresenterModifier','Modify category grid template data','This hook allows to modify data which is about to be used in template for category grid',1,1),(400,'actionEmployeeGridPresenterModifier','Modify employee grid template data','This hook allows to modify data which is about to be used in template for employee grid',1,1),(401,'actionContactGridPresenterModifier','Modify contact grid template data','This hook allows to modify data which is about to be used in template for contact grid',1,1),(402,'actionCustomerGridPresenterModifier','Modify customer grid template data','This hook allows to modify data which is about to be used in template for customer grid',1,1),(403,'actionLanguageGridPresenterModifier','Modify language grid template data','This hook allows to modify data which is about to be used in template for language grid',1,1),(404,'actionCurrencyGridPresenterModifier','Modify currency grid template data','This hook allows to modify data which is about to be used in template for currency grid',1,1),(405,'actionSupplierGridPresenterModifier','Modify supplier grid template data','This hook allows to modify data which is about to be used in template for supplier grid',1,1),(406,'actionProfileGridPresenterModifier','Modify profile grid template data','This hook allows to modify data which is about to be used in template for profile grid',1,1),(407,'actionCmsPageCategoryGridPresenterModifier','Modify cms page category grid template data','This hook allows to modify data which is about to be used in template for cms page category grid',1,1),(408,'actionTaxGridPresenterModifier','Modify tax grid template data','This hook allows to modify data which is about to be used in template for tax grid',1,1),(409,'actionManufacturerGridPresenterModifier','Modify manufacturer grid template data','This hook allows to modify data which is about to be used in template for manufacturer grid',1,1),(410,'actionManufacturerAddressGridPresenterModifier','Modify manufacturer address grid template data','This hook allows to modify data which is about to be used in template for manufacturer address grid',1,1),(411,'actionCmsPageGridPresenterModifier','Modify cms page grid template data','This hook allows to modify data which is about to be used in template for cms page grid',1,1),(412,'displayAdminOrderTop','Admin Order Top','This hook displays content at the top of the order view page',1,1),(413,'displayBackOfficeOrderActions','Admin Order Actions','This hook displays content in the order view page after action buttons (or aliased to side column in migrated page)',1,1),(414,'displayAdminOrderSide','Admin Order Side Column','This hook displays content in the order view page in the side column under the customer view',1,1),(415,'displayAdminOrderBottom','Admin Order Side Column Bottom','This hook displays content in the order view page at the bottom of the side column',1,1),(416,'displayAdminOrderMain','Admin Order Main Column','This hook displays content in the order view page in the main column under the details view',1,1),(417,'displayAdminOrderMainBottom','Admin Order Main Column Bottom','This hook displays content in the order view page at the bottom of the main column',1,1),(418,'displayAdminOrderTabLink','Admin Order Tab Link','This hook displays new tab links on the order view page',1,1),(419,'displayAdminOrderTabContent','Admin Order Tab Content','This hook displays new tab contents on the order view page',1,1),(420,'actionGetAdminOrderButtons','Admin Order Buttons','This hook is used to generate the buttons collection on the order view page (see ActionsBarButtonsCollection)',1,1),(421,'actionPresentCart','Cart Presenter','This hook is called before a cart is presented',1,1),(422,'actionPresentOrder','Order Presenter','This hook is called before an order is presented',1,1),(423,'actionPresentOrderReturn','Order Return Presenter','This hook is called before an order return is presented',1,1),(424,'actionPresentProduct','Product Presenter','This hook is called before a product is presented',1,1),(425,'actionAdminAdminPreferencesControllerPostProcessBefore','On post-process in Admin Preferences','This hook is called on Admin Preferences post-process before processing the form',1,1),(426,'actionFeatureFormBuilderModifier','Modify feature identifiable object form','This hook allows to modify feature identifiable object forms content by modifying form builder data\n      or FormBuilder itself',1,1),(427,'actionOrderMessageFormBuilderModifier','Modify order message identifiable object form','This hook allows to modify order message identifiable object forms content by modifying form builder data or FormBuilder itself',1,1),(428,'actionCatalogPriceRuleFormBuilderModifier','Modify catalog price rule identifiable object form','This hook allows to modify catalog price rule identifiable object forms content by modifying form builder data or FormBuilder itself',1,1),(429,'actionAttachmentFormBuilderModifier','Modify attachment identifiable object form','This hook allows to modify attachment identifiable object forms content by modifying form builder data or FormBuilder itself',1,1),(430,'actionBeforeUpdateFeatureFormHandler','Modify feature identifiable object data before updating it','This hook allows to modify feature identifiable object forms data before it was updated',1,1),(431,'actionBeforeUpdateOrderMessageFormHandler','Modify order message identifiable object data before updating it','This hook allows to modify order message identifiable object forms data before it was updated',1,1),(432,'actionBeforeUpdateCatalogPriceRuleFormHandler','Modify catalog price rule identifiable object data before updating it','This hook allows to modify catalog price rule identifiable object forms data before it was updated',1,1),(433,'actionBeforeUpdateAttachmentFormHandler','Modify attachment identifiable object data before updating it','This hook allows to modify attachment identifiable object forms data before it was updated',1,1),(434,'actionAfterUpdateFeatureFormHandler','Modify feature identifiable object data after updating it','This hook allows to modify feature identifiable object forms data after it was updated',1,1),(435,'actionAfterUpdateOrderMessageFormHandler','Modify order message identifiable object data after updating it','This hook allows to modify order message identifiable object forms data after it was updated',1,1),(436,'actionAfterUpdateCatalogPriceRuleFormHandler','Modify catalog price rule identifiable object data after updating it','This hook allows to modify catalog price rule identifiable object forms data after it was updated',1,1),(437,'actionAfterUpdateAttachmentFormHandler','Modify attachment identifiable object data after updating it','This hook allows to modify attachment identifiable object forms data after it was updated',1,1),(438,'actionBeforeCreateFeatureFormHandler','Modify feature identifiable object data before creating it','This hook allows to modify feature identifiable object forms data before it was created',1,1),(439,'actionBeforeCreateOrderMessageFormHandler','Modify order message identifiable object data before creating it','This hook allows to modify order message identifiable object forms data before it was created',1,1),(440,'actionBeforeCreateCatalogPriceRuleFormHandler','Modify catalog price rule identifiable object data before creating it','This hook allows to modify catalog price rule identifiable object forms data before it was created',1,1),(441,'actionBeforeCreateAttachmentFormHandler','Modify attachment identifiable object data before creating it','This hook allows to modify attachment identifiable object forms data before it was created',1,1),(442,'actionAfterCreateFeatureFormHandler','Modify feature identifiable object data after creating it','This hook allows to modify feature identifiable object forms data after it was created',1,1),(443,'actionAfterCreateOrderMessageFormHandler','Modify order message identifiable object data after creating it','This hook allows to modify order message identifiable object forms data after it was created',1,1),(444,'actionAfterCreateCatalogPriceRuleFormHandler','Modify catalog price rule identifiable object data after creating it','This hook allows to modify catalog price rule identifiable object forms data after it was created',1,1),(445,'actionAfterCreateAttachmentFormHandler','Modify attachment identifiable object data after creating it','This hook allows to modify attachment identifiable object forms data after it was created',1,1),(446,'actionMerchandiseReturnForm','Modify merchandise return options form content','This hook allows to modify merchandise return options form FormBuilder',1,1),(447,'actionCreditSlipForm','Modify credit slip options form content','This hook allows to modify credit slip options form FormBuilder',1,1),(448,'actionMerchandiseReturnSave','Modify merchandise return options form saved data','This hook allows to modify data of merchandise return options form after it was saved',1,1),(449,'actionCreditSlipSave','Modify credit slip options form saved data','This hook allows to modify data of credit slip options form after it was saved',1,1),(450,'actionEmptyCategoryGridDefinitionModifier','Modify empty category grid definition','This hook allows to alter empty category grid columns, actions and filters',1,1),(451,'actionNoQtyProductWithCombinationGridDefinitionModifier','Modify no qty product with combination grid definition','This hook allows to alter no qty product with combination grid columns, actions and filters\n      ',1,1),(452,'actionNoQtyProductWithoutCombinationGridDefinitionModifier','Modify no qty product without combination grid definition','This hook allows to alter no qty product without combination grid columns, actions and filters\n      ',1,1),(453,'actionDisabledProductGridDefinitionModifier','Modify disabled product grid definition','This hook allows to alter disabled product grid columns, actions and filters',1,1),(454,'actionProductWithoutImageGridDefinitionModifier','Modify product without image grid definition','This hook allows to alter product without image grid columns, actions and filters',1,1),(455,'actionProductWithoutDescriptionGridDefinitionModifier','Modify product without description grid definition','This hook allows to alter product without description grid columns, actions and filters',1,1),(456,'actionProductWithoutPriceGridDefinitionModifier','Modify product without price grid definition','This hook allows to alter product without price grid columns, actions and filters',1,1),(457,'actionOrderGridDefinitionModifier','Modify order grid definition','This hook allows to alter order grid columns, actions and filters',1,1),(458,'actionCatalogPriceRuleGridDefinitionModifier','Modify catalog price rule grid definition','This hook allows to alter catalog price rule grid columns, actions and filters',1,1),(459,'actionOrderMessageGridDefinitionModifier','Modify order message grid definition','This hook allows to alter order message grid columns, actions and filters',1,1),(460,'actionAttachmentGridDefinitionModifier','Modify attachment grid definition','This hook allows to alter attachment grid columns, actions and filters',1,1),(461,'actionAttributeGroupGridDefinitionModifier','Modify attribute group grid definition','This hook allows to alter attribute group grid columns, actions and filters',1,1),(462,'actionMerchandiseReturnGridDefinitionModifier','Modify merchandise return grid definition','This hook allows to alter merchandise return grid columns, actions and filters',1,1),(463,'actionTaxRulesGroupGridDefinitionModifier','Modify tax rules group grid definition','This hook allows to alter tax rules group grid columns, actions and filters',1,1),(464,'actionAddressGridDefinitionModifier','Modify address grid definition','This hook allows to alter address grid columns, actions and filters',1,1),(465,'actionCreditSlipGridDefinitionModifier','Modify credit slip grid definition','This hook allows to alter credit slip grid columns, actions and filters',1,1),(466,'actionEmptyCategoryGridQueryBuilderModifier','Modify empty category grid query builder','This hook allows to alter Doctrine query builder for empty category grid',1,1),(467,'actionNoQtyProductWithCombinationGridQueryBuilderModifier','Modify no qty product with combination grid query builder','This hook allows to alter Doctrine query builder for no qty product with combination grid',1,1),(468,'actionNoQtyProductWithoutCombinationGridQueryBuilderModifier','Modify no qty product without combination grid query builder','This hook allows to alter Doctrine query builder for no qty product without combination grid',1,1),(469,'actionDisabledProductGridQueryBuilderModifier','Modify disabled product grid query builder','This hook allows to alter Doctrine query builder for disabled product grid',1,1),(470,'actionProductWithoutImageGridQueryBuilderModifier','Modify product without image grid query builder','This hook allows to alter Doctrine query builder for product without image grid',1,1),(471,'actionProductWithoutDescriptionGridQueryBuilderModifier','Modify product without description grid query builder','This hook allows to alter Doctrine query builder for product without description grid',1,1),(472,'actionProductWithoutPriceGridQueryBuilderModifier','Modify product without price grid query builder','This hook allows to alter Doctrine query builder for product without price grid',1,1),(473,'actionOrderGridQueryBuilderModifier','Modify order grid query builder','This hook allows to alter Doctrine query builder for order grid',1,1),(474,'actionCatalogPriceRuleGridQueryBuilderModifier','Modify catalog price rule grid query builder','This hook allows to alter Doctrine query builder for catalog price rule grid',1,1),(475,'actionOrderMessageGridQueryBuilderModifier','Modify order message grid query builder','This hook allows to alter Doctrine query builder for order message grid',1,1),(476,'actionAttachmentGridQueryBuilderModifier','Modify attachment grid query builder','This hook allows to alter Doctrine query builder for attachment grid',1,1),(477,'actionAttributeGroupGridQueryBuilderModifier','Modify attribute group grid query builder','This hook allows to alter Doctrine query builder for attribute group grid',1,1),(478,'actionMerchandiseReturnGridQueryBuilderModifier','Modify merchandise return grid query builder','This hook allows to alter Doctrine query builder for merchandise return grid',1,1),(479,'actionTaxRulesGroupGridQueryBuilderModifier','Modify tax rules group grid query builder','This hook allows to alter Doctrine query builder for tax rules group grid',1,1),(480,'actionAddressGridQueryBuilderModifier','Modify address grid query builder','This hook allows to alter Doctrine query builder for address grid',1,1),(481,'actionCreditSlipGridQueryBuilderModifier','Modify credit slip grid query builder','This hook allows to alter Doctrine query builder for credit slip grid',1,1),(482,'actionEmptyCategoryGridDataModifier','Modify empty category grid data','This hook allows to modify empty category grid data',1,1),(483,'actionNoQtyProductWithCombinationGridDataModifier','Modify no qty product with combination grid data','This hook allows to modify no qty product with combination grid data',1,1),(484,'actionNoQtyProductWithoutCombinationGridDataModifier','Modify no qty product without combination grid data','This hook allows to modify no qty product without combination grid data',1,1),(485,'actionDisabledProductGridDataModifier','Modify disabled product grid data','This hook allows to modify disabled product grid data',1,1),(486,'actionProductWithoutImageGridDataModifier','Modify product without image grid data','This hook allows to modify product without image grid data',1,1),(487,'actionProductWithoutDescriptionGridDataModifier','Modify product without description grid data','This hook allows to modify product without description grid data',1,1),(488,'actionProductWithoutPriceGridDataModifier','Modify product without price grid data','This hook allows to modify product without price grid data',1,1),(489,'actionOrderGridDataModifier','Modify order grid data','This hook allows to modify order grid data',1,1),(490,'actionCatalogPriceRuleGridDataModifier','Modify catalog price rule grid data','This hook allows to modify catalog price rule grid data',1,1),(491,'actionOrderMessageGridDataModifier','Modify order message grid data','This hook allows to modify order message grid data',1,1),(492,'actionAttachmentGridDataModifier','Modify attachment grid data','This hook allows to modify attachment grid data',1,1),(493,'actionAttributeGroupGridDataModifier','Modify attribute group grid data','This hook allows to modify attribute group grid data',1,1),(494,'actionMerchandiseReturnGridDataModifier','Modify merchandise return grid data','This hook allows to modify merchandise return grid data',1,1),(495,'actionTaxRulesGroupGridDataModifier','Modify tax rules group grid data','This hook allows to modify tax rules group grid data',1,1),(496,'actionAddressGridDataModifier','Modify address grid data','This hook allows to modify address grid data',1,1),(497,'actionCreditSlipGridDataModifier','Modify credit slip grid data','This hook allows to modify credit slip grid data',1,1),(498,'actionEmptyCategoryGridFilterFormModifier','Modify empty category grid filters','This hook allows to modify filters for empty category grid',1,1),(499,'actionNoQtyProductWithCombinationGridFilterFormModifier','Modify no qty product with combination grid filters','This hook allows to modify filters for no qty product with combination grid',1,1),(500,'actionNoQtyProductWithoutCombinationGridFilterFormModifier','Modify no qty product without combination grid filters','This hook allows to modify filters for no qty product without combination grid',1,1),(501,'actionDisabledProductGridFilterFormModifier','Modify disabled product grid filters','This hook allows to modify filters for disabled product grid',1,1),(502,'actionProductWithoutImageGridFilterFormModifier','Modify product without image grid filters','This hook allows to modify filters for product without image grid',1,1),(503,'actionProductWithoutDescriptionGridFilterFormModifier','Modify product without description grid filters','This hook allows to modify filters for product without description grid',1,1),(504,'actionProductWithoutPriceGridFilterFormModifier','Modify product without price grid filters','This hook allows to modify filters for product without price grid',1,1),(505,'actionOrderGridFilterFormModifier','Modify order grid filters','This hook allows to modify filters for order grid',1,1),(506,'actionCatalogPriceRuleGridFilterFormModifier','Modify catalog price rule grid filters','This hook allows to modify filters for catalog price rule grid',1,1),(507,'actionOrderMessageGridFilterFormModifier','Modify order message grid filters','This hook allows to modify filters for order message grid',1,1),(508,'actionAttachmentGridFilterFormModifier','Modify attachment grid filters','This hook allows to modify filters for attachment grid',1,1),(509,'actionAttributeGroupGridFilterFormModifier','Modify attribute group grid filters','This hook allows to modify filters for attribute group grid',1,1),(510,'actionMerchandiseReturnGridFilterFormModifier','Modify merchandise return grid filters','This hook allows to modify filters for merchandise return grid',1,1),(511,'actionTaxRulesGroupGridFilterFormModifier','Modify tax rules group grid filters','This hook allows to modify filters for tax rules group grid',1,1),(512,'actionAddressGridFilterFormModifier','Modify address grid filters','This hook allows to modify filters for address grid',1,1),(513,'actionCreditSlipGridFilterFormModifier','Modify credit slip grid filters','This hook allows to modify filters for credit slip grid',1,1),(514,'actionEmptyCategoryGridPresenterModifier','Modify empty category grid template data','This hook allows to modify data which is about to be used in template for empty category grid',1,1),(515,'actionNoQtyProductWithCombinationGridPresenterModifier','Modify no qty product with combination grid template data','This hook allows to modify data which is about to be used in template for no qty product with combination grid',1,1),(516,'actionNoQtyProductWithoutCombinationGridPresenterModifier','Modify no qty product without combination grid template data','This hook allows to modify data which is about to be used in template for no qty product without combination grid',1,1),(517,'actionDisabledProductGridPresenterModifier','Modify disabled product grid template data','This hook allows to modify data which is about to be used in template for disabled product grid',1,1),(518,'actionProductWithoutImageGridPresenterModifier','Modify product without image grid template data','This hook allows to modify data which is about to be used in template for product without image grid',1,1),(519,'actionProductWithoutDescriptionGridPresenterModifier','Modify product without description grid template data','This hook allows to modify data which is about to be used in template for product without description grid',1,1),(520,'actionProductWithoutPriceGridPresenterModifier','Modify product without price grid template data','This hook allows to modify data which is about to be used in template for product without price grid',1,1),(521,'actionOrderGridPresenterModifier','Modify order grid template data','This hook allows to modify data which is about to be used in template for order grid',1,1),(522,'actionCatalogPriceRuleGridPresenterModifier','Modify catalog price rule grid template data','This hook allows to modify data which is about to be used in template for catalog price rule grid',1,1),(523,'actionOrderMessageGridPresenterModifier','Modify order message grid template data','This hook allows to modify data which is about to be used in template for order message grid',1,1),(524,'actionAttachmentGridPresenterModifier','Modify attachment grid template data','This hook allows to modify data which is about to be used in template for attachment grid',1,1),(525,'actionAttributeGroupGridPresenterModifier','Modify attribute group grid template data','This hook allows to modify data which is about to be used in template for attribute group grid',1,1),(526,'actionMerchandiseReturnGridPresenterModifier','Modify merchandise return grid template data','This hook allows to modify data which is about to be used in template for merchandise return grid',1,1),(527,'actionTaxRulesGroupGridPresenterModifier','Modify tax rules group grid template data','This hook allows to modify data which is about to be used in template for tax rules group grid',1,1),(528,'actionAddressGridPresenterModifier','Modify address grid template data','This hook allows to modify data which is about to be used in template for address grid',1,1),(529,'actionCreditSlipGridPresenterModifier','Modify credit slip grid template data','This hook allows to modify data which is about to be used in template for credit slip grid',1,1),(530,'displayAdditionalCustomerAddressFields','Display additional customer address fields','This hook allows to display extra field values added in an address form using hook \'additionalCustomerAddressFields\'',1,1),(531,'displayFooterCategory','Category footer','This hook adds new blocks under the products listing in a category/search',1,1),(532,'displayHeaderCategory','Category header','This hook adds new blocks above the products listing in a category/search',1,1),(533,'actionAdminAdministrationControllerPostProcessBefore','On post-process in Admin Configure Advanced Parameters Administration Controller','This hook is called on Admin Configure Advanced Parameters Administration post-process before processing any form',1,1),(534,'actionAdminAdministrationControllerPostProcessGeneralBefore','On post-process in Admin Configure Advanced Parameters Administration Controller','This hook is called on Admin Configure Advanced Parameters Administration post-process before processing the General form',1,1),(535,'actionAdminAdministrationControllerPostProcessUploadQuotaBefore','On post-process in Admin Configure Advanced Parameters Administration Controller','This hook is called on Admin Configure Advanced Parameters Administration post-process before processing the Upload Quota form',1,1),(536,'actionAdminAdministrationControllerPostProcessNotificationsBefore','On post-process in Admin Configure Advanced Parameters Administration Controller','This hook is called on Admin Configure Advanced Parameters Administration post-process before processing the Notifications form',1,1),(537,'actionAdminAdvancedParametersPerformanceControllerPostProcessSmartyBefore','On post-process in Admin Configure Advanced Parameters Performance Controller','This hook is called on Admin Configure Advanced Parameters Performance post-process before processing the Smarty form',1,1),(538,'actionAdminAdvancedParametersPerformanceControllerPostProcessDebugModeBefore','On post-process in Admin Configure Advanced Parameters Performance Controller','This hook is called on Admin Configure Advanced Parameters Performance post-process before processing the Debug Mode form',1,1),(539,'actionAdminAdvancedParametersPerformanceControllerPostProcessOptionalFeaturesBefore','On post-process in Admin Configure Advanced Parameters Performance Controller','This hook is called on Admin Configure Advanced Parameters Performance post-process before processing the Optional Features form',1,1),(540,'actionAdminAdvancedParametersPerformanceControllerPostProcessCombineCompressCacheBefore','On post-process in Admin Configure Advanced Parameters Performance Controller','This hook is called on Admin Configure Advanced Parameters Performance post-process before processing the Combine Compress Cache form',1,1),(541,'actionAdminAdvancedParametersPerformanceControllerPostProcessMediaServersBefore','On post-process in Admin Configure Advanced Parameters Performance Controller','This hook is called on Admin Configure Advanced Parameters Performance post-process before processing the Media Servers form',1,1),(542,'actionAdminAdvancedParametersPerformanceControllerPostProcessCachingBefore','On post-process in Admin Configure Advanced Parameters Performance Controller','This hook is called on Admin Configure Advanced Parameters Performance post-process before processing the Caching form',1,1),(543,'actionAdminAdvancedParametersPerformanceControllerPostProcessBefore','On post-process in Admin Configure Advanced Parameters Performance Controller','This hook is called on Admin Configure Advanced Parameters Performance post-process before processing any form',1,1),(544,'actionAdminShopParametersMetaControllerPostProcessSetUpUrlsBefore','On post-process in Admin Configure Shop Parameters Meta Controller','This hook is called on Admin Configure Shop Parameters Meta post-process before processing the SetUp Urls form',1,1),(545,'actionAdminShopParametersMetaControllerPostProcessShopUrlsBefore','On post-process in Admin Configure Shop Parameters Meta Controller','This hook is called on Admin Configure Shop Parameters Meta post-process before processing the Shop Urls form',1,1),(546,'actionAdminShopParametersMetaControllerPostProcessUrlSchemaBefore','On post-process in Admin Configure Shop Parameters Meta Controller','This hook is called on Admin Configure Shop Parameters Meta post-process before processing the Url Schema form',1,1),(547,'actionAdminShopParametersMetaControllerPostProcessSeoOptionsBefore','On post-process in Admin Configure Shop Parameters Meta Controller','This hook is called on Admin Configure Shop Parameters Meta post-process before processing the Seo Options form',1,1),(548,'actionAdminAdminShopParametersMetaControllerPostProcessBefore','On post-process in Admin Configure Shop Parameters Meta Controller','This hook is called on Admin Configure Shop Parameters Meta post-process before processing any form',1,1),(549,'actionAdminShopParametersOrderPreferencesControllerPostProcessGeneralBefore','On post-process in Admin Configure Shop Parameters Order Preferences Controller','This hook is called on Admin Configure Shop Parameters Order Preferences post-process before processing the General form',1,1),(550,'actionAdminShopParametersOrderPreferencesControllerPostProcessGiftOptionsBefore','On post-process in Admin Configure Shop Parameters Order Preferences Controller','This hook is called on Admin Configure Shop Parameters Order Preferences post-process before processing the Gift Options form',1,1),(551,'actionAdminShopParametersOrderPreferencesControllerPostProcessBefore','On post-process in Admin Configure Shop Parameters Order Preferences Controller','This hook is called on Admin Configure Shop Parameters Order Preferences post-process before processing any form',1,1),(552,'actionAdminInternationalGeolocationControllerPostProcessByIpAddressBefore','On post-process in Admin Improve International Geolocation Controller','This hook is called on Admin Improve International Geolocation post-process before processing the By Ip Address form',1,1),(553,'actionAdminInternationalGeolocationControllerPostProcessWhitelistBefore','On post-process in Admin Improve International Geolocation Controller','This hook is called on Admin Improve International Geolocation post-process before processing the Whitelist form',1,1),(554,'actionAdminInternationalGeolocationControllerPostProcessOptionsBefore','On post-process in Admin Improve International Geolocation Controller','This hook is called on Admin Improve International Geolocation post-process before processing the Options form',1,1),(555,'actionAdminInternationalGeolocationControllerPostProcessBefore','On post-process in Admin Improve International Geolocation Controller','This hook is called on Admin Improve International Geolocation post-process before processing any form',1,1),(556,'actionAdminInternationalLocalizationControllerPostProcessConfigurationBefore','On post-process in Admin Improve International Localization Controller','This hook is called on Admin Improve International Localization post-process before processing the Configuration form',1,1),(557,'actionAdminInternationalLocalizationControllerPostProcessLocalUnitsBefore','On post-process in Admin Improve International Localization Controller','This hook is called on Admin Improve International Localization post-process before processing the Local Units form',1,1),(558,'actionAdminInternationalLocalizationControllerPostProcessAdvancedBefore','On post-process in Admin Improve International Localization Controller','This hook is called on Admin Improve International Localization post-process before processing the Advanced form',1,1),(559,'actionAdminInternationalLocalizationControllerPostProcessBefore','On post-process in Admin Improve International Localization Controller','This hook is called on Admin Improve International Localization post-process before processing any form',1,1),(560,'actionAdminShippingPreferencesControllerPostProcessHandlingBefore','On post-process in Admin Improve Shipping Preferences Controller','This hook is called on Admin Improve Shipping Preferences post-process before processing the Handling form',1,1),(561,'actionAdminShippingPreferencesControllerPostProcessCarrierOptionsBefore','On post-process in Admin Improve Shipping Preferences Controller','This hook is called on Admin Improve Shipping Preferences post-process before processing the Carrier Options form',1,1),(562,'actionAdminShippingPreferencesControllerPostProcessBefore','On post-process in Admin Improve Shipping Preferences Controller','This hook is called on Admin Improve Shipping Preferences post-process before processing any form',1,1),(563,'actionCheckoutRender','Modify checkout process','This hook is called when constructing the checkout process',1,1),(564,'actionPresentProductListing','Product Listing Presenter','This hook is called before a product listing is presented',1,1),(565,'actionGetProductPropertiesAfterUnitPrice','Product Properties','This hook is called after defining the properties of a product',1,1),(566,'actionOverrideEmployeeImage','Get Employee Image','This hook is used to get the employee image',1,1),(567,'actionProductSearchProviderRunQueryBefore','Runs an action before ProductSearchProviderInterface::RunQuery()','Required to modify an SQL query before executing it',1,1),(568,'actionProductSearchProviderRunQueryAfter','Runs an action after ProductSearchProviderInterface::RunQuery()','Required to return a previous state of an SQL query or/and to change a result of the SQL query after executing it',1,1),(569,'actionFrontControllerSetVariables','Add variables in JavaScript object and Smarty templates','Add variables to javascript object that is available in Front Office. These are also available in smarty templates in modules.your_module_name.',1,1),(570,'displayAdminOrderCreateExtraButtons','Add buttons on the create order page dropdown','Add buttons on the create order page dropdown',1,1),(573,'actionProductFormBuilderModifier','Modify product identifiable object form','This hook allows to modify product identifiable object form content by modifying form builder data or FormBuilder itself',1,1),(574,'actionBeforeCreateProductFormHandler','Modify product identifiable object data before creating it','This hook allows to modify product identifiable object form data before it was created',1,1),(576,'actionBeforeUpdateProductFormHandler','Modify product identifiable object data before updating it','This hook allows to modify product identifiable object form data before it was updated',1,1),(577,'actionAfterUpdateProductFormHandler','Modify product identifiable object data after updating it','This hook allows to modify product identifiable object form data after it was updated',1,1),(578,'actionCustomerDiscountGridDefinitionModifier','Modify customer discount grid definition','This hook allows to alter customer discount grid columns, actions and filters',1,1),(579,'actionCustomerAddressGridDefinitionModifier','Modify customer address grid definition','This hook allows to alter customer address grid columns, actions and filters',1,1),(580,'actionCartRuleGridDefinitionModifier','Modify cart rule grid definition','This hook allows to alter cart rule grid columns, actions and filters',1,1),(581,'actionOrderStatesGridDefinitionModifier','Modify order states grid definition','This hook allows to alter order states grid columns, actions and filters',1,1),(582,'actionOrderReturnStatesGridDefinitionModifier','Modify order return states grid definition','This hook allows to alter order return states grid columns, actions and filters',1,1),(583,'actionOutstandingGridDefinitionModifier','Modify outstanding grid definition','This hook allows to alter outstanding grid columns, actions and filters',1,1),(584,'actionCarrierGridDefinitionModifier','Modify carrier grid definition','This hook allows to alter carrier grid columns, actions and filters',1,1),(585,'actionZoneGridDefinitionModifier','Modify zone grid definition','This hook allows to alter zone grid columns, actions and filters',1,1),(586,'actionCustomerDiscountGridQueryBuilderModifier','Modify customer discount grid query builder','This hook allows to alter Doctrine query builder for customer discount grid',1,1),(587,'actionCustomerAddressGridQueryBuilderModifier','Modify customer address grid query builder','This hook allows to alter Doctrine query builder for customer address grid',1,1),(588,'actionCartRuleGridQueryBuilderModifier','Modify cart rule grid query builder','This hook allows to alter Doctrine query builder for cart rule grid',1,1),(589,'actionOrderStatesGridQueryBuilderModifier','Modify order states grid query builder','This hook allows to alter Doctrine query builder for order states grid',1,1),(590,'actionOrderReturnStatesGridQueryBuilderModifier','Modify order return states grid query builder','This hook allows to alter Doctrine query builder for order return states grid',1,1),(591,'actionOutstandingGridQueryBuilderModifier','Modify outstanding grid query builder','This hook allows to alter Doctrine query builder for outstanding grid',1,1),(592,'actionCarrierGridQueryBuilderModifier','Modify carrier grid query builder','This hook allows to alter Doctrine query builder for carrier grid',1,1),(593,'actionZoneGridQueryBuilderModifier','Modify zone grid query builder','This hook allows to alter Doctrine query builder for zone grid',1,1),(594,'actionCustomerDiscountGridDataModifier','Modify customer discount grid data','This hook allows to modify customer discount grid data',1,1),(595,'actionCustomerAddressGridDataModifier','Modify customer address grid data','This hook allows to modify customer address grid data',1,1),(596,'actionCartRuleGridDataModifier','Modify cart rule grid data','This hook allows to modify cart rule grid data',1,1),(597,'actionOrderStatesGridDataModifier','Modify order states grid data','This hook allows to modify order states grid data',1,1),(598,'actionOrderReturnStatesGridDataModifier','Modify order return states grid data','This hook allows to modify order return states grid data',1,1),(599,'actionOutstandingGridDataModifier','Modify outstanding grid data','This hook allows to modify outstanding grid data',1,1),(600,'actionCarrierGridDataModifier','Modify carrier grid data','This hook allows to modify carrier grid data',1,1),(601,'actionZoneGridDataModifier','Modify zone grid data','This hook allows to modify zone grid data',1,1),(602,'actionCustomerDiscountGridFilterFormModifier','Modify customer discount grid filters','This hook allows to modify filters for customer discount grid',1,1),(603,'actionCustomerAddressGridFilterFormModifier','Modify customer address grid filters','This hook allows to modify filters for customer address grid',1,1),(604,'actionCartRuleGridFilterFormModifier','Modify cart rule grid filters','This hook allows to modify filters for cart rule grid',1,1),(605,'actionOrderStatesGridFilterFormModifier','Modify order states grid filters','This hook allows to modify filters for order states grid',1,1),(606,'actionOrderReturnStatesGridFilterFormModifier','Modify order return states grid filters','This hook allows to modify filters for order return states grid',1,1),(607,'actionOutstandingGridFilterFormModifier','Modify outstanding grid filters','This hook allows to modify filters for outstanding grid',1,1),(608,'actionCarrierGridFilterFormModifier','Modify carrier grid filters','This hook allows to modify filters for carrier grid',1,1),(609,'actionZoneGridFilterFormModifier','Modify zone grid filters','This hook allows to modify filters for zone grid',1,1),(610,'actionCustomerDiscountGridPresenterModifier','Modify customer discount grid template data','This hook allows to modify data which is about to be used in template for customer discount grid\n      ',1,1),(611,'actionCustomerAddressGridPresenterModifier','Modify customer address grid template data','This hook allows to modify data which is about to be used in template for customer address grid\n      ',1,1),(612,'actionCartRuleGridPresenterModifier','Modify cart rule grid template data','This hook allows to modify data which is about to be used in template for cart rule grid\n      ',1,1),(613,'actionOrderStatesGridPresenterModifier','Modify order states grid template data','This hook allows to modify data which is about to be used in template for order states grid\n      ',1,1),(614,'actionOrderReturnStatesGridPresenterModifier','Modify order return states grid template data','This hook allows to modify data which is about to be used in template for order return states grid\n      ',1,1),(615,'actionOutstandingGridPresenterModifier','Modify outstanding grid template data','This hook allows to modify data which is about to be used in template for outstanding grid\n      ',1,1),(616,'actionCarrierGridPresenterModifier','Modify carrier grid template data','This hook allows to modify data which is about to be used in template for carrier grid',1,1),(617,'actionZoneGridPresenterModifier','Modify zone grid template data','This hook allows to modify data which is about to be used in template for zone grid',1,1),(618,'actionPerformancePageSmartyForm','Modify performance page smarty options form content','This hook allows to modify performance page smarty options form FormBuilder',1,1),(619,'actionPerformancePageDebugModeForm','Modify performance page debug mode options form content','This hook allows to modify performance page debug mode options form FormBuilder',1,1),(620,'actionPerformancePageOptionalFeaturesForm','Modify performance page optional features options form content','This hook allows to modify performance page optional features options form FormBuilder',1,1),(621,'actionPerformancePageCombineCompressCacheForm','Modify performance page combine compress cache options form content','This hook allows to modify performance page combine compress cache options form FormBuilder\n      ',1,1),(622,'actionPerformancePageMediaServersForm','Modify performance page media servers options form content','This hook allows to modify performance page media servers options form FormBuilder',1,1),(623,'actionPerformancePagecachingForm','Modify performance pagecaching options form content','This hook allows to modify performance pagecaching options form FormBuilder',1,1),(624,'actionAdministrationPageGeneralForm','Modify administration page general options form content','This hook allows to modify administration page general options form FormBuilder',1,1),(625,'actionAdministrationPageUploadQuotaForm','Modify administration page upload quota options form content','This hook allows to modify administration page upload quota options form FormBuilder',1,1),(626,'actionAdministrationPageNotificationsForm','Modify administration page notifications options form content','This hook allows to modify administration page notifications options form FormBuilder',1,1),(627,'actionShippingPreferencesPageHandlingForm','Modify shipping preferences page handling options form content','This hook allows to modify shipping preferences page handling options form FormBuilder',1,1),(628,'actionShippingPreferencesPageCarrierOptionsForm','Modify shipping preferences page carrier options options form content','This hook allows to modify shipping preferences page carrier options options form FormBuilder\n      ',1,1),(629,'actionOrderPreferencesPageGeneralForm','Modify order preferences page general options form content','This hook allows to modify order preferences page general options form FormBuilder',1,1),(630,'actionOrderPreferencesPageGiftOptionsForm','Modify order preferences page gift options options form content','This hook allows to modify order preferences page gift options options form FormBuilder',1,1),(631,'actionProductPreferencesPageGeneralForm','Modify product preferences page general options form content','This hook allows to modify product preferences page general options form FormBuilder',1,1),(632,'actionProductPreferencesPagePaginationForm','Modify product preferences page pagination options form content','This hook allows to modify product preferences page pagination options form FormBuilder',1,1),(633,'actionProductPreferencesPagePageForm','Modify product preferences page page options form content','This hook allows to modify product preferences page page options form FormBuilder',1,1),(634,'actionProductPreferencesPageStockForm','Modify product preferences page stock options form content','This hook allows to modify product preferences page stock options form FormBuilder',1,1),(635,'actionGeolocationPageByAddressForm','Modify geolocation page by address options form content','This hook allows to modify geolocation page by address options form FormBuilder',1,1),(636,'actionGeolocationPageWhitelistForm','Modify geolocation page whitelist options form content','This hook allows to modify geolocation page whitelist options form FormBuilder',1,1),(637,'actionGeolocationPageOptionsForm','Modify geolocation page options options form content','This hook allows to modify geolocation page options options form FormBuilder',1,1),(638,'actionLocalizationPageConfigurationForm','Modify localization page configuration options form content','This hook allows to modify localization page configuration options form FormBuilder',1,1),(639,'actionLocalizationPageLocalUnitsForm','Modify localization page local units options form content','This hook allows to modify localization page local units options form FormBuilder',1,1),(640,'actionLocalizationPageAdvancedForm','Modify localization page advanced options form content','This hook allows to modify localization page advanced options form FormBuilder',1,1),(641,'actionFeatureFlagForm','Modify feature flag page form content','This hook allows to modify the Feature Flag page form\'s FormBuilder',1,1),(642,'actionPerformancePageSmartySave','Modify performance page smarty options form saved data','This hook allows to modify data of performance page smarty options form after it was saved\n      ',1,1),(643,'actionPerformancePageDebugModeSave','Modify performance page debug mode options form saved data','This hook allows to modify data of performance page debug mode options form after it was saved\n      ',1,1),(644,'actionPerformancePageOptionalFeaturesSave','Modify performance page optional features options form saved data','This hook allows to modify data of performance page optional features options form after it was\n        saved\n      ',1,1),(645,'actionPerformancePageCombineCompressCacheSave','Modify performance page combine compress cache options form saved data','This hook allows to modify data of performance page combine compress cache options form after it was\n        saved\n      ',1,1),(646,'actionPerformancePageMediaServersSave','Modify performance page media servers options form saved data','This hook allows to modify data of performance page media servers options form after it was saved\n      ',1,1),(647,'actionPerformancePagecachingSave','Modify performance pagecaching options form saved data','This hook allows to modify data of performance pagecaching options form after it was saved\n      ',1,1),(648,'actionAdministrationPageGeneralSave','Modify administration page general options form saved data','This hook allows to modify data of administration page general options form after it was saved\n      ',1,1),(649,'actionAdministrationPageUploadQuotaSave','Modify administration page upload quota options form saved data','This hook allows to modify data of administration page upload quota options form after it was saved\n      ',1,1),(650,'actionAdministrationPageNotificationsSave','Modify administration page notifications options form saved data','This hook allows to modify data of administration page notifications options form after it was\n        saved\n      ',1,1),(651,'actionShippingPreferencesPageHandlingSave','Modify shipping preferences page handling options form saved data','This hook allows to modify data of shipping preferences page handling options form after it was\n        saved\n      ',1,1),(652,'actionShippingPreferencesPageCarrierOptionsSave','Modify shipping preferences page carrier options options form saved data','This hook allows to modify data of shipping preferences page carrier options options form after it\n        was saved\n      ',1,1),(653,'actionOrderPreferencesPageGeneralSave','Modify order preferences page general options form saved data','This hook allows to modify data of order preferences page general options form after it was saved\n      ',1,1),(654,'actionOrderPreferencesPageGiftOptionsSave','Modify order preferences page gift options options form saved data','This hook allows to modify data of order preferences page gift options options form after it was\n        saved\n      ',1,1),(655,'actionProductPreferencesPageGeneralSave','Modify product preferences page general options form saved data','This hook allows to modify data of product preferences page general options form after it was saved\n      ',1,1),(656,'actionProductPreferencesPagePaginationSave','Modify product preferences page pagination options form saved data','This hook allows to modify data of product preferences page pagination options form after it was\n        saved\n      ',1,1),(657,'actionProductPreferencesPagePageSave','Modify product preferences page page options form saved data','This hook allows to modify data of product preferences page page options form after it was saved\n      ',1,1),(658,'actionProductPreferencesPageStockSave','Modify product preferences page stock options form saved data','This hook allows to modify data of product preferences page stock options form after it was saved\n      ',1,1),(659,'actionGeolocationPageByAddressSave','Modify geolocation page by address options form saved data','This hook allows to modify data of geolocation page by address options form after it was saved\n      ',1,1),(660,'actionGeolocationPageWhitelistSave','Modify geolocation page whitelist options form saved data','This hook allows to modify data of geolocation page whitelist options form after it was saved\n      ',1,1),(661,'actionGeolocationPageOptionsSave','Modify geolocation page options options form saved data','This hook allows to modify data of geolocation page options options form after it was saved\n      ',1,1),(662,'actionLocalizationPageConfigurationSave','Modify localization page configuration options form saved data','This hook allows to modify data of localization page configuration options form after it was saved\n      ',1,1),(663,'actionLocalizationPageLocalUnitsSave','Modify localization page local units options form saved data','This hook allows to modify data of localization page local units options form after it was saved\n      ',1,1),(664,'actionLocalizationPageAdvancedSave','Modify localization page advanced options form saved data','This hook allows to modify data of localization page advanced options form after it was saved\n      ',1,1),(665,'actionFeatureFlagSave','Modify feature flag form submitted data','This hook allows to modify the Feature Flag data being submitted through the form after it was\n        saved\n      ',1,1),(666,'actionOrderStateFormBuilderModifier','Modify order state identifiable object form','This hook allows to modify order state identifiable object forms content by modifying form builder\n        data or FormBuilder itself\n      ',1,1),(667,'actionOrderReturnStateFormBuilderModifier','Modify order return state identifiable object form','This hook allows to modify order return state identifiable object forms content by modifying form\n        builder data or FormBuilder itself\n      ',1,1),(668,'actionZoneFormBuilderModifier','Modify zone identifiable object form','This hook allows to modify zone identifiable object forms content by modifying form builder data or\n        FormBuilder itself\n      ',1,1),(669,'actionBeforeUpdateOrderStateFormHandler','Modify order state identifiable object data before updating it','This hook allows to modify order state identifiable object forms data before it was updated\n      ',1,1),(670,'actionBeforeUpdateOrderReturnStateFormHandler','Modify order return state identifiable object data before updating it','This hook allows to modify order return state identifiable object forms data before it was updated\n      ',1,1),(671,'actionBeforeUpdateZoneFormHandler','Modify zone identifiable object data before updating it','This hook allows to modify zone identifiable object forms data before it was updated',1,1),(672,'actionAfterUpdateOrderStateFormHandler','Modify order state identifiable object data after updating it','This hook allows to modify order state identifiable object forms data after it was updated\n      ',1,1),(673,'actionAfterUpdateOrderReturnStateFormHandler','Modify order return state identifiable object data after updating it','This hook allows to modify order return state identifiable object forms data after it was updated\n      ',1,1),(674,'actionAfterUpdateProductImageFormHandler','Modify product image identifiable object data after updating it','This hook allows to modify product image identifiable object forms data after it was updated\n      ',1,1),(675,'actionAfterUpdateZoneFormHandler','Modify zone identifiable object data after updating it','This hook allows to modify zone identifiable object forms data after it was updated',1,1),(676,'actionBeforeCreateOrderStateFormHandler','Modify order state identifiable object data before creating it','This hook allows to modify order state identifiable object forms data before it was created\n      ',1,1),(677,'actionBeforeCreateOrderReturnStateFormHandler','Modify order return state identifiable object data before creating it','This hook allows to modify order return state identifiable object forms data before it was created\n      ',1,1),(678,'actionBeforeCreateZoneFormHandler','Modify zone identifiable object data before creating it','This hook allows to modify zone identifiable object forms data before it was created',1,1),(679,'actionAfterCreateOrderStateFormHandler','Modify order state identifiable object data after creating it','This hook allows to modify order state identifiable object forms data after it was created\n      ',1,1),(680,'actionAfterCreateOrderReturnStateFormHandler','Modify order return state identifiable object data after creating it','This hook allows to modify order return state identifiable object forms data after it was created\n      ',1,1),(681,'actionAfterCreateZoneFormHandler','Modify zone identifiable object data after creating it','This hook allows to modify zone identifiable object forms data after it was created',1,1),(682,'actionAdminControllerSetMedia','actionAdminControllerSetMedia','',1,1),(683,'actionFrontControllerSetMedia','actionFrontControllerSetMedia','',1,1),(684,'registerGDPRConsent','registerGDPRConsent','',1,1),(685,'dashboardZoneOne','dashboardZoneOne','',1,1),(686,'dashboardData','dashboardData','',1,1),(687,'actionObjectOrderAddAfter','actionObjectOrderAddAfter','',1,1),(688,'actionObjectCustomerAddAfter','actionObjectCustomerAddAfter','',1,1),(689,'actionObjectCustomerMessageAddAfter','actionObjectCustomerMessageAddAfter','',1,1),(690,'actionObjectCustomerThreadAddAfter','actionObjectCustomerThreadAddAfter','',1,1),(691,'actionObjectOrderReturnAddAfter','actionObjectOrderReturnAddAfter','',1,1),(692,'dashboardZoneTwo','dashboardZoneTwo','',1,1),(693,'actionSearch','actionSearch','',1,1),(694,'GraphEngine','GraphEngine','',1,1),(695,'GridEngine','GridEngine','',1,1),(696,'gSitemapAppendUrls','GSitemap Append URLs','This hook allows a module to add URLs to a generated sitemap',1,1),(697,'top','top','',1,1),(698,'AdminStatsModules','AdminStatsModules','',1,1),(699,'header','header','',1,1),(700,'displayProductListReviews','displayProductListReviews','',1,1),(701,'actionDeleteGDPRCustomer','actionDeleteGDPRCustomer','',1,1),(702,'actionExportGDPRData','actionExportGDPRData','',1,1),(703,'actionObjectLanguageAddAfter','actionObjectLanguageAddAfter','',1,1),(704,'paymentOptions','paymentOptions','',1,1),(705,'paymentReturn','paymentReturn','',1,1),(706,'displayNav1','displayNav1','',1,1),(707,'actionAdminStoresControllerUpdate_optionsAfter','actionAdminStoresControllerUpdate_optionsAfter','',1,1),(708,'actionAdminCurrenciesControllerSaveAfter','actionAdminCurrenciesControllerSaveAfter','',1,1),(709,'actionModuleRegisterHookAfter','actionModuleRegisterHookAfter','',1,1),(710,'actionModuleUnRegisterHookAfter','actionModuleUnRegisterHookAfter','',1,1),(711,'actionShopDataDuplication','actionShopDataDuplication','',1,1),(712,'actionSubmitAccountBefore','actionSubmitAccountBefore','',1,1),(713,'displayFooterBefore','displayFooterBefore','',1,1),(714,'actionObjectCustomerUpdateBefore','actionObjectCustomerUpdateBefore','',1,1),(715,'displayAdminCustomersForm','displayAdminCustomersForm','',1,1),(716,'productSearchProvider','productSearchProvider','',1,1),(717,'actionObjectSpecificPriceRuleUpdateBefore','actionObjectSpecificPriceRuleUpdateBefore','',1,1),(718,'actionAdminSpecificPriceRuleControllerSaveAfter','actionAdminSpecificPriceRuleControllerSaveAfter','',1,1),(719,'addproduct','addproduct','',1,1),(720,'updateproduct','updateproduct','',1,1),(721,'deleteproduct','deleteproduct','',1,1),(722,'categoryUpdate','categoryUpdate','',1,1),(723,'displayOrderConfirmation2','displayOrderConfirmation2','',1,1),(724,'displayCrossSellingShoppingCart','displayCrossSellingShoppingCart','',1,1),(725,'actionAdminGroupsControllerSaveAfter','actionAdminGroupsControllerSaveAfter','',1,1),(726,'actionObjectCategoryUpdateAfter','actionObjectCategoryUpdateAfter','',1,1),(727,'actionObjectCategoryDeleteAfter','actionObjectCategoryDeleteAfter','',1,1),(728,'actionObjectCategoryAddAfter','actionObjectCategoryAddAfter','',1,1),(729,'actionObjectCmsUpdateAfter','actionObjectCmsUpdateAfter','',1,1),(730,'actionObjectCmsDeleteAfter','actionObjectCmsDeleteAfter','',1,1),(731,'actionObjectCmsAddAfter','actionObjectCmsAddAfter','',1,1),(732,'actionObjectSupplierUpdateAfter','actionObjectSupplierUpdateAfter','',1,1),(733,'actionObjectSupplierDeleteAfter','actionObjectSupplierDeleteAfter','',1,1),(734,'actionObjectSupplierAddAfter','actionObjectSupplierAddAfter','',1,1),(735,'actionObjectManufacturerUpdateAfter','actionObjectManufacturerUpdateAfter','',1,1),(736,'actionObjectManufacturerDeleteAfter','actionObjectManufacturerDeleteAfter','',1,1),(737,'actionObjectManufacturerAddAfter','actionObjectManufacturerAddAfter','',1,1),(738,'actionObjectProductUpdateAfter','actionObjectProductUpdateAfter','',1,1),(739,'actionObjectProductDeleteAfter','actionObjectProductDeleteAfter','',1,1),(740,'actionObjectProductAddAfter','actionObjectProductAddAfter','',1,1),(741,'displaySearch','displaySearch','',1,1),(742,'displayProductButtons','displayProductButtons','',1,1),(743,'displayNav2','displayNav2','',1,1),(744,'authentication','authentication','',1,1),(745,'createAccount','createAccount','',1,1),(746,'displayAdminNavBarBeforeEnd','displayAdminNavBarBeforeEnd','',1,1),(747,'displayAdminAfterHeader','displayAdminAfterHeader','',1,1),(748,'displayGDPRConsent','displayGDPRConsent','',1,1),(749,'displayAdminOrderLeft','displayAdminOrderLeft','',1,1),(750,'actionObjectShopAddAfter','actionObjectShopAddAfter','',1,1),(751,'displayProductPriceBlock','displayProductPriceBlock','',1,1),(752,'actionObjectOrderPaymentAddAfter','actionObjectOrderPaymentAddAfter','',1,1),(753,'actionObjectOrderPaymentUpdateAfter','actionObjectOrderPaymentUpdateAfter','',1,1),(754,'displayExpressCheckout','displayExpressCheckout','',1,1),(755,'actionCartUpdateQuantityBefore','actionCartUpdateQuantityBefore','',1,1),(756,'actionAjaxDieProductControllerDisplayAjaxQuickviewAfter','actionAjaxDieProductControllerDisplayAjaxQuickviewAfter','',1,1),(757,'actionNewsletterRegistrationAfter','actionNewsletterRegistrationAfter','',1,1),(758,'actionFacebookCallPixel','actionFacebookCallPixel','',1,1),(759,'displayFooterAfter','displayFooterAfter','',1,1),(760,'displayReassurance','displayReassurance','',1,1),(761,'actionAdminMetaControllerUpdate_optionsAfter','actionAdminMetaControllerUpdate_optionsAfter','',1,1),(762,'actionAdminPerformanceControllerSaveAfter','actionAdminPerformanceControllerSaveAfter','',1,1),(763,'actionObjectCarrierAddAfter','actionObjectCarrierAddAfter','',1,1),(764,'actionObjectContactAddAfter','actionObjectContactAddAfter','',1,1),(765,'actionAdminThemesControllerUpdate_optionsAfter','actionAdminThemesControllerUpdate_optionsAfter','',1,1),(766,'actionObjectShopUpdateAfter','actionObjectShopUpdateAfter','',1,1),(767,'actionAdminPreferencesControllerUpdate_optionsAfter','actionAdminPreferencesControllerUpdate_optionsAfter','',1,1),(768,'actionObjectShopGroupAddAfter','actionObjectShopGroupAddAfter','',1,1),(769,'actionObjectCartAddAfter','actionObjectCartAddAfter','',1,1),(770,'actionObjectEmployeeAddAfter','actionObjectEmployeeAddAfter','',1,1),(771,'actionObjectImageAddAfter','actionObjectImageAddAfter','',1,1),(772,'actionObjectCartRuleAddAfter','actionObjectCartRuleAddAfter','',1,1),(773,'newOrder','newOrder','',1,1),(774,'actionAdminStoresControllerSaveAfter','actionAdminStoresControllerSaveAfter','',1,1),(775,'actionAdminWebserviceControllerSaveAfter','actionAdminWebserviceControllerSaveAfter','',1,1),(776,'backOfficeHeader','backOfficeHeader','',1,1),(777,'backOfficeFooter','backOfficeFooter','',1,1),(778,'actionAuthenticationBefore','actionAuthenticationBefore','',1,1),(779,'actionObjectCustomerDeleteAfter','actionObjectCustomerDeleteAfter','',1,1),(780,'moduleRoutes','moduleRoutes','',1,1),(781,'actionObjectAddressAddAfter','actionObjectAddressAddAfter','',1,1),(782,'actionObjectAddressDeleteAfter','actionObjectAddressDeleteAfter','',1,1),(783,'deleteProductAttribute','deleteProductAttribute','',1,1);

--
